69.253.91.185 - - [01/Oct/2006:10:15:28 -0800] "GET /gallery/photos/19640033/butler/images/tour_album_over.gif HTTP/1.1" 200 1994 "http://photolab.elmer.uaf.edu/gallery/photos/19640033/butler/index.html" "Mozilla/4.0 (compatible; MSIE 6.0; Windows NT 5.1; SV1; .NET CLR 1.1.4322)"
69.253.91.185 - - [01/Oct/2006:10:15:28 -0800] "GET /gallery/photos/19640033/butler/images/tour_album_up.gif HTTP/1.1" 200 2916 "http://photolab.elmer.uaf.edu/gallery/photos/19640033/butler/index.html" "Mozilla/4.0 (compatible; MSIE 6.0; Windows NT 5.1; SV1; .NET CLR 1.1.4322)"
69.253.91.185 - - [01/Oct/2006:10:15:28 -0800] "GET /gallery/photos/19640033/butler/images/view_images_up.gif HTTP/1.1" 200 2372 "http://photolab.elmer.uaf.edu/gallery/photos/19640033/butler/index.html" "Mozilla/4.0 (compatible; MSIE 6.0; Windows NT 5.1; SV1; .NET CLR 1.1.4322)"
69.253.91.185 - - [01/Oct/2006:10:15:28 -0800] "GET /gallery/photos/19640033/butler/images/view_text_up.gif HTTP/1.1" 404 350 "http://photolab.elmer.uaf.edu/gallery/photos/19640033/butler/index.html" "Mozilla/4.0 (compatible; MSIE 6.0; Windows NT 5.1; SV1; .NET CLR 1.1.4322)"
69.253.91.185 - - [01/Oct/2006:10:15:28 -0800] "GET /gallery/photos/19640033/butler/images/view_images_over.gif HTTP/1.1" 200 934 "http://photolab.elmer.uaf.edu/gallery/photos/19640033/butler/index.html" "Mozilla/4.0 (compatible; MSIE 6.0; Windows NT 5.1; SV1; .NET CLR 1.1.4322)"
69.253.91.185 - - [01/Oct/2006:10:15:29 -0800] "GET /gallery/photos/19640033/butler/images/view_text_over.gif HTTP/1.1" 404 352 "http://photolab.elmer.uaf.edu/gallery/photos/19640033/butler/index.html" "Mozilla/4.0 (compatible; MSIE 6.0; Windows NT 5.1; SV1; .NET CLR 1.1.4322)"
69.253.91.185 - - [01/Oct/2006:10:15:29 -0800] "GET /gallery/photos/19640033/butler/images/about_up.gif HTTP/1.1" 200 2842 "http://photolab.elmer.uaf.edu/gallery/photos/19640033/butler/index.html" "Mozilla/4.0 (compatible; MSIE 6.0; Windows NT 5.1; SV1; .NET CLR 1.1.4322)"
69.253.91.185 - - [01/Oct/2006:10:15:29 -0800] "GET /gallery/photos/19640033/butler/images/about_over.gif HTTP/1.1" 200 1964 "http://photolab.elmer.uaf.edu/gallery/photos/19640033/butler/index.html" "Mozilla/4.0 (compatible; MSIE 6.0; Windows NT 5.1; SV1; .NET CLR 1.1.4322)"
69.253.91.185 - - [01/Oct/2006:10:15:29 -0800] "GET /gallery/photos/19640033/butler/images/view_pages_up.gif HTTP/1.1" 200 2401 "http://photolab.elmer.uaf.edu/gallery/photos/19640033/butler/index.html" "Mozilla/4.0 (compatible; MSIE 6.0; Windows NT 5.1; SV1; .NET CLR 1.1.4322)"
69.253.91.185 - - [01/Oct/2006:10:15:29 -0800] "GET /gallery/photos/19640033/butler/images/view_pages_over.gif HTTP/1.1" 200 933 "http://photolab.elmer.uaf.edu/gallery/photos/19640033/butler/index.html" "Mozilla/4.0 (compatible; MSIE 6.0; Windows NT 5.1; SV1; .NET CLR 1.1.4322)"
69.253.91.185 - - [01/Oct/2006:10:15:29 -0800] "GET /gallery/photos/19640033/butler/images/credits_up.gif HTTP/1.1" 200 2870 "http://photolab.elmer.uaf.edu/gallery/photos/19640033/butler/index.html" "Mozilla/4.0 (compatible; MSIE 6.0; Windows NT 5.1; SV1; .NET CLR 1.1.4322)"
69.253.91.185 - - [01/Oct/2006:10:15:29 -0800] "GET /gallery/photos/19640033/butler/images/credits_over.gif HTTP/1.1" 200 1904 "http://photolab.elmer.uaf.edu/gallery/photos/19640033/butler/index.html" "Mozilla/4.0 (compatible; MSIE 6.0; Windows NT 5.1; SV1; .NET CLR 1.1.4322)"
69.253.91.185 - - [01/Oct/2006:10:15:29 -0800] "GET /gallery/photos/19640033/butler/images/back.gif HTTP/1.1" 200 12452 "http://photolab.elmer.uaf.edu/gallery/photos/19640033/butler/index.html" "Mozilla/4.0 (compatible; MSIE 6.0; Windows NT 5.1; SV1; .NET CLR 1.1.4322)"
69.253.91.185 - - [01/Oct/2006:10:15:29 -0800] "GET /gallery/photos/19640033/butler/images/header_final.jpg HTTP/1.1" 200 20823 "http://photolab.elmer.uaf.edu/gallery/photos/19640033/butler/index.html" "Mozilla/4.0 (compatible; MSIE 6.0; Windows NT 5.1; SV1; .NET CLR 1.1.4322)"
69.253.91.185 - - [01/Oct/2006:10:15:36 -0800] "GET /gallery/photos/19640033/butler/images/view_text_up.gif HTTP/1.1" 404 350 "http://photolab.elmer.uaf.edu/gallery/photos/19640033/butler/about.html" "Mozilla/4.0 (compatible; MSIE 6.0; Windows NT 5.1; SV1; .NET CLR 1.1.4322)"
69.253.91.185 - - [01/Oct/2006:10:15:36 -0800] "GET /gallery/photos/19640033/butler/about.html HTTP/1.1" 200 10123 "http://photolab.elmer.uaf.edu/gallery/photos/19640033/butler/index.html" "Mozilla/4.0 (compatible; MSIE 6.0; Windows NT 5.1; SV1; .NET CLR 1.1.4322)"
69.253.91.185 - - [01/Oct/2006:10:15:36 -0800] "GET /gallery/photos/19640033/butler/images/view_text_over.gif HTTP/1.1" 404 352 "http://photolab.elmer.uaf.edu/gallery/photos/19640033/butler/about.html" "Mozilla/4.0 (compatible; MSIE 6.0; Windows NT 5.1; SV1; .NET CLR 1.1.4322)"
69.253.91.185 - - [01/Oct/2006:10:15:36 -0800] "GET /gallery/photos/19640033/butler/images/home_over.gif HTTP/1.1" 200 1795 "http://photolab.elmer.uaf.edu/gallery/photos/19640033/butler/about.html" "Mozilla/4.0 (compatible; MSIE 6.0; Windows NT 5.1; SV1; .NET CLR 1.1.4322)"
69.253.91.185 - - [01/Oct/2006:10:15:36 -0800] "GET /gallery/photos/19640033/butler/images/home_up.gif HTTP/1.1" 200 2818 "http://photolab.elmer.uaf.edu/gallery/photos/19640033/butler/about.html" "Mozilla/4.0 (compatible; MSIE 6.0; Windows NT 5.1; SV1; .NET CLR 1.1.4322)"
68.4.141.44 - - [01/Oct/2006:10:15:43 -0800] "GET /gallery/maps/mapg3300.html HTTP/1.1" 404 322 "http://www.worldmapfinder.com/Map_Detail.php?MAP=549&FN=G3300%20%5B1780%5D%20C66.jpg&MW=1200&MH=896&FS=242&FT=jpg&WO=0&CE=4&CO=0&CI=0&IT=0&LC=4&PG=1&CS=iso-8859-1&FU=http://photolab.elmer.uaf.edu/gallery/maps/G3300/large/G3300%20%5B1780%5D%20C66.jpg&SU=http://photolab.elmer.uaf.edu/gallery/maps/mapg3300.html" "Mozilla/4.0 (compatible; MSIE 6.0; Windows NT 5.1; .NET CLR 1.1.4322)"
69.253.91.185 - - [01/Oct/2006:10:16:02 -0800] "GET /gallery/photos/19640033/butler/images/view_text_over.gif HTTP/1.1" 404 352 "http://photolab.elmer.uaf.edu/gallery/photos/19640033/butler/index.html" "Mozilla/4.0 (compatible; MSIE 6.0; Windows NT 5.1; SV1; .NET CLR 1.1.4322)"
69.253.91.185 - - [01/Oct/2006:10:16:02 -0800] "GET /gallery/photos/19640033/butler/images/view_text_up.gif HTTP/1.1" 404 350 "http://photolab.elmer.uaf.edu/gallery/photos/19640033/butler/index.html" "Mozilla/4.0 (compatible; MSIE 6.0; Windows NT 5.1; SV1; .NET CLR 1.1.4322)"
207.46.98.86 - - [01/Oct/2006:10:16:37 -0800] "GET /gallery/photos/20030174/0/pages/2003-0174-00019.html HTTP/1.0" 200 1880 "-" "msnbot/1.0 (+http://search.msn.com/msnbot.htm)"
207.46.98.86 - - [01/Oct/2006:10:16:37 -0800] "GET /gallery/photos/19950190/pages/1995-0190-00038.html HTTP/1.0" 200 1877 "-" "msnbot/1.0 (+http://search.msn.com/msnbot.htm)"
207.46.98.86 - - [01/Oct/2006:10:16:37 -0800] "GET /gallery/photos/19890166/14/pages/1989-0166-01164_postcard.html HTTP/1.0" 200 1976 "-" "msnbot/1.0 (+http://search.msn.com/msnbot.htm)"
207.46.98.86 - - [01/Oct/2006:10:17:18 -0800] "GET /gallery/photos/20020164/pages/2002-0164-00030.html HTTP/1.0" 200 1759 "-" "msnbot/1.0 (+http://search.msn.com/msnbot.htm)"
72.30.107.148 - - [01/Oct/2006:10:17:23 -0800] "GET /gallery/photos/20040162/pages/2004-0162-00035.html HTTP/1.0" 200 1894 "-" "Mozilla/5.0 (compatible; Yahoo! Slurp; http://help.yahoo.com/help/us/ysearch/slurp)"
207.46.98.86 - - [01/Oct/2006:10:18:03 -0800] "GET /gallery/photos/20030174/0/pages/2003-0174-00032.html HTTP/1.0" 200 1880 "-" "msnbot/1.0 (+http://search.msn.com/msnbot.htm)"
207.46.98.86 - - [01/Oct/2006:10:18:03 -0800] "GET /gallery/photos/19680069/26/pages/1968-0069-02646.html HTTP/1.0" 200 1769 "-" "msnbot/1.0 (+http://search.msn.com/msnbot.htm)"
66.249.72.84 - - [01/Oct/2006:10:24:00 -0800] "GET /gallery/maps/mapg3290.html HTTP/1.1" 404 322 "-" "Mozilla/5.0 (compatible; Googlebot/2.1; +http://www.google.com/bot.html)"
216.17.233.180 - - [01/Oct/2006:10:24:26 -0800] "GET /gallery/maps/mapg3210.html HTTP/1.1" 404 322 "http://images.google.com/imgres?imgurl=http://photolab.elmer.uaf.edu/gallery/maps/G3200/large/G3211%2520S12%25201809%2520C661.jpg&imgrefurl=http://photolab.elmer.uaf.edu/gallery/maps/mapg3210.html&h=1200&w=945&sz=229&hl=en&start=33&tbnid=CWw6MRMrnXG-BM:&tbnh=150&tbnw=118&prev=/images%3Fq%3Dmap%2Bof%2Bnorthern%2Bhemisphere%26start%3D20%26ndsp%3D20%26svnum%3D10%26hl%3Den%26lr%3D%26client%3Dsafari%26rls%3Den-us%26sa%3DN" "Mozilla/5.0 (Macintosh; U; PPC Mac OS X; en-us) AppleWebKit/418.8 (KHTML, like Gecko) Safari/419.3"
216.17.233.180 - - [01/Oct/2006:10:24:29 -0800] "GET /gallery/maps/G3200/large/G3211%20S12%201809%20C661.jpg HTTP/1.1" 404 344 "http://images.google.com/imgres?imgurl=http://photolab.elmer.uaf.edu/gallery/maps/G3200/large/G3211%2520S12%25201809%2520C661.jpg&imgrefurl=http://photolab.elmer.uaf.edu/gallery/maps/mapg3210.html&h=1200&w=945&sz=229&tbnid=CWw6MRMrnXG-BM:&tbnh=150&tbnw=118&hl=en&prev=/images%3Fq%3Dmap%2Bof%2Bnorthern%2Bhemisphere%26start%3D20%26ndsp%3D20%26svnum%3D10%26hl%3Den%26lr%3D%26client%3Dsafari%26rls%3Den-us%26sa%3DN&frame=small" "Mozilla/5.0 (Macintosh; U; PPC Mac OS X; en-us) AppleWebKit/418.8 (KHTML, like Gecko) Safari/419.3"
216.17.233.180 - - [01/Oct/2006:10:24:29 -0800] "GET /favicon.ico HTTP/1.1" 404 307 "-" "Mozilla/5.0 (Macintosh; U; PPC Mac OS X; en-us) AppleWebKit/418.8 (KHTML, like Gecko) Safari/419.3"
216.17.233.180 - - [01/Oct/2006:10:24:31 -0800] "GET /gallery/maps/mapg3210.html HTTP/1.1" 404 322 "http://images.google.com/imgres?imgurl=http://photolab.elmer.uaf.edu/gallery/maps/G3200/large/G3211%2520S12%25201809%2520C661.jpg&imgrefurl=http://photolab.elmer.uaf.edu/gallery/maps/mapg3210.html&h=1200&w=945&sz=229&hl=en&start=33&tbnid=CWw6MRMrnXG-BM:&tbnh=150&tbnw=118&prev=/images%3Fq%3Dmap%2Bof%2Bnorthern%2Bhemisphere%26start%3D20%26ndsp%3D20%26svnum%3D10%26hl%3Den%26lr%3D%26client%3Dsafari%26rls%3Den-us%26sa%3DN" "Mozilla/5.0 (Macintosh; U; PPC Mac OS X; en-us) AppleWebKit/418.8 (KHTML, like Gecko) Safari/419.3"
216.17.233.180 - - [01/Oct/2006:10:24:40 -0800] "GET /gallery/maps/mapg3210.html HTTP/1.1" 404 322 "http://images.google.com/imgres?imgurl=http://photolab.elmer.uaf.edu/gallery/maps/G3200/large/G3210%25201814%2520T55.jpg&imgrefurl=http://photolab.elmer.uaf.edu/gallery/maps/mapg3210.html&h=1200&w=1003&sz=235&hl=en&start=34&tbnid=4S8OHkiZbtzKdM:&tbnh=150&tbnw=125&prev=/images%3Fq%3Dmap%2Bof%2Bnorthern%2Bhemisphere%26start%3D20%26ndsp%3D20%26svnum%3D10%26hl%3Den%26lr%3D%26client%3Dsafari%26rls%3Den-us%26sa%3DN" "Mozilla/5.0 (Macintosh; U; PPC Mac OS X; en-us) AppleWebKit/418.8 (KHTML, like Gecko) Safari/419.3"
216.17.233.180 - - [01/Oct/2006:10:24:44 -0800] "GET /gallery/maps/G3200/large/G3210%201814%20T55.jpg HTTP/1.1" 404 339 "http://images.google.com/imgres?imgurl=http://photolab.elmer.uaf.edu/gallery/maps/G3200/large/G3210%25201814%2520T55.jpg&imgrefurl=http://photolab.elmer.uaf.edu/gallery/maps/mapg3210.html&h=1200&w=1003&sz=235&tbnid=4S8OHkiZbtzKdM:&tbnh=150&tbnw=125&hl=en&prev=/images%3Fq%3Dmap%2Bof%2Bnorthern%2Bhemisphere%26start%3D20%26ndsp%3D20%26svnum%3D10%26hl%3Den%26lr%3D%26client%3Dsafari%26rls%3Den-us%26sa%3DN&frame=small" "Mozilla/5.0 (Macintosh; U; PPC Mac OS X; en-us) AppleWebKit/418.8 (KHTML, like Gecko) Safari/419.3"
216.17.233.180 - - [01/Oct/2006:10:24:44 -0800] "GET /favicon.ico HTTP/1.1" 404 307 "-" "Mozilla/5.0 (Macintosh; U; PPC Mac OS X; en-us) AppleWebKit/418.8 (KHTML, like Gecko) Safari/419.3"
216.17.233.180 - - [01/Oct/2006:10:24:48 -0800] "GET /gallery/maps/mapg3210.html HTTP/1.1" 404 322 "http://images.google.com/imgres?imgurl=http://photolab.elmer.uaf.edu/gallery/maps/G3200/large/G3210%25201814%2520T55.jpg&imgrefurl=http://photolab.elmer.uaf.edu/gallery/maps/mapg3210.html&h=1200&w=1003&sz=235&hl=en&start=34&tbnid=4S8OHkiZbtzKdM:&tbnh=150&tbnw=125&prev=/images%3Fq%3Dmap%2Bof%2Bnorthern%2Bhemisphere%26start%3D20%26ndsp%3D20%26svnum%3D10%26hl%3Den%26lr%3D%26client%3Dsafari%26rls%3Den-us%26sa%3DN" "Mozilla/5.0 (Macintosh; U; PPC Mac OS X; en-us) AppleWebKit/418.8 (KHTML, like Gecko) Safari/419.3"
74.6.65.252 - - [01/Oct/2006:10:25:51 -0800] "GET /gallery/photos/20030175/pages/2003-0175-00016.html HTTP/1.0" 200 1860 "-" "Mozilla/5.0 (compatible; Yahoo! Slurp; http://help.yahoo.com/help/us/ysearch/slurp)"
66.249.72.84 - - [01/Oct/2006:10:26:18 -0800] "GET /gallery/photos/19940070/1/pages/1994-0070-00147.html HTTP/1.1" 200 5959 "-" "Mozilla/5.0 (compatible; Googlebot/2.1; +http://www.google.com/bot.html)"
74.6.73.233 - - [01/Oct/2006:10:30:01 -0800] "GET /gallery/photos/19940070/3/pages/1994-0070-00319.html HTTP/1.0" 200 5959 "-" "Mozilla/5.0 (compatible; Yahoo! Slurp; http://help.yahoo.com/help/us/ysearch/slurp)"
216.232.210.99 - - [01/Oct/2006:10:30:44 -0800] "GET /gallery/maps/mapg3260.html HTTP/1.1" 404 322 "http://images.google.ca/imgres?imgurl=http://photolab.elmer.uaf.edu/gallery/maps/G3200/large/G3260%2520%255B1820_%255D%2520B37.jpg&imgrefurl=http://photolab.elmer.uaf.edu/gallery/maps/mapg3260.html&h=760&w=1200&sz=185&hl=en&start=49&tbnid=a0Gn_bHZ8hyMeM:&tbnh=95&tbnw=150&prev=/images%3Fq%3Dpolar%2Bregions%26start%3D40%26ndsp%3D20%26svnum%3D10%26hl%3Den%26lr%3Dlang_en%26sa%3DN" "Mozilla/4.0 (compatible; MSIE 6.0; Windows NT 5.0; .NET CLR 1.1.4322)"
216.152.181.248 - - [01/Oct/2006:10:31:26 -0800] "GET /public/Walker HTTP/1.1" 301 350 "-" "Mozilla/4.0 (compatible; MSIE 6.0; Windows NT 5.1; SV1; .NET CLR 1.1.4322)"
216.152.181.248 - - [01/Oct/2006:10:31:27 -0800] "GET /public/Walker/ HTTP/1.1" 200 1746 "-" "Mozilla/4.0 (compatible; MSIE 6.0; Windows NT 5.1; SV1; .NET CLR 1.1.4322)"
216.152.181.248 - - [01/Oct/2006:10:31:27 -0800] "GET /icons/blank.gif HTTP/1.1" 304 - "http://photolab.elmer.uaf.edu/public/Walker/" "Mozilla/4.0 (compatible; MSIE 6.0; Windows NT 5.1; SV1; .NET CLR 1.1.4322)"
216.152.181.248 - - [01/Oct/2006:10:31:27 -0800] "GET /icons/image2.gif HTTP/1.1" 304 - "http://photolab.elmer.uaf.edu/public/Walker/" "Mozilla/4.0 (compatible; MSIE 6.0; Windows NT 5.1; SV1; .NET CLR 1.1.4322)"
216.152.181.248 - - [01/Oct/2006:10:31:27 -0800] "GET /icons/back.gif HTTP/1.1" 304 - "http://photolab.elmer.uaf.edu/public/Walker/" "Mozilla/4.0 (compatible; MSIE 6.0; Windows NT 5.1; SV1; .NET CLR 1.1.4322)"
216.17.233.180 - - [01/Oct/2006:10:31:47 -0800] "GET /gallery/maps/mapg3210.html HTTP/1.1" 404 322 "http://images.google.com/imgres?imgurl=http://photolab.elmer.uaf.edu/gallery/maps/G3200/large/G3210%25201814%2520T55.jpg&imgrefurl=http://photolab.elmer.uaf.edu/gallery/maps/mapg3210.html&h=1200&w=1003&sz=235&hl=en&start=34&tbnid=4S8OHkiZbtzKdM:&tbnh=150&tbnw=125&prev=/images%3Fq%3Dmap%2Bof%2Bnorthern%2Bhemisphere%26start%3D20%26ndsp%3D20%26svnum%3D10%26hl%3Den%26lr%3D%26client%3Dsafari%26rls%3Den-us%26sa%3DN" "Mozilla/5.0 (Macintosh; U; PPC Mac OS X; en-us) AppleWebKit/418.8 (KHTML, like Gecko) Safari/419.3"
216.17.233.180 - - [01/Oct/2006:10:31:49 -0800] "GET /gallery/maps/G3200/large/G3210%201814%20T55.jpg HTTP/1.1" 404 339 "http://images.google.com/imgres?imgurl=http://photolab.elmer.uaf.edu/gallery/maps/G3200/large/G3210%25201814%2520T55.jpg&imgrefurl=http://photolab.elmer.uaf.edu/gallery/maps/mapg3210.html&h=1200&w=1003&sz=235&tbnid=4S8OHkiZbtzKdM:&tbnh=150&tbnw=125&hl=en&prev=/images%3Fq%3Dmap%2Bof%2Bnorthern%2Bhemisphere%26start%3D20%26ndsp%3D20%26svnum%3D10%26hl%3Den%26lr%3D%26client%3Dsafari%26rls%3Den-us%26sa%3DN&frame=small" "Mozilla/5.0 (Macintosh; U; PPC Mac OS X; en-us) AppleWebKit/418.8 (KHTML, like Gecko) Safari/419.3"
216.17.233.180 - - [01/Oct/2006:10:31:50 -0800] "GET /favicon.ico HTTP/1.1" 404 307 "-" "Mozilla/5.0 (Macintosh; U; PPC Mac OS X; en-us) AppleWebKit/418.8 (KHTML, like Gecko) Safari/419.3"
216.17.233.180 - - [01/Oct/2006:10:31:51 -0800] "GET /gallery/maps/mapg3210.html HTTP/1.1" 404 322 "http://images.google.com/imgres?imgurl=http://photolab.elmer.uaf.edu/gallery/maps/G3200/large/G3210%25201814%2520T55.jpg&imgrefurl=http://photolab.elmer.uaf.edu/gallery/maps/mapg3210.html&h=1200&w=1003&sz=235&hl=en&start=34&tbnid=4S8OHkiZbtzKdM:&tbnh=150&tbnw=125&prev=/images%3Fq%3Dmap%2Bof%2Bnorthern%2Bhemisphere%26start%3D20%26ndsp%3D20%26svnum%3D10%26hl%3Den%26lr%3D%26client%3Dsafari%26rls%3Den-us%26sa%3DN" "Mozilla/5.0 (Macintosh; U; PPC Mac OS X; en-us) AppleWebKit/418.8 (KHTML, like Gecko) Safari/419.3"
216.17.233.180 - - [01/Oct/2006:10:31:54 -0800] "GET /gallery/maps/mapg3210.html HTTP/1.1" 404 322 "http://images.google.com/imgres?imgurl=http://photolab.elmer.uaf.edu/gallery/maps/G3200/large/G3211%2520S12%25201809%2520C661.jpg&imgrefurl=http://photolab.elmer.uaf.edu/gallery/maps/mapg3210.html&h=1200&w=945&sz=229&hl=en&start=33&tbnid=CWw6MRMrnXG-BM:&tbnh=150&tbnw=118&prev=/images%3Fq%3Dmap%2Bof%2Bnorthern%2Bhemisphere%26start%3D20%26ndsp%3D20%26svnum%3D10%26hl%3Den%26lr%3D%26client%3Dsafari%26rls%3Den-us%26sa%3DN" "Mozilla/5.0 (Macintosh; U; PPC Mac OS X; en-us) AppleWebKit/418.8 (KHTML, like Gecko) Safari/419.3"
216.17.233.180 - - [01/Oct/2006:10:31:58 -0800] "GET /gallery/maps/G3200/large/G3211%20S12%201809%20C661.jpg HTTP/1.1" 404 344 "http://images.google.com/imgres?imgurl=http://photolab.elmer.uaf.edu/gallery/maps/G3200/large/G3211%2520S12%25201809%2520C661.jpg&imgrefurl=http://photolab.elmer.uaf.edu/gallery/maps/mapg3210.html&h=1200&w=945&sz=229&tbnid=CWw6MRMrnXG-BM:&tbnh=150&tbnw=118&hl=en&prev=/images%3Fq%3Dmap%2Bof%2Bnorthern%2Bhemisphere%26start%3D20%26ndsp%3D20%26svnum%3D10%26hl%3Den%26lr%3D%26client%3Dsafari%26rls%3Den-us%26sa%3DN&frame=small" "Mozilla/5.0 (Macintosh; U; PPC Mac OS X; en-us) AppleWebKit/418.8 (KHTML, like Gecko) Safari/419.3"
216.17.233.180 - - [01/Oct/2006:10:31:58 -0800] "GET /favicon.ico HTTP/1.1" 404 307 "-" "Mozilla/5.0 (Macintosh; U; PPC Mac OS X; en-us) AppleWebKit/418.8 (KHTML, like Gecko) Safari/419.3"
216.17.233.180 - - [01/Oct/2006:10:32:00 -0800] "GET /gallery/maps/mapg3210.html HTTP/1.1" 404 322 "http://images.google.com/imgres?imgurl=http://photolab.elmer.uaf.edu/gallery/maps/G3200/large/G3211%2520S12%25201809%2520C661.jpg&imgrefurl=http://photolab.elmer.uaf.edu/gallery/maps/mapg3210.html&h=1200&w=945&sz=229&hl=en&start=33&tbnid=CWw6MRMrnXG-BM:&tbnh=150&tbnw=118&prev=/images%3Fq%3Dmap%2Bof%2Bnorthern%2Bhemisphere%26start%3D20%26ndsp%3D20%26svnum%3D10%26hl%3Den%26lr%3D%26client%3Dsafari%26rls%3Den-us%26sa%3DN" "Mozilla/5.0 (Macintosh; U; PPC Mac OS X; en-us) AppleWebKit/418.8 (KHTML, like Gecko) Safari/419.3"
67.168.178.201 - - [01/Oct/2006:10:32:55 -0800] "GET /gallery/maps/mapg3200.html HTTP/1.1" 404 322 "http://images.google.com/imgres?imgurl=http://photolab.elmer.uaf.edu/gallery/maps/G3200/large/G3200%25201882%2520P461.jpg&imgrefurl=http://photolab.elmer.uaf.edu/gallery/maps/mapg3200.html&h=745&w=1200&sz=196&hl=en&start=84&tbnid=exTIRUoY6xYRXM:&tbnh=93&tbnw=150&prev=/images%3Fq%3D%2B%2Bcurrent%2Bmercator%2Bworld%2Bmaps%26start%3D80%26ndsp%3D20%26svnum%3D10%26hl%3Den%26lr%3D%26sa%3DN" "Mozilla/4.0 (compatible; MSIE 6.0; Windows NT 5.1; SV1; .NET CLR 1.0.3705; .NET CLR 1.1.4322; Media Center PC 4.0)"
67.168.178.201 - - [01/Oct/2006:10:32:57 -0800] "GET /gallery/maps/G3200/large/G3200%201882%20P461.jpg HTTP/1.1" 404 340 "http://images.google.com/imgres?imgurl=http://photolab.elmer.uaf.edu/gallery/maps/G3200/large/G3200%25201882%2520P461.jpg&imgrefurl=http://photolab.elmer.uaf.edu/gallery/maps/mapg3200.html&h=745&w=1200&sz=196&tbnid=exTIRUoY6xYRXM:&tbnh=93&tbnw=150&hl=en&prev=/images%3Fq%3D%2B%2Bcurrent%2Bmercator%2Bworld%2Bmaps%26start%3D80%26ndsp%3D20%26svnum%3D10%26hl%3Den%26lr%3D%26sa%3DN&frame=small" "Mozilla/4.0 (compatible; MSIE 6.0; Windows NT 5.1; SV1; .NET CLR 1.0.3705; .NET CLR 1.1.4322; Media Center PC 4.0)"
67.168.178.201 - - [01/Oct/2006:10:32:59 -0800] "GET /gallery/maps/mapg3200.html HTTP/1.1" 404 322 "http://images.google.com/imgres?imgurl=http://photolab.elmer.uaf.edu/gallery/maps/G3200/large/G3200%25201882%2520P461.jpg&imgrefurl=http://photolab.elmer.uaf.edu/gallery/maps/mapg3200.html&h=745&w=1200&sz=196&hl=en&start=84&tbnid=exTIRUoY6xYRXM:&tbnh=93&tbnw=150&prev=/images%3Fq%3D%2B%2Bcurrent%2Bmercator%2Bworld%2Bmaps%26start%3D80%26ndsp%3D20%26svnum%3D10%26hl%3Den%26lr%3D%26sa%3DN" "Mozilla/4.0 (compatible; MSIE 6.0; Windows NT 5.1; SV1; .NET CLR 1.0.3705; .NET CLR 1.1.4322; Media Center PC 4.0)"
200.170.158.133 - - [01/Oct/2006:10:33:39 -0800] "GET /gallery/maps/mapg3300.html HTTP/1.1" 404 322 "http://www.worldmapfinder.com/Map_Detail.php?MAP=549&FN=G3300%20%5B1780%5D%20C66.jpg&MW=1200&MH=896&FS=242&FT=jpg&WO=0&CE=4&CO=0&CI=0&IT=0&LC=9&PG=1&CS=iso-8859-1&FU=http://photolab.elmer.uaf.edu/gallery/maps/G3300/large/G3300%20%5B1780%5D%20C66.jpg&SU=http://photolab.elmer.uaf.edu/gallery/maps/mapg3300.html" "Mozilla/4.0 (compatible; MSIE 6.0; Windows NT 5.1; SV1; FunWebProducts; .NET CLR 1.1.4322; .NET CLR 2.0.50727)"
66.249.72.84 - - [01/Oct/2006:10:33:51 -0800] "GET /gallery/maps/mapg3300.html HTTP/1.1" 404 322 "-" "Mediapartners-Google/2.1"
217.44.81.217 - - [01/Oct/2006:10:34:00 -0800] "GET /gallery/maps/G3200/large/G3271%20S12%20%5B1601%5D%20B79.jpg HTTP/1.1" 404 345 "http://profile.myspace.com/index.cfm?fuseaction=user.viewprofile&friendid=30133799" "Mozilla/5.0 (Windows; U; Windows NT 5.1; en-GB; rv:1.8.0.7) Gecko/20060909 Firefox/1.5.0.7"
212.227.64.191 - - [01/Oct/2006:10:34:13 -0800] "GET /awstats.pl?configdir=|echo;id%00 HTTP/1.0" 404 297 "-" "DataCha0s/2.0"
200.170.158.133 - - [01/Oct/2006:10:34:15 -0800] "GET /gallery/maps/G3300/large/G3300%20[1780]%20C66.jpg HTTP/1.1" 404 341 "http://www.worldmapfinder.com/Map_Detail.php?MAP=549&FN=G3300 [1780] C66.jpg&FU=http://photolab.elmer.uaf.edu/gallery/maps/G3300/large/G3300 [1780] C66.jpg&MW=1200&MH=896&FS=242&FT=jpg&SU=http://photolab.elmer.uaf.edu/gallery/maps/mapg3300.html&WO=0&CE=4&CO=0&CI=0&IT=0&LC=9&PG=1&CS=&FM=1" "Mozilla/4.0 (compatible; MSIE 6.0; Windows NT 5.1; SV1; FunWebProducts; .NET CLR 1.1.4322; .NET CLR 2.0.50727)"
200.170.158.133 - - [01/Oct/2006:10:34:27 -0800] "GET /gallery/maps/G3300/large/G3300%20[1780]%20C66.jpg HTTP/1.1" 404 341 "http://www.worldmapfinder.com/Map_Detail.php?MAP=549&FN=G3300 [1780] C66.jpg&FU=http://photolab.elmer.uaf.edu/gallery/maps/G3300/large/G3300 [1780] C66.jpg&MW=1200&MH=896&FS=242&FT=jpg&SU=http://photolab.elmer.uaf.edu/gallery/maps/mapg3300.html&WO=0&CE=4&CO=0&CI=0&IT=0&LC=9&PG=1&CS=&FM=1" "Mozilla/4.0 (compatible; MSIE 6.0; Windows NT 5.1; SV1; FunWebProducts; .NET CLR 1.1.4322; .NET CLR 2.0.50727)"
70.50.78.184 - - [01/Oct/2006:10:34:30 -0800] "GET /gallery/maps/mapg3300.html HTTP/1.1" 404 322 "http://images.google.ca/imgres?imgurl=http://photolab.elmer.uaf.edu/gallery/maps/G3300/large/G3300%2520%255B1786_%255D%2520B691.jpg&imgrefurl=http://photolab.elmer.uaf.edu/gallery/maps/mapg3300.html&h=943&w=1200&sz=264&hl=en&start=2&tbnid=cQBYogs4LLANKM:&tbnh=118&tbnw=150&prev=/images%3Fq%3Dcolonies%2Bof%2Bbritish%2Bnorth%2Bamerica%26svnum%3D10%26hl%3Den%26lr%3D%26sa%3DX" "Mozilla/4.0 (compatible; MSIE 6.0; Windows NT 5.1; Avant Browser; Avant Browser)"
207.46.98.86 - - [01/Oct/2006:10:34:31 -0800] "GET /gallery/photos/19690092/1/pages/1969-0092-00119.html HTTP/1.0" 200 1763 "-" "msnbot/1.0 (+http://search.msn.com/msnbot.htm)"
200.170.158.133 - - [01/Oct/2006:10:34:37 -0800] "GET /gallery/maps/G3300/large/G3300%20[1780]%20C66.jpg HTTP/1.1" 404 341 "http://www.worldmapfinder.com/Map_Detail.php?MAP=549&FN=G3300 [1780] C66.jpg&FU=http://photolab.elmer.uaf.edu/gallery/maps/G3300/large/G3300 [1780] C66.jpg&MW=1200&MH=896&FS=242&FT=jpg&SU=http://photolab.elmer.uaf.edu/gallery/maps/mapg3300.html&WO=0&CE=4&CO=0&CI=0&IT=0&LC=9&PG=1&CS=&FM=1" "Mozilla/4.0 (compatible; MSIE 6.0; Windows NT 5.1; SV1; FunWebProducts; .NET CLR 1.1.4322; .NET CLR 2.0.50727)"
207.46.98.86 - - [01/Oct/2006:10:34:41 -0800] "GET /gallery/photos/20030120/2/pages/2003-0120-00219.html HTTP/1.0" 200 1871 "-" "msnbot/1.0 (+http://search.msn.com/msnbot.htm)"
207.46.98.86 - - [01/Oct/2006:10:34:41 -0800] "GET /gallery/photos/19880041/0/pages/1988-0041-00033.htm HTTP/1.0" 200 1879 "-" "msnbot/1.0 (+http://search.msn.com/msnbot.htm)"
207.46.98.86 - - [01/Oct/2006:10:34:41 -0800] "GET /gallery/photos/19640042/0/pages/1964-0042-00043.htm HTTP/1.0" 200 1884 "-" "msnbot/1.0 (+http://search.msn.com/msnbot.htm)"
207.46.98.86 - - [01/Oct/2006:10:34:42 -0800] "GET /gallery/photos/19950244/11/pages/1995-0244-01131.html HTTP/1.0" 200 1888 "-" "msnbot/1.0 (+http://search.msn.com/msnbot.htm)"
207.46.98.86 - - [01/Oct/2006:10:34:42 -0800] "GET /gallery/photos/19950244/11/pages/1995-0244-01127.html HTTP/1.0" 200 1888 "-" "msnbot/1.0 (+http://search.msn.com/msnbot.htm)"
207.46.98.86 - - [01/Oct/2006:10:34:53 -0800] "GET /gallery/photos/19940096/0/pages/1994-0096-00042.html HTTP/1.0" 200 1903 "-" "msnbot/1.0 (+http://search.msn.com/msnbot.htm)"
207.46.98.86 - - [01/Oct/2006:10:34:58 -0800] "GET /gallery/photos/20030109/3/pages/2003-0109-00305.html HTTP/1.0" 200 1754 "-" "msnbot/1.0 (+http://search.msn.com/msnbot.htm)"
207.46.98.86 - - [01/Oct/2006:10:34:58 -0800] "GET /gallery/photos/20040110/10/pages/2004-0110-00970.htm HTTP/1.0" 200 1888 "-" "msnbot/1.0 (+http://search.msn.com/msnbot.htm)"
207.46.98.86 - - [01/Oct/2006:10:34:58 -0800] "GET /gallery/photos/19690092/0/pages/1969-0092-00074.html HTTP/1.0" 200 1765 "-" "msnbot/1.0 (+http://search.msn.com/msnbot.htm)"
207.46.98.86 - - [01/Oct/2006:10:35:35 -0800] "GET /gallery/photos/20030120/1/pages/2003-0120-00107.html HTTP/1.0" 200 1868 "-" "msnbot/1.0 (+http://search.msn.com/msnbot.htm)"
207.46.98.86 - - [01/Oct/2006:10:35:36 -0800] "GET /gallery/photos/19890207/0/pages/1989-0207-00003.html HTTP/1.0" 200 1875 "-" "msnbot/1.0 (+http://search.msn.com/msnbot.htm)"
207.46.98.86 - - [01/Oct/2006:10:35:47 -0800] "GET /gallery/photos/19700058/4/pages/1970-0058-00402.html HTTP/1.0" 200 1757 "-" "msnbot/1.0 (+http://search.msn.com/msnbot.htm)"
207.46.98.86 - - [01/Oct/2006:10:35:52 -0800] "GET /gallery/photos/19950244/05/pages/1995-0244-00521.html HTTP/1.0" 200 1889 "-" "msnbot/1.0 (+http://search.msn.com/msnbot.htm)"
207.46.98.86 - - [01/Oct/2006:10:35:57 -0800] "GET /gallery/photos/19650030/pages/1965-0030-00030.htm HTTP/1.0" 200 1889 "-" "msnbot/1.0 (+http://search.msn.com/msnbot.htm)"
207.46.98.86 - - [01/Oct/2006:10:35:57 -0800] "GET /gallery/photos/19950244/11/pages/1995-0244-01177.html HTTP/1.0" 200 1888 "-" "msnbot/1.0 (+http://search.msn.com/msnbot.htm)"
66.249.72.84 - - [01/Oct/2006:10:36:28 -0800] "GET /passport.html HTTP/1.1" 200 5529 "-" "Mozilla/5.0 (compatible; Googlebot/2.1; +http://www.google.com/bot.html)"
207.46.98.86 - - [01/Oct/2006:10:36:33 -0800] "GET /gallery/photos/19890207/0/pages/1989-0207-00047.html HTTP/1.0" 200 1878 "-" "msnbot/1.0 (+http://search.msn.com/msnbot.htm)"
207.46.98.86 - - [01/Oct/2006:10:36:33 -0800] "GET /gallery/photos/19890166/06/pages/1989-0166-00694_neg%20nitrate.html HTTP/1.0" 200 2008 "-" "msnbot/1.0 (+http://search.msn.com/msnbot.htm)"
207.46.98.86 - - [01/Oct/2006:10:36:33 -0800] "GET /gallery/photos/20040066/0/pages/2004-0066-00029.html HTTP/1.0" 200 1884 "-" "msnbot/1.0 (+http://search.msn.com/msnbot.htm)"
207.46.98.86 - - [01/Oct/2006:10:36:33 -0800] "GET /gallery/photos/19930194/0/pages/1993-0194-00083.htm HTTP/1.0" 200 1885 "-" "msnbot/1.0 (+http://search.msn.com/msnbot.htm)"
207.46.98.86 - - [01/Oct/2006:10:36:34 -0800] "GET /gallery/photos/19950244/11/pages/1995-0244-01133.html HTTP/1.0" 200 1888 "-" "msnbot/1.0 (+http://search.msn.com/msnbot.htm)"
207.46.98.86 - - [01/Oct/2006:10:36:34 -0800] "GET /gallery/photos/20020087/0/pages/2002-0087-00022.html HTTP/1.0" 200 1767 "-" "msnbot/1.0 (+http://search.msn.com/msnbot.htm)"
207.46.98.86 - - [01/Oct/2006:10:36:34 -0800] "GET /gallery/photos/19890166/08/pages/1989-0166-00549a_print.html HTTP/1.0" 200 1960 "-" "msnbot/1.0 (+http://search.msn.com/msnbot.htm)"
207.46.98.86 - - [01/Oct/2006:10:36:34 -0800] "GET /gallery/photos/19890166/08/pages/1989-0166-00572a_print.html HTTP/1.0" 200 1961 "-" "msnbot/1.0 (+http://search.msn.com/msnbot.htm)"
207.46.98.86 - - [01/Oct/2006:10:36:34 -0800] "GET /gallery/photos/20030024/0/pages/2003-0024-00078.html HTTP/1.0" 200 1760 "-" "msnbot/1.0 (+http://search.msn.com/msnbot.htm)"
207.46.98.86 - - [01/Oct/2006:10:36:34 -0800] "GET /gallery/photos/19890166/12/pages/1989-0166-00958a_print.html HTTP/1.0" 200 1960 "-" "msnbot/1.0 (+http://search.msn.com/msnbot.htm)"
207.46.98.86 - - [01/Oct/2006:10:36:34 -0800] "GET /gallery/photos/20040162/pages/2004-0162-00037.html HTTP/1.0" 200 1894 "-" "msnbot/1.0 (+http://search.msn.com/msnbot.htm)"
207.46.98.86 - - [01/Oct/2006:10:36:35 -0800] "GET /gallery/photos/19900043/10/pages/1990-0043-01017.html HTTP/1.0" 200 1766 "-" "msnbot/1.0 (+http://search.msn.com/msnbot.htm)"
207.46.98.86 - - [01/Oct/2006:10:36:35 -0800] "GET /gallery/photos/19890166/08/pages/1989-0166-00555a_print.html HTTP/1.0" 200 1960 "-" "msnbot/1.0 (+http://search.msn.com/msnbot.htm)"
207.46.98.86 - - [01/Oct/2006:10:36:35 -0800] "GET /gallery/photos/19990293/0/pages/1999-0293-00059.html HTTP/1.0" 200 1768 "-" "msnbot/1.0 (+http://search.msn.com/msnbot.htm)"
207.46.98.86 - - [01/Oct/2006:10:36:35 -0800] "GET /gallery/photos/20020015/4/pages/2002-0015-00433m.html HTTP/1.0" 200 1770 "-" "msnbot/1.0 (+http://search.msn.com/msnbot.htm)"
207.46.98.86 - - [01/Oct/2006:10:36:35 -0800] "GET /gallery/photos/19581026/21/pages/1958-1026-02198.html HTTP/1.0" 200 2092 "-" "msnbot/1.0 (+http://search.msn.com/msnbot.htm)"
207.46.98.86 - - [01/Oct/2006:10:36:36 -0800] "GET /gallery/photos/20010129/2/pages/2001-0129-00248.html HTTP/1.0" 200 1762 "-" "msnbot/1.0 (+http://search.msn.com/msnbot.htm)"
207.46.98.86 - - [01/Oct/2006:10:36:36 -0800] "GET /gallery/photos/19900043/08/pages/1990-0043-00852A.html HTTP/1.0" 200 1771 "-" "msnbot/1.0 (+http://search.msn.com/msnbot.htm)"
207.46.98.86 - - [01/Oct/2006:10:37:34 -0800] "GET /gallery/photos/19581026/21/index_9.html HTTP/1.0" 200 3399 "-" "msnbot/1.0 (+http://search.msn.com/msnbot.htm)"
72.30.135.219 - - [01/Oct/2006:10:38:24 -0800] "GET /robots.txt HTTP/1.0" 200 96 "-" "Mozilla/5.0 (compatible; Yahoo! Slurp; http://help.yahoo.com/help/us/ysearch/slurp)"
72.30.252.88 - - [01/Oct/2006:10:38:24 -0800] "GET / HTTP/1.0" 304 - "-" "Mozilla/5.0 (compatible; Yahoo! Slurp; http://help.yahoo.com/help/us/ysearch/slurp)"
209.169.129.49 - - [01/Oct/2006:10:39:19 -0800] "GET /gallery/maps/mapg3350.html HTTP/1.1" 404 322 "http://www.google.ca/search?hl=fr&q=map+Northwest+Coast+Area+&meta=" "Mozilla/4.0 (compatible; MSIE 6.0; Windows NT 5.1; SV1)"
216.152.181.248 - - [01/Oct/2006:10:31:35 -0800] "GET /public/Walker/1980-0046-00163.tif HTTP/1.1" 200 7137528 "-" "Mozilla/4.0 (compatible; MSIE 6.0; Windows NT 5.1; SV1; .NET CLR 1.1.4322)"
62.42.14.193 - - [01/Oct/2006:10:46:29 -0800] "GET /gallery/maps/mapg3300.html HTTP/1.1" 404 322 "http://www.worldmapfinder.com/Map_Detail.php?MAP=541&FN=G3300%20%5B1822%5D%20F55.jpg&MW=1200&MH=959&FS=374&FT=jpg&WO=0&CE=4&CO=0&CI=0&IT=0&LC=6&PG=1&CS=iso-8859-1&FU=http://photolab.elmer.uaf.edu/gallery/maps/G3300/large/G3300%20%5B1822%5D%20F55.jpg&SU=http://photolab.elmer.uaf.edu/gallery/maps/mapg3300.html" "Mozilla/4.0 (compatible; MSIE 6.0; Windows NT 5.1; SV1)"
62.42.14.193 - - [01/Oct/2006:10:48:49 -0800] "GET /gallery/maps/mapg3300.html HTTP/1.1" 404 322 "http://www.worldmapfinder.com/Map_Detail.php?MAP=541&FN=G3300%20%5B1822%5D%20F55.jpg&MW=1200&MH=959&FS=374&FT=jpg&WO=0&CE=4&CO=0&CI=0&IT=0&LC=6&PG=1&CS=iso-8859-1&FU=http://photolab.elmer.uaf.edu/gallery/maps/G3300/large/G3300%20%5B1822%5D%20F55.jpg&SU=http://photolab.elmer.uaf.edu/gallery/maps/mapg3300.html" "Mozilla/4.0 (compatible; MSIE 6.0; Windows NT 5.1; SV1)"
62.42.14.193 - - [01/Oct/2006:10:48:58 -0800] "GET /gallery/maps/mapg3300.html HTTP/1.1" 404 322 "http://www.worldmapfinder.com/Map_Detail.php?MAP=541&FN=G3300%20%5B1822%5D%20F55.jpg&MW=1200&MH=959&FS=374&FT=jpg&WO=0&CE=4&CO=0&CI=0&IT=0&LC=6&PG=1&CS=iso-8859-1&FU=http://photolab.elmer.uaf.edu/gallery/maps/G3300/large/G3300%20%5B1822%5D%20F55.jpg&SU=http://photolab.elmer.uaf.edu/gallery/maps/mapg3300.html" "Mozilla/4.0 (compatible; MSIE 6.0; Windows NT 5.1; SV1)"
66.249.72.84 - - [01/Oct/2006:10:49:00 -0800] "GET /gallery/maps/mapg4370c.html HTTP/1.1" 404 323 "-" "Mozilla/5.0 (compatible; Googlebot/2.1; +http://www.google.com/bot.html)"
216.152.181.248 - - [01/Oct/2006:10:42:01 -0800] "GET /public/Walker/1969-0092-00714.tif HTTP/1.1" 200 5965732 "-" "Mozilla/4.0 (compatible; MSIE 6.0; Windows NT 5.1; SV1; .NET CLR 1.1.4322)"
74.6.70.7 - - [01/Oct/2006:10:50:21 -0800] "GET /gallery/photos/19880051/pages/1988-0051-00012.html HTTP/1.0" 304 - "-" "Mozilla/5.0 (compatible; Yahoo! Slurp; http://help.yahoo.com/help/us/ysearch/slurp)"
74.6.70.7 - - [01/Oct/2006:10:50:23 -0800] "GET /gallery/photos/20010129/0/index_4.html HTTP/1.0" 304 - "-" "Mozilla/5.0 (compatible; Yahoo! Slurp; http://help.yahoo.com/help/us/ysearch/slurp)"
69.212.159.199 - - [01/Oct/2006:10:50:55 -0800] "GET /gallery/maps/mapg3300.html HTTP/1.1" 404 322 "http://images.google.com/imgres?imgurl=http://photolab.elmer.uaf.edu/gallery/maps/G3300/large/G3300%2520%255B1786_%255D%2520B691.jpg&imgrefurl=http://photolab.elmer.uaf.edu/gallery/maps/mapg3300.html&h=943&w=1200&sz=264&hl=en&start=3&tbnid=cQBYogs4LLANKM:&tbnh=118&tbnw=150&prev=/images%3Fq%3Dbritish%2Bcolonies%2Bcanada%2Bus%2Bmap%26svnum%3D10%26hl%3Den%26lr%3D" "Mozilla/4.0 (compatible; MSIE 6.0; Windows NT 5.1; SV1)"
69.212.159.199 - - [01/Oct/2006:10:50:56 -0800] "GET /gallery/maps/G3300/large/G3300%20%5B1786_%5D%20B691.jpg HTTP/1.1" 404 343 "http://images.google.com/imgres?imgurl=http://photolab.elmer.uaf.edu/gallery/maps/G3300/large/G3300%2520%255B1786_%255D%2520B691.jpg&imgrefurl=http://photolab.elmer.uaf.edu/gallery/maps/mapg3300.html&h=943&w=1200&sz=264&tbnid=cQBYogs4LLANKM:&tbnh=118&tbnw=150&hl=en&prev=/images%3Fq%3Dbritish%2Bcolonies%2Bcanada%2Bus%2Bmap%26svnum%3D10%26hl%3Den%26lr%3D&frame=small" "Mozilla/4.0 (compatible; MSIE 6.0; Windows NT 5.1; SV1)"
69.212.159.199 - - [01/Oct/2006:10:50:57 -0800] "GET /gallery/maps/mapg3300.html HTTP/1.1" 404 322 "http://images.google.com/imgres?imgurl=http://photolab.elmer.uaf.edu/gallery/maps/G3300/large/G3300%2520%255B1786_%255D%2520B691.jpg&imgrefurl=http://photolab.elmer.uaf.edu/gallery/maps/mapg3300.html&h=943&w=1200&sz=264&hl=en&start=3&tbnid=cQBYogs4LLANKM:&tbnh=118&tbnw=150&prev=/images%3Fq%3Dbritish%2Bcolonies%2Bcanada%2Bus%2Bmap%26svnum%3D10%26hl%3Den%26lr%3D" "Mozilla/4.0 (compatible; MSIE 6.0; Windows NT 5.1; SV1)"
72.30.131.207 - - [01/Oct/2006:10:51:44 -0800] "GET /gallery/photos/19940070/3/pages/1994-0070-00343.html HTTP/1.0" 200 5959 "-" "Mozilla/5.0 (compatible; Yahoo! Slurp; http://help.yahoo.com/help/us/ysearch/slurp)"
207.46.98.85 - - [01/Oct/2006:10:55:36 -0800] "GET /gallery/photos/20040066/0/pages/2004-0066-00049.html HTTP/1.0" 200 1884 "-" "msnbot/1.0 (+http://search.msn.com/msnbot.htm)"
207.46.98.85 - - [01/Oct/2006:10:55:36 -0800] "GET /gallery/photos/20040162/pages/2004-0162-00041.html HTTP/1.0" 200 1894 "-" "msnbot/1.0 (+http://search.msn.com/msnbot.htm)"
207.46.98.85 - - [01/Oct/2006:10:56:07 -0800] "GET /gallery/photos/19660054/01/pages/1966-0054-00173.html HTTP/1.0" 200 1760 "-" "msnbot/1.0 (+http://search.msn.com/msnbot.htm)"
24.6.198.209 - - [01/Oct/2006:10:56:53 -0800] "GET /gallery/maps/mapg9230.html HTTP/1.1" 404 322 "-" "Mozilla/4.0 (compatible; MSIE 6.0; Windows NT 5.1; SV1; FunWebProducts; .NET CLR 1.1.4322)"
24.6.198.209 - - [01/Oct/2006:10:56:54 -0800] "GET /gallery/maps/G9000/large/G9235%20%5B1859_%5D%20P5.jpg HTTP/1.1" 404 341 "-" "Mozilla/4.0 (compatible; MSIE 6.0; Windows NT 5.1; SV1; FunWebProducts; .NET CLR 1.1.4322)"
24.6.198.209 - - [01/Oct/2006:10:56:56 -0800] "GET /gallery/maps/mapg9230.html HTTP/1.1" 404 322 "-" "Mozilla/4.0 (compatible; MSIE 6.0; Windows NT 5.1; SV1; FunWebProducts; .NET CLR 1.1.4322)"
207.46.98.85 - - [01/Oct/2006:11:00:21 -0800] "GET /gallery/photos/19581026/21/pages/home.html HTTP/1.0" 404 338 "-" "msnbot/1.0 (+http://search.msn.com/msnbot.htm)"
66.249.72.84 - - [01/Oct/2006:11:01:30 -0800] "GET /gallery/photos/19890166/08/pages/1989-0166-00551a_print.html HTTP/1.1" 200 1960 "-" "Mozilla/5.0 (compatible; Googlebot/2.1; +http://www.google.com/bot.html)"
72.30.135.217 - - [01/Oct/2006:11:03:22 -0800] "GET /gallery/photos/20030063/1/pages/2003-0063-00137.html HTTP/1.0" 200 1758 "-" "Mozilla/5.0 (compatible; Yahoo! Slurp; http://help.yahoo.com/help/us/ysearch/slurp)"
74.6.72.44 - - [01/Oct/2006:11:04:16 -0800] "GET /gallery/photos/20030183/pages/2003-0183-00004.html HTTP/1.0" 304 - "-" "Mozilla/5.0 (compatible; Yahoo! Slurp; http://help.yahoo.com/help/us/ysearch/slurp)"
74.6.65.252 - - [01/Oct/2006:11:05:50 -0800] "GET /gallery/photos/20030120/1/pages/2003-0120-00111.html HTTP/1.0" 200 1869 "-" "Mozilla/5.0 (compatible; Yahoo! Slurp; http://help.yahoo.com/help/us/ysearch/slurp)"
216.152.181.248 - - [01/Oct/2006:10:53:03 -0800] "GET /public/Walker/1969-0092-00622.tif HTTP/1.1" 200 5999486 "http://photolab.elmer.uaf.edu/public/Walker/" "Mozilla/4.0 (compatible; MSIE 6.0; Windows NT 5.1; SV1; .NET CLR 1.1.4322)"
216.152.181.248 - - [01/Oct/2006:10:53:52 -0800] "GET /public/Walker/1969-0092-00622.tif HTTP/1.1" 200 5999486 "-" "Mozilla/4.0 (compatible; MSIE 6.0; Windows NT 5.1; SV1; .NET CLR 1.1.4322)"
216.152.181.248 - - [01/Oct/2006:11:09:54 -0800] "GET /public/Walker/ HTTP/1.1" 200 1746 "-" "Mozilla/4.0 (compatible; MSIE 6.0; Windows NT 5.1; SV1; .NET CLR 1.1.4322)"
216.152.181.248 - - [01/Oct/2006:11:09:54 -0800] "GET /icons/blank.gif HTTP/1.1" 304 - "http://photolab.elmer.uaf.edu/public/Walker/" "Mozilla/4.0 (compatible; MSIE 6.0; Windows NT 5.1; SV1; .NET CLR 1.1.4322)"
216.152.181.248 - - [01/Oct/2006:11:09:54 -0800] "GET /icons/image2.gif HTTP/1.1" 304 - "http://photolab.elmer.uaf.edu/public/Walker/" "Mozilla/4.0 (compatible; MSIE 6.0; Windows NT 5.1; SV1; .NET CLR 1.1.4322)"
216.152.181.248 - - [01/Oct/2006:11:09:54 -0800] "GET /icons/back.gif HTTP/1.1" 304 - "http://photolab.elmer.uaf.edu/public/Walker/" "Mozilla/4.0 (compatible; MSIE 6.0; Windows NT 5.1; SV1; .NET CLR 1.1.4322)"
216.152.181.248 - - [01/Oct/2006:11:09:57 -0800] "GET /public/Walker/1969-0092-00622.tif HTTP/1.1" 200 5999486 "-" "contype"
216.152.181.248 - - [01/Oct/2006:11:09:57 -0800] "GET /public/Walker/1969-0092-00622.tif HTTP/1.1" 206 5999486 "-" "Mozilla/4.0 (compatible; MSIE 6.0; Windows NT 5.1; SV1; .NET CLR 1.1.4322)"
216.152.181.248 - - [01/Oct/2006:11:10:47 -0800] "GET /public/Walker HTTP/1.1" 301 350 "-" "Mozilla/4.0 (compatible; MSIE 6.0; Windows NT 5.1; SV1; .NET CLR 1.1.4322)"
216.152.181.248 - - [01/Oct/2006:11:10:47 -0800] "GET /public/Walker/ HTTP/1.1" 200 1746 "-" "Mozilla/4.0 (compatible; MSIE 6.0; Windows NT 5.1; SV1; .NET CLR 1.1.4322)"
216.152.181.248 - - [01/Oct/2006:11:10:47 -0800] "GET /icons/blank.gif HTTP/1.1" 304 - "http://photolab.elmer.uaf.edu/public/Walker/" "Mozilla/4.0 (compatible; MSIE 6.0; Windows NT 5.1; SV1; .NET CLR 1.1.4322)"
216.152.181.248 - - [01/Oct/2006:11:10:48 -0800] "GET /icons/back.gif HTTP/1.1" 304 - "http://photolab.elmer.uaf.edu/public/Walker/" "Mozilla/4.0 (compatible; MSIE 6.0; Windows NT 5.1; SV1; .NET CLR 1.1.4322)"
216.152.181.248 - - [01/Oct/2006:11:10:48 -0800] "GET /icons/image2.gif HTTP/1.1" 304 - "http://photolab.elmer.uaf.edu/public/Walker/" "Mozilla/4.0 (compatible; MSIE 6.0; Windows NT 5.1; SV1; .NET CLR 1.1.4322)"
216.152.181.248 - - [01/Oct/2006:11:10:55 -0800] "GET /public/Walker/1969-0092-00622.tif HTTP/1.1" 206 5409662 "-" "Mozilla/4.0 (compatible; MSIE 6.0; Windows NT 5.1; SV1; .NET CLR 1.1.4322)"
207.46.98.86 - - [01/Oct/2006:11:13:21 -0800] "GET /gallery/photos/19890166/03/pages/1989-0166-00331_print.html HTTP/1.0" 200 1952 "-" "msnbot/1.0 (+http://search.msn.com/msnbot.htm)"
207.46.98.86 - - [01/Oct/2006:11:13:26 -0800] "GET /gallery/photos/19910046/04/pages/1991-0046-00453.html HTTP/1.0" 200 1760 "-" "msnbot/1.0 (+http://search.msn.com/msnbot.htm)"
66.249.72.84 - - [01/Oct/2006:11:14:00 -0800] "GET /gallery/photos/19890166/08/pages/1989-0166-00555a_print.html HTTP/1.1" 200 1960 "-" "Mozilla/5.0 (compatible; Googlebot/2.1; +http://www.google.com/bot.html)"
65.55.213.6 - - [01/Oct/2006:11:15:29 -0800] "GET /robots.txt HTTP/1.0" 200 96 "-" "msnbot-media/1.0 (+http://search.msn.com/msnbot.htm)"
65.55.213.6 - - [01/Oct/2006:11:15:29 -0800] "GET /gallery HTTP/1.0" 301 344 "-" "msnbot-media/1.0 (+http://search.msn.com/msnbot.htm)"
207.46.98.86 - - [01/Oct/2006:11:16:08 -0800] "GET /gallery/photos/19890199/1/pages/1989-0199-00198.html HTTP/1.0" 200 1878 "-" "msnbot/1.0 (+http://search.msn.com/msnbot.htm)"
207.46.98.86 - - [01/Oct/2006:11:16:09 -0800] "GET /gallery/photos/19880041/2/pages/1988-0041-00215.htm HTTP/1.0" 200 1879 "-" "msnbot/1.0 (+http://search.msn.com/msnbot.htm)"
207.46.98.86 - - [01/Oct/2006:11:16:09 -0800] "GET /gallery/photos/19890166/13/pages/1989-0166-01046_postcard.html HTTP/1.0" 200 1973 "-" "msnbot/1.0 (+http://search.msn.com/msnbot.htm)"
207.46.98.86 - - [01/Oct/2006:11:16:10 -0800] "GET /gallery/photos/19660054/00/pages/1966-0054-00020.html HTTP/1.0" 200 1760 "-" "msnbot/1.0 (+http://search.msn.com/msnbot.htm)"
207.46.98.86 - - [01/Oct/2006:11:16:11 -0800] "GET /gallery/photos/19890166/13/pages/1989-0166-01080_postcard.html HTTP/1.0" 200 1976 "-" "msnbot/1.0 (+http://search.msn.com/msnbot.htm)"
65.55.213.6 - - [01/Oct/2006:11:17:31 -0800] "GET /gallery/ HTTP/1.0" 200 7427 "-" "msnbot-media/1.0 (+http://search.msn.com/msnbot.htm)"
216.152.181.248 - - [01/Oct/2006:11:11:50 -0800] "GET /public/Walker/1969-0092-00622.tif HTTP/1.1" 206 5334494 "-" "Mozilla/4.0 (compatible; MSIE 6.0; Windows NT 5.1; SV1; .NET CLR 1.1.4322)"
87.94.85.94 - - [01/Oct/2006:11:19:35 -0800] "HEAD /gallery/maps/G3200/large/G3270%2520%255B1667_%255D%2520B52.jpg HTTP/1.1" 404 - "-" "Mozilla/5.0 (Macintosh; U; PPC Mac OS X; en-us) AppleWebKit/412 (KHTML, like Gecko) Pandora/2.0"
81.154.46.100 - - [01/Oct/2006:11:19:38 -0800] "GET /gallery/maps/G3200/large/G3271%20S12%20%5B1601%5D%20B79.jpg HTTP/1.1" 404 345 "-" "Mozilla/4.0 (compatible; MSIE 6.0; Windows NT 5.1; SV1; .NET CLR 1.1.4322)"
81.65.81.59 - - [01/Oct/2006:11:19:59 -0800] "GET /gallery/maps/mapg3200.html HTTP/1.1" 404 322 "http://images.google.fr/imgres?imgurl=http://photolab.elmer.uaf.edu/gallery/maps/G3200/large/G3200%2520%255B1798%255D%2520R622.jpg&imgrefurl=http://photolab.elmer.uaf.edu/gallery/maps/mapg3200.html&h=821&w=1200&sz=184&hl=fr&start=28&tbnid=q6RGbR5hHv_uVM:&tbnh=103&tbnw=150&prev=/images%3Fq%3Dmappemonde%26start%3D20%26imgsz%3Dxxlarge%26ndsp%3D20%26svnum%3D10%26hl%3Dfr%26lr%3D%26sa%3DN" "Mozilla/5.0 (Macintosh; U; PPC Mac OS X; fr-fr) AppleWebKit/312.8 (KHTML, like Gecko) Safari/312.6"
81.65.81.59 - - [01/Oct/2006:11:20:01 -0800] "GET /gallery/maps/G3200/large/G3200%20%5B1798%5D%20R622.jpg HTTP/1.1" 404 342 "http://images.google.fr/imgres?imgurl=http://photolab.elmer.uaf.edu/gallery/maps/G3200/large/G3200%2520%255B1798%255D%2520R622.jpg&imgrefurl=http://photolab.elmer.uaf.edu/gallery/maps/mapg3200.html&h=821&w=1200&sz=184&tbnid=q6RGbR5hHv_uVM:&tbnh=103&tbnw=150&hl=fr&prev=/images%3Fq%3Dmappemonde%26start%3D20%26imgsz%3Dxxlarge%26ndsp%3D20%26svnum%3D10%26hl%3Dfr%26lr%3D%26sa%3DN&frame=small" "Mozilla/5.0 (Macintosh; U; PPC Mac OS X; fr-fr) AppleWebKit/312.8 (KHTML, like Gecko) Safari/312.6"
81.65.81.59 - - [01/Oct/2006:11:20:02 -0800] "GET /favicon.ico HTTP/1.1" 404 307 "-" "Mozilla/5.0 (Macintosh; U; PPC Mac OS X; fr-fr) AppleWebKit/312.8 (KHTML, like Gecko) Safari/312.6"
81.65.81.59 - - [01/Oct/2006:11:20:02 -0800] "GET /gallery/maps/mapg3200.html HTTP/1.1" 404 322 "http://images.google.fr/imgres?imgurl=http://photolab.elmer.uaf.edu/gallery/maps/G3200/large/G3200%2520%255B1798%255D%2520R622.jpg&imgrefurl=http://photolab.elmer.uaf.edu/gallery/maps/mapg3200.html&h=821&w=1200&sz=184&hl=fr&start=28&tbnid=q6RGbR5hHv_uVM:&tbnh=103&tbnw=150&prev=/images%3Fq%3Dmappemonde%26start%3D20%26imgsz%3Dxxlarge%26ndsp%3D20%26svnum%3D10%26hl%3Dfr%26lr%3D%26sa%3DN" "Mozilla/5.0 (Macintosh; U; PPC Mac OS X; fr-fr) AppleWebKit/312.8 (KHTML, like Gecko) Safari/312.6"
212.227.64.191 - - [01/Oct/2006:11:20:07 -0800] "GET /awstats.pl?configdir=|echo;id%00 HTTP/1.0" 404 297 "-" "DataCha0s/2.0"
66.249.72.84 - - [01/Oct/2006:11:26:29 -0800] "GET /gallery/photos/19890166/08/pages/1989-0166-00554a_print.html HTTP/1.1" 200 1960 "-" "Mozilla/5.0 (compatible; Googlebot/2.1; +http://www.google.com/bot.html)"
209.112.170.202 - - [01/Oct/2006:11:26:38 -0800] "GET /gallery/panoramas/panointerioryukon.html HTTP/1.1" 200 11588 "http://www.google.com/search?q=alaska+range+panoramic+photography&hl=en&lr=&start=10&sa=N" "Mozilla/4.0 (compatible; MSIE 6.0; Windows NT 5.0; .NET CLR 2.0.50727)"
209.112.170.202 - - [01/Oct/2006:11:26:38 -0800] "GET /index_files/lib.css HTTP/1.1" 200 2809 "http://photolab.elmer.uaf.edu/gallery/panoramas/panointerioryukon.html" "Mozilla/4.0 (compatible; MSIE 6.0; Windows NT 5.0; .NET CLR 2.0.50727)"
209.112.170.202 - - [01/Oct/2006:11:26:38 -0800] "GET /index_files/apr.jpg HTTP/1.1" 200 6015 "http://photolab.elmer.uaf.edu/gallery/panoramas/panointerioryukon.html" "Mozilla/4.0 (compatible; MSIE 6.0; Windows NT 5.0; .NET CLR 2.0.50727)"
209.112.170.202 - - [01/Oct/2006:11:26:38 -0800] "GET /index_files/empty.gif HTTP/1.1" 200 45 "http://photolab.elmer.uaf.edu/gallery/panoramas/panointerioryukon.html" "Mozilla/4.0 (compatible; MSIE 6.0; Windows NT 5.0; .NET CLR 2.0.50727)"
209.112.170.202 - - [01/Oct/2006:11:26:38 -0800] "GET /index_files/title.jpg HTTP/1.1" 200 5438 "http://photolab.elmer.uaf.edu/gallery/panoramas/panointerioryukon.html" "Mozilla/4.0 (compatible; MSIE 6.0; Windows NT 5.0; .NET CLR 2.0.50727)"
209.112.170.202 - - [01/Oct/2006:11:26:38 -0800] "GET /index_files/small.dps.jpg HTTP/1.1" 200 5830 "http://photolab.elmer.uaf.edu/gallery/panoramas/panointerioryukon.html" "Mozilla/4.0 (compatible; MSIE 6.0; Windows NT 5.0; .NET CLR 2.0.50727)"
209.112.170.202 - - [01/Oct/2006:11:26:38 -0800] "GET /index_files/small.jpg HTTP/1.1" 200 2294 "http://photolab.elmer.uaf.edu/gallery/panoramas/panointerioryukon.html" "Mozilla/4.0 (compatible; MSIE 6.0; Windows NT 5.0; .NET CLR 2.0.50727)"
209.112.170.202 - - [01/Oct/2006:11:26:38 -0800] "GET /index_files/small_002.jpg HTTP/1.1" 200 1351 "http://photolab.elmer.uaf.edu/gallery/panoramas/panointerioryukon.html" "Mozilla/4.0 (compatible; MSIE 6.0; Windows NT 5.0; .NET CLR 2.0.50727)"
209.112.170.202 - - [01/Oct/2006:11:26:38 -0800] "GET /index_files/small_003.jpg HTTP/1.1" 200 1521 "http://photolab.elmer.uaf.edu/gallery/panoramas/panointerioryukon.html" "Mozilla/4.0 (compatible; MSIE 6.0; Windows NT 5.0; .NET CLR 2.0.50727)"
209.112.170.202 - - [01/Oct/2006:11:26:38 -0800] "GET /gallery/panoramas/smalljpegs/1958-1026-02213.jpg HTTP/1.1" 200 31146 "http://photolab.elmer.uaf.edu/gallery/panoramas/panointerioryukon.html" "Mozilla/4.0 (compatible; MSIE 6.0; Windows NT 5.0; .NET CLR 2.0.50727)"
209.112.170.202 - - [01/Oct/2006:11:26:38 -0800] "GET /gallery/panoramas/smalljpegs/2006-0025-00001.jpg HTTP/1.1" 200 47306 "http://photolab.elmer.uaf.edu/gallery/panoramas/panointerioryukon.html" "Mozilla/4.0 (compatible; MSIE 6.0; Windows NT 5.0; .NET CLR 2.0.50727)"
209.112.170.202 - - [01/Oct/2006:11:26:39 -0800] "GET /gallery/panoramas/smalljpegs/1988-0051-00019.jpg HTTP/1.1" 200 32506 "http://photolab.elmer.uaf.edu/gallery/panoramas/panointerioryukon.html" "Mozilla/4.0 (compatible; MSIE 6.0; Windows NT 5.0; .NET CLR 2.0.50727)"
209.112.170.202 - - [01/Oct/2006:11:26:39 -0800] "GET /index_files/ahs.jpg HTTP/1.1" 200 19341 "http://photolab.elmer.uaf.edu/gallery/panoramas/panointerioryukon.html" "Mozilla/4.0 (compatible; MSIE 6.0; Windows NT 5.0; .NET CLR 2.0.50727)"
209.112.170.202 - - [01/Oct/2006:11:26:39 -0800] "GET /gallery/panoramas/smalljpegs/1988-0051-00022.jpg HTTP/1.1" 200 32674 "http://photolab.elmer.uaf.edu/gallery/panoramas/panointerioryukon.html" "Mozilla/4.0 (compatible; MSIE 6.0; Windows NT 5.0; .NET CLR 2.0.50727)"
209.112.170.202 - - [01/Oct/2006:11:26:39 -0800] "GET /gallery/panoramas/smalljpegs/2004-0156-00001.jpg HTTP/1.1" 200 26543 "http://photolab.elmer.uaf.edu/gallery/panoramas/panointerioryukon.html" "Mozilla/4.0 (compatible; MSIE 6.0; Windows NT 5.0; .NET CLR 2.0.50727)"
209.112.170.202 - - [01/Oct/2006:11:26:39 -0800] "GET /gallery/panoramas/smalljpegs/1988-0051-00018.jpg HTTP/1.1" 200 33016 "http://photolab.elmer.uaf.edu/gallery/panoramas/panointerioryukon.html" "Mozilla/4.0 (compatible; MSIE 6.0; Windows NT 5.0; .NET CLR 2.0.50727)"
209.112.170.202 - - [01/Oct/2006:11:26:39 -0800] "GET /gallery/panoramas/smalljpegs/1988-0051-00021.jpg HTTP/1.1" 200 33003 "http://photolab.elmer.uaf.edu/gallery/panoramas/panointerioryukon.html" "Mozilla/4.0 (compatible; MSIE 6.0; Windows NT 5.0; .NET CLR 2.0.50727)"
209.112.170.202 - - [01/Oct/2006:11:26:40 -0800] "GET /index_files/bluebear.gif HTTP/1.1" 200 1263 "http://photolab.elmer.uaf.edu/gallery/panoramas/panointerioryukon.html" "Mozilla/4.0 (compatible; MSIE 6.0; Windows NT 5.0; .NET CLR 2.0.50727)"
209.112.170.202 - - [01/Oct/2006:11:26:40 -0800] "GET /index_files/sitemap.gif HTTP/1.1" 200 1503 "http://photolab.elmer.uaf.edu/gallery/panoramas/panointerioryukon.html" "Mozilla/4.0 (compatible; MSIE 6.0; Windows NT 5.0; .NET CLR 2.0.50727)"
209.112.170.202 - - [01/Oct/2006:11:26:40 -0800] "GET /gallery/panoramas/smalljpegs/1988-0051-00016.jpg HTTP/1.1" 200 30068 "http://photolab.elmer.uaf.edu/gallery/panoramas/panointerioryukon.html" "Mozilla/4.0 (compatible; MSIE 6.0; Windows NT 5.0; .NET CLR 2.0.50727)"
209.112.170.202 - - [01/Oct/2006:11:26:40 -0800] "GET /index_files/bar.gif HTTP/1.1" 200 342 "http://photolab.elmer.uaf.edu/gallery/panoramas/panointerioryukon.html" "Mozilla/4.0 (compatible; MSIE 6.0; Windows NT 5.0; .NET CLR 2.0.50727)"
72.30.135.219 - - [01/Oct/2006:11:26:43 -0800] "GET /robots.txt HTTP/1.0" 200 96 "-" "Mozilla/5.0 (compatible; Yahoo! Slurp; http://help.yahoo.com/help/us/ysearch/slurp)"
72.30.133.28 - - [01/Oct/2006:11:26:44 -0800] "GET /gallery/photos/19880041/1/pages/1988-0041-00121.htm HTTP/1.0" 200 1879 "-" "Mozilla/5.0 (compatible; Yahoo! Slurp; http://help.yahoo.com/help/us/ysearch/slurp)"
