74.6.69.149 - - [01/Oct/2006:05:43:38 -0800] "GET /gallery/photos/19800068/1/pages/1980-0068-00109.html HTTP/1.0" 200 1858 "-" "Mozilla/5.0 (compatible; Yahoo! Slurp; http://help.yahoo.com/help/us/ysearch/slurp)"
69.29.70.9 - - [01/Oct/2006:05:45:17 -0800] "GET /gallery/maps/mapg3300.html HTTP/1.1" 404 322 "http://images.google.com/imgres?imgurl=http://photolab.elmer.uaf.edu/gallery/maps/G3300/large/G3300%25201797%2520N43.jpg&imgrefurl=http://photolab.elmer.uaf.edu/gallery/maps/mapg3300.html&h=1200&w=950&sz=255&hl=en&start=20&tbnid=AZkJq5Xolu0INM:&tbnh=150&tbnw=119&prev=/images%3Fq%3Dmap%2Bof%2BBritish%2BNorth%2BAmerican%2BColonies%2B%26svnum%3D10%26hl%3Den%26lr%3D" "Mozilla/4.0 (compatible; MSIE 6.0; Windows NT 5.1; SV1; .NET CLR 1.1.4322; .NET CLR 2.0.50727)"
69.29.70.9 - - [01/Oct/2006:05:45:19 -0800] "GET /gallery/maps/G3300/large/G3300%201797%20N43.jpg HTTP/1.1" 404 339 "http://images.google.com/imgres?imgurl=http://photolab.elmer.uaf.edu/gallery/maps/G3300/large/G3300%25201797%2520N43.jpg&imgrefurl=http://photolab.elmer.uaf.edu/gallery/maps/mapg3300.html&h=1200&w=950&sz=255&tbnid=AZkJq5Xolu0INM:&tbnh=150&tbnw=119&hl=en&prev=/images%3Fq%3Dmap%2Bof%2BBritish%2BNorth%2BAmerican%2BColonies%2B%26svnum%3D10%26hl%3Den%26lr%3D&frame=small" "Mozilla/4.0 (compatible; MSIE 6.0; Windows NT 5.1; SV1; .NET CLR 1.1.4322; .NET CLR 2.0.50727)"
69.29.70.9 - - [01/Oct/2006:05:45:21 -0800] "GET /gallery/maps/mapg3300.html HTTP/1.1" 404 322 "http://images.google.com/imgres?imgurl=http://photolab.elmer.uaf.edu/gallery/maps/G3300/large/G3300%25201797%2520N43.jpg&imgrefurl=http://photolab.elmer.uaf.edu/gallery/maps/mapg3300.html&h=1200&w=950&sz=255&hl=en&start=20&tbnid=AZkJq5Xolu0INM:&tbnh=150&tbnw=119&prev=/images%3Fq%3Dmap%2Bof%2BBritish%2BNorth%2BAmerican%2BColonies%2B%26svnum%3D10%26hl%3Den%26lr%3D" "Mozilla/4.0 (compatible; MSIE 6.0; Windows NT 5.1; SV1; .NET CLR 1.1.4322; .NET CLR 2.0.50727)"
74.6.74.42 - - [01/Oct/2006:05:45:56 -0800] "GET /gallery/photos/19940070/1/index_7.html HTTP/1.0" 200 7244 "-" "Mozilla/5.0 (compatible; Yahoo! Slurp; http://help.yahoo.com/help/us/ysearch/slurp)"
66.249.72.84 - - [01/Oct/2006:05:49:06 -0800] "GET /gallery/photos/19680069/25/pages/1968-0069-02534.html HTTP/1.1" 200 1769 "-" "Mozilla/5.0 (compatible; Googlebot/2.1; +http://www.google.com/bot.html)"
74.6.74.98 - - [01/Oct/2006:05:56:12 -0800] "GET /gallery/photos/19890228/0/pages/1989-0228-00014.html HTTP/1.0" 200 1878 "-" "Mozilla/5.0 (compatible; Yahoo! Slurp; http://help.yahoo.com/help/us/ysearch/slurp)"
66.249.72.84 - - [01/Oct/2006:06:01:36 -0800] "GET /gallery/photos/19680069/25/pages/1968-0069-02542.html HTTP/1.1" 200 1769 "-" "Mozilla/5.0 (compatible; Googlebot/2.1; +http://www.google.com/bot.html)"
72.30.177.253 - - [01/Oct/2006:06:08:30 -0800] "GET /gallery/photos/20020134/pages/2002-0134-00056.html HTTP/1.0" 200 1769 "-" "Mozilla/5.0 (compatible; Yahoo! Slurp; http://help.yahoo.com/help/us/ysearch/slurp)"
206.248.139.67 - - [01/Oct/2006:06:10:54 -0800] "GET /gallery/maps/mapg3200.html HTTP/1.1" 404 322 "http://images.google.ca/imgres?imgurl=http://photolab.elmer.uaf.edu/gallery/maps/G3200/large/G3200%2520%255B1824%255D%2520W95.jpg&imgrefurl=http://photolab.elmer.uaf.edu/gallery/maps/mapg3200.html&h=889&w=1200&sz=206&hl=en&start=31&tbnid=Y7ENmtXH-E5AoM:&tbnh=111&tbnw=150&prev=/images%3Fq%3Dmaps%2Bof%2Bthe%2Bworld%26start%3D18%26ndsp%3D18%26svnum%3D10%26hl%3Den%26lr%3D%26sa%3DN" "Mozilla/4.0 (compatible; MSIE 6.0; Windows NT 5.1; SV1; .NET CLR 1.1.4322; .NET CLR 2.0.50727)"
206.248.139.67 - - [01/Oct/2006:06:10:55 -0800] "GET /gallery/maps/mapg3200.html HTTP/1.1" 404 322 "http://images.google.ca/imgres?imgurl=http://photolab.elmer.uaf.edu/gallery/maps/G3200/large/G3200%2520%255B1824%255D%2520W95.jpg&imgrefurl=http://photolab.elmer.uaf.edu/gallery/maps/mapg3200.html&h=889&w=1200&sz=206&hl=en&start=31&tbnid=Y7ENmtXH-E5AoM:&tbnh=111&tbnw=150&prev=/images%3Fq%3Dmaps%2Bof%2Bthe%2Bworld%26start%3D18%26ndsp%3D18%26svnum%3D10%26hl%3Den%26lr%3D%26sa%3DN" "Mozilla/4.0 (compatible; MSIE 6.0; Windows NT 5.1; SV1; .NET CLR 1.1.4322; .NET CLR 2.0.50727)"
66.249.72.84 - - [01/Oct/2006:06:14:06 -0800] "GET /gallery/photos/19680069/25/pages/1968-0069-02545.html HTTP/1.1" 200 1769 "-" "Mozilla/5.0 (compatible; Googlebot/2.1; +http://www.google.com/bot.html)"
66.249.72.84 - - [01/Oct/2006:06:15:53 -0800] "GET /gallery/photos/19940070/1/pages/1994-0070-00161.html HTTP/1.1" 200 5959 "-" "Mozilla/5.0 (compatible; Googlebot/2.1; +http://www.google.com/bot.html)"
212.95.84.140 - - [01/Oct/2006:06:17:24 -0800] "GET /gallery/maps/mapg9230.html HTTP/1.1" 404 322 "http://images.google.fr/imgres?imgurl=http://photolab.elmer.uaf.edu/gallery/maps/G9000/large/G9236%2520S12%25201773%2520A221.jpg&imgrefurl=http://photolab.elmer.uaf.edu/gallery/maps/mapg9230.html&h=949&w=1200&sz=250&hl=fr&start=37&tbnid=s39tHTd4wgsoEM:&tbnh=119&tbnw=150&prev=/images%3Fq%3Dcarte%2Bmarine%26start%3D36%26imgsz%3Dxxlarge%26ndsp%3D18%26svnum%3D10%26hl%3Dfr%26lr%3D%26client%3Dfirefox-a%26rls%3Dorg.mozilla:fr:official_s%26sa%3DN" "Mozilla/5.0 (Windows; U; Windows NT 5.1; fr; rv:1.8.0.7) Gecko/20060909 Firefox/1.5.0.7"
74.6.73.237 - - [01/Oct/2006:06:18:30 -0800] "GET /gallery/photos/20040086/0/pages/2004-0086-00029.htm HTTP/1.0" 200 1876 "-" "Mozilla/5.0 (compatible; Yahoo! Slurp; http://help.yahoo.com/help/us/ysearch/slurp)"
212.95.84.140 - - [01/Oct/2006:06:24:54 -0800] "GET /gallery/maps/G9000/large/G9236%20S12%201773%20A221.jpg HTTP/1.1" 404 344 "http://images.google.fr/imgres?imgurl=http://photolab.elmer.uaf.edu/gallery/maps/G9000/large/G9236%2520S12%25201773%2520A221.jpg&imgrefurl=http://photolab.elmer.uaf.edu/gallery/maps/mapg9230.html&h=949&w=1200&sz=250&tbnid=s39tHTd4wgsoEM:&tbnh=119&tbnw=150&hl=fr&prev=/images%3Fq%3Dcarte%2Bmarine%26start%3D36%26imgsz%3Dxxlarge%26ndsp%3D18%26svnum%3D10%26hl%3Dfr%26lr%3D%26client%3Dfirefox-a%26rls%3Dorg.mozilla:fr:official_s%26sa%3DN&frame=small" "Mozilla/5.0 (Windows; U; Windows NT 5.1; fr; rv:1.8.0.7) Gecko/20060909 Firefox/1.5.0.7"
212.95.84.140 - - [01/Oct/2006:06:24:54 -0800] "GET /favicon.ico HTTP/1.1" 404 307 "-" "Mozilla/5.0 (Windows; U; Windows NT 5.1; fr; rv:1.8.0.7) Gecko/20060909 Firefox/1.5.0.7"
121.31.23.151 - - [01/Oct/2006:06:25:22 -0800] "GET /gallery/maps/mapg3300.html HTTP/1.1" 404 322 "http://www.worldmapfinder.com/Map_Detail.php?MAP=541&FN=G3300%20%5B1822%5D%20F55.jpg&MW=1200&MH=959&FS=374&FT=jpg&WO=0&CE=4&CO=0&CI=0&IT=0&LC=4&PG=1&CS=iso-8859-1&FU=http://photolab.elmer.uaf.edu/gallery/maps/G3300/large/G3300%20%5B1822%5D%20F55.jpg&SU=http://photolab.elmer.uaf.edu/gallery/maps/mapg3300.html" "Mozilla/4.0 (compatible; MSIE 6.0; Windows NT 5.1; SV1)"
121.31.23.151 - - [01/Oct/2006:06:25:24 -0800] "GET /gallery/maps/G3300/large/G3300%20[1822]%20F55.jpg HTTP/1.1" 404 341 "http://www.worldmapfinder.com/Map_Detail.php?MAP=541&FN=G3300 [1822] F55.jpg&FU=http://photolab.elmer.uaf.edu/gallery/maps/G3300/large/G3300 [1822] F55.jpg&MW=1200&MH=959&FS=374&FT=jpg&SU=http://photolab.elmer.uaf.edu/gallery/maps/mapg3300.html&WO=0&CE=4&CO=0&CI=0&IT=0&LC=4&PG=1&CS=&FM=1" "Mozilla/4.0 (compatible; MSIE 6.0; Windows NT 5.1; SV1)"
121.31.23.151 - - [01/Oct/2006:06:25:28 -0800] "GET /gallery/maps/G3300/large/G3300%20[1822]%20F55.jpg HTTP/1.1" 404 341 "http://www.worldmapfinder.com/Map_Detail.php?MAP=541&FN=G3300 [1822] F55.jpg&FU=http://photolab.elmer.uaf.edu/gallery/maps/G3300/large/G3300 [1822] F55.jpg&MW=1200&MH=959&FS=374&FT=jpg&SU=http://photolab.elmer.uaf.edu/gallery/maps/mapg3300.html&WO=0&CE=4&CO=0&CI=0&IT=0&LC=4&PG=1&CS=&FM=1" "Mozilla/4.0 (compatible; MSIE 6.0; Windows NT 5.1; SV1)"
121.31.23.151 - - [01/Oct/2006:06:25:30 -0800] "GET /gallery/maps/G3300/large/G3300%20[1822]%20F55.jpg HTTP/1.1" 404 341 "http://www.worldmapfinder.com/Map_Detail.php?MAP=541&FN=G3300 [1822] F55.jpg&FU=http://photolab.elmer.uaf.edu/gallery/maps/G3300/large/G3300 [1822] F55.jpg&MW=1200&MH=959&FS=374&FT=jpg&SU=http://photolab.elmer.uaf.edu/gallery/maps/mapg3300.html&WO=0&CE=4&CO=0&CI=0&IT=0&LC=4&PG=1&CS=&FM=1" "Mozilla/4.0 (compatible; MSIE 6.0; Windows NT 5.1; SV1)"
121.31.23.151 - - [01/Oct/2006:06:25:31 -0800] "GET /gallery/maps/G3300/large/G3300%20[1822]%20F55.jpg HTTP/1.1" 404 341 "http://www.worldmapfinder.com/Map_Detail.php?MAP=541&FN=G3300 [1822] F55.jpg&FU=http://photolab.elmer.uaf.edu/gallery/maps/G3300/large/G3300 [1822] F55.jpg&MW=1200&MH=959&FS=374&FT=jpg&SU=http://photolab.elmer.uaf.edu/gallery/maps/mapg3300.html&WO=0&CE=4&CO=0&CI=0&IT=0&LC=4&PG=1&CS=&FM=1" "Mozilla/4.0 (compatible; MSIE 6.0; Windows NT 5.1; SV1)"
66.249.72.84 - - [01/Oct/2006:06:26:34 -0800] "GET /gallery/photos/20040143/0/pages/2004-0143-00025.htm HTTP/1.1" 200 1893 "-" "Mozilla/5.0 (compatible; Googlebot/2.1; +http://www.google.com/bot.html)"
66.249.72.84 - - [01/Oct/2006:06:26:35 -0800] "GET /gallery/photos/19940070/1/pages/1994-0070-00195.html HTTP/1.1" 200 5959 "-" "Mozilla/5.0 (compatible; Googlebot/2.1; +http://www.google.com/bot.html)"
72.30.128.198 - - [01/Oct/2006:06:27:39 -0800] "GET /gallery/photos/20010147/pages/2001-0147-00023.html HTTP/1.0" 200 1759 "-" "Mozilla/5.0 (compatible; Yahoo! Slurp; http://help.yahoo.com/help/us/ysearch/slurp)"
207.46.98.86 - - [01/Oct/2006:06:28:49 -0800] "GET /gallery/photos/19660054/00/index_8.html HTTP/1.0" 200 7244 "-" "msnbot/1.0 (+http://search.msn.com/msnbot.htm)"
139.18.2.216 - - [01/Oct/2006:06:29:38 -0800] "GET /gallery/index.html HTTP/1.1" 200 7427 "-" "findlinks/1.1.3-beta9 (+http://wortschatz.uni-leipzig.de/findlinks/)"
74.6.73.174 - - [01/Oct/2006:06:31:22 -0800] "GET /gallery/photos/19690092/1/pages/1969-0092-00128.html HTTP/1.0" 200 1765 "-" "Mozilla/5.0 (compatible; Yahoo! Slurp; http://help.yahoo.com/help/us/ysearch/slurp)"
207.46.98.86 - - [01/Oct/2006:06:32:34 -0800] "GET /gallery/photos/19930194/0/pages/1993-0194-00078.htm HTTP/1.0" 200 1885 "-" "msnbot/1.0 (+http://search.msn.com/msnbot.htm)"
207.46.98.86 - - [01/Oct/2006:06:35:27 -0800] "GET /gallery/photos/20030174/3/pages/2003-0174-00324.html HTTP/1.0" 200 1879 "-" "msnbot/1.0 (+http://search.msn.com/msnbot.htm)"
207.46.98.86 - - [01/Oct/2006:06:35:28 -0800] "GET /gallery/photos/19910046/04/pages/1991-0046-00476.html HTTP/1.0" 200 1760 "-" "msnbot/1.0 (+http://search.msn.com/msnbot.htm)"
207.46.98.86 - - [01/Oct/2006:06:35:28 -0800] "GET /gallery/photos/20020087/4/pages/2002-0087-00416.html HTTP/1.0" 200 1767 "-" "msnbot/1.0 (+http://search.msn.com/msnbot.htm)"
207.46.98.86 - - [01/Oct/2006:06:35:28 -0800] "GET /gallery/photos/20030040/0/pages/2003-0040-00068.html HTTP/1.0" 200 1758 "-" "msnbot/1.0 (+http://search.msn.com/msnbot.htm)"
207.46.98.86 - - [01/Oct/2006:06:35:39 -0800] "GET /gallery/photos/19910046/04/pages/1991-0046-00455.html HTTP/1.0" 200 1760 "-" "msnbot/1.0 (+http://search.msn.com/msnbot.htm)"
74.6.73.221 - - [01/Oct/2006:06:35:43 -0800] "GET /gallery/photos/20040014/1/pages/2004-0014-00130.html HTTP/1.0" 200 1866 "-" "Mozilla/5.0 (compatible; Yahoo! Slurp; http://help.yahoo.com/help/us/ysearch/slurp)"
69.249.70.144 - - [01/Oct/2006:06:36:28 -0800] "GET /robots.txt HTTP/1.1" 200 96 "-" "Mozilla/4.0 (compatible; MSIE 6.0; Windows NT 5.1; SV1; .NET CLR 1.1.4322; MSIECrawler)"
72.30.177.246 - - [01/Oct/2006:06:37:05 -0800] "GET /gallery/photos/20040086/0/pages/2004-0086-00067.htm HTTP/1.0" 200 1879 "-" "Mozilla/5.0 (compatible; Yahoo! Slurp; http://help.yahoo.com/help/us/ysearch/slurp)"
68.54.42.19 - - [01/Oct/2006:06:38:03 -0800] "GET /gallery/maps/mapg3380.html HTTP/1.1" 404 322 "http://images.google.com/imgres?imgurl=http://photolab.elmer.uaf.edu/gallery/maps/G3300/large/G3380%2520%255B1752_%255D%2520B6931.jpg&imgrefurl=http://photolab.elmer.uaf.edu/gallery/maps/mapg3380.html&h=1200&w=754&sz=227&hl=en&start=5&tbnid=064DdLmhqg7AdM:&tbnh=150&tbnw=94&prev=/images%3Fq%3Dold%2Bgreenland%26svnum%3D10%26hl%3Den%26lr%3D" "Mozilla/4.0 (compatible; MSIE 6.0; Windows NT 5.1; SV1; .NET CLR 1.1.4322)"
207.46.98.85 - - [01/Oct/2006:06:38:40 -0800] "GET /robots.txt HTTP/1.0" 200 96 "-" "msnbot/1.0 (+http://search.msn.com/msnbot.htm)"
207.46.98.85 - - [01/Oct/2006:06:38:40 -0800] "GET /gallery/photos/19800068/0/index_8.html HTTP/1.0" 200 6952 "-" "msnbot/1.0 (+http://search.msn.com/msnbot.htm)"
66.249.72.84 - - [01/Oct/2006:06:39:05 -0800] "GET /gallery/photos/19680069/25/pages/1968-0069-02543.html HTTP/1.1" 200 1769 "-" "Mozilla/5.0 (compatible; Googlebot/2.1; +http://www.google.com/bot.html)"
66.249.72.84 - - [01/Oct/2006:06:42:26 -0800] "GET /gallery/photos/19940070/3/pages/1994-0070-00363.html HTTP/1.1" 200 5959 "-" "Mozilla/5.0 (compatible; Googlebot/2.1; +http://www.google.com/bot.html)"
72.30.135.219 - - [01/Oct/2006:06:46:39 -0800] "GET /robots.txt HTTP/1.0" 200 96 "-" "Mozilla/5.0 (compatible; Yahoo! Slurp; http://help.yahoo.com/help/us/ysearch/slurp)"
74.6.71.170 - - [01/Oct/2006:06:46:40 -0800] "GET /gallery/photos/20040086/0/pages/2004-0086-00084.htm HTTP/1.0" 200 1879 "-" "Mozilla/5.0 (compatible; Yahoo! Slurp; http://help.yahoo.com/help/us/ysearch/slurp)"
85.1.5.213 - - [01/Oct/2006:06:47:11 -0800] "GET /gallery/maps/mapg9230.html HTTP/1.1" 404 322 "http://images.google.ch/imgres?imgurl=http://photolab.elmer.uaf.edu/gallery/maps/G9000/large/G9236%2520S12%25201766f%2520B43.jpg&imgrefurl=http://photolab.elmer.uaf.edu/gallery/maps/mapg9230.html&h=835&w=1200&sz=216&hl=fr&start=55&tbnid=bpomHtrWQGDRMM:&tbnh=104&tbnw=150&prev=/images%3Fq%3Dcarte%2Bmarine%26start%3D54%26imgsz%3Dxxlarge%26ndsp%3D18%26svnum%3D10%26hl%3Dfr%26lr%3D%26sa%3DN" "Mozilla/5.0 (Macintosh; U; PPC Mac OS X; fr) AppleWebKit/418.8 (KHTML, like Gecko) Safari/419.3"
74.6.66.34 - - [01/Oct/2006:06:49:18 -0800] "GET /gallery/photos/20040153/2/pages/2004-0153-00205.html HTTP/1.0" 200 2085 "-" "Mozilla/5.0 (compatible; Yahoo! Slurp; http://help.yahoo.com/help/us/ysearch/slurp)"
66.249.72.84 - - [01/Oct/2006:06:51:36 -0800] "GET /gallery/photos/20030174/4/ HTTP/1.1" 200 7068 "-" "Mozilla/5.0 (compatible; Googlebot/2.1; +http://www.google.com/bot.html)"
74.6.69.103 - - [01/Oct/2006:06:56:24 -0800] "GET /gallery/photos/20010147/pages/2001-0147-00005.html HTTP/1.0" 200 1757 "-" "Mozilla/5.0 (compatible; Yahoo! Slurp; http://help.yahoo.com/help/us/ysearch/slurp)"
24.129.212.127 - - [01/Oct/2006:06:56:40 -0800] "GET /gallery/maps/mapg3220.html HTTP/1.1" 404 322 "http://images.google.com/imgres?imgurl=http://photolab.elmer.uaf.edu/gallery/maps/G3200/large/G3221%2520S12%25201809%2520C661.jpg&imgrefurl=http://photolab.elmer.uaf.edu/gallery/maps/mapg3220.html&h=1200&w=961&sz=244&hl=en&start=2&tbnid=eICm56JWXZgiqM:&tbnh=150&tbnw=120&prev=/images%3Fq%3Dsouthern%2Bhemisphere%2Bmap%26svnum%3D10%26hl%3Den%26hs%3DiwM%26lr%3D%26client%3Dfirefox-a%26rls%3Dorg.mozilla:en-US:official%26sa%3DG" "Mozilla/5.0 (Windows; U; Windows NT 5.1; en-US; rv:1.8.0.7) Gecko/20060909 Firefox/1.5.0.7"
24.129.212.127 - - [01/Oct/2006:06:56:40 -0800] "GET /gallery/maps/G3200/large/G3221%20S12%201809%20C661.jpg HTTP/1.1" 404 344 "http://images.google.com/imgres?imgurl=http://photolab.elmer.uaf.edu/gallery/maps/G3200/large/G3221%2520S12%25201809%2520C661.jpg&imgrefurl=http://photolab.elmer.uaf.edu/gallery/maps/mapg3220.html&h=1200&w=961&sz=244&tbnid=eICm56JWXZgiqM:&tbnh=150&tbnw=120&hl=en&prev=/images%3Fq%3Dsouthern%2Bhemisphere%2Bmap%26svnum%3D10%26hl%3Den%26hs%3DiwM%26lr%3D%26client%3Dfirefox-a%26rls%3Dorg.mozilla:en-US:official%26sa%3DG&frame=small" "Mozilla/5.0 (Windows; U; Windows NT 5.1; en-US; rv:1.8.0.7) Gecko/20060909 Firefox/1.5.0.7"
24.129.212.127 - - [01/Oct/2006:06:56:41 -0800] "GET /favicon.ico HTTP/1.1" 404 307 "-" "Mozilla/5.0 (Windows; U; Windows NT 5.1; en-US; rv:1.8.0.7) Gecko/20060909 Firefox/1.5.0.7"
66.249.72.84 - - [01/Oct/2006:06:56:55 -0800] "GET /gallery/photos/19940070/1/pages/1994-0070-00137.html HTTP/1.1" 200 5959 "-" "Mozilla/5.0 (compatible; Googlebot/2.1; +http://www.google.com/bot.html)"
207.46.98.86 - - [01/Oct/2006:06:58:04 -0800] "GET /gallery/photos/19890107/pages/1989-0107-00006.html HTTP/1.0" 200 1874 "-" "msnbot/1.0 (+http://search.msn.com/msnbot.htm)"
207.46.98.86 - - [01/Oct/2006:06:58:20 -0800] "GET /gallery/photos/19940096/3/pages/1994-0096-00308.html HTTP/1.0" 200 1900 "-" "msnbot/1.0 (+http://search.msn.com/msnbot.htm)"
207.46.98.86 - - [01/Oct/2006:06:58:20 -0800] "GET /gallery/photos/19900080/0/pages/1990-0080-00039.html HTTP/1.0" 200 1878 "-" "msnbot/1.0 (+http://search.msn.com/msnbot.htm)"
207.46.98.86 - - [01/Oct/2006:06:58:20 -0800] "GET /gallery/photos/20040026/pages/2004-0026-00058.html HTTP/1.0" 200 1862 "-" "msnbot/1.0 (+http://search.msn.com/msnbot.htm)"
207.46.98.86 - - [01/Oct/2006:06:58:23 -0800] "GET /gallery/photos/20020032/pages/2002-0032-00034.html HTTP/1.0" 200 1884 "-" "msnbot/1.0 (+http://search.msn.com/msnbot.htm)"
207.46.98.86 - - [01/Oct/2006:06:58:24 -0800] "GET /gallery/photos/20020032/pages/2002-0032-00030.html HTTP/1.0" 200 1884 "-" "msnbot/1.0 (+http://search.msn.com/msnbot.htm)"
207.46.98.86 - - [01/Oct/2006:06:59:01 -0800] "GET /gallery/photos/19850072/pages/1985-0072-00083.html HTTP/1.0" 200 1769 "-" "msnbot/1.0 (+http://search.msn.com/msnbot.htm)"
134.96.104.220 - - [01/Oct/2006:07:02:17 -0800] "GET /gallery/maps/mapg3210.html HTTP/1.0" 404 322 "http://answerbus.de/cgi-bin/answerbus/answer.cgi" "Lynx/2.8.5dev.16 libwww-FM/2.14 SSL-MM/1.4.1 OpenSSL/0.9.7a"
66.249.72.84 - - [01/Oct/2006:07:04:04 -0800] "GET /gallery/photos/20030136/0/pages/2003-0136-00001.html HTTP/1.1" 200 1719 "-" "Mozilla/5.0 (compatible; Googlebot/2.1; +http://www.google.com/bot.html)"
72.30.135.219 - - [01/Oct/2006:07:04:42 -0800] "GET /robots.txt HTTP/1.0" 200 96 "-" "Mozilla/5.0 (compatible; Yahoo! Slurp; http://help.yahoo.com/help/us/ysearch/slurp)"
74.6.66.34 - - [01/Oct/2006:07:04:52 -0800] "GET /gallery/photos/19700071/pages/1970-0071-00008.html HTTP/1.0" 200 1881 "-" "Mozilla/5.0 (compatible; Yahoo! Slurp; http://help.yahoo.com/help/us/ysearch/slurp)"
74.6.73.158 - - [01/Oct/2006:07:05:19 -0800] "GET /gallery/photos/20050010/ HTTP/1.0" 200 733 "-" "Mozilla/5.0 (compatible; Yahoo! Slurp; http://help.yahoo.com/help/us/ysearch/slurp)"
82.92.210.109 - - [01/Oct/2006:07:07:27 -0800] "GET /index_files/aprbrown.jpg HTTP/1.1" 200 5509 "http://www.alaska.net/~johnd/urban/" "Mozilla/4.0 (compatible; MSIE 6.0; Windows NT 5.1; SV1)"
207.46.98.86 - - [01/Oct/2006:07:10:06 -0800] "GET /gallery/photos/19940070/0/index_6.html HTTP/1.0" 200 7247 "-" "msnbot/1.0 (+http://search.msn.com/msnbot.htm)"
207.46.98.86 - - [01/Oct/2006:07:10:17 -0800] "GET /gallery/photos/19940070/0/index_4.html HTTP/1.0" 200 7245 "-" "msnbot/1.0 (+http://search.msn.com/msnbot.htm)"
72.30.101.149 - - [01/Oct/2006:07:10:31 -0800] "GET /robots.txt HTTP/1.0" 200 96 "-" "Mozilla/5.0 (compatible; Yahoo! Slurp; http://help.yahoo.com/help/us/ysearch/slurp)"
74.6.74.125 - - [01/Oct/2006:07:10:33 -0800] "GET /gallery/photos/20040143/0/pages/2004-0143-00009.htm HTTP/1.0" 200 1890 "-" "Mozilla/5.0 (compatible; Yahoo! Slurp; http://help.yahoo.com/help/us/ysearch/slurp)"
72.30.177.253 - - [01/Oct/2006:07:10:36 -0800] "GET /gallery/photos/20040145/3/pages/2004-0145-00303.htm HTTP/1.0" 200 1887 "-" "Mozilla/5.0 (compatible; Yahoo! Slurp; http://help.yahoo.com/help/us/ysearch/slurp)"
66.249.72.84 - - [01/Oct/2006:07:13:32 -0800] "GET /gallery/photos/19940070/1/pages/1994-0070-00142.html HTTP/1.1" 200 5959 "-" "Mozilla/5.0 (compatible; Googlebot/2.1; +http://www.google.com/bot.html)"
83.157.24.232 - - [01/Oct/2006:07:15:26 -0800] "GET /gallery/maps/mapg9230.html HTTP/1.1" 404 322 "http://images.google.fr/imgres?imgurl=http://photolab.elmer.uaf.edu/gallery/maps/G9000/large/G9236%2520S12%25201773%2520A221.jpg&imgrefurl=http://photolab.elmer.uaf.edu/gallery/maps/mapg9230.html&h=949&w=1200&sz=250&hl=fr&start=37&tbnid=s39tHTd4wgsoEM:&tbnh=119&tbnw=150&prev=/images%3Fq%3Dcarte%2Bmarine%2B%26start%3D20%26imgsz%3Dxxlarge%26ndsp%3D20%26svnum%3D10%26hl%3Dfr%26lr%3D%26sa%3DN" "Mozilla/4.0 (compatible; MSIE 6.0; Windows NT 5.1; SV1; SIMBAR Enabled)"
83.157.24.232 - - [01/Oct/2006:07:15:28 -0800] "GET /gallery/maps/G9000/large/G9236%20S12%201773%20A221.jpg HTTP/1.1" 404 344 "http://images.google.fr/imgres?imgurl=http://photolab.elmer.uaf.edu/gallery/maps/G9000/large/G9236%2520S12%25201773%2520A221.jpg&imgrefurl=http://photolab.elmer.uaf.edu/gallery/maps/mapg9230.html&h=949&w=1200&sz=250&tbnid=s39tHTd4wgsoEM:&tbnh=119&tbnw=150&hl=fr&prev=/images%3Fq%3Dcarte%2Bmarine%2B%26start%3D20%26imgsz%3Dxxlarge%26ndsp%3D20%26svnum%3D10%26hl%3Dfr%26lr%3D%26sa%3DN&frame=small" "Mozilla/4.0 (compatible; MSIE 6.0; Windows NT 5.1; SV1; SIMBAR Enabled)"
82.148.97.68 - - [01/Oct/2006:07:15:28 -0800] "GET /gallery/maps/mapg3220.html HTTP/1.1" 404 322 "http://images.google.com.qa/imgres?imgurl=http://photolab.elmer.uaf.edu/gallery/maps/G3200/large/G3221%2520S12%25201809%2520C661.jpg&imgrefurl=http://photolab.elmer.uaf.edu/gallery/maps/mapg3220.html&h=1200&w=961&sz=244&hl=ar&start=27&tbnid=eICm56JWXZgiqM:&tbnh=150&tbnw=120&prev=/images%3Fq%3Dsouthern%2Bhemisphere%26start%3D18%26ndsp%3D18%26svnum%3D10%26hl%3Dar%26lr%3D%26sa%3DN" "Mozilla/4.0 (compatible; MSIE 6.0; Windows NT 5.1; SV1)"
83.157.24.232 - - [01/Oct/2006:07:15:30 -0800] "GET / HTTP/1.1" 200 9347 "-" "Mozilla/4.0 (compatible; MSIE 6.0; Windows NT 5.1; SV1; SIMBAR Enabled)"
83.157.24.232 - - [01/Oct/2006:07:15:31 -0800] "GET /index_files/title.jpg HTTP/1.1" 200 5438 "http://photolab.elmer.uaf.edu/" "Mozilla/4.0 (compatible; MSIE 6.0; Windows NT 5.1; SV1; SIMBAR Enabled)"
83.157.24.232 - - [01/Oct/2006:07:15:31 -0800] "GET /index_files/lib.css HTTP/1.1" 200 2809 "http://photolab.elmer.uaf.edu/" "Mozilla/4.0 (compatible; MSIE 6.0; Windows NT 5.1; SV1; SIMBAR Enabled)"
83.157.24.232 - - [01/Oct/2006:07:15:31 -0800] "GET /index_files/empty.gif HTTP/1.1" 200 45 "http://photolab.elmer.uaf.edu/" "Mozilla/4.0 (compatible; MSIE 6.0; Windows NT 5.1; SV1; SIMBAR Enabled)"
83.157.24.232 - - [01/Oct/2006:07:15:31 -0800] "GET /index_files/apr.jpg HTTP/1.1" 200 6015 "http://photolab.elmer.uaf.edu/" "Mozilla/4.0 (compatible; MSIE 6.0; Windows NT 5.1; SV1; SIMBAR Enabled)"
83.157.24.232 - - [01/Oct/2006:07:15:31 -0800] "GET /index_files/small.dps.jpg HTTP/1.1" 200 5830 "http://photolab.elmer.uaf.edu/" "Mozilla/4.0 (compatible; MSIE 6.0; Windows NT 5.1; SV1; SIMBAR Enabled)"
83.157.24.232 - - [01/Oct/2006:07:15:31 -0800] "GET /index_files/small.jpg HTTP/1.1" 200 2294 "http://photolab.elmer.uaf.edu/" "Mozilla/4.0 (compatible; MSIE 6.0; Windows NT 5.1; SV1; SIMBAR Enabled)"
83.157.24.232 - - [01/Oct/2006:07:15:32 -0800] "GET /index_files/small_002.jpg HTTP/1.1" 200 1351 "http://photolab.elmer.uaf.edu/" "Mozilla/4.0 (compatible; MSIE 6.0; Windows NT 5.1; SV1; SIMBAR Enabled)"
83.157.24.232 - - [01/Oct/2006:07:15:32 -0800] "GET /index_files/small_003.jpg HTTP/1.1" 200 1521 "http://photolab.elmer.uaf.edu/" "Mozilla/4.0 (compatible; MSIE 6.0; Windows NT 5.1; SV1; SIMBAR Enabled)"
83.157.24.232 - - [01/Oct/2006:07:15:32 -0800] "GET /index_files/bluebear.gif HTTP/1.1" 200 1263 "http://photolab.elmer.uaf.edu/" "Mozilla/4.0 (compatible; MSIE 6.0; Windows NT 5.1; SV1; SIMBAR Enabled)"
83.157.24.232 - - [01/Oct/2006:07:15:32 -0800] "GET /index_files/sitemap.gif HTTP/1.1" 200 1503 "http://photolab.elmer.uaf.edu/" "Mozilla/4.0 (compatible; MSIE 6.0; Windows NT 5.1; SV1; SIMBAR Enabled)"
83.157.24.232 - - [01/Oct/2006:07:15:32 -0800] "GET /index_files/bar.gif HTTP/1.1" 200 342 "http://photolab.elmer.uaf.edu/" "Mozilla/4.0 (compatible; MSIE 6.0; Windows NT 5.1; SV1; SIMBAR Enabled)"
83.157.24.232 - - [01/Oct/2006:07:15:41 -0800] "GET /gallery/maps/mapg9230.html HTTP/1.1" 404 322 "http://images.google.fr/imgres?imgurl=http://photolab.elmer.uaf.edu/gallery/maps/G9000/large/G9236%2520S12%25201773%2520A221.jpg&imgrefurl=http://photolab.elmer.uaf.edu/gallery/maps/mapg9230.html&h=949&w=1200&sz=250&hl=fr&start=37&tbnid=s39tHTd4wgsoEM:&tbnh=119&tbnw=150&prev=/images%3Fq%3Dcarte%2Bmarine%2B%26start%3D20%26imgsz%3Dxxlarge%26ndsp%3D20%26svnum%3D10%26hl%3Dfr%26lr%3D%26sa%3DN" "Mozilla/4.0 (compatible; MSIE 6.0; Windows NT 5.1; SV1; SIMBAR Enabled)"
72.30.133.144 - - [01/Oct/2006:07:15:54 -0800] "GET /robots.txt HTTP/1.0" 200 96 "-" "Mozilla/5.0 (compatible; Yahoo! Slurp; http://help.yahoo.com/help/us/ysearch/slurp)"
74.6.71.170 - - [01/Oct/2006:07:15:54 -0800] "GET /gallery/photos/20040086/0/pages/2004-0086-00084.htm HTTP/1.0" 200 1879 "-" "Mozilla/5.0 (compatible; Yahoo! Slurp; http://help.yahoo.com/help/us/ysearch/slurp)"
82.148.97.68 - - [01/Oct/2006:07:16:26 -0800] "GET /gallery/maps/G3200/large/G3221%20S12%201809%20C661.jpg HTTP/1.1" 404 344 "http://images.google.com.qa/imgres?imgurl=http://photolab.elmer.uaf.edu/gallery/maps/G3200/large/G3221%2520S12%25201809%2520C661.jpg&imgrefurl=http://photolab.elmer.uaf.edu/gallery/maps/mapg3220.html&h=1200&w=961&sz=244&tbnid=eICm56JWXZgiqM:&tbnh=150&tbnw=120&hl=ar&prev=/images%3Fq%3Dsouthern%2Bhemisphere%26start%3D18%26ndsp%3D18%26svnum%3D10%26hl%3Dar%26lr%3D%26sa%3DN&frame=small" "Mozilla/4.0 (compatible; MSIE 6.0; Windows NT 5.1; SV1)"
66.249.72.84 - - [01/Oct/2006:07:16:35 -0800] "GET /gallery/photos/19680069/25/pages/1968-0069-02535.html HTTP/1.1" 200 1769 "-" "Mozilla/5.0 (compatible; Googlebot/2.1; +http://www.google.com/bot.html)"
82.148.97.68 - - [01/Oct/2006:07:16:38 -0800] "GET /gallery/maps/mapg3220.html HTTP/1.1" 404 322 "http://images.google.com.qa/imgres?imgurl=http://photolab.elmer.uaf.edu/gallery/maps/G3200/large/G3221%2520S12%25201809%2520C661.jpg&imgrefurl=http://photolab.elmer.uaf.edu/gallery/maps/mapg3220.html&h=1200&w=961&sz=244&hl=ar&start=27&tbnid=eICm56JWXZgiqM:&tbnh=150&tbnw=120&prev=/images%3Fq%3Dsouthern%2Bhemisphere%26start%3D18%26ndsp%3D18%26svnum%3D10%26hl%3Dar%26lr%3D%26sa%3DN" "Mozilla/4.0 (compatible; MSIE 6.0; Windows NT 5.1; SV1)"
72.30.101.149 - - [01/Oct/2006:07:18:21 -0800] "GET /robots.txt HTTP/1.0" 200 96 "-" "Mozilla/5.0 (compatible; Yahoo! Slurp; http://help.yahoo.com/help/us/ysearch/slurp)"
72.30.129.18 - - [01/Oct/2006:07:18:21 -0800] "GET /gallery/photos/20040145/6/pages/2004-0145-00653.htm HTTP/1.0" 200 1890 "-" "Mozilla/5.0 (compatible; Yahoo! Slurp; http://help.yahoo.com/help/us/ysearch/slurp)"
72.30.135.219 - - [01/Oct/2006:07:24:57 -0800] "GET /robots.txt HTTP/1.0" 200 96 "-" "Mozilla/5.0 (compatible; Yahoo! Slurp; http://help.yahoo.com/help/us/ysearch/slurp)"
74.6.70.62 - - [01/Oct/2006:07:24:58 -0800] "GET /gallery/photos/19700011/pages/1970-0011-00082.html HTTP/1.0" 200 6322 "-" "Mozilla/5.0 (compatible; Yahoo! Slurp; http://help.yahoo.com/help/us/ysearch/slurp)"
74.6.74.78 - - [01/Oct/2006:07:26:10 -0800] "GET /gallery/photos/20030183/pages/2003-0183-00003.html HTTP/1.0" 200 1868 "-" "Mozilla/5.0 (compatible; Yahoo! Slurp; http://help.yahoo.com/help/us/ysearch/slurp)"
72.14.194.37 - - [01/Oct/2006:07:27:10 -0800] "GET /gallery/panoramas/panosouthcentral.html HTTP/1.1" 200 44295 "http://www.google.com/search?q=+McCarthy+Ak.&hl=en&lr=&client=firefox-a&rls=org.mozilla:en-US:official_s&start=20&sa=N" "Mozilla/5.0 (Windows; U; Windows NT 5.1; en-US; rv:1.8.0.7) Gecko/20060909 Firefox/1.5.0.7"
72.14.194.37 - - [01/Oct/2006:07:27:10 -0800] "GET /index_files/dps.ico HTTP/1.1" 200 318 "-" "Mozilla/5.0 (Windows; U; Windows NT 5.1; en-US; rv:1.8.0.7) Gecko/20060909 Firefox/1.5.0.7"
72.14.194.37 - - [01/Oct/2006:07:27:10 -0800] "GET /index_files/lib.css HTTP/1.1" 200 2809 "http://photolab.elmer.uaf.edu/gallery/panoramas/panosouthcentral.html" "Mozilla/5.0 (Windows; U; Windows NT 5.1; en-US; rv:1.8.0.7) Gecko/20060909 Firefox/1.5.0.7"
72.14.194.37 - - [01/Oct/2006:07:27:10 -0800] "GET /index_files/lib.css HTTP/1.1" 200 2809 "http://photolab.elmer.uaf.edu/gallery/panoramas/panosouthcentral.html" "Mozilla/5.0 (Windows; U; Windows NT 5.1; en-US; rv:1.8.0.7) Gecko/20060909 Firefox/1.5.0.7"
72.14.194.37 - - [01/Oct/2006:07:27:11 -0800] "GET /index_files/empty.gif HTTP/1.1" 200 45 "http://photolab.elmer.uaf.edu/gallery/panoramas/panosouthcentral.html" "Mozilla/5.0 (Windows; U; Windows NT 5.1; en-US; rv:1.8.0.7) Gecko/20060909 Firefox/1.5.0.7"
69.66.215.127 - - [01/Oct/2006:07:27:11 -0800] "GET /index_files/title.jpg HTTP/1.1" 200 5438 "http://photolab.elmer.uaf.edu/gallery/panoramas/panosouthcentral.html" "Mozilla/5.0 (Windows; U; Windows NT 5.1; en-US; rv:1.8.0.7) Gecko/20060909 Firefox/1.5.0.7"
69.66.215.127 - - [01/Oct/2006:07:27:11 -0800] "GET /index_files/empty.gif HTTP/1.1" 200 45 "http://photolab.elmer.uaf.edu/gallery/panoramas/panosouthcentral.html" "Mozilla/5.0 (Windows; U; Windows NT 5.1; en-US; rv:1.8.0.7) Gecko/20060909 Firefox/1.5.0.7"
72.14.194.37 - - [01/Oct/2006:07:27:11 -0800] "GET /index_files/small.dps.jpg HTTP/1.1" 200 5830 "http://photolab.elmer.uaf.edu/gallery/panoramas/panosouthcentral.html" "Mozilla/5.0 (Windows; U; Windows NT 5.1; en-US; rv:1.8.0.7) Gecko/20060909 Firefox/1.5.0.7"
69.66.215.127 - - [01/Oct/2006:07:27:11 -0800] "GET /index_files/apr.jpg HTTP/1.1" 200 6015 "http://photolab.elmer.uaf.edu/gallery/panoramas/panosouthcentral.html" "Mozilla/5.0 (Windows; U; Windows NT 5.1; en-US; rv:1.8.0.7) Gecko/20060909 Firefox/1.5.0.7"
72.14.194.37 - - [01/Oct/2006:07:27:11 -0800] "GET /index_files/small.jpg HTTP/1.1" 200 2294 "http://photolab.elmer.uaf.edu/gallery/panoramas/panosouthcentral.html" "Mozilla/5.0 (Windows; U; Windows NT 5.1; en-US; rv:1.8.0.7) Gecko/20060909 Firefox/1.5.0.7"
72.14.194.37 - - [01/Oct/2006:07:27:12 -0800] "GET /index_files/small_002.jpg HTTP/1.1" 200 1351 "http://photolab.elmer.uaf.edu/gallery/panoramas/panosouthcentral.html" "Mozilla/5.0 (Windows; U; Windows NT 5.1; en-US; rv:1.8.0.7) Gecko/20060909 Firefox/1.5.0.7"
72.14.194.37 - - [01/Oct/2006:07:27:12 -0800] "GET /index_files/small_003.jpg HTTP/1.1" 200 1521 "http://photolab.elmer.uaf.edu/gallery/panoramas/panosouthcentral.html" "Mozilla/5.0 (Windows; U; Windows NT 5.1; en-US; rv:1.8.0.7) Gecko/20060909 Firefox/1.5.0.7"
69.66.215.127 - - [01/Oct/2006:07:27:12 -0800] "GET /index_files/small.dps.jpg HTTP/1.1" 200 5830 "http://photolab.elmer.uaf.edu/gallery/panoramas/panosouthcentral.html" "Mozilla/5.0 (Windows; U; Windows NT 5.1; en-US; rv:1.8.0.7) Gecko/20060909 Firefox/1.5.0.7"
72.14.194.37 - - [01/Oct/2006:07:27:12 -0800] "GET /gallery/panoramas/smalljpegs/1974-0027-00699.jpg HTTP/1.1" 200 31581 "http://photolab.elmer.uaf.edu/gallery/panoramas/panosouthcentral.html" "Mozilla/5.0 (Windows; U; Windows NT 5.1; en-US; rv:1.8.0.7) Gecko/20060909 Firefox/1.5.0.7"
69.66.215.127 - - [01/Oct/2006:07:27:12 -0800] "GET /gallery/panoramas/smalljpegs/1964-0075-00306.jpg HTTP/1.1" 200 33842 "http://photolab.elmer.uaf.edu/gallery/panoramas/panosouthcentral.html" "Mozilla/5.0 (Windows; U; Windows NT 5.1; en-US; rv:1.8.0.7) Gecko/20060909 Firefox/1.5.0.7"
72.14.194.37 - - [01/Oct/2006:07:27:12 -0800] "GET /index_files/ahs.jpg HTTP/1.1" 200 19341 "http://photolab.elmer.uaf.edu/gallery/panoramas/panosouthcentral.html" "Mozilla/5.0 (Windows; U; Windows NT 5.1; en-US; rv:1.8.0.7) Gecko/20060909 Firefox/1.5.0.7"
72.14.194.37 - - [01/Oct/2006:07:27:13 -0800] "GET /gallery/panoramas/smalljpegs/1988-0051-00001.jpg HTTP/1.1" 200 33336 "http://photolab.elmer.uaf.edu/gallery/panoramas/panosouthcentral.html" "Mozilla/5.0 (Windows; U; Windows NT 5.1; en-US; rv:1.8.0.7) Gecko/20060909 Firefox/1.5.0.7"
69.66.215.127 - - [01/Oct/2006:07:27:12 -0800] "GET /gallery/panoramas/smalljpegs/1964-0075-00305.jpg HTTP/1.1" 200 37349 "http://photolab.elmer.uaf.edu/gallery/panoramas/panosouthcentral.html" "Mozilla/5.0 (Windows; U; Windows NT 5.1; en-US; rv:1.8.0.7) Gecko/20060909 Firefox/1.5.0.7"
72.14.194.37 - - [01/Oct/2006:07:27:14 -0800] "GET /gallery/panoramas/smalljpegs/1968-0027-00021.jpg HTTP/1.1" 200 30049 "http://photolab.elmer.uaf.edu/gallery/panoramas/panosouthcentral.html" "Mozilla/5.0 (Windows; U; Windows NT 5.1; en-US; rv:1.8.0.7) Gecko/20060909 Firefox/1.5.0.7"
72.14.194.37 - - [01/Oct/2006:07:27:15 -0800] "GET /gallery/panoramas/smalljpegs/1968-0027-00024.jpg HTTP/1.1" 200 35448 "http://photolab.elmer.uaf.edu/gallery/panoramas/panosouthcentral.html" "Mozilla/5.0 (Windows; U; Windows NT 5.1; en-US; rv:1.8.0.7) Gecko/20060909 Firefox/1.5.0.7"
69.66.215.127 - - [01/Oct/2006:07:27:14 -0800] "GET /gallery/panoramas/smalljpegs/1968-0027-00023.jpg HTTP/1.1" 200 35703 "http://photolab.elmer.uaf.edu/gallery/panoramas/panosouthcentral.html" "Mozilla/5.0 (Windows; U; Windows NT 5.1; en-US; rv:1.8.0.7) Gecko/20060909 Firefox/1.5.0.7"
72.14.194.37 - - [01/Oct/2006:07:27:16 -0800] "GET /gallery/panoramas/smalljpegs/1964-0075-00310.jpg HTTP/1.1" 200 39898 "http://photolab.elmer.uaf.edu/gallery/panoramas/panosouthcentral.html" "Mozilla/5.0 (Windows; U; Windows NT 5.1; en-US; rv:1.8.0.7) Gecko/20060909 Firefox/1.5.0.7"
66.249.72.84 - - [01/Oct/2006:07:27:16 -0800] "GET /gallery/photos/19940070/1/pages/1994-0070-00168.html HTTP/1.1" 200 5959 "-" "Mozilla/5.0 (compatible; Googlebot/2.1; +http://www.google.com/bot.html)"
69.66.215.127 - - [01/Oct/2006:07:27:15 -0800] "GET /gallery/panoramas/smalljpegs/1964-0075-00311.jpg HTTP/1.1" 200 32466 "http://photolab.elmer.uaf.edu/gallery/panoramas/panosouthcentral.html" "Mozilla/5.0 (Windows; U; Windows NT 5.1; en-US; rv:1.8.0.7) Gecko/20060909 Firefox/1.5.0.7"
72.14.194.37 - - [01/Oct/2006:07:27:17 -0800] "GET /gallery/panoramas/smalljpegs/1974-0012-00004.jpg HTTP/1.1" 200 34804 "http://photolab.elmer.uaf.edu/gallery/panoramas/panosouthcentral.html" "Mozilla/5.0 (Windows; U; Windows NT 5.1; en-US; rv:1.8.0.7) Gecko/20060909 Firefox/1.5.0.7"
72.14.194.37 - - [01/Oct/2006:07:27:17 -0800] "GET /gallery/panoramas/smalljpegs/1974-0012-00002.jpg HTTP/1.1" 200 34624 "http://photolab.elmer.uaf.edu/gallery/panoramas/panosouthcentral.html" "Mozilla/5.0 (Windows; U; Windows NT 5.1; en-US; rv:1.8.0.7) Gecko/20060909 Firefox/1.5.0.7"
69.66.215.127 - - [01/Oct/2006:07:27:17 -0800] "GET /gallery/panoramas/smalljpegs/1964-0075-00301.jpg HTTP/1.1" 200 30043 "http://photolab.elmer.uaf.edu/gallery/panoramas/panosouthcentral.html" "Mozilla/5.0 (Windows; U; Windows NT 5.1; en-US; rv:1.8.0.7) Gecko/20060909 Firefox/1.5.0.7"
72.14.194.37 - - [01/Oct/2006:07:27:18 -0800] "GET /gallery/panoramas/smalljpegs/1968-0027-00019.jpg HTTP/1.1" 200 49479 "http://photolab.elmer.uaf.edu/gallery/panoramas/panosouthcentral.html" "Mozilla/5.0 (Windows; U; Windows NT 5.1; en-US; rv:1.8.0.7) Gecko/20060909 Firefox/1.5.0.7"
72.14.194.37 - - [01/Oct/2006:07:27:18 -0800] "GET /gallery/panoramas/smalljpegs/2004-0036-00001.jpg HTTP/1.1" 200 36165 "http://photolab.elmer.uaf.edu/gallery/panoramas/panosouthcentral.html" "Mozilla/5.0 (Windows; U; Windows NT 5.1; en-US; rv:1.8.0.7) Gecko/20060909 Firefox/1.5.0.7"
69.66.215.127 - - [01/Oct/2006:07:27:17 -0800] "GET /gallery/panoramas/smalljpegs/1964-0075-00310.jpg HTTP/1.1" 200 39898 "http://photolab.elmer.uaf.edu/gallery/panoramas/panosouthcentral.html" "Mozilla/5.0 (Windows; U; Windows NT 5.1; en-US; rv:1.8.0.7) Gecko/20060909 Firefox/1.5.0.7"
72.14.194.37 - - [01/Oct/2006:07:27:19 -0800] "GET /gallery/panoramas/smalljpegs/1974-0012-00003.jpg HTTP/1.1" 200 39018 "http://photolab.elmer.uaf.edu/gallery/panoramas/panosouthcentral.html" "Mozilla/5.0 (Windows; U; Windows NT 5.1; en-US; rv:1.8.0.7) Gecko/20060909 Firefox/1.5.0.7"
72.14.194.37 - - [01/Oct/2006:07:27:20 -0800] "GET /gallery/panoramas/smalljpegs/1968-0027-00016.jpg HTTP/1.1" 200 39445 "http://photolab.elmer.uaf.edu/gallery/panoramas/panosouthcentral.html" "Mozilla/5.0 (Windows; U; Windows NT 5.1; en-US; rv:1.8.0.7) Gecko/20060909 Firefox/1.5.0.7"
72.14.194.37 - - [01/Oct/2006:07:27:21 -0800] "GET /gallery/panoramas/smalljpegs/1974-0012-00007.jpg HTTP/1.1" 200 35993 "http://photolab.elmer.uaf.edu/gallery/panoramas/panosouthcentral.html" "Mozilla/5.0 (Windows; U; Windows NT 5.1; en-US; rv:1.8.0.7) Gecko/20060909 Firefox/1.5.0.7"
69.66.215.127 - - [01/Oct/2006:07:27:19 -0800] "GET /gallery/panoramas/smalljpegs/1968-0027-00019.jpg HTTP/1.1" 200 49479 "http://photolab.elmer.uaf.edu/gallery/panoramas/panosouthcentral.html" "Mozilla/5.0 (Windows; U; Windows NT 5.1; en-US; rv:1.8.0.7) Gecko/20060909 Firefox/1.5.0.7"
72.14.194.37 - - [01/Oct/2006:07:27:22 -0800] "GET /gallery/panoramas/smalljpegs/1974-0012-00006.jpg HTTP/1.1" 200 39207 "http://photolab.elmer.uaf.edu/gallery/panoramas/panosouthcentral.html" "Mozilla/5.0 (Windows; U; Windows NT 5.1; en-US; rv:1.8.0.7) Gecko/20060909 Firefox/1.5.0.7"
69.66.215.127 - - [01/Oct/2006:07:27:21 -0800] "GET /gallery/panoramas/smalljpegs/1968-0027-00016.jpg HTTP/1.1" 200 39445 "http://photolab.elmer.uaf.edu/gallery/panoramas/panosouthcentral.html" "Mozilla/5.0 (Windows; U; Windows NT 5.1; en-US; rv:1.8.0.7) Gecko/20060909 Firefox/1.5.0.7"
72.14.194.37 - - [01/Oct/2006:07:27:23 -0800] "GET /gallery/panoramas/smalljpegs/1974-0012-00005.jpg HTTP/1.1" 200 36584 "http://photolab.elmer.uaf.edu/gallery/panoramas/panosouthcentral.html" "Mozilla/5.0 (Windows; U; Windows NT 5.1; en-US; rv:1.8.0.7) Gecko/20060909 Firefox/1.5.0.7"
72.14.194.37 - - [01/Oct/2006:07:27:24 -0800] "GET /gallery/panoramas/smalljpegs/1974-0012-00001.jpg HTTP/1.1" 200 35994 "http://photolab.elmer.uaf.edu/gallery/panoramas/panosouthcentral.html" "Mozilla/5.0 (Windows; U; Windows NT 5.1; en-US; rv:1.8.0.7) Gecko/20060909 Firefox/1.5.0.7"
72.14.194.37 - - [01/Oct/2006:07:27:24 -0800] "GET /gallery/panoramas/smalljpegs/1968-0027-00026.jpg HTTP/1.1" 200 35016 "http://photolab.elmer.uaf.edu/gallery/panoramas/panosouthcentral.html" "Mozilla/5.0 (Windows; U; Windows NT 5.1; en-US; rv:1.8.0.7) Gecko/20060909 Firefox/1.5.0.7"
69.66.215.127 - - [01/Oct/2006:07:27:24 -0800] "GET /gallery/panoramas/smalljpegs/1968-0027-00021.jpg HTTP/1.1" 200 30049 "http://photolab.elmer.uaf.edu/gallery/panoramas/panosouthcentral.html" "Mozilla/5.0 (Windows; U; Windows NT 5.1; en-US; rv:1.8.0.7) Gecko/20060909 Firefox/1.5.0.7"
72.14.194.37 - - [01/Oct/2006:07:27:25 -0800] "GET /gallery/panoramas/smalljpegs/1968-0027-00001.jpg HTTP/1.1" 200 32499 "http://photolab.elmer.uaf.edu/gallery/panoramas/panosouthcentral.html" "Mozilla/5.0 (Windows; U; Windows NT 5.1; en-US; rv:1.8.0.7) Gecko/20060909 Firefox/1.5.0.7"
69.66.215.127 - - [01/Oct/2006:07:27:25 -0800] "GET /gallery/panoramas/smalljpegs/1968-0027-00024.jpg HTTP/1.1" 200 35448 "http://photolab.elmer.uaf.edu/gallery/panoramas/panosouthcentral.html" "Mozilla/5.0 (Windows; U; Windows NT 5.1; en-US; rv:1.8.0.7) Gecko/20060909 Firefox/1.5.0.7"
72.14.194.37 - - [01/Oct/2006:07:27:27 -0800] "GET /gallery/panoramas/smalljpegs/1968-0027-00014.jpg HTTP/1.1" 200 45257 "http://photolab.elmer.uaf.edu/gallery/panoramas/panosouthcentral.html" "Mozilla/5.0 (Windows; U; Windows NT 5.1; en-US; rv:1.8.0.7) Gecko/20060909 Firefox/1.5.0.7"
72.14.194.37 - - [01/Oct/2006:07:27:27 -0800] "GET /gallery/panoramas/smalljpegs/1968-0027-00018.jpg HTTP/1.1" 200 29578 "http://photolab.elmer.uaf.edu/gallery/panoramas/panosouthcentral.html" "Mozilla/5.0 (Windows; U; Windows NT 5.1; en-US; rv:1.8.0.7) Gecko/20060909 Firefox/1.5.0.7"
72.14.194.37 - - [01/Oct/2006:07:27:27 -0800] "GET /gallery/panoramas/smalljpegs/1968-0027-00017.jpg HTTP/1.1" 200 28136 "http://photolab.elmer.uaf.edu/gallery/panoramas/panosouthcentral.html" "Mozilla/5.0 (Windows; U; Windows NT 5.1; en-US; rv:1.8.0.7) Gecko/20060909 Firefox/1.5.0.7"
69.66.215.127 - - [01/Oct/2006:07:27:27 -0800] "GET /gallery/panoramas/smalljpegs/1968-0027-00001.jpg HTTP/1.1" 200 32499 "http://photolab.elmer.uaf.edu/gallery/panoramas/panosouthcentral.html" "Mozilla/5.0 (Windows; U; Windows NT 5.1; en-US; rv:1.8.0.7) Gecko/20060909 Firefox/1.5.0.7"
72.14.194.37 - - [01/Oct/2006:07:27:28 -0800] "GET /gallery/panoramas/smalljpegs/1968-0027-00007.jpg HTTP/1.1" 200 32917 "http://photolab.elmer.uaf.edu/gallery/panoramas/panosouthcentral.html" "Mozilla/5.0 (Windows; U; Windows NT 5.1; en-US; rv:1.8.0.7) Gecko/20060909 Firefox/1.5.0.7"
72.14.194.37 - - [01/Oct/2006:07:27:30 -0800] "GET /gallery/panoramas/smalljpegs/1968-0027-00010.jpg HTTP/1.1" 200 32713 "http://photolab.elmer.uaf.edu/gallery/panoramas/panosouthcentral.html" "Mozilla/5.0 (Windows; U; Windows NT 5.1; en-US; rv:1.8.0.7) Gecko/20060909 Firefox/1.5.0.7"
69.66.215.127 - - [01/Oct/2006:07:27:28 -0800] "GET /gallery/panoramas/smalljpegs/1968-0027-00014.jpg HTTP/1.1" 200 45257 "http://photolab.elmer.uaf.edu/gallery/panoramas/panosouthcentral.html" "Mozilla/5.0 (Windows; U; Windows NT 5.1; en-US; rv:1.8.0.7) Gecko/20060909 Firefox/1.5.0.7"
72.14.194.37 - - [01/Oct/2006:07:27:30 -0800] "GET /gallery/panoramas/smalljpegs/1968-0027-00008.jpg HTTP/1.1" 200 29522 "http://photolab.elmer.uaf.edu/gallery/panoramas/panosouthcentral.html" "Mozilla/5.0 (Windows; U; Windows NT 5.1; en-US; rv:1.8.0.7) Gecko/20060909 Firefox/1.5.0.7"
69.66.215.127 - - [01/Oct/2006:07:27:30 -0800] "GET /gallery/panoramas/smalljpegs/1968-0027-00007.jpg HTTP/1.1" 200 32917 "http://photolab.elmer.uaf.edu/gallery/panoramas/panosouthcentral.html" "Mozilla/5.0 (Windows; U; Windows NT 5.1; en-US; rv:1.8.0.7) Gecko/20060909 Firefox/1.5.0.7"
72.14.194.37 - - [01/Oct/2006:07:27:31 -0800] "GET /gallery/panoramas/smalljpegs/1968-0027-00013.jpg HTTP/1.1" 200 39935 "http://photolab.elmer.uaf.edu/gallery/panoramas/panosouthcentral.html" "Mozilla/5.0 (Windows; U; Windows NT 5.1; en-US; rv:1.8.0.7) Gecko/20060909 Firefox/1.5.0.7"
72.14.194.37 - - [01/Oct/2006:07:27:32 -0800] "GET /gallery/panoramas/smalljpegs/1968-0027-00015.jpg HTTP/1.1" 200 42313 "http://photolab.elmer.uaf.edu/gallery/panoramas/panosouthcentral.html" "Mozilla/5.0 (Windows; U; Windows NT 5.1; en-US; rv:1.8.0.7) Gecko/20060909 Firefox/1.5.0.7"
72.14.194.37 - - [01/Oct/2006:07:27:32 -0800] "GET /gallery/panoramas/smalljpegs/1968-0027-00002.jpg HTTP/1.1" 200 47256 "http://photolab.elmer.uaf.edu/gallery/panoramas/panosouthcentral.html" "Mozilla/5.0 (Windows; U; Windows NT 5.1; en-US; rv:1.8.0.7) Gecko/20060909 Firefox/1.5.0.7"
69.66.215.127 - - [01/Oct/2006:07:27:32 -0800] "GET /gallery/panoramas/smalljpegs/1968-0027-00010.jpg HTTP/1.1" 200 32713 "http://photolab.elmer.uaf.edu/gallery/panoramas/panosouthcentral.html" "Mozilla/5.0 (Windows; U; Windows NT 5.1; en-US; rv:1.8.0.7) Gecko/20060909 Firefox/1.5.0.7"
69.66.215.127 - - [01/Oct/2006:07:27:33 -0800] "GET /gallery/panoramas/smalljpegs/1968-0027-00008.jpg HTTP/1.1" 200 29522 "http://photolab.elmer.uaf.edu/gallery/panoramas/panosouthcentral.html" "Mozilla/5.0 (Windows; U; Windows NT 5.1; en-US; rv:1.8.0.7) Gecko/20060909 Firefox/1.5.0.7"
72.14.194.37 - - [01/Oct/2006:07:27:33 -0800] "GET /gallery/panoramas/smalljpegs/1974-0063-00128.jpg HTTP/1.1" 200 29557 "http://photolab.elmer.uaf.edu/gallery/panoramas/panosouthcentral.html" "Mozilla/5.0 (Windows; U; Windows NT 5.1; en-US; rv:1.8.0.7) Gecko/20060909 Firefox/1.5.0.7"
72.14.194.37 - - [01/Oct/2006:07:27:35 -0800] "GET /gallery/panoramas/smalljpegs/1964-0075-00304.jpg HTTP/1.1" 200 37687 "http://photolab.elmer.uaf.edu/gallery/panoramas/panosouthcentral.html" "Mozilla/5.0 (Windows; U; Windows NT 5.1; en-US; rv:1.8.0.7) Gecko/20060909 Firefox/1.5.0.7"
72.14.194.37 - - [01/Oct/2006:07:27:36 -0800] "GET /gallery/panoramas/smalljpegs/1988-0051-00017.jpg HTTP/1.1" 200 27840 "http://photolab.elmer.uaf.edu/gallery/panoramas/panosouthcentral.html" "Mozilla/5.0 (Windows; U; Windows NT 5.1; en-US; rv:1.8.0.7) Gecko/20060909 Firefox/1.5.0.7"
72.14.194.37 - - [01/Oct/2006:07:27:36 -0800] "GET /gallery/panoramas/smalljpegs/1968-0027-00025.jpg HTTP/1.1" 200 32449 "http://photolab.elmer.uaf.edu/gallery/panoramas/panosouthcentral.html" "Mozilla/5.0 (Windows; U; Windows NT 5.1; en-US; rv:1.8.0.7) Gecko/20060909 Firefox/1.5.0.7"
69.66.215.127 - - [01/Oct/2006:07:27:35 -0800] "GET /gallery/panoramas/smalljpegs/1964-0075-00304.jpg HTTP/1.1" 200 37687 "http://photolab.elmer.uaf.edu/gallery/panoramas/panosouthcentral.html" "Mozilla/5.0 (Windows; U; Windows NT 5.1; en-US; rv:1.8.0.7) Gecko/20060909 Firefox/1.5.0.7"
72.14.194.37 - - [01/Oct/2006:07:27:36 -0800] "GET /gallery/panoramas/smalljpegs/1974-0063-00140.jpg HTTP/1.1" 200 29967 "http://photolab.elmer.uaf.edu/gallery/panoramas/panosouthcentral.html" "Mozilla/5.0 (Windows; U; Windows NT 5.1; en-US; rv:1.8.0.7) Gecko/20060909 Firefox/1.5.0.7"
72.14.194.37 - - [01/Oct/2006:07:27:38 -0800] "GET /gallery/panoramas/smalljpegs/1974-0063-00106.jpg HTTP/1.1" 200 30365 "http://photolab.elmer.uaf.edu/gallery/panoramas/panosouthcentral.html" "Mozilla/5.0 (Windows; U; Windows NT 5.1; en-US; rv:1.8.0.7) Gecko/20060909 Firefox/1.5.0.7"
72.14.194.37 - - [01/Oct/2006:07:27:38 -0800] "GET /index_files/bar.gif HTTP/1.1" 200 342 "http://photolab.elmer.uaf.edu/gallery/panoramas/panosouthcentral.html" "Mozilla/5.0 (Windows; U; Windows NT 5.1; en-US; rv:1.8.0.7) Gecko/20060909 Firefox/1.5.0.7"
69.66.215.127 - - [01/Oct/2006:07:27:36 -0800] "GET /gallery/panoramas/smalljpegs/1968-0027-00002.jpg HTTP/1.1" 200 47256 "http://photolab.elmer.uaf.edu/gallery/panoramas/panosouthcentral.html" "Mozilla/5.0 (Windows; U; Windows NT 5.1; en-US; rv:1.8.0.7) Gecko/20060909 Firefox/1.5.0.7"
72.14.194.37 - - [01/Oct/2006:07:27:38 -0800] "GET /gallery/panoramas/images/1964-0075-00310.jpg HTTP/1.1" 200 115445 "http://photolab.elmer.uaf.edu/gallery/panoramas/panosouthcentral.html" "Mozilla/5.0 (Windows; U; Windows NT 5.1; en-US; rv:1.8.0.7) Gecko/20060909 Firefox/1.5.0.7"
69.66.215.127 - - [01/Oct/2006:07:27:38 -0800] "GET /gallery/panoramas/smalljpegs/1968-0027-00013.jpg HTTP/1.1" 200 39935 "http://photolab.elmer.uaf.edu/gallery/panoramas/panosouthcentral.html" "Mozilla/5.0 (Windows; U; Windows NT 5.1; en-US; rv:1.8.0.7) Gecko/20060909 Firefox/1.5.0.7"
69.66.215.127 - - [01/Oct/2006:07:27:40 -0800] "GET /gallery/panoramas/smalljpegs/1964-0075-00316.jpg HTTP/1.1" 200 32988 "http://photolab.elmer.uaf.edu/gallery/panoramas/panosouthcentral.html" "Mozilla/5.0 (Windows; U; Windows NT 5.1; en-US; rv:1.8.0.7) Gecko/20060909 Firefox/1.5.0.7"
69.66.215.127 - - [01/Oct/2006:07:27:43 -0800] "GET /gallery/panoramas/smalljpegs/1968-0027-00017.jpg HTTP/1.1" 200 28136 "http://photolab.elmer.uaf.edu/gallery/panoramas/panosouthcentral.html" "Mozilla/5.0 (Windows; U; Windows NT 5.1; en-US; rv:1.8.0.7) Gecko/20060909 Firefox/1.5.0.7"
69.66.215.127 - - [01/Oct/2006:07:27:43 -0800] "GET /gallery/panoramas/smalljpegs/1968-0027-00015.jpg HTTP/1.1" 200 42313 "http://photolab.elmer.uaf.edu/gallery/panoramas/panosouthcentral.html" "Mozilla/5.0 (Windows; U; Windows NT 5.1; en-US; rv:1.8.0.7) Gecko/20060909 Firefox/1.5.0.7"
69.66.215.127 - - [01/Oct/2006:07:27:45 -0800] "GET /gallery/panoramas/smalljpegs/1968-0027-00011.jpg HTTP/1.1" 200 37734 "http://photolab.elmer.uaf.edu/gallery/panoramas/panosouthcentral.html" "Mozilla/5.0 (Windows; U; Windows NT 5.1; en-US; rv:1.8.0.7) Gecko/20060909 Firefox/1.5.0.7"
69.66.215.127 - - [01/Oct/2006:07:27:45 -0800] "GET /gallery/panoramas/smalljpegs/1968-0027-00018.jpg HTTP/1.1" 200 29578 "http://photolab.elmer.uaf.edu/gallery/panoramas/panosouthcentral.html" "Mozilla/5.0 (Windows; U; Windows NT 5.1; en-US; rv:1.8.0.7) Gecko/20060909 Firefox/1.5.0.7"
69.66.215.127 - - [01/Oct/2006:07:27:46 -0800] "GET /gallery/panoramas/smalljpegs/1968-0027-00025.jpg HTTP/1.1" 200 32449 "http://photolab.elmer.uaf.edu/gallery/panoramas/panosouthcentral.html" "Mozilla/5.0 (Windows; U; Windows NT 5.1; en-US; rv:1.8.0.7) Gecko/20060909 Firefox/1.5.0.7"
69.66.215.127 - - [01/Oct/2006:07:27:47 -0800] "GET /gallery/panoramas/smalljpegs/1968-0027-00026.jpg HTTP/1.1" 200 35016 "http://photolab.elmer.uaf.edu/gallery/panoramas/panosouthcentral.html" "Mozilla/5.0 (Windows; U; Windows NT 5.1; en-US; rv:1.8.0.7) Gecko/20060909 Firefox/1.5.0.7"
69.66.215.127 - - [01/Oct/2006:07:27:48 -0800] "GET /gallery/panoramas/smalljpegs/1974-0012-00001.jpg HTTP/1.1" 200 35994 "http://photolab.elmer.uaf.edu/gallery/panoramas/panosouthcentral.html" "Mozilla/5.0 (Windows; U; Windows NT 5.1; en-US; rv:1.8.0.7) Gecko/20060909 Firefox/1.5.0.7"
69.66.215.127 - - [01/Oct/2006:07:27:48 -0800] "GET /gallery/panoramas/smalljpegs/1974-0012-00002.jpg HTTP/1.1" 200 34624 "http://photolab.elmer.uaf.edu/gallery/panoramas/panosouthcentral.html" "Mozilla/5.0 (Windows; U; Windows NT 5.1; en-US; rv:1.8.0.7) Gecko/20060909 Firefox/1.5.0.7"
69.66.215.127 - - [01/Oct/2006:07:27:50 -0800] "GET /gallery/panoramas/smalljpegs/1974-0012-00003.jpg HTTP/1.1" 200 39018 "http://photolab.elmer.uaf.edu/gallery/panoramas/panosouthcentral.html" "Mozilla/5.0 (Windows; U; Windows NT 5.1; en-US; rv:1.8.0.7) Gecko/20060909 Firefox/1.5.0.7"
69.66.215.127 - - [01/Oct/2006:07:27:50 -0800] "GET /gallery/panoramas/smalljpegs/1964-0075-00303.jpg HTTP/1.1" 200 33228 "http://photolab.elmer.uaf.edu/gallery/panoramas/panosouthcentral.html" "Mozilla/5.0 (Windows; U; Windows NT 5.1; en-US; rv:1.8.0.7) Gecko/20060909 Firefox/1.5.0.7"
72.14.194.37 - - [01/Oct/2006:07:27:51 -0800] "GET /gallery/panoramas/smalljpegs/1974-0063-00129.jpg HTTP/1.1" 200 25954 "http://photolab.elmer.uaf.edu/gallery/panoramas/panosouthcentral.html" "Mozilla/5.0 (Windows; U; Windows NT 5.1; en-US; rv:1.8.0.7) Gecko/20060909 Firefox/1.5.0.7"
72.14.194.37 - - [01/Oct/2006:07:27:51 -0800] "GET /gallery/panoramas/smalljpegs/1974-0063-00110.jpg HTTP/1.1" 200 37113 "http://photolab.elmer.uaf.edu/gallery/panoramas/panosouthcentral.html" "Mozilla/5.0 (Windows; U; Windows NT 5.1; en-US; rv:1.8.0.7) Gecko/20060909 Firefox/1.5.0.7"
69.66.215.127 - - [01/Oct/2006:07:27:51 -0800] "GET /gallery/panoramas/smalljpegs/1988-0051-00017.jpg HTTP/1.1" 206 7360 "http://photolab.elmer.uaf.edu/gallery/panoramas/panosouthcentral.html" "Mozilla/5.0 (Windows; U; Windows NT 5.1; en-US; rv:1.8.0.7) Gecko/20060909 Firefox/1.5.0.7"
69.66.215.127 - - [01/Oct/2006:07:27:51 -0800] "GET /gallery/panoramas/smalljpegs/1968-0027-00025.jpg HTTP/1.1" 206 24257 "http://photolab.elmer.uaf.edu/gallery/panoramas/panosouthcentral.html" "Mozilla/5.0 (Windows; U; Windows NT 5.1; en-US; rv:1.8.0.7) Gecko/20060909 Firefox/1.5.0.7"
69.66.215.127 - - [01/Oct/2006:07:27:52 -0800] "GET /gallery/panoramas/smalljpegs/1974-0012-00004.jpg HTTP/1.1" 200 34804 "http://photolab.elmer.uaf.edu/gallery/panoramas/panosouthcentral.html" "Mozilla/5.0 (Windows; U; Windows NT 5.1; en-US; rv:1.8.0.7) Gecko/20060909 Firefox/1.5.0.7"
