87.244.84.108 - - [01/Oct/2006:11:36:56 -0800] "GET /gallery/maps/G3200/large/G3271%20S12%201851%20A76.jpg HTTP/1.1" 404 343 "http://images.google.co.uk/imgres?imgurl=http://photolab.elmer.uaf.edu/gallery/maps/G3200/large/G3271%2520S12%25201851%2520A76.jpg&imgrefurl=http://photolab.elmer.uaf.edu/gallery/maps/mapg3270b.html&h=963&w=1200&sz=149&tbnid=8lXVEw4yPZkX7M:&tbnh=120&tbnw=150&hl=en&ei=tBcgRaqJDaDiwQHtncmdCQ&sig2=7tNr6hgReLAeOA2UXuI-jQ&prev=/images%3Fq%3Darctic%2Bsea%2Bmap%26svnum%3D10%26hl%3Den%26lr%3Dlang_en&frame=small" "Mozilla/4.0 (compatible; MSIE 6.0; Windows NT 5.1; SV1; FunWebProducts; .NET CLR 1.1.4322; .NET CLR 2.0.50727; HbTools 4.8.0)"
87.244.84.108 - - [01/Oct/2006:11:36:59 -0800] "GET /gallery/maps/mapg3270b.html HTTP/1.1" 404 323 "http://images.google.co.uk/imgres?imgurl=http://photolab.elmer.uaf.edu/gallery/maps/G3200/large/G3271%2520S12%25201851%2520A76.jpg&imgrefurl=http://photolab.elmer.uaf.edu/gallery/maps/mapg3270b.html&h=963&w=1200&sz=149&hl=en&sig2=p0Jb19WFZ1NzK3wKBWFWrA&start=11&tbnid=8lXVEw4yPZkX7M:&tbnh=120&tbnw=150&ei=qhcgRdTeF7K2wgHMvNjECQ&prev=/images%3Fq%3Darctic%2Bsea%2Bmap%26svnum%3D10%26hl%3Den%26lr%3Dlang_en" "Mozilla/4.0 (compatible; MSIE 6.0; Windows NT 5.1; SV1; FunWebProducts; .NET CLR 1.1.4322; .NET CLR 2.0.50727; HbTools 4.8.0)"
87.244.84.108 - - [01/Oct/2006:11:36:59 -0800] "GET /gallery/maps/mapg3270b.html HTTP/1.1" 404 323 "http://images.google.co.uk/imgres?imgurl=http://photolab.elmer.uaf.edu/gallery/maps/G3200/large/G3271%2520S12%25201851%2520A76.jpg&imgrefurl=http://photolab.elmer.uaf.edu/gallery/maps/mapg3270b.html&h=963&w=1200&sz=149&hl=en&sig2=p0Jb19WFZ1NzK3wKBWFWrA&start=11&tbnid=8lXVEw4yPZkX7M:&tbnh=120&tbnw=150&ei=qhcgRdTeF7K2wgHMvNjECQ&prev=/images%3Fq%3Darctic%2Bsea%2Bmap%26svnum%3D10%26hl%3Den%26lr%3Dlang_en" "Mozilla/4.0 (compatible; MSIE 6.0; Windows NT 5.1; SV1; FunWebProducts; .NET CLR 1.1.4322; .NET CLR 2.0.50727; HbTools 4.8.0)"
207.46.98.86 - - [01/Oct/2006:11:37:08 -0800] "GET /gallery/photos/19700058/4/pages/1970-0058-00400.html HTTP/1.0" 200 1600 "-" "msnbot/1.0 (+http://search.msn.com/msnbot.htm)"
216.152.181.248 - - [01/Oct/2006:11:38:04 -0800] "GET /public/Walker/1969-0092-00568.tif HTTP/1.1" 200 5658598 "http://photolab.elmer.uaf.edu/public/Walker/" "Mozilla/4.0 (compatible; MSIE 6.0; Windows NT 5.1; SV1; .NET CLR 1.1.4322)"
66.249.72.84 - - [01/Oct/2006:11:38:59 -0800] "GET /gallery/photos/19890166/08/pages/1989-0166-00565a_print.html HTTP/1.1" 200 1960 "-" "Mozilla/5.0 (compatible; Googlebot/2.1; +http://www.google.com/bot.html)"
189.140.69.53 - - [01/Oct/2006:11:41:10 -0800] "GET /gallery/maps/mapg3300.html HTTP/1.1" 404 322 "http://www.worldmapfinder.com/Map_Detail.php?MAP=541&FN=G3300%20%5B1822%5D%20F55.jpg&MW=1200&MH=959&FS=374&FT=jpg&WO=0&CE=4&CO=0&CI=0&IT=0&LC=6&PG=1&CS=iso-8859-1&FU=http://photolab.elmer.uaf.edu/gallery/maps/G3300/large/G3300%20%5B1822%5D%20F55.jpg&SU=http://photolab.elmer.uaf.edu/gallery/maps/mapg3300.html" "Mozilla/4.0 (compatible; MSIE 6.0; Windows NT 5.1; SV1)"
216.152.181.248 - - [01/Oct/2006:11:38:13 -0800] "GET /public/Walker/1969-0092-00568.tif HTTP/1.1" 206 5608006 "-" "Mozilla/4.0 (compatible; MSIE 6.0; Windows NT 5.1; SV1; .NET CLR 1.1.4322)"
72.30.135.219 - - [01/Oct/2006:11:47:39 -0800] "GET /robots.txt HTTP/1.0" 200 96 "-" "Mozilla/5.0 (compatible; Yahoo! Slurp; http://help.yahoo.com/help/us/ysearch/slurp)"
74.6.68.25 - - [01/Oct/2006:11:47:39 -0800] "GET /gallery/photos/19890199/1/pages/1989-0199-00102.html HTTP/1.0" 200 1875 "-" "Mozilla/5.0 (compatible; Yahoo! Slurp; http://help.yahoo.com/help/us/ysearch/slurp)"
12.218.112.104 - - [01/Oct/2006:11:48:15 -0800] "GET /index_files/aprbrown.jpg HTTP/1.1" 200 5509 "http://www.alaska.net/~johnd/urban/" "Mozilla/5.0 (Macintosh; U; PPC Mac OS X; en) AppleWebKit/312.8 (KHTML, like Gecko) Safari/312.6"
66.249.72.84 - - [01/Oct/2006:11:51:29 -0800] "GET /gallery/photos/19890166/08/pages/1989-0166-00558a_print.html HTTP/1.1" 200 1960 "-" "Mozilla/5.0 (compatible; Googlebot/2.1; +http://www.google.com/bot.html)"
205.188.117.11 - - [01/Oct/2006:11:57:10 -0800] "GET /gallery/photogallery.html HTTP/1.1" 200 60025 "http://www.google.com/search?hl=en&lr=&ie=ISO-8859-1&q=Nome++pics+Aleutian+Island" "Mozilla/4.0 (compatible; MSIE 6.0; AOL 9.0; Windows NT 5.1; SV1; .NET CLR 1.1.4322)"
205.188.117.72 - - [01/Oct/2006:11:57:12 -0800] "GET /index_files/lib.css HTTP/1.1" 200 2809 "http://photolab.elmer.uaf.edu/gallery/photogallery.html" "Mozilla/4.0 (compatible; MSIE 6.0; AOL 9.0; Windows NT 5.1; SV1; .NET CLR 1.1.4322)"
205.188.117.72 - - [01/Oct/2006:11:57:13 -0800] "GET /index_files/apr.jpg HTTP/1.1" 200 6015 "http://photolab.elmer.uaf.edu/gallery/photogallery.html" "Mozilla/4.0 (compatible; MSIE 6.0; AOL 9.0; Windows NT 5.1; SV1; .NET CLR 1.1.4322)"
205.188.116.132 - - [01/Oct/2006:11:57:13 -0800] "GET /index_files/empty.gif HTTP/1.1" 200 45 "http://photolab.elmer.uaf.edu/gallery/photogallery.html" "Mozilla/4.0 (compatible; MSIE 6.0; AOL 9.0; Windows NT 5.1; SV1; .NET CLR 1.1.4322)"
205.188.116.130 - - [01/Oct/2006:11:57:13 -0800] "GET /index_files/bar.gif HTTP/1.1" 200 342 "http://photolab.elmer.uaf.edu/gallery/photogallery.html" "Mozilla/4.0 (compatible; MSIE 6.0; AOL 9.0; Windows NT 5.1; SV1; .NET CLR 1.1.4322)"
205.188.117.14 - - [01/Oct/2006:11:57:13 -0800] "GET /index_files/title.jpg HTTP/1.1" 200 5438 "http://photolab.elmer.uaf.edu/gallery/photogallery.html" "Mozilla/4.0 (compatible; MSIE 6.0; AOL 9.0; Windows NT 5.1; SV1; .NET CLR 1.1.4322)"
205.188.116.132 - - [01/Oct/2006:11:57:13 -0800] "GET /index_files/small_002.jpg HTTP/1.1" 200 1351 "http://photolab.elmer.uaf.edu/gallery/photogallery.html" "Mozilla/4.0 (compatible; MSIE 6.0; AOL 9.0; Windows NT 5.1; SV1; .NET CLR 1.1.4322)"
205.188.116.11 - - [01/Oct/2006:11:57:13 -0800] "GET /index_files/small.dps.jpg HTTP/1.1" 200 5830 "http://photolab.elmer.uaf.edu/gallery/photogallery.html" "Mozilla/4.0 (compatible; MSIE 6.0; AOL 9.0; Windows NT 5.1; SV1; .NET CLR 1.1.4322)"
205.188.117.5 - - [01/Oct/2006:11:57:13 -0800] "GET /index_files/small.jpg HTTP/1.1" 200 2294 "http://photolab.elmer.uaf.edu/gallery/photogallery.html" "Mozilla/4.0 (compatible; MSIE 6.0; AOL 9.0; Windows NT 5.1; SV1; .NET CLR 1.1.4322)"
205.188.116.203 - - [01/Oct/2006:11:57:14 -0800] "GET /index_files/small_003.jpg HTTP/1.1" 200 1521 "http://photolab.elmer.uaf.edu/gallery/photogallery.html" "Mozilla/4.0 (compatible; MSIE 6.0; AOL 9.0; Windows NT 5.1; SV1; .NET CLR 1.1.4322)"
205.188.116.133 - - [01/Oct/2006:11:57:14 -0800] "GET /index_files/inform.gif HTTP/1.1" 200 70 "http://photolab.elmer.uaf.edu/gallery/photogallery.html" "Mozilla/4.0 (compatible; MSIE 6.0; AOL 9.0; Windows NT 5.1; SV1; .NET CLR 1.1.4322)"
205.188.116.204 - - [01/Oct/2006:11:57:14 -0800] "GET /index_files/new01.gif HTTP/1.1" 200 1016 "http://photolab.elmer.uaf.edu/gallery/photogallery.html" "Mozilla/4.0 (compatible; MSIE 6.0; AOL 9.0; Windows NT 5.1; SV1; .NET CLR 1.1.4322)"
205.188.116.136 - - [01/Oct/2006:11:57:14 -0800] "GET /index_files/bluebear.gif HTTP/1.1" 200 1263 "http://photolab.elmer.uaf.edu/gallery/photogallery.html" "Mozilla/4.0 (compatible; MSIE 6.0; AOL 9.0; Windows NT 5.1; SV1; .NET CLR 1.1.4322)"
205.188.116.12 - - [01/Oct/2006:11:57:14 -0800] "GET /index_files/sitemap.gif HTTP/1.1" 200 1503 "http://photolab.elmer.uaf.edu/gallery/photogallery.html" "Mozilla/4.0 (compatible; MSIE 6.0; AOL 9.0; Windows NT 5.1; SV1; .NET CLR 1.1.4322)"
72.30.128.159 - - [01/Oct/2006:12:01:49 -0800] "GET /gallery/photos/19960190/ HTTP/1.0" 304 - "-" "Mozilla/5.0 (compatible; Yahoo! Slurp; http://help.yahoo.com/help/us/ysearch/slurp)"
66.249.72.84 - - [01/Oct/2006:12:03:59 -0800] "GET /gallery/photos/19890166/08/pages/1989-0166-00564a_print.html HTTP/1.1" 200 1960 "-" "Mozilla/5.0 (compatible; Googlebot/2.1; +http://www.google.com/bot.html)"
66.249.72.84 - - [01/Oct/2006:12:04:35 -0800] "GET /gallery/photos/19680069/25/index_2.html HTTP/1.1" 200 7251 "-" "Mozilla/5.0 (compatible; Googlebot/2.1; +http://www.google.com/bot.html)"
66.249.72.84 - - [01/Oct/2006:12:04:39 -0800] "GET /gallery/photos/20030174/4/pages/2003-0174-00414.html HTTP/1.1" 200 1875 "-" "Mozilla/5.0 (compatible; Googlebot/2.1; +http://www.google.com/bot.html)"
66.249.72.84 - - [01/Oct/2006:12:04:39 -0800] "GET /gallery/photos/20030174/4/pages/2003-0174-00412.html HTTP/1.1" 200 1875 "-" "Mozilla/5.0 (compatible; Googlebot/2.1; +http://www.google.com/bot.html)"
72.30.132.113 - - [01/Oct/2006:12:05:37 -0800] "GET /gallery/photos/19640074/pages/1964-0074-00128.html HTTP/1.0" 200 5044 "-" "Mozilla/5.0 (compatible; Yahoo! Slurp; http://help.yahoo.com/help/us/ysearch/slurp)"
72.30.177.184 - - [01/Oct/2006:12:06:26 -0800] "GET /gallery/photos/19950190/pages/1995-0190-00018.html HTTP/1.0" 200 1877 "-" "Mozilla/5.0 (compatible; Yahoo! Slurp; http://help.yahoo.com/help/us/ysearch/slurp)"
195.93.21.131 - - [01/Oct/2006:12:09:05 -0800] "GET /gallery/maps/G3200/large/G3271%20S12%20%5B1601%5D%20B79.jpg HTTP/1.1" 404 345 "http://profile.myspace.com/index.cfm?fuseaction=user.viewProfile&friendID=30133799" "Mozilla/4.0 (compatible; MSIE 6.0; AOL 9.0; Windows NT 5.1; SV1; .NET CLR 1.1.4322)"
74.6.72.188 - - [01/Oct/2006:12:13:13 -0800] "GET /gallery/photos/19740130/pages/1974-0130-00019.html HTTP/1.0" 304 - "-" "Mozilla/5.0 (compatible; Yahoo! Slurp; http://help.yahoo.com/help/us/ysearch/slurp)"
74.6.71.122 - - [01/Oct/2006:12:14:32 -0800] "GET /gallery/photos/19910046/07 HTTP/1.0" 301 363 "-" "Mozilla/5.0 (compatible; Yahoo! Slurp; http://help.yahoo.com/help/us/ysearch/slurp)"
72.30.132.15 - - [01/Oct/2006:12:14:37 -0800] "GET /gallery/photos/20040145/2/pages/2004-0145-00223.htm HTTP/1.0" 200 1890 "-" "Mozilla/5.0 (compatible; Yahoo! Slurp; http://help.yahoo.com/help/us/ysearch/slurp)"
74.6.71.122 - - [01/Oct/2006:12:14:46 -0800] "GET /gallery/photos/19910046/07/ HTTP/1.0" 200 7098 "-" "Mozilla/5.0 (compatible; Yahoo! Slurp; http://help.yahoo.com/help/us/ysearch/slurp)"
66.63.79.67 - - [01/Oct/2006:12:14:58 -0800] "GET /gallery/maps/mapg3210.html HTTP/1.1" 404 322 "-" "Mozilla/4.0 (compatible; MSIE 6.0; Windows NT 5.1; SV1)"
66.63.79.67 - - [01/Oct/2006:12:14:59 -0800] "GET /gallery/maps/G3200/large/G3210%201816%20B93.jpg HTTP/1.1" 404 339 "-" "Mozilla/4.0 (compatible; MSIE 6.0; Windows NT 5.1; SV1)"
66.249.72.84 - - [01/Oct/2006:12:16:27 -0800] "GET /gallery/photos/19890166/08/pages/1989-0166-00568a_print.html HTTP/1.1" 200 1960 "-" "Mozilla/5.0 (compatible; Googlebot/2.1; +http://www.google.com/bot.html)"
74.6.70.7 - - [01/Oct/2006:12:16:29 -0800] "GET /gallery/photos/19880051/pages/1988-0051-00012.html HTTP/1.0" 304 - "-" "Mozilla/5.0 (compatible; Yahoo! Slurp; http://help.yahoo.com/help/us/ysearch/slurp)"
66.63.79.67 - - [01/Oct/2006:12:19:18 -0800] "GET /gallery/maps/mapg3210.html HTTP/1.1" 404 322 "-" "Mozilla/4.0 (compatible; MSIE 6.0; Windows NT 5.1; SV1)"
66.63.79.67 - - [01/Oct/2006:12:19:21 -0800] "GET /gallery/maps/mapg3210.html HTTP/1.1" 404 322 "-" "Mozilla/4.0 (compatible; MSIE 6.0; Windows NT 5.1; SV1)"
66.63.79.67 - - [01/Oct/2006:12:19:24 -0800] "GET /gallery/maps/mapg3210.html HTTP/1.1" 404 322 "-" "Mozilla/4.0 (compatible; MSIE 6.0; Windows NT 5.1; SV1)"
74.6.68.200 - - [01/Oct/2006:12:20:04 -0800] "GET /gallery/photos/19640074/pages/1964-0074-00121.html HTTP/1.0" 304 - "-" "Mozilla/5.0 (compatible; Yahoo! Slurp; http://help.yahoo.com/help/us/ysearch/slurp)"
62.252.128.18 - - [01/Oct/2006:12:21:07 -0800] "GET /gallery/maps/mapg3270b.html HTTP/1.1" 404 323 "http://images.google.co.uk/imgres?imgurl=http://photolab.elmer.uaf.edu/gallery/maps/G3200/large/G3270%25201820%2520S61.jpg&imgrefurl=http://photolab.elmer.uaf.edu/gallery/maps/mapg3270b.html&h=1200&w=932&sz=228&hl=en&sig2=b-E-IfCBAsr9bwOKIvs4sw&start=4&tbnid=RggCb3F0FgogGM:&tbnh=150&tbnw=117&ei=8iEgRaHXH7a2wgG0p4HFCQ&prev=/images%3Fq%3Dhistorical%2Bmaps%2Barctic%26svnum%3D10%26hl%3Den%26lr%3D" "Mozilla/4.0 (compatible; MSIE 6.0; Windows NT 5.1; SV1; .NET CLR 1.1.4322)"
62.252.128.18 - - [01/Oct/2006:12:21:07 -0800] "GET /gallery/maps/G3200/large/G3270%201820%20S61.jpg HTTP/1.1" 404 339 "http://images.google.co.uk/imgres?imgurl=http://photolab.elmer.uaf.edu/gallery/maps/G3200/large/G3270%25201820%2520S61.jpg&imgrefurl=http://photolab.elmer.uaf.edu/gallery/maps/mapg3270b.html&h=1200&w=932&sz=228&tbnid=RggCb3F0FgogGM:&tbnh=150&tbnw=117&hl=en&ei=DCIgRbHoC6nYwgGY-pDsCQ&sig2=STkXb9_MMy86A6jOJ6Pv2A&prev=/images%3Fq%3Dhistorical%2Bmaps%2Barctic%26svnum%3D10%26hl%3Den%26lr%3D&frame=small" "Mozilla/4.0 (compatible; MSIE 6.0; Windows NT 5.1; SV1; .NET CLR 1.1.4322)"
62.252.128.18 - - [01/Oct/2006:12:21:10 -0800] "GET /gallery/maps/mapg3270b.html HTTP/1.1" 404 323 "http://images.google.co.uk/imgres?imgurl=http://photolab.elmer.uaf.edu/gallery/maps/G3200/large/G3270%25201820%2520S61.jpg&imgrefurl=http://photolab.elmer.uaf.edu/gallery/maps/mapg3270b.html&h=1200&w=932&sz=228&hl=en&sig2=b-E-IfCBAsr9bwOKIvs4sw&start=4&tbnid=RggCb3F0FgogGM:&tbnh=150&tbnw=117&ei=8iEgRaHXH7a2wgG0p4HFCQ&prev=/images%3Fq%3Dhistorical%2Bmaps%2Barctic%26svnum%3D10%26hl%3Den%26lr%3D" "Mozilla/4.0 (compatible; MSIE 6.0; Windows NT 5.1; SV1; .NET CLR 1.1.4322)"
62.252.128.18 - - [01/Oct/2006:12:21:12 -0800] "GET /gallery/maps/mapg3270b.html HTTP/1.1" 404 323 "http://images.google.co.uk/imgres?imgurl=http://photolab.elmer.uaf.edu/gallery/maps/G3200/large/G3270%25201820%2520S61.jpg&imgrefurl=http://photolab.elmer.uaf.edu/gallery/maps/mapg3270b.html&h=1200&w=932&sz=228&hl=en&sig2=b-E-IfCBAsr9bwOKIvs4sw&start=4&tbnid=RggCb3F0FgogGM:&tbnh=150&tbnw=117&ei=8iEgRaHXH7a2wgG0p4HFCQ&prev=/images%3Fq%3Dhistorical%2Bmaps%2Barctic%26svnum%3D10%26hl%3Den%26lr%3D" "Mozilla/4.0 (compatible; MSIE 6.0; Windows NT 5.1; SV1; .NET CLR 1.1.4322)"
62.252.128.18 - - [01/Oct/2006:12:21:16 -0800] "GET /gallery/maps/mapg3270a.html HTTP/1.1" 404 323 "http://images.google.co.uk/imgres?imgurl=http://photolab.elmer.uaf.edu/gallery/maps/G3200/large/G3270%2520%255B1613_%255D.jpg&imgrefurl=http://photolab.elmer.uaf.edu/gallery/maps/mapg3270a.html&h=1200&w=756&sz=221&hl=en&sig2=LtLaev1zgmib3GDsuya12Q&start=5&tbnid=7hwJDSY4notcoM:&tbnh=150&tbnw=95&ei=8iEgRaHXH7a2wgG0p4HFCQ&prev=/images%3Fq%3Dhistorical%2Bmaps%2Barctic%26svnum%3D10%26hl%3Den%26lr%3D" "Mozilla/4.0 (compatible; MSIE 6.0; Windows NT 5.1; SV1; .NET CLR 1.1.4322)"
62.252.128.18 - - [01/Oct/2006:12:21:19 -0800] "GET /gallery/maps/mapg3270a.html HTTP/1.1" 404 323 "http://images.google.co.uk/imgres?imgurl=http://photolab.elmer.uaf.edu/gallery/maps/G3200/large/G3270%2520%255B1613_%255D.jpg&imgrefurl=http://photolab.elmer.uaf.edu/gallery/maps/mapg3270a.html&h=1200&w=756&sz=221&hl=en&sig2=LtLaev1zgmib3GDsuya12Q&start=5&tbnid=7hwJDSY4notcoM:&tbnh=150&tbnw=95&ei=8iEgRaHXH7a2wgG0p4HFCQ&prev=/images%3Fq%3Dhistorical%2Bmaps%2Barctic%26svnum%3D10%26hl%3Den%26lr%3D" "Mozilla/4.0 (compatible; MSIE 6.0; Windows NT 5.1; SV1; .NET CLR 1.1.4322)"
62.252.128.18 - - [01/Oct/2006:12:21:21 -0800] "GET /gallery/maps/mapg3270a.html HTTP/1.1" 404 323 "http://images.google.co.uk/imgres?imgurl=http://photolab.elmer.uaf.edu/gallery/maps/G3200/large/G3270%2520%255B1613_%255D.jpg&imgrefurl=http://photolab.elmer.uaf.edu/gallery/maps/mapg3270a.html&h=1200&w=756&sz=221&tbnid=7hwJDSY4notcoM:&tbnh=150&tbnw=95&hl=en&ei=GyIgRZ2HCsHqwQGUhNyqCQ&sig2=TTLQN_BaUsi1qOTMLDK6NA&prev=/images%3Fq%3Dhistorical%2Bmaps%2Barctic%26svnum%3D10%26hl%3Den%26lr%3D&frame=small" "Mozilla/4.0 (compatible; MSIE 6.0; Windows NT 5.1; SV1; .NET CLR 1.1.4322)"
62.252.128.18 - - [01/Oct/2006:12:21:23 -0800] "GET /gallery/maps/mapg3270a.html HTTP/1.1" 404 323 "http://images.google.co.uk/imgres?imgurl=http://photolab.elmer.uaf.edu/gallery/maps/G3200/large/G3270%2520%255B1613_%255D.jpg&imgrefurl=http://photolab.elmer.uaf.edu/gallery/maps/mapg3270a.html&h=1200&w=756&sz=221&hl=en&sig2=LtLaev1zgmib3GDsuya12Q&start=5&tbnid=7hwJDSY4notcoM:&tbnh=150&tbnw=95&ei=8iEgRaHXH7a2wgG0p4HFCQ&prev=/images%3Fq%3Dhistorical%2Bmaps%2Barctic%26svnum%3D10%26hl%3Den%26lr%3D" "Mozilla/4.0 (compatible; MSIE 6.0; Windows NT 5.1; SV1; .NET CLR 1.1.4322)"
62.252.128.18 - - [01/Oct/2006:12:21:23 -0800] "GET /gallery/maps/mapg3270a.html HTTP/1.1" 404 323 "http://images.google.co.uk/imgres?imgurl=http://photolab.elmer.uaf.edu/gallery/maps/G3200/large/G3270%2520%255B1613_%255D.jpg&imgrefurl=http://photolab.elmer.uaf.edu/gallery/maps/mapg3270a.html&h=1200&w=756&sz=221&hl=en&sig2=LtLaev1zgmib3GDsuya12Q&start=5&tbnid=7hwJDSY4notcoM:&tbnh=150&tbnw=95&ei=8iEgRaHXH7a2wgG0p4HFCQ&prev=/images%3Fq%3Dhistorical%2Bmaps%2Barctic%26svnum%3D10%26hl%3Den%26lr%3D" "Mozilla/4.0 (compatible; MSIE 6.0; Windows NT 5.1; SV1; .NET CLR 1.1.4322)"
74.6.73.87 - - [01/Oct/2006:12:24:58 -0800] "GET /gallery/photos/20040145/2/pages/2004-0145-00204.htm HTTP/1.0" 200 1887 "-" "Mozilla/5.0 (compatible; Yahoo! Slurp; http://help.yahoo.com/help/us/ysearch/slurp)"
207.46.98.86 - - [01/Oct/2006:12:27:55 -0800] "GET /gallery/photos/20020032/pages/2002-0032-00117.html HTTP/1.0" 200 1886 "-" "msnbot/1.0 (+http://search.msn.com/msnbot.htm)"
207.46.98.86 - - [01/Oct/2006:12:28:00 -0800] "GET /gallery/photos/19890166/03/pages/1989-0166-00302_print.html HTTP/1.0" 200 1949 "-" "msnbot/1.0 (+http://search.msn.com/msnbot.htm)"
207.46.98.86 - - [01/Oct/2006:12:28:01 -0800] "GET /gallery/photos/20040145/1/pages/2004-0145-00189.htm HTTP/1.0" 200 1890 "-" "msnbot/1.0 (+http://search.msn.com/msnbot.htm)"
207.46.98.86 - - [01/Oct/2006:12:28:01 -0800] "GET /gallery/photos/20030120/0/pages/2003-0120-00015.html HTTP/1.0" 200 1871 "-" "msnbot/1.0 (+http://search.msn.com/msnbot.htm)"
207.46.98.86 - - [01/Oct/2006:12:28:01 -0800] "GET /gallery/photos/20020032/pages/2002-0032-00095.html HTTP/1.0" 200 1884 "-" "msnbot/1.0 (+http://search.msn.com/msnbot.htm)"
207.46.98.86 - - [01/Oct/2006:12:28:01 -0800] "GET /gallery/photos/20040026/pages/2004-0026-00016.html HTTP/1.0" 200 1862 "-" "msnbot/1.0 (+http://search.msn.com/msnbot.htm)"
207.46.98.86 - - [01/Oct/2006:12:28:02 -0800] "GET /gallery/photos/20030174/0/pages/2003-0174-00038.html HTTP/1.0" 200 1880 "-" "msnbot/1.0 (+http://search.msn.com/msnbot.htm)"
207.46.98.86 - - [01/Oct/2006:12:28:02 -0800] "GET /gallery/photos/19890166/13/pages/1989-0166-01072_postcard.html HTTP/1.0" 200 1976 "-" "msnbot/1.0 (+http://search.msn.com/msnbot.htm)"
207.46.98.86 - - [01/Oct/2006:12:28:02 -0800] "GET /gallery/photos/19950244/14/pages/1995-0244-01441.html HTTP/1.0" 200 1888 "-" "msnbot/1.0 (+http://search.msn.com/msnbot.htm)"
207.46.98.86 - - [01/Oct/2006:12:28:14 -0800] "GET /gallery/photos/19890166/06/pages/1989-0166-00652_neg%20copy(1)(011).html HTTP/1.0" 200 2033 "-" "msnbot/1.0 (+http://search.msn.com/msnbot.htm)"
207.46.98.86 - - [01/Oct/2006:12:28:14 -0800] "GET /gallery/photos/19890166/08/pages/1989-0166-00508a_print.html HTTP/1.0" 200 1960 "-" "msnbot/1.0 (+http://search.msn.com/msnbot.htm)"
207.46.98.86 - - [01/Oct/2006:12:28:17 -0800] "GET /gallery/photos/20040162/pages/2004-0162-00018.html HTTP/1.0" 200 1892 "-" "msnbot/1.0 (+http://search.msn.com/msnbot.htm)"
207.46.98.86 - - [01/Oct/2006:12:28:17 -0800] "GET /gallery/photos/19900043/11/pages/1990-0043-01143.html HTTP/1.0" 200 1766 "-" "msnbot/1.0 (+http://search.msn.com/msnbot.htm)"
207.46.98.86 - - [01/Oct/2006:12:28:23 -0800] "GET /gallery/photos/20020015/4/pages/2002-0015-00417m.html HTTP/1.0" 200 1770 "-" "msnbot/1.0 (+http://search.msn.com/msnbot.htm)"
207.46.98.86 - - [01/Oct/2006:12:28:28 -0800] "GET /gallery/photos/20010164/pages/2001-0164-00019.html HTTP/1.0" 200 1769 "-" "msnbot/1.0 (+http://search.msn.com/msnbot.htm)"
207.46.98.86 - - [01/Oct/2006:12:28:28 -0800] "GET /gallery/photos/19910046/04/pages/1991-0046-00474.html HTTP/1.0" 200 1760 "-" "msnbot/1.0 (+http://search.msn.com/msnbot.htm)"
207.46.98.86 - - [01/Oct/2006:12:28:28 -0800] "GET /gallery/photos/19660054/00/pages/1966-0054-00022.html HTTP/1.0" 200 1760 "-" "msnbot/1.0 (+http://search.msn.com/msnbot.htm)"
207.46.98.86 - - [01/Oct/2006:12:28:48 -0800] "GET /gallery/photos/20030129/1/pages/2003-0129-00154.html HTTP/1.0" 200 1769 "-" "msnbot/1.0 (+http://search.msn.com/msnbot.htm)"
66.249.72.84 - - [01/Oct/2006:12:28:58 -0800] "GET /gallery/photos/19890166/03/pages/1989-0166-00380_print.html HTTP/1.1" 200 1952 "-" "Mozilla/5.0 (compatible; Googlebot/2.1; +http://www.google.com/bot.html)"
74.6.74.56 - - [01/Oct/2006:12:30:57 -0800] "GET /paper.html HTTP/1.0" 304 - "-" "Mozilla/5.0 (compatible; Yahoo! Slurp; http://help.yahoo.com/help/us/ysearch/slurp)"
210.49.13.16 - - [01/Oct/2006:12:33:10 -0800] "GET /store/maps.html HTTP/1.1" 301 349 "http://kingo55.blogspot.com/" "-"
207.46.98.86 - - [01/Oct/2006:12:33:19 -0800] "GET /gallery/photos/20030109/0/pages/2003-0109-00001.html HTTP/1.0" 200 1597 "-" "msnbot/1.0 (+http://search.msn.com/msnbot.htm)"
74.6.73.243 - - [01/Oct/2006:12:36:08 -0800] "GET /gallery/photos/0866/pages/866-07.html HTTP/1.0" 304 - "-" "Mozilla/5.0 (compatible; Yahoo! Slurp; http://help.yahoo.com/help/us/ysearch/slurp)"
66.249.72.84 - - [01/Oct/2006:12:41:28 -0800] "GET /gallery/photos/19890166/08/pages/1989-0166-00569a_print.html HTTP/1.1" 200 1961 "-" "Mozilla/5.0 (compatible; Googlebot/2.1; +http://www.google.com/bot.html)"
216.152.181.248 - - [01/Oct/2006:12:49:05 -0800] "GET /public/Walker/1969-0092-00269.tif HTTP/1.1" 200 5692868 "http://photolab.elmer.uaf.edu/public/Walker/" "Mozilla/4.0 (compatible; MSIE 6.0; Windows NT 5.1; SV1; .NET CLR 1.1.4322)"
207.46.98.86 - - [01/Oct/2006:12:52:15 -0800] "GET /gallery/photos/19900043/08/pages/1990-0043-00861.html HTTP/1.0" 200 1768 "-" "msnbot/1.0 (+http://search.msn.com/msnbot.htm)"
207.46.98.86 - - [01/Oct/2006:12:52:19 -0800] "GET /gallery/photos/20040111/12/pages/2004-0111-01214.htm HTTP/1.0" 200 1885 "-" "msnbot/1.0 (+http://search.msn.com/msnbot.htm)"
207.46.98.86 - - [01/Oct/2006:12:52:19 -0800] "GET /gallery/photos/19890166/08/pages/1989-0166-00520a_print.html HTTP/1.0" 200 1960 "-" "msnbot/1.0 (+http://search.msn.com/msnbot.htm)"
207.46.98.86 - - [01/Oct/2006:12:52:19 -0800] "GET /gallery/photos/19581026/21/pages/1958-1026-02125.html HTTP/1.0" 200 2092 "-" "msnbot/1.0 (+http://search.msn.com/msnbot.htm)"
207.46.98.86 - - [01/Oct/2006:12:52:20 -0800] "GET /gallery/photos/19890166/05/pages/1989-0166-00543_neg%20nitrate.html HTTP/1.0" 200 2008 "-" "msnbot/1.0 (+http://search.msn.com/msnbot.htm)"
207.46.98.86 - - [01/Oct/2006:12:52:20 -0800] "GET /gallery/photos/19700058/4/pages/1970-0058-00421.html HTTP/1.0" 200 1759 "-" "msnbot/1.0 (+http://search.msn.com/msnbot.htm)"
207.46.98.86 - - [01/Oct/2006:12:52:20 -0800] "GET /gallery/photos/19581026/17/pages/1958-1026-01744.html HTTP/1.0" 200 2092 "-" "msnbot/1.0 (+http://search.msn.com/msnbot.htm)"
72.30.135.219 - - [01/Oct/2006:12:53:04 -0800] "GET /robots.txt HTTP/1.0" 200 96 "-" "Mozilla/5.0 (compatible; Yahoo! Slurp; http://help.yahoo.com/help/us/ysearch/slurp)"
207.46.98.86 - - [01/Oct/2006:12:53:06 -0800] "GET /gallery/photos/19940096/0/pages/1994-0096-00006.html HTTP/1.0" 200 1900 "-" "msnbot/1.0 (+http://search.msn.com/msnbot.htm)"
207.46.98.86 - - [01/Oct/2006:12:53:07 -0800] "GET /gallery/photos/19950190/pages/1995-0190-00022.html HTTP/1.0" 200 1877 "-" "msnbot/1.0 (+http://search.msn.com/msnbot.htm)"
207.46.98.86 - - [01/Oct/2006:12:53:07 -0800] "GET /gallery/photos/20020032/pages/2002-0032-00060.html HTTP/1.0" 200 1884 "-" "msnbot/1.0 (+http://search.msn.com/msnbot.htm)"
207.46.98.86 - - [01/Oct/2006:12:53:07 -0800] "GET /gallery/photos/20040026/pages/2004-0026-00048.html HTTP/1.0" 200 1862 "-" "msnbot/1.0 (+http://search.msn.com/msnbot.htm)"
207.46.98.86 - - [01/Oct/2006:12:53:07 -0800] "GET /gallery/photos/19950244/00/pages/1995-0244-00030.html HTTP/1.0" 200 1888 "-" "msnbot/1.0 (+http://search.msn.com/msnbot.htm)"
207.46.98.86 - - [01/Oct/2006:12:53:08 -0800] "GET /gallery/photos/19940096/5/pages/1994-0096-00545.html HTTP/1.0" 200 1903 "-" "msnbot/1.0 (+http://search.msn.com/msnbot.htm)"
207.46.98.86 - - [01/Oct/2006:12:53:08 -0800] "GET /gallery/photos/19950244/09/pages/1995-0244-00966.html HTTP/1.0" 200 1889 "-" "msnbot/1.0 (+http://search.msn.com/msnbot.htm)"
207.46.98.86 - - [01/Oct/2006:12:53:08 -0800] "GET /gallery/photos/19890166/09/pages/1989-0166-00625a_print.html HTTP/1.0" 200 1958 "-" "msnbot/1.0 (+http://search.msn.com/msnbot.htm)"
207.46.98.86 - - [01/Oct/2006:12:53:08 -0800] "GET /gallery/photos/19890199/1/pages/1989-0199-00182.html HTTP/1.0" 200 1878 "-" "msnbot/1.0 (+http://search.msn.com/msnbot.htm)"
74.6.73.163 - - [01/Oct/2006:12:53:11 -0800] "GET /gallery/photos/20020087/2/pages/2002-0087-00253.html HTTP/1.0" 200 1767 "-" "Mozilla/5.0 (compatible; Yahoo! Slurp; http://help.yahoo.com/help/us/ysearch/slurp)"
66.249.72.84 - - [01/Oct/2006:12:53:58 -0800] "GET /gallery/photos/19890166/08/pages/1989-0166-00559a_print.html HTTP/1.1" 200 1960 "-" "Mozilla/5.0 (compatible; Googlebot/2.1; +http://www.google.com/bot.html)"
207.46.98.86 - - [01/Oct/2006:12:54:08 -0800] "GET /gallery/photos/20040086/0/pages/2004-0086-00031.htm HTTP/1.0" 200 1876 "-" "msnbot/1.0 (+http://search.msn.com/msnbot.htm)"
207.46.98.86 - - [01/Oct/2006:12:54:08 -0800] "GET /gallery/photos/19950244/11/pages/1995-0244-01112.html HTTP/1.0" 200 1888 "-" "msnbot/1.0 (+http://search.msn.com/msnbot.htm)"
207.46.98.86 - - [01/Oct/2006:12:54:08 -0800] "GET /gallery/photos/19800068/1/pages/1980-0068-00126.html HTTP/1.0" 200 1860 "-" "msnbot/1.0 (+http://search.msn.com/msnbot.htm)"
207.46.98.86 - - [01/Oct/2006:12:54:24 -0800] "GET /gallery/photos/19890107/pages/1989-0107-00016.html HTTP/1.0" 200 1877 "-" "msnbot/1.0 (+http://search.msn.com/msnbot.htm)"
207.46.98.86 - - [01/Oct/2006:12:54:24 -0800] "GET /gallery/photos/19581026/14/pages/1958-1026-01479.html HTTP/1.0" 200 2092 "-" "msnbot/1.0 (+http://search.msn.com/msnbot.htm)"
207.46.98.86 - - [01/Oct/2006:12:54:29 -0800] "GET /gallery/photos/19880041/0/pages/1988-0041-00044.htm HTTP/1.0" 200 1879 "-" "msnbot/1.0 (+http://search.msn.com/msnbot.htm)"
207.46.98.86 - - [01/Oct/2006:12:54:29 -0800] "GET /gallery/photos/20040086/1/pages/2004-0086-00146.htm HTTP/1.0" 200 1879 "-" "msnbot/1.0 (+http://search.msn.com/msnbot.htm)"
207.46.98.86 - - [01/Oct/2006:12:54:29 -0800] "GET /gallery/photos/19950244/11/pages/1995-0244-01175.html HTTP/1.0" 200 1888 "-" "msnbot/1.0 (+http://search.msn.com/msnbot.htm)"
207.46.98.86 - - [01/Oct/2006:12:54:33 -0800] "GET /gallery/photos/19581026/21/pages/1958-1026-02161.html HTTP/1.0" 200 2092 "-" "msnbot/1.0 (+http://search.msn.com/msnbot.htm)"
207.46.98.86 - - [01/Oct/2006:12:54:33 -0800] "GET /gallery/photos/19950244/14/pages/1995-0244-01472.html HTTP/1.0" 200 1888 "-" "msnbot/1.0 (+http://search.msn.com/msnbot.htm)"
207.46.98.86 - - [01/Oct/2006:12:54:33 -0800] "GET /gallery/photos/19890166/14/pages/1989-0166-01161_postcard.html HTTP/1.0" 200 1976 "-" "msnbot/1.0 (+http://search.msn.com/msnbot.htm)"
207.46.98.86 - - [01/Oct/2006:12:54:59 -0800] "GET /gallery/photos/19950244/14/pages/1995-0244-01436.html HTTP/1.0" 200 1888 "-" "msnbot/1.0 (+http://search.msn.com/msnbot.htm)"
207.46.98.86 - - [01/Oct/2006:12:54:59 -0800] "GET /gallery/photos/19910046/05/pages/1991-0046-00503.html HTTP/1.0" 200 1758 "-" "msnbot/1.0 (+http://search.msn.com/msnbot.htm)"
207.46.98.86 - - [01/Oct/2006:12:55:03 -0800] "GET /gallery/photos/19890166/14/pages/1989-0166-01155_postcard.html HTTP/1.0" 200 1974 "-" "msnbot/1.0 (+http://search.msn.com/msnbot.htm)"
207.46.98.86 - - [01/Oct/2006:12:55:04 -0800] "GET /gallery/photos/20040084/1157-1288/pages/2004-0084-01199.html HTTP/1.0" 200 1900 "-" "msnbot/1.0 (+http://search.msn.com/msnbot.htm)"
207.46.98.86 - - [01/Oct/2006:12:55:04 -0800] "GET /gallery/photos/19940096/0/pages/1994-0096-00061.html HTTP/1.0" 200 1903 "-" "msnbot/1.0 (+http://search.msn.com/msnbot.htm)"
207.46.98.86 - - [01/Oct/2006:12:55:04 -0800] "GET /gallery/photos/20020164/pages/2002-0164-00089.html HTTP/1.0" 200 1759 "-" "msnbot/1.0 (+http://search.msn.com/msnbot.htm)"
207.46.98.86 - - [01/Oct/2006:12:55:04 -0800] "GET /gallery/photos/20030063/3/pages/2003-0063-00313.html HTTP/1.0" 200 1758 "-" "msnbot/1.0 (+http://search.msn.com/msnbot.htm)"
207.46.98.86 - - [01/Oct/2006:12:55:04 -0800] "GET /gallery/photos/19890166/05/pages/1989-0166-00578_neg%20nitrate.html HTTP/1.0" 200 2013 "-" "msnbot/1.0 (+http://search.msn.com/msnbot.htm)"
207.46.98.86 - - [01/Oct/2006:12:55:05 -0800] "GET /gallery/photos/20030137/pages/2003-0137-00030.html HTTP/1.0" 200 1770 "-" "msnbot/1.0 (+http://search.msn.com/msnbot.htm)"
207.46.98.86 - - [01/Oct/2006:12:55:05 -0800] "GET /gallery/photos/19900043/08/pages/1990-0043-00825.html HTTP/1.0" 200 1766 "-" "msnbot/1.0 (+http://search.msn.com/msnbot.htm)"
207.46.98.86 - - [01/Oct/2006:12:55:05 -0800] "GET /gallery/photos/19890166/07/pages/1989-0166-00773_neg%20nitrate.html HTTP/1.0" 200 2008 "-" "msnbot/1.0 (+http://search.msn.com/msnbot.htm)"
207.46.98.86 - - [01/Oct/2006:12:55:05 -0800] "GET /gallery/photos/20020015/3/pages/2002-0015-00348m.html HTTP/1.0" 200 1770 "-" "msnbot/1.0 (+http://search.msn.com/msnbot.htm)"
207.46.98.86 - - [01/Oct/2006:12:55:06 -0800] "GET /gallery/photos/20030129/1/pages/1999-0293-00122.html HTTP/1.0" 200 1768 "-" "msnbot/1.0 (+http://search.msn.com/msnbot.htm)"
207.46.98.86 - - [01/Oct/2006:12:55:06 -0800] "GET /gallery/photos/19890166/07/pages/1989-0166-00748_neg%20nitrate.html HTTP/1.0" 200 2008 "-" "msnbot/1.0 (+http://search.msn.com/msnbot.htm)"
207.46.98.86 - - [01/Oct/2006:12:55:06 -0800] "GET /gallery/photos/20030109/3/pages/2003-0109-00341.html HTTP/1.0" 200 1756 "-" "msnbot/1.0 (+http://search.msn.com/msnbot.htm)"
207.46.98.86 - - [01/Oct/2006:12:55:06 -0800] "GET /gallery/photos/19680069/26/pages/1968-0069-02618.html HTTP/1.0" 200 1769 "-" "msnbot/1.0 (+http://search.msn.com/msnbot.htm)"
207.46.98.86 - - [01/Oct/2006:12:55:06 -0800] "GET /gallery/photos/19900043/10/pages/1990-0043-01015.html HTTP/1.0" 200 1766 "-" "msnbot/1.0 (+http://search.msn.com/msnbot.htm)"
207.46.98.86 - - [01/Oct/2006:12:55:06 -0800] "GET /gallery/photos/20020015/0/pages/2002-0015-00047m.html HTTP/1.0" 200 1770 "-" "msnbot/1.0 (+http://search.msn.com/msnbot.htm)"
207.46.98.86 - - [01/Oct/2006:12:55:06 -0800] "GET /gallery/photos/19660054/01/pages/1966-0054-00174.html HTTP/1.0" 200 1760 "-" "msnbot/1.0 (+http://search.msn.com/msnbot.htm)"
207.46.98.86 - - [01/Oct/2006:12:55:07 -0800] "GET /gallery/photos/20030129/2/pages/2003-0129-00214.html HTTP/1.0" 200 1768 "-" "msnbot/1.0 (+http://search.msn.com/msnbot.htm)"
72.30.103.21 - - [01/Oct/2006:12:55:14 -0800] "GET /gallery/photos/20020087/0/index_2.html HTTP/1.0" 200 7249 "-" "Mozilla/5.0 (compatible; Yahoo! Slurp; http://help.yahoo.com/help/us/ysearch/slurp)"
207.46.98.86 - - [01/Oct/2006:12:55:18 -0800] "GET /gallery/photos/20030109/3/pages/2003-0109-00362.html HTTP/1.0" 200 1756 "-" "msnbot/1.0 (+http://search.msn.com/msnbot.htm)"
207.46.98.86 - - [01/Oct/2006:12:55:18 -0800] "GET /gallery/photos/19900043/10/pages/1990-0043-01051.html HTTP/1.0" 200 1766 "-" "msnbot/1.0 (+http://search.msn.com/msnbot.htm)"
207.46.98.86 - - [01/Oct/2006:12:55:18 -0800] "GET /gallery/photos/20030109/3/pages/2003-0109-00326.html HTTP/1.0" 200 1756 "-" "msnbot/1.0 (+http://search.msn.com/msnbot.htm)"
207.46.98.86 - - [01/Oct/2006:12:55:18 -0800] "GET /gallery/photos/20020087/0/pages/2002-0087-00045.html HTTP/1.0" 200 1767 "-" "msnbot/1.0 (+http://search.msn.com/msnbot.htm)"
207.46.98.86 - - [01/Oct/2006:12:55:21 -0800] "GET /gallery/photos/20030063/1/pages/2003-0063-00141.html HTTP/1.0" 200 1758 "-" "msnbot/1.0 (+http://search.msn.com/msnbot.htm)"
207.46.98.86 - - [01/Oct/2006:12:55:21 -0800] "GET /gallery/photos/19660054/01/pages/1966-0054-00130.html HTTP/1.0" 200 1760 "-" "msnbot/1.0 (+http://search.msn.com/msnbot.htm)"
207.46.98.86 - - [01/Oct/2006:12:55:22 -0800] "GET /gallery/photos/20010164/pages/2001-0164-00045.html HTTP/1.0" 200 1769 "-" "msnbot/1.0 (+http://search.msn.com/msnbot.htm)"
207.46.98.86 - - [01/Oct/2006:12:55:22 -0800] "GET /gallery/photos/20030109/0/pages/2003-0109-00038.html HTTP/1.0" 200 1756 "-" "msnbot/1.0 (+http://search.msn.com/msnbot.htm)"
216.152.181.248 - - [01/Oct/2006:12:49:13 -0800] "GET /public/Walker/1969-0092-00269.tif HTTP/1.1" 206 5650468 "-" "Mozilla/4.0 (compatible; MSIE 6.0; Windows NT 5.1; SV1; .NET CLR 1.1.4322)"
207.46.98.86 - - [01/Oct/2006:12:57:27 -0800] "GET /gallery/photos/20020015/0/pages/2002-0015-00001m.html HTTP/1.0" 200 1610 "-" "msnbot/1.0 (+http://search.msn.com/msnbot.htm)"
207.46.98.86 - - [01/Oct/2006:12:58:18 -0800] "GET /gallery/photos/20020164/pages/2002-0164-00001.html HTTP/1.0" 200 1600 "-" "msnbot/1.0 (+http://search.msn.com/msnbot.htm)"
74.6.68.19 - - [01/Oct/2006:12:59:32 -0800] "GET /gallery/photos/20040145/5/pages/2004-0145-00556.htm HTTP/1.0" 200 1890 "-" "Mozilla/5.0 (compatible; Yahoo! Slurp; http://help.yahoo.com/help/us/ysearch/slurp)"
74.6.73.84 - - [01/Oct/2006:13:00:40 -0800] "GET /gallery/photos/19890107/pages/1989-0107-00005.html HTTP/1.0" 304 - "-" "Mozilla/5.0 (compatible; Yahoo! Slurp; http://help.yahoo.com/help/us/ysearch/slurp)"
66.249.72.84 - - [01/Oct/2006:13:03:58 -0800] "GET /gallery/photos/19940070/1/pages/1994-0070-00196.html HTTP/1.1" 200 5959 "-" "Mozilla/5.0 (compatible; Googlebot/2.1; +http://www.google.com/bot.html)"
66.249.72.84 - - [01/Oct/2006:13:06:27 -0800] "GET /gallery/photos/19940070/3/index.html HTTP/1.1" 304 - "-" "Mozilla/5.0 (compatible; Googlebot/2.1; +http://www.google.com/bot.html)"
200.175.212.101 - - [01/Oct/2006:13:09:21 -0800] "GET /gallery/maps/mapg3300.html HTTP/1.1" 404 322 "http://www.worldmapfinder.com/Map_Detail.php?MAP=549&FN=G3300%20%5B1780%5D%20C66.jpg&MW=1200&MH=896&FS=242&FT=jpg&WO=0&CE=4&CO=0&CI=0&IT=0&LC=9&PG=1&CS=iso-8859-1&FU=http://photolab.elmer.uaf.edu/gallery/maps/G3300/large/G3300%20%5B1780%5D%20C66.jpg&SU=http://photolab.elmer.uaf.edu/gallery/maps/mapg3300.html" "Mozilla/4.0 (compatible; MSIE 6.0; Windows NT 5.1; SV1)"
200.175.212.101 - - [01/Oct/2006:13:10:00 -0800] "GET /gallery/maps/mapg3300.html HTTP/1.1" 404 322 "http://www.worldmapfinder.com/Map_Detail.php?MAP=541&FN=G3300%20%5B1822%5D%20F55.jpg&MW=1200&MH=959&FS=374&FT=jpg&WO=0&CE=4&CO=0&CI=0&IT=0&LC=9&PG=1&CS=iso-8859-1&FU=http://photolab.elmer.uaf.edu/gallery/maps/G3300/large/G3300%20%5B1822%5D%20F55.jpg&SU=http://photolab.elmer.uaf.edu/gallery/maps/mapg3300.html" "Mozilla/4.0 (compatible; MSIE 6.0; Windows NT 5.1; SV1)"
216.152.181.248 - - [01/Oct/2006:13:07:25 -0800] "GET /public/Walker/1969-0092-00267.tif HTTP/1.1" 200 5785602 "-" "Mozilla/4.0 (compatible; MSIE 6.0; Windows NT 5.1; SV1; .NET CLR 1.1.4322)"
74.6.70.187 - - [01/Oct/2006:13:15:07 -0800] "GET /gallery/photos/20020015/5/index_4.html HTTP/1.0" 200 7307 "-" "Mozilla/5.0 (compatible; Yahoo! Slurp; http://help.yahoo.com/help/us/ysearch/slurp)"
67.82.246.68 - - [01/Oct/2006:13:15:13 -0800] "GET /gallery/maps/mapg3290.html HTTP/1.1" 404 322 "http://images.google.com/imgres?imgurl=http://photolab.elmer.uaf.edu/gallery/maps/G3200/large/G3290%2520%255B1851%255D%2520R36.jpg&imgrefurl=http://photolab.elmer.uaf.edu/gallery/maps/mapg3290.html&h=872&w=1200&sz=239&hl=en&start=121&tbnid=2CWcKr1un_NlkM:&tbnh=109&tbnw=150&prev=/images%3Fq%3Dwestern%2Bhemisphere%26start%3D120%26ndsp%3D20%26svnum%3D10%26hl%3Den%26lr%3D%26sa%3DN" "Mozilla/4.0 (compatible; MSIE 6.0; Windows NT 5.0; .NET CLR 1.1.4322)"
67.82.246.68 - - [01/Oct/2006:13:15:13 -0800] "GET /gallery/maps/G3200/large/G3290%20%5B1851%5D%20R36.jpg HTTP/1.1" 404 341 "http://images.google.com/imgres?imgurl=http://photolab.elmer.uaf.edu/gallery/maps/G3200/large/G3290%2520%255B1851%255D%2520R36.jpg&imgrefurl=http://photolab.elmer.uaf.edu/gallery/maps/mapg3290.html&h=872&w=1200&sz=239&tbnid=2CWcKr1un_NlkM:&tbnh=109&tbnw=150&hl=en&prev=/images%3Fq%3Dwestern%2Bhemisphere%26start%3D120%26ndsp%3D20%26svnum%3D10%26hl%3Den%26lr%3D%26sa%3DN&frame=small" "Mozilla/4.0 (compatible; MSIE 6.0; Windows NT 5.0; .NET CLR 1.1.4322)"
67.82.246.68 - - [01/Oct/2006:13:15:17 -0800] "GET /gallery/maps/mapg3290.html HTTP/1.1" 404 322 "http://images.google.com/imgres?imgurl=http://photolab.elmer.uaf.edu/gallery/maps/G3200/large/G3290%2520%255B1851%255D%2520R36.jpg&imgrefurl=http://photolab.elmer.uaf.edu/gallery/maps/mapg3290.html&h=872&w=1200&sz=239&hl=en&start=121&tbnid=2CWcKr1un_NlkM:&tbnh=109&tbnw=150&prev=/images%3Fq%3Dwestern%2Bhemisphere%26start%3D120%26ndsp%3D20%26svnum%3D10%26hl%3Den%26lr%3D%26sa%3DN" "Mozilla/4.0 (compatible; MSIE 6.0; Windows NT 5.0; .NET CLR 1.1.4322)"
67.82.246.68 - - [01/Oct/2006:13:15:25 -0800] "GET /gallery/maps/G3200/large/G3290%20%5B1851%5D%20R36.jpg HTTP/1.1" 404 341 "-" "Mozilla/4.0 (compatible; MSIE 6.0; Windows NT 5.0; .NET CLR 1.1.4322)"
74.6.69.137 - - [01/Oct/2006:13:15:48 -0800] "GET /gallery/photos/20020015/5/pages/2002-0015-00543m.html HTTP/1.0" 200 1770 "-" "Mozilla/5.0 (compatible; Yahoo! Slurp; http://help.yahoo.com/help/us/ysearch/slurp)"
74.6.74.28 - - [01/Oct/2006:13:18:00 -0800] "GET /gallery/photos/19640042/4/pages/1964-0042-00418.htm HTTP/1.0" 200 1884 "-" "Mozilla/5.0 (compatible; Yahoo! Slurp; http://help.yahoo.com/help/us/ysearch/slurp)"
66.249.72.84 - - [01/Oct/2006:13:18:57 -0800] "GET /gallery/photos/19890166/03/pages/1989-0166-00391_print.html HTTP/1.1" 200 1952 "-" "Mozilla/5.0 (compatible; Googlebot/2.1; +http://www.google.com/bot.html)"
74.6.69.204 - - [01/Oct/2006:13:19:59 -0800] "GET /gallery/photos/20040085/pages/2004-0085-00017.html HTTP/1.0" 200 1893 "-" "Mozilla/5.0 (compatible; Yahoo! Slurp; http://help.yahoo.com/help/us/ysearch/slurp)"
152.163.100.204 - - [01/Oct/2006:13:21:24 -0800] "GET /gallery/maps/mapg3220.html HTTP/1.1" 404 322 "http://images.google.com/imgres?imgurl=http://photolab.elmer.uaf.edu/gallery/maps/G3200/large/G3221%2520S12%25201809%2520C661.jpg&imgrefurl=http://photolab.elmer.uaf.edu/gallery/maps/mapg3220.html&h=1200&w=961&sz=244&hl=en&start=20&tbnid=eICm56JWXZgiqM:&tbnh=150&tbnw=120&prev=/images%3Fq%3Dmaps%2Bof%2Bsouthern%2Bhemisphere%26svnum%3D10%26hl%3Den%26lr%3D%26ie%3DUTF-8%26safe%3Doff%26sa%3DG" "Mozilla/4.0 (compatible; MSIE 6.0; AOL 9.0; Windows NT 5.1; SV1; .NET CLR 1.1.4322; .NET CLR 2.0.50727)"
152.163.100.139 - - [01/Oct/2006:13:21:27 -0800] "GET /gallery/maps/G3200/large/G3221%20S12%201809%20C661.jpg HTTP/1.1" 404 344 "http://images.google.com/imgres?imgurl=http://photolab.elmer.uaf.edu/gallery/maps/G3200/large/G3221%2520S12%25201809%2520C661.jpg&imgrefurl=http://photolab.elmer.uaf.edu/gallery/maps/mapg3220.html&h=1200&w=961&sz=244&tbnid=eICm56JWXZgiqM:&tbnh=150&tbnw=120&hl=en&prev=/images%3Fq%3Dmaps%2Bof%2Bsouthern%2Bhemisphere%26svnum%3D10%26hl%3Den%26lr%3D%26ie%3DUTF-8%26safe%3Doff%26sa%3DG&frame=small" "Mozilla/4.0 (compatible; MSIE 6.0; AOL 9.0; Windows NT 5.1; SV1; .NET CLR 1.1.4322; .NET CLR 2.0.50727)"
216.152.181.248 - - [01/Oct/2006:13:21:36 -0800] "GET /public/Walker HTTP/1.1" 301 350 "-" "Mozilla/4.0 (compatible; MSIE 6.0; Windows NT 5.1; SV1; .NET CLR 1.1.4322)"
216.152.181.248 - - [01/Oct/2006:13:21:37 -0800] "GET /public/Walker/ HTTP/1.1" 200 1746 "-" "Mozilla/4.0 (compatible; MSIE 6.0; Windows NT 5.1; SV1; .NET CLR 1.1.4322)"
216.152.181.248 - - [01/Oct/2006:13:21:37 -0800] "GET /icons/blank.gif HTTP/1.1" 304 - "http://photolab.elmer.uaf.edu/public/Walker/" "Mozilla/4.0 (compatible; MSIE 6.0; Windows NT 5.1; SV1; .NET CLR 1.1.4322)"
216.152.181.248 - - [01/Oct/2006:13:21:37 -0800] "GET /icons/image2.gif HTTP/1.1" 304 - "http://photolab.elmer.uaf.edu/public/Walker/" "Mozilla/4.0 (compatible; MSIE 6.0; Windows NT 5.1; SV1; .NET CLR 1.1.4322)"
216.152.181.248 - - [01/Oct/2006:13:21:37 -0800] "GET /icons/back.gif HTTP/1.1" 304 - "http://photolab.elmer.uaf.edu/public/Walker/" "Mozilla/4.0 (compatible; MSIE 6.0; Windows NT 5.1; SV1; .NET CLR 1.1.4322)"
24.80.224.25 - - [01/Oct/2006:13:22:48 -0800] "GET /gallery/maps/mapg3300.html HTTP/1.1" 404 322 "http://images.google.ca/imgres?imgurl=http://photolab.elmer.uaf.edu/gallery/maps/G3300/large/G3300%2520%255B1786_%255D%2520B691.jpg&imgrefurl=http://photolab.elmer.uaf.edu/gallery/maps/mapg3300.html&h=943&w=1200&sz=264&hl=en&start=1&tbnid=cQBYogs4LLANKM:&tbnh=118&tbnw=150&prev=/images%3Fq%3Dbritish%2Bnorth%2Bamerica%26imgsz%3Dxxlarge%26svnum%3D10%26hl%3Den%26lr%3D%26safe%3Doff" "Mozilla/4.0 (compatible; MSIE 6.0; Windows NT 5.1; SV1)"
24.215.81.65 - - [01/Oct/2006:13:22:49 -0800] "GET /gallery/maps/mapg3200.html HTTP/1.1" 404 322 "http://images.google.ca/imgres?imgurl=http://photolab.elmer.uaf.edu/gallery/maps/G3200/large/G3200%25201882%2520P461.jpg&imgrefurl=http://photolab.elmer.uaf.edu/gallery/maps/mapg3200.html&h=745&w=1200&sz=196&hl=en&start=19&tbnid=exTIRUoY6xYRXM:&tbnh=93&tbnw=150&prev=/images%3Fq%3Dmaps%2Bof%2Bthe%2Bworld%26svnum%3D10%26hl%3Den%26lr%3D%26sa%3DG" "Mozilla/5.0 (Windows; U; Windows NT 5.1; en-US; rv:1.8.0.7) Gecko/20060909 Firefox/1.5.0.7"
24.80.224.25 - - [01/Oct/2006:13:22:49 -0800] "GET /gallery/maps/G3300/large/G3300%20%5B1786_%5D%20B691.jpg HTTP/1.1" 404 343 "http://images.google.ca/imgres?imgurl=http://photolab.elmer.uaf.edu/gallery/maps/G3300/large/G3300%2520%255B1786_%255D%2520B691.jpg&imgrefurl=http://photolab.elmer.uaf.edu/gallery/maps/mapg3300.html&h=943&w=1200&sz=264&tbnid=cQBYogs4LLANKM:&tbnh=118&tbnw=150&hl=en&prev=/images%3Fq%3Dbritish%2Bnorth%2Bamerica%26imgsz%3Dxxlarge%26svnum%3D10%26hl%3Den%26lr%3D%26safe%3Doff&frame=small" "Mozilla/4.0 (compatible; MSIE 6.0; Windows NT 5.1; SV1)"
24.215.81.65 - - [01/Oct/2006:13:22:50 -0800] "GET /gallery/maps/G3200/large/G3200%201882%20P461.jpg HTTP/1.1" 404 340 "http://images.google.ca/imgres?imgurl=http://photolab.elmer.uaf.edu/gallery/maps/G3200/large/G3200%25201882%2520P461.jpg&imgrefurl=http://photolab.elmer.uaf.edu/gallery/maps/mapg3200.html&h=745&w=1200&sz=196&tbnid=exTIRUoY6xYRXM:&tbnh=93&tbnw=150&hl=en&prev=/images%3Fq%3Dmaps%2Bof%2Bthe%2Bworld%26svnum%3D10%26hl%3Den%26lr%3D%26sa%3DG&frame=small" "Mozilla/5.0 (Windows; U; Windows NT 5.1; en-US; rv:1.8.0.7) Gecko/20060909 Firefox/1.5.0.7"
24.215.81.65 - - [01/Oct/2006:13:22:50 -0800] "GET /favicon.ico HTTP/1.1" 404 307 "-" "Mozilla/5.0 (Windows; U; Windows NT 5.1; en-US; rv:1.8.0.7) Gecko/20060909 Firefox/1.5.0.7"
24.80.224.25 - - [01/Oct/2006:13:22:51 -0800] "GET /gallery/maps/mapg3300.html HTTP/1.1" 404 322 "http://images.google.ca/imgres?imgurl=http://photolab.elmer.uaf.edu/gallery/maps/G3300/large/G3300%2520%255B1786_%255D%2520B691.jpg&imgrefurl=http://photolab.elmer.uaf.edu/gallery/maps/mapg3300.html&h=943&w=1200&sz=264&hl=en&start=1&tbnid=cQBYogs4LLANKM:&tbnh=118&tbnw=150&prev=/images%3Fq%3Dbritish%2Bnorth%2Bamerica%26imgsz%3Dxxlarge%26svnum%3D10%26hl%3Den%26lr%3D%26safe%3Doff" "Mozilla/4.0 (compatible; MSIE 6.0; Windows NT 5.1; SV1)"
74.6.67.111 - - [01/Oct/2006:13:24:09 -0800] "GET /gallery/photos/20030024/2/pages/2003-0024-00200.html HTTP/1.0" 200 1601 "-" "Mozilla/5.0 (compatible; Yahoo! Slurp; http://help.yahoo.com/help/us/ysearch/slurp)"
216.152.181.248 - - [01/Oct/2006:13:26:57 -0800] "GET /public/Karstens/ HTTP/1.1" 200 1126 "-" "Mozilla/4.0 (compatible; MSIE 6.0; Windows NT 5.1; SV1; .NET CLR 1.1.4322)"
216.152.181.248 - - [01/Oct/2006:13:26:57 -0800] "GET /icons/blank.gif HTTP/1.1" 304 - "http://photolab.elmer.uaf.edu/public/Karstens/" "Mozilla/4.0 (compatible; MSIE 6.0; Windows NT 5.1; SV1; .NET CLR 1.1.4322)"
216.152.181.248 - - [01/Oct/2006:13:26:58 -0800] "GET /icons/back.gif HTTP/1.1" 304 - "http://photolab.elmer.uaf.edu/public/Karstens/" "Mozilla/4.0 (compatible; MSIE 6.0; Windows NT 5.1; SV1; .NET CLR 1.1.4322)"
216.152.181.248 - - [01/Oct/2006:13:26:58 -0800] "GET /icons/image2.gif HTTP/1.1" 304 - "http://photolab.elmer.uaf.edu/public/Karstens/" "Mozilla/4.0 (compatible; MSIE 6.0; Windows NT 5.1; SV1; .NET CLR 1.1.4322)"
152.163.100.204 - - [01/Oct/2006:13:30:17 -0800] "GET /gallery/maps/mapg3220.html HTTP/1.1" 404 322 "http://images.google.com/imgres?imgurl=http://photolab.elmer.uaf.edu/gallery/maps/G3200/large/G3221%2520S12%25201809%2520C661.jpg&imgrefurl=http://photolab.elmer.uaf.edu/gallery/maps/mapg3220.html&h=1200&w=961&sz=244&hl=en&start=18&tbnid=eICm56JWXZgiqM:&tbnh=150&tbnw=120&prev=/images%3Fq%3Dsouthern%2Bhemisphere%2Bmaps%26svnum%3D10%26hl%3Den%26lr%3D%26ie%3DUTF-8%26safe%3Doff%26sa%3DG" "Mozilla/4.0 (compatible; MSIE 6.0; AOL 9.0; Windows NT 5.1; SV1; .NET CLR 1.1.4322; .NET CLR 2.0.50727)"
152.163.100.139 - - [01/Oct/2006:13:30:21 -0800] "GET /gallery/maps/G3200/large/G3221%20S12%201809%20C661.jpg HTTP/1.1" 404 344 "http://images.google.com/imgres?imgurl=http://photolab.elmer.uaf.edu/gallery/maps/G3200/large/G3221%2520S12%25201809%2520C661.jpg&imgrefurl=http://photolab.elmer.uaf.edu/gallery/maps/mapg3220.html&h=1200&w=961&sz=244&tbnid=eICm56JWXZgiqM:&tbnh=150&tbnw=120&hl=en&prev=/images%3Fq%3Dsouthern%2Bhemisphere%2Bmaps%26svnum%3D10%26hl%3Den%26lr%3D%26ie%3DUTF-8%26safe%3Doff%26sa%3DG&frame=small" "Mozilla/4.0 (compatible; MSIE 6.0; AOL 9.0; Windows NT 5.1; SV1; .NET CLR 1.1.4322; .NET CLR 2.0.50727)"
152.163.100.204 - - [01/Oct/2006:13:30:25 -0800] "GET /gallery/maps/mapg3220.html HTTP/1.1" 404 322 "http://images.google.com/imgres?imgurl=http://photolab.elmer.uaf.edu/gallery/maps/G3200/large/G3221%2520S12%25201809%2520C661.jpg&imgrefurl=http://photolab.elmer.uaf.edu/gallery/maps/mapg3220.html&h=1200&w=961&sz=244&hl=en&start=18&tbnid=eICm56JWXZgiqM:&tbnh=150&tbnw=120&prev=/images%3Fq%3Dsouthern%2Bhemisphere%2Bmaps%26svnum%3D10%26hl%3Den%26lr%3D%26ie%3DUTF-8%26safe%3Doff%26sa%3DG" "Mozilla/4.0 (compatible; MSIE 6.0; AOL 9.0; Windows NT 5.1; SV1; .NET CLR 1.1.4322; .NET CLR 2.0.50727)"
76.190.16.36 - - [01/Oct/2006:13:30:25 -0800] "GET /index_files/aprbrown.jpg HTTP/1.1" 200 5509 "http://www.alaska.net/~johnd/urban/" "Mozilla/4.0 (compatible; MSIE 6.0; Windows NT 5.1; SV1; .NET CLR 1.1.4322)"
152.163.100.204 - - [01/Oct/2006:13:31:01 -0800] "GET /gallery/maps/mapg3220.html HTTP/1.1" 404 322 "http://images.google.com/imgres?imgurl=http://photolab.elmer.uaf.edu/gallery/maps/G3200/large/G3221%2520S12%25201809%2520C661.jpg&imgrefurl=http://photolab.elmer.uaf.edu/gallery/maps/mapg3220.html&h=1200&w=961&sz=244&hl=en&start=18&tbnid=eICm56JWXZgiqM:&tbnh=150&tbnw=120&prev=/images%3Fq%3Dsouthern%2Bhemisphere%2Bmaps%26svnum%3D10%26hl%3Den%26lr%3D%26ie%3DUTF-8%26safe%3Doff%26sa%3DG" "Mozilla/4.0 (compatible; MSIE 6.0; AOL 9.0; Windows NT 5.1; SV1; .NET CLR 1.1.4322; .NET CLR 2.0.50727)"
152.163.100.139 - - [01/Oct/2006:13:31:04 -0800] "GET /gallery/maps/G3200/large/G3221%20S12%201809%20C661.jpg HTTP/1.1" 404 344 "http://images.google.com/imgres?imgurl=http://photolab.elmer.uaf.edu/gallery/maps/G3200/large/G3221%2520S12%25201809%2520C661.jpg&imgrefurl=http://photolab.elmer.uaf.edu/gallery/maps/mapg3220.html&h=1200&w=961&sz=244&tbnid=eICm56JWXZgiqM:&tbnh=150&tbnw=120&hl=en&prev=/images%3Fq%3Dsouthern%2Bhemisphere%2Bmaps%26svnum%3D10%26hl%3Den%26lr%3D%26ie%3DUTF-8%26safe%3Doff%26sa%3DG&frame=small" "Mozilla/4.0 (compatible; MSIE 6.0; AOL 9.0; Windows NT 5.1; SV1; .NET CLR 1.1.4322; .NET CLR 2.0.50727)"
152.163.100.139 - - [01/Oct/2006:13:31:15 -0800] "GET /gallery/maps/G3200/large/G3221%20S12%201809%20C661.jpg HTTP/1.1" 404 344 "http://images.google.com/imgres?imgurl=http://photolab.elmer.uaf.edu/gallery/maps/G3200/large/G3221%2520S12%25201809%2520C661.jpg&imgrefurl=http://photolab.elmer.uaf.edu/gallery/maps/mapg3220.html&h=1200&w=961&sz=244&tbnid=eICm56JWXZgiqM:&tbnh=150&tbnw=120&hl=en&prev=/images%3Fq%3Dsouthern%2Bhemisphere%2Bmaps%26svnum%3D10%26hl%3Den%26lr%3D%26ie%3DUTF-8%26safe%3Doff%26sa%3DG&frame=small" "Mozilla/4.0 (compatible; MSIE 6.0; AOL 9.0; Windows NT 5.1; SV1; .NET CLR 1.1.4322; .NET CLR 2.0.50727)"
66.249.72.84 - - [01/Oct/2006:13:31:27 -0800] "GET /gallery/photos/19890166/03/pages/1989-0166-00395_print.html HTTP/1.1" 200 1953 "-" "Mozilla/5.0 (compatible; Googlebot/2.1; +http://www.google.com/bot.html)"
74.6.71.229 - - [01/Oct/2006:13:33:12 -0800] "GET /gallery/photos/20020087/6/pages/2002-0087-00608.html HTTP/1.0" 200 1765 "-" "Mozilla/5.0 (compatible; Yahoo! Slurp; http://help.yahoo.com/help/us/ysearch/slurp)"
151.169.1.28 - - [01/Oct/2006:13:35:19 -0800] "GET /gallery/photogallery.html HTTP/1.1" 304 - "-" "Mozilla/4.0 (compatible; MSIE 6.0; Windows NT 5.1; SV1; .NET CLR 1.1.4322)"
151.169.1.28 - - [01/Oct/2006:13:35:31 -0800] "GET /gallery/photos/19750084/16/pages/1975-0084-01606.html HTTP/1.1" 200 2815 "http://photolab.elmer.uaf.edu/gallery/photos/19750084/16/index.html" "Mozilla/4.0 (compatible; MSIE 6.0; Windows NT 5.1; SV1; .NET CLR 1.1.4322)"
151.169.1.28 - - [01/Oct/2006:13:35:31 -0800] "GET /gallery/photos/19750084/16/images/1975-0084-01606.jpg HTTP/1.1" 200 120973 "http://photolab.elmer.uaf.edu/gallery/photos/19750084/16/pages/1975-0084-01606.html" "Mozilla/4.0 (compatible; MSIE 6.0; Windows NT 5.1; SV1; .NET CLR 1.1.4322)"
68.42.88.181 - - [01/Oct/2006:13:35:44 -0800] "GET /index_files/aprbrown.jpg HTTP/1.1" 200 5509 "http://www.alaska.net/~johnd/urban/" "Mozilla/4.0 (compatible; MSIE 6.0; Windows NT 5.1; SV1; .NET CLR 1.1.4322; .NET CLR 2.0.50727)"
72.30.216.12 - - [01/Oct/2006:13:35:53 -0800] "GET /gallery/photos/20050092/pages/2005-0092-00007.html HTTP/1.0" 200 2100 "-" "Mozilla/5.0 (compatible; Yahoo! Slurp; http://help.yahoo.com/help/us/ysearch/slurp)"
216.152.181.248 - - [01/Oct/2006:13:27:09 -0800] "GET /public/Karstens/2003-0187-00004.tif HTTP/1.1" 200 7715000 "-" "Mozilla/4.0 (compatible; MSIE 6.0; Windows NT 5.1; SV1; .NET CLR 1.1.4322)"
72.30.102.209 - - [01/Oct/2006:13:38:18 -0800] "GET /gallery/photos/19940070/1/pages/1994-0070-00161.html HTTP/1.0" 200 5959 "-" "Mozilla/5.0 (compatible; Yahoo! Slurp; http://help.yahoo.com/help/us/ysearch/slurp)"
72.30.226.199 - - [01/Oct/2006:13:38:57 -0800] "GET /gallery/photos/19850072/pages/1985-0072-00010.html HTTP/1.0" 304 - "-" "Mozilla/5.0 (compatible; Yahoo! Slurp; http://help.yahoo.com/help/us/ysearch/slurp)"
