72.14.194.37 - - [01/Oct/2006:07:27:53 -0800] "GET /gallery/panoramas/smalljpegs/1974-0063-00131.jpg HTTP/1.1" 200 29669 "http://photolab.elmer.uaf.edu/gallery/panoramas/panosouthcentral.html" "Mozilla/5.0 (Windows; U; Windows NT 5.1; en-US; rv:1.8.0.7) Gecko/20060909 Firefox/1.5.0.7"
72.14.194.37 - - [01/Oct/2006:07:27:53 -0800] "GET /gallery/panoramas/smalljpegs/1974-0063-00098.jpg HTTP/1.1" 200 29594 "http://photolab.elmer.uaf.edu/gallery/panoramas/panosouthcentral.html" "Mozilla/5.0 (Windows; U; Windows NT 5.1; en-US; rv:1.8.0.7) Gecko/20060909 Firefox/1.5.0.7"
69.66.215.127 - - [01/Oct/2006:07:27:52 -0800] "GET /gallery/panoramas/smalljpegs/1968-0027-00006.jpg HTTP/1.1" 200 41880 "http://photolab.elmer.uaf.edu/gallery/panoramas/panosouthcentral.html" "Mozilla/5.0 (Windows; U; Windows NT 5.1; en-US; rv:1.8.0.7) Gecko/20060909 Firefox/1.5.0.7"
72.14.194.37 - - [01/Oct/2006:07:27:54 -0800] "GET /gallery/panoramas/smalljpegs/1974-0063-00138.jpg HTTP/1.1" 200 29384 "http://photolab.elmer.uaf.edu/gallery/panoramas/panosouthcentral.html" "Mozilla/5.0 (Windows; U; Windows NT 5.1; en-US; rv:1.8.0.7) Gecko/20060909 Firefox/1.5.0.7"
72.14.194.37 - - [01/Oct/2006:07:27:54 -0800] "GET /gallery/panoramas/smalljpegs/1974-0063-00108.jpg HTTP/1.1" 200 30267 "http://photolab.elmer.uaf.edu/gallery/panoramas/panosouthcentral.html" "Mozilla/5.0 (Windows; U; Windows NT 5.1; en-US; rv:1.8.0.7) Gecko/20060909 Firefox/1.5.0.7"
72.14.194.37 - - [01/Oct/2006:07:27:56 -0800] "GET /gallery/panoramas/smalljpegs/1974-0063-00104.jpg HTTP/1.1" 200 31171 "http://photolab.elmer.uaf.edu/gallery/panoramas/panosouthcentral.html" "Mozilla/5.0 (Windows; U; Windows NT 5.1; en-US; rv:1.8.0.7) Gecko/20060909 Firefox/1.5.0.7"
69.66.215.127 - - [01/Oct/2006:07:27:55 -0800] "GET /gallery/panoramas/smalljpegs/1968-0027-00009.jpg HTTP/1.1" 200 32167 "http://photolab.elmer.uaf.edu/gallery/panoramas/panosouthcentral.html" "Mozilla/5.0 (Windows; U; Windows NT 5.1; en-US; rv:1.8.0.7) Gecko/20060909 Firefox/1.5.0.7"
72.14.194.37 - - [01/Oct/2006:07:27:57 -0800] "GET /gallery/panoramas/smalljpegs/1974-0063-00099.jpg HTTP/1.1" 200 34278 "http://photolab.elmer.uaf.edu/gallery/panoramas/panosouthcentral.html" "Mozilla/5.0 (Windows; U; Windows NT 5.1; en-US; rv:1.8.0.7) Gecko/20060909 Firefox/1.5.0.7"
69.66.215.127 - - [01/Oct/2006:07:27:56 -0800] "GET /gallery/panoramas/smalljpegs/1968-0027-00012.jpg HTTP/1.1" 200 31339 "http://photolab.elmer.uaf.edu/gallery/panoramas/panosouthcentral.html" "Mozilla/5.0 (Windows; U; Windows NT 5.1; en-US; rv:1.8.0.7) Gecko/20060909 Firefox/1.5.0.7"
72.14.194.37 - - [01/Oct/2006:07:27:58 -0800] "GET /gallery/panoramas/smalljpegs/1974-0063-00100.jpg HTTP/1.1" 200 37133 "http://photolab.elmer.uaf.edu/gallery/panoramas/panosouthcentral.html" "Mozilla/5.0 (Windows; U; Windows NT 5.1; en-US; rv:1.8.0.7) Gecko/20060909 Firefox/1.5.0.7"
69.66.215.127 - - [01/Oct/2006:07:27:59 -0800] "GET /gallery/panoramas/smalljpegs/1968-0027-00020.jpg HTTP/1.1" 200 35048 "http://photolab.elmer.uaf.edu/gallery/panoramas/panosouthcentral.html" "Mozilla/5.0 (Windows; U; Windows NT 5.1; en-US; rv:1.8.0.7) Gecko/20060909 Firefox/1.5.0.7"
72.14.194.37 - - [01/Oct/2006:07:27:58 -0800] "GET /gallery/panoramas/images/1964-0075-00301.jpg HTTP/1.1" 200 75469 "http://photolab.elmer.uaf.edu/gallery/panoramas/panosouthcentral.html" "Mozilla/5.0 (Windows; U; Windows NT 5.1; en-US; rv:1.8.0.7) Gecko/20060909 Firefox/1.5.0.7"
69.66.215.127 - - [01/Oct/2006:07:27:59 -0800] "GET /gallery/panoramas/smalljpegs/1968-0027-00022.jpg HTTP/1.1" 200 34302 "http://photolab.elmer.uaf.edu/gallery/panoramas/panosouthcentral.html" "Mozilla/5.0 (Windows; U; Windows NT 5.1; en-US; rv:1.8.0.7) Gecko/20060909 Firefox/1.5.0.7"
69.66.215.127 - - [01/Oct/2006:07:28:02 -0800] "GET /index_files/small.jpg HTTP/1.1" 200 2294 "http://photolab.elmer.uaf.edu/gallery/panoramas/panosouthcentral.html" "Mozilla/5.0 (Windows; U; Windows NT 5.1; en-US; rv:1.8.0.7) Gecko/20060909 Firefox/1.5.0.7"
69.66.215.127 - - [01/Oct/2006:07:28:02 -0800] "GET /index_files/small_002.jpg HTTP/1.1" 200 1351 "http://photolab.elmer.uaf.edu/gallery/panoramas/panosouthcentral.html" "Mozilla/5.0 (Windows; U; Windows NT 5.1; en-US; rv:1.8.0.7) Gecko/20060909 Firefox/1.5.0.7"
69.66.215.127 - - [01/Oct/2006:07:28:03 -0800] "GET /index_files/small_003.jpg HTTP/1.1" 200 1521 "http://photolab.elmer.uaf.edu/gallery/panoramas/panosouthcentral.html" "Mozilla/5.0 (Windows; U; Windows NT 5.1; en-US; rv:1.8.0.7) Gecko/20060909 Firefox/1.5.0.7"
69.66.215.127 - - [01/Oct/2006:07:28:03 -0800] "GET /gallery/panoramas/smalljpegs/1974-0027-00699.jpg HTTP/1.1" 200 31581 "http://photolab.elmer.uaf.edu/gallery/panoramas/panosouthcentral.html" "Mozilla/5.0 (Windows; U; Windows NT 5.1; en-US; rv:1.8.0.7) Gecko/20060909 Firefox/1.5.0.7"
69.66.215.127 - - [01/Oct/2006:07:28:03 -0800] "GET /gallery/panoramas/smalljpegs/1974-0012-00005.jpg HTTP/1.1" 200 36584 "http://photolab.elmer.uaf.edu/gallery/panoramas/panosouthcentral.html" "Mozilla/5.0 (Windows; U; Windows NT 5.1; en-US; rv:1.8.0.7) Gecko/20060909 Firefox/1.5.0.7"
69.66.215.127 - - [01/Oct/2006:07:28:05 -0800] "GET /index_files/ahs.jpg HTTP/1.1" 200 19341 "http://photolab.elmer.uaf.edu/gallery/panoramas/panosouthcentral.html" "Mozilla/5.0 (Windows; U; Windows NT 5.1; en-US; rv:1.8.0.7) Gecko/20060909 Firefox/1.5.0.7"
69.66.215.127 - - [01/Oct/2006:07:28:05 -0800] "GET /gallery/panoramas/smalljpegs/1988-0051-00001.jpg HTTP/1.1" 200 33336 "http://photolab.elmer.uaf.edu/gallery/panoramas/panosouthcentral.html" "Mozilla/5.0 (Windows; U; Windows NT 5.1; en-US; rv:1.8.0.7) Gecko/20060909 Firefox/1.5.0.7"
69.66.215.127 - - [01/Oct/2006:07:28:06 -0800] "GET /gallery/panoramas/smalljpegs/2004-0036-00001.jpg HTTP/1.1" 200 36165 "http://photolab.elmer.uaf.edu/gallery/panoramas/panosouthcentral.html" "Mozilla/5.0 (Windows; U; Windows NT 5.1; en-US; rv:1.8.0.7) Gecko/20060909 Firefox/1.5.0.7"
69.66.215.127 - - [01/Oct/2006:07:28:07 -0800] "GET /gallery/panoramas/smalljpegs/1974-0012-00007.jpg HTTP/1.1" 200 35993 "http://photolab.elmer.uaf.edu/gallery/panoramas/panosouthcentral.html" "Mozilla/5.0 (Windows; U; Windows NT 5.1; en-US; rv:1.8.0.7) Gecko/20060909 Firefox/1.5.0.7"
69.66.215.127 - - [01/Oct/2006:07:28:08 -0800] "GET /gallery/panoramas/smalljpegs/1974-0012-00006.jpg HTTP/1.1" 200 39207 "http://photolab.elmer.uaf.edu/gallery/panoramas/panosouthcentral.html" "Mozilla/5.0 (Windows; U; Windows NT 5.1; en-US; rv:1.8.0.7) Gecko/20060909 Firefox/1.5.0.7"
69.66.215.127 - - [01/Oct/2006:07:28:08 -0800] "GET /gallery/panoramas/smalljpegs/1974-0063-00128.jpg HTTP/1.1" 200 29557 "http://photolab.elmer.uaf.edu/gallery/panoramas/panosouthcentral.html" "Mozilla/5.0 (Windows; U; Windows NT 5.1; en-US; rv:1.8.0.7) Gecko/20060909 Firefox/1.5.0.7"
69.66.215.127 - - [01/Oct/2006:07:28:10 -0800] "GET /gallery/panoramas/smalljpegs/1974-0063-00098.jpg HTTP/1.1" 200 29594 "http://photolab.elmer.uaf.edu/gallery/panoramas/panosouthcentral.html" "Mozilla/5.0 (Windows; U; Windows NT 5.1; en-US; rv:1.8.0.7) Gecko/20060909 Firefox/1.5.0.7"
69.66.215.127 - - [01/Oct/2006:07:28:10 -0800] "GET /gallery/panoramas/smalljpegs/1974-0063-00140.jpg HTTP/1.1" 200 29967 "http://photolab.elmer.uaf.edu/gallery/panoramas/panosouthcentral.html" "Mozilla/5.0 (Windows; U; Windows NT 5.1; en-US; rv:1.8.0.7) Gecko/20060909 Firefox/1.5.0.7"
69.66.215.127 - - [01/Oct/2006:07:28:11 -0800] "GET /gallery/panoramas/smalljpegs/1988-0051-00017.jpg HTTP/1.1" 200 27840 "http://photolab.elmer.uaf.edu/gallery/panoramas/panosouthcentral.html" "Mozilla/5.0 (Windows; U; Windows NT 5.1; en-US; rv:1.8.0.7) Gecko/20060909 Firefox/1.5.0.7"
69.66.215.127 - - [01/Oct/2006:07:28:11 -0800] "GET /gallery/panoramas/smalljpegs/1974-0063-00138.jpg HTTP/1.1" 200 29384 "http://photolab.elmer.uaf.edu/gallery/panoramas/panosouthcentral.html" "Mozilla/5.0 (Windows; U; Windows NT 5.1; en-US; rv:1.8.0.7) Gecko/20060909 Firefox/1.5.0.7"
69.66.215.127 - - [01/Oct/2006:07:28:20 -0800] "GET /gallery/panoramas/smalljpegs/1974-0063-00108.jpg HTTP/1.1" 206 2855 "http://photolab.elmer.uaf.edu/gallery/panoramas/panosouthcentral.html" "Mozilla/5.0 (Windows; U; Windows NT 5.1; en-US; rv:1.8.0.7) Gecko/20060909 Firefox/1.5.0.7"
72.14.194.37 - - [01/Oct/2006:07:28:20 -0800] "GET /gallery/panoramas/smalljpegs/1974-0063-00113.jpg HTTP/1.1" 200 36635 "http://photolab.elmer.uaf.edu/gallery/panoramas/panosouthcentral.html" "Mozilla/5.0 (Windows; U; Windows NT 5.1; en-US; rv:1.8.0.7) Gecko/20060909 Firefox/1.5.0.7"
72.14.194.37 - - [01/Oct/2006:07:28:20 -0800] "GET /gallery/panoramas/smalljpegs/1974-0063-00102.jpg HTTP/1.1" 200 33564 "http://photolab.elmer.uaf.edu/gallery/panoramas/panosouthcentral.html" "Mozilla/5.0 (Windows; U; Windows NT 5.1; en-US; rv:1.8.0.7) Gecko/20060909 Firefox/1.5.0.7"
69.66.215.127 - - [01/Oct/2006:07:28:20 -0800] "GET /gallery/panoramas/smalljpegs/1974-0063-00104.jpg HTTP/1.1" 206 14787 "http://photolab.elmer.uaf.edu/gallery/panoramas/panosouthcentral.html" "Mozilla/5.0 (Windows; U; Windows NT 5.1; en-US; rv:1.8.0.7) Gecko/20060909 Firefox/1.5.0.7"
72.14.194.37 - - [01/Oct/2006:07:28:20 -0800] "GET /gallery/panoramas/smalljpegs/2004-0036-00002.jpg HTTP/1.1" 200 33200 "http://photolab.elmer.uaf.edu/gallery/panoramas/panosouthcentral.html" "Mozilla/5.0 (Windows; U; Windows NT 5.1; en-US; rv:1.8.0.7) Gecko/20060909 Firefox/1.5.0.7"
72.14.194.37 - - [01/Oct/2006:07:28:21 -0800] "GET /index_files/bluebear.gif HTTP/1.1" 200 1263 "http://photolab.elmer.uaf.edu/gallery/panoramas/panosouthcentral.html" "Mozilla/5.0 (Windows; U; Windows NT 5.1; en-US; rv:1.8.0.7) Gecko/20060909 Firefox/1.5.0.7"
72.14.194.37 - - [01/Oct/2006:07:28:21 -0800] "GET /index_files/sitemap.gif HTTP/1.1" 200 1503 "http://photolab.elmer.uaf.edu/gallery/panoramas/panosouthcentral.html" "Mozilla/5.0 (Windows; U; Windows NT 5.1; en-US; rv:1.8.0.7) Gecko/20060909 Firefox/1.5.0.7"
66.249.72.84 - - [01/Oct/2006:07:29:03 -0800] "GET /gallery/photos/19680069/25/index_3.html HTTP/1.1" 200 7253 "-" "Mozilla/5.0 (compatible; Googlebot/2.1; +http://www.google.com/bot.html)"
72.14.194.37 - - [01/Oct/2006:07:29:11 -0800] "GET /gallery/panoramas/images/1968-0027-00007.jpg HTTP/1.1" 200 81406 "http://photolab.elmer.uaf.edu/gallery/panoramas/panosouthcentral.html" "Mozilla/5.0 (Windows; U; Windows NT 5.1; en-US; rv:1.8.0.7) Gecko/20060909 Firefox/1.5.0.7"
72.14.194.37 - - [01/Oct/2006:07:29:46 -0800] "GET /gallery/panoramas/images/1964-0075-00306.jpg HTTP/1.1" 200 107924 "http://photolab.elmer.uaf.edu/gallery/panoramas/panosouthcentral.html" "Mozilla/5.0 (Windows; U; Windows NT 5.1; en-US; rv:1.8.0.7) Gecko/20060909 Firefox/1.5.0.7"
72.14.194.37 - - [01/Oct/2006:07:29:47 -0800] "GET /gallery/panoramas/images/1964-0075-00306.jpg HTTP/1.1" 200 107924 "http://photolab.elmer.uaf.edu/gallery/panoramas/panosouthcentral.html" "Mozilla/5.0 (Windows; U; Windows NT 5.1; en-US; rv:1.8.0.7) Gecko/20060909 Firefox/1.5.0.7"
72.14.194.37 - - [01/Oct/2006:07:30:09 -0800] "GET /gallery/panoramas/images/1968-0027-00023.jpg HTTP/1.1" 200 100709 "http://photolab.elmer.uaf.edu/gallery/panoramas/panosouthcentral.html" "Mozilla/5.0 (Windows; U; Windows NT 5.1; en-US; rv:1.8.0.7) Gecko/20060909 Firefox/1.5.0.7"
72.14.194.37 - - [01/Oct/2006:07:30:09 -0800] "GET /gallery/panoramas/images/1968-0027-00023.jpg HTTP/1.1" 200 100709 "http://photolab.elmer.uaf.edu/gallery/panoramas/panosouthcentral.html" "Mozilla/5.0 (Windows; U; Windows NT 5.1; en-US; rv:1.8.0.7) Gecko/20060909 Firefox/1.5.0.7"
72.14.194.37 - - [01/Oct/2006:07:30:09 -0800] "GET /gallery/panoramas/images/1988-0051-00001.jpg HTTP/1.1" 200 108499 "http://photolab.elmer.uaf.edu/gallery/panoramas/panosouthcentral.html" "Mozilla/5.0 (Windows; U; Windows NT 5.1; en-US; rv:1.8.0.7) Gecko/20060909 Firefox/1.5.0.7"
72.14.194.37 - - [01/Oct/2006:07:30:09 -0800] "GET /gallery/panoramas/images/1988-0051-00001.jpg HTTP/1.1" 200 108499 "http://photolab.elmer.uaf.edu/gallery/panoramas/panosouthcentral.html" "Mozilla/5.0 (Windows; U; Windows NT 5.1; en-US; rv:1.8.0.7) Gecko/20060909 Firefox/1.5.0.7"
72.14.194.37 - - [01/Oct/2006:07:30:10 -0800] "GET /gallery/panoramas/images/1968-0027-00021.jpg HTTP/1.1" 200 74066 "http://photolab.elmer.uaf.edu/gallery/panoramas/panosouthcentral.html" "Mozilla/5.0 (Windows; U; Windows NT 5.1; en-US; rv:1.8.0.7) Gecko/20060909 Firefox/1.5.0.7"
72.14.194.37 - - [01/Oct/2006:07:30:10 -0800] "GET /gallery/panoramas/images/1968-0027-00021.jpg HTTP/1.1" 200 74066 "http://photolab.elmer.uaf.edu/gallery/panoramas/panosouthcentral.html" "Mozilla/5.0 (Windows; U; Windows NT 5.1; en-US; rv:1.8.0.7) Gecko/20060909 Firefox/1.5.0.7"
72.14.194.37 - - [01/Oct/2006:07:30:10 -0800] "GET /gallery/panoramas/images/1988-0051-00001.jpg HTTP/1.1" 200 108499 "http://photolab.elmer.uaf.edu/gallery/panoramas/panosouthcentral.html" "Mozilla/5.0 (Windows; U; Windows NT 5.1; en-US; rv:1.8.0.7) Gecko/20060909 Firefox/1.5.0.7"
72.14.194.37 - - [01/Oct/2006:07:30:38 -0800] "GET /gallery/panoramas/images/1968-0027-00024.jpg HTTP/1.1" 200 88760 "http://photolab.elmer.uaf.edu/gallery/panoramas/panosouthcentral.html" "Mozilla/5.0 (Windows; U; Windows NT 5.1; en-US; rv:1.8.0.7) Gecko/20060909 Firefox/1.5.0.7"
72.14.194.37 - - [01/Oct/2006:07:30:58 -0800] "GET /gallery/panoramas/images/1964-0075-00311.jpg HTTP/1.1" 200 81514 "http://photolab.elmer.uaf.edu/gallery/panoramas/panosouthcentral.html" "Mozilla/5.0 (Windows; U; Windows NT 5.1; en-US; rv:1.8.0.7) Gecko/20060909 Firefox/1.5.0.7"
72.14.194.37 - - [01/Oct/2006:07:30:58 -0800] "GET /gallery/panoramas/images/1964-0075-00311.jpg HTTP/1.1" 200 81514 "http://photolab.elmer.uaf.edu/gallery/panoramas/panosouthcentral.html" "Mozilla/5.0 (Windows; U; Windows NT 5.1; en-US; rv:1.8.0.7) Gecko/20060909 Firefox/1.5.0.7"
69.66.215.127 - - [01/Oct/2006:07:30:59 -0800] "GET /gallery/panoramas/images/1964-0075-00311.jpg HTTP/1.1" 200 81514 "http://photolab.elmer.uaf.edu/gallery/panoramas/panosouthcentral.html" "Mozilla/5.0 (Windows; U; Windows NT 5.1; en-US; rv:1.8.0.7) Gecko/20060909 Firefox/1.5.0.7"
74.6.74.46 - - [01/Oct/2006:07:32:02 -0800] "GET /gallery/photos/19740130/pages/1974-0130-00036.html HTTP/1.0" 200 1754 "-" "Mozilla/5.0 (compatible; Yahoo! Slurp; http://help.yahoo.com/help/us/ysearch/slurp)"
72.14.194.37 - - [01/Oct/2006:07:32:04 -0800] "GET /gallery/panoramas/images/1968-0027-00015.jpg HTTP/1.1" 200 124898 "http://photolab.elmer.uaf.edu/gallery/panoramas/panosouthcentral.html" "Mozilla/5.0 (Windows; U; Windows NT 5.1; en-US; rv:1.8.0.7) Gecko/20060909 Firefox/1.5.0.7"
69.66.215.127 - - [01/Oct/2006:07:32:05 -0800] "GET /gallery/panoramas/images/1968-0027-00015.jpg HTTP/1.1" 200 124898 "http://photolab.elmer.uaf.edu/gallery/panoramas/panosouthcentral.html" "Mozilla/5.0 (Windows; U; Windows NT 5.1; en-US; rv:1.8.0.7) Gecko/20060909 Firefox/1.5.0.7"
66.249.72.84 - - [01/Oct/2006:07:34:56 -0800] "GET /gallery/photos/20030136/0/index.html HTTP/1.1" 200 7069 "-" "Mozilla/5.0 (compatible; Googlebot/2.1; +http://www.google.com/bot.html)"
74.6.70.176 - - [01/Oct/2006:07:36:03 -0800] "GET /gallery/photos/20030136/0/index_3.html HTTP/1.0" 304 - "-" "Mozilla/5.0 (compatible; Yahoo! Slurp; http://help.yahoo.com/help/us/ysearch/slurp)"
217.117.48.67 - - [01/Oct/2006:07:36:44 -0800] "GET /gallery/maps/mapg3200.html HTTP/1.1" 404 322 "http://images.google.be/imgres?imgurl=http://photolab.elmer.uaf.edu/gallery/maps/G3200/large/G3200%25201755%2520B43.jpg&imgrefurl=http://photolab.elmer.uaf.edu/gallery/maps/mapg3200.html&h=805&w=1200&sz=203&hl=fr&start=15&tbnid=AqkPyBDAS2xVzM:&tbnh=101&tbnw=150&prev=/images%3Fq%3Dcarte%2Bdu%2Bglobe%2Bterrestre%26svnum%3D10%26hl%3Dfr%26lr%3D%26sa%3DN" "Mozilla/4.0 (compatible; MSIE 6.0; Windows NT 5.1; SV1)"
217.117.48.67 - - [01/Oct/2006:07:36:46 -0800] "GET /gallery/maps/mapg3200.html HTTP/1.1" 404 322 "http://images.google.be/imgres?imgurl=http://photolab.elmer.uaf.edu/gallery/maps/G3200/large/G3200%25201755%2520B43.jpg&imgrefurl=http://photolab.elmer.uaf.edu/gallery/maps/mapg3200.html&h=805&w=1200&sz=203&hl=fr&start=15&tbnid=AqkPyBDAS2xVzM:&tbnh=101&tbnw=150&prev=/images%3Fq%3Dcarte%2Bdu%2Bglobe%2Bterrestre%26svnum%3D10%26hl%3Dfr%26lr%3D%26sa%3DN" "Mozilla/4.0 (compatible; MSIE 6.0; Windows NT 5.1; SV1)"
68.147.55.155 - - [01/Oct/2006:07:40:02 -0800] "GET /gallery/panoramas/images/1964-0075-00316.jpg HTTP/1.1" 200 106091 "-" "Mozilla/3.0 (compatible; Indy Library)"
68.147.55.155 - - [01/Oct/2006:07:40:02 -0800] "GET /gallery/panoramas/images/1974-0012-00002.jpg HTTP/1.1" 200 183504 "-" "Mozilla/3.0 (compatible; Indy Library)"
66.249.72.84 - - [01/Oct/2006:07:41:33 -0800] "GET /gallery/photos/19680069/25/pages/1968-0069-02537.html HTTP/1.1" 200 1769 "-" "Mozilla/5.0 (compatible; Googlebot/2.1; +http://www.google.com/bot.html)"
207.46.98.86 - - [01/Oct/2006:07:42:05 -0800] "GET /gallery/photos/19930194/0/pages/1993-0194-00081.htm HTTP/1.0" 200 1885 "-" "msnbot/1.0 (+http://search.msn.com/msnbot.htm)"
207.46.98.86 - - [01/Oct/2006:07:44:00 -0800] "GET /gallery/photos/20040066/0/pages/2004-0066-00035.html HTTP/1.0" 200 1884 "-" "msnbot/1.0 (+http://search.msn.com/msnbot.htm)"
68.147.55.155 - - [01/Oct/2006:07:44:12 -0800] "GET /gallery/panoramas/images/1964-0075-00304.jpg HTTP/1.1" 200 95116 "-" "Mozilla/3.0 (compatible; Indy Library)"
68.147.55.155 - - [01/Oct/2006:07:44:14 -0800] "GET /gallery/panoramas/images/1964-0075-00311.jpg HTTP/1.1" 200 81514 "-" "Mozilla/3.0 (compatible; Indy Library)"
68.147.55.155 - - [01/Oct/2006:07:44:49 -0800] "GET /gallery/panoramas/images/2004-0036-00001.jpg HTTP/1.1" 200 106548 "-" "Mozilla/3.0 (compatible; Indy Library)"
207.46.98.86 - - [01/Oct/2006:07:46:15 -0800] "GET /gallery/photos/19890166/08/pages/1989-0166-00597a_print.html HTTP/1.0" 200 1961 "-" "msnbot/1.0 (+http://search.msn.com/msnbot.htm)"
74.6.71.70 - - [01/Oct/2006:07:49:48 -0800] "GET /gallery/photos/20030063/1/pages/2003-0063-00121.html HTTP/1.0" 200 1758 "-" "Mozilla/5.0 (compatible; Yahoo! Slurp; http://help.yahoo.com/help/us/ysearch/slurp)"
207.46.98.85 - - [01/Oct/2006:07:52:59 -0800] "GET /gallery/photos/20020087/2/pages/2002-0087-00256.html HTTP/1.0" 200 1767 "-" "msnbot/1.0 (+http://search.msn.com/msnbot.htm)"
207.46.98.86 - - [01/Oct/2006:07:53:15 -0800] "GET /gallery/photos/19910046/07/pages/1991-0046-00701.html HTTP/1.0" 200 1758 "-" "msnbot/1.0 (+http://search.msn.com/msnbot.htm)"
66.249.72.84 - - [01/Oct/2006:07:54:04 -0800] "GET /gallery/photos/19680069/25/pages/1968-0069-02538.html HTTP/1.1" 200 1769 "-" "Mozilla/5.0 (compatible; Googlebot/2.1; +http://www.google.com/bot.html)"
207.46.98.86 - - [01/Oct/2006:07:54:10 -0800] "GET /gallery/photos/20010129/2/pages/2001-0129-00218.html HTTP/1.0" 200 1762 "-" "msnbot/1.0 (+http://search.msn.com/msnbot.htm)"
207.46.98.86 - - [01/Oct/2006:07:54:30 -0800] "GET /gallery/photos/20030174/0/pages/2003-0174-00034.html HTTP/1.0" 200 1880 "-" "msnbot/1.0 (+http://search.msn.com/msnbot.htm)"
207.46.98.85 - - [01/Oct/2006:07:54:32 -0800] "GET /gallery/photos/19890166/12/index_7.html HTTP/1.0" 200 6590 "-" "msnbot/1.0 (+http://search.msn.com/msnbot.htm)"
72.30.129.150 - - [01/Oct/2006:07:54:59 -0800] "GET /gallery/photos/19680041/1/pages/1968-0041-00156.htm HTTP/1.0" 200 1889 "-" "Mozilla/5.0 (compatible; Yahoo! Slurp; http://help.yahoo.com/help/us/ysearch/slurp)"
72.30.103.7 - - [01/Oct/2006:07:55:07 -0800] "GET /gallery/photos/20030163/pages/2003-0163-00029m.html HTTP/1.0" 200 1870 "-" "Mozilla/5.0 (compatible; Yahoo! Slurp; http://help.yahoo.com/help/us/ysearch/slurp)"
207.46.98.86 - - [01/Oct/2006:07:55:24 -0800] "GET /gallery/photos/20040014/0/pages/2004-0014-00068.html HTTP/1.0" 200 1866 "-" "msnbot/1.0 (+http://search.msn.com/msnbot.htm)"
207.46.98.86 - - [01/Oct/2006:07:56:05 -0800] "GET /gallery/photos/19690092/4/pages/1969-0092-00429.html HTTP/1.0" 200 1765 "-" "msnbot/1.0 (+http://search.msn.com/msnbot.htm)"
207.46.98.85 - - [01/Oct/2006:07:56:31 -0800] "GET /gallery/photos/20030129/1/pages/2003-0129-00149.html HTTP/1.0" 200 1769 "-" "msnbot/1.0 (+http://search.msn.com/msnbot.htm)"
207.46.98.85 - - [01/Oct/2006:07:56:32 -0800] "GET /gallery/photos/20020087/2/pages/2002-0087-00254.html HTTP/1.0" 200 1767 "-" "msnbot/1.0 (+http://search.msn.com/msnbot.htm)"
71.242.159.44 - - [01/Oct/2006:07:56:37 -0800] "GET /gallery/maps/mapg3300.html HTTP/1.1" 404 322 "http://images.google.com/imgres?imgurl=http://photolab.elmer.uaf.edu/gallery/maps/G3300/large/G3300%2520%255B1786_%255D%2520B691.jpg&imgrefurl=http://photolab.elmer.uaf.edu/gallery/maps/mapg3300.html&h=943&w=1200&sz=264&hl=en&start=3&tbnid=cQBYogs4LLANKM:&tbnh=118&tbnw=150&prev=/images%3Fq%3Dcolonies%2Bof%2BNorth%2BAmerica%26svnum%3D10%26hl%3Den%26lr%3D" "Mozilla/4.0 (compatible; MSIE 6.0; Windows NT 5.1; SV1; .NET CLR 1.0.3705; .NET CLR 1.1.4322; Media Center PC 4.0)"
71.242.159.44 - - [01/Oct/2006:07:56:38 -0800] "GET /gallery/maps/mapg3300.html HTTP/1.1" 404 322 "http://images.google.com/imgres?imgurl=http://photolab.elmer.uaf.edu/gallery/maps/G3300/large/G3300%2520%255B1786_%255D%2520B691.jpg&imgrefurl=http://photolab.elmer.uaf.edu/gallery/maps/mapg3300.html&h=943&w=1200&sz=264&hl=en&start=3&tbnid=cQBYogs4LLANKM:&tbnh=118&tbnw=150&prev=/images%3Fq%3Dcolonies%2Bof%2BNorth%2BAmerica%26svnum%3D10%26hl%3Den%26lr%3D" "Mozilla/4.0 (compatible; MSIE 6.0; Windows NT 5.1; SV1; .NET CLR 1.0.3705; .NET CLR 1.1.4322; Media Center PC 4.0)"
74.6.74.78 - - [01/Oct/2006:07:57:40 -0800] "GET /gallery/photos/20030183/pages/2003-0183-00003.html HTTP/1.0" 200 1868 "-" "Mozilla/5.0 (compatible; Yahoo! Slurp; http://help.yahoo.com/help/us/ysearch/slurp)"
72.30.177.246 - - [01/Oct/2006:07:58:45 -0800] "GET /gallery/photos/19940070/2/pages/1994-0070-00289.html HTTP/1.0" 200 5917 "-" "Mozilla/5.0 (compatible; Yahoo! Slurp; http://help.yahoo.com/help/us/ysearch/slurp)"
24.45.196.225 - - [01/Oct/2006:08:02:51 -0800] "GET /gallery/photos/19640074/images/1964-0074-00152.jpg HTTP/1.1" 200 80706 "-" "Mozilla/5.0 (Windows; U; Windows NT 5.1; en-US; rv:1.8.0.6) Gecko/20060728 Firefox/1.5.0.6"
74.6.74.47 - - [01/Oct/2006:08:06:19 -0800] "GET /gallery/photos/19950244/00/index_2.html HTTP/1.0" 200 7230 "-" "Mozilla/5.0 (compatible; Yahoo! Slurp; http://help.yahoo.com/help/us/ysearch/slurp)"
66.249.72.84 - - [01/Oct/2006:08:06:34 -0800] "GET /gallery/photos/19680069/25/pages/1968-0069-02540.html HTTP/1.1" 200 1769 "-" "Mozilla/5.0 (compatible; Googlebot/2.1; +http://www.google.com/bot.html)"
72.30.98.28 - - [01/Oct/2006:08:12:46 -0800] "GET /gallery/photos/20010129/3/pages/2001-0129-00301.html HTTP/1.0" 304 - "-" "Mozilla/5.0 (compatible; Yahoo! Slurp; http://help.yahoo.com/help/us/ysearch/slurp)"
74.6.73.233 - - [01/Oct/2006:08:17:28 -0800] "GET /gallery/photos/20040014/1 HTTP/1.0" 301 362 "-" "Mozilla/5.0 (compatible; Yahoo! Slurp; http://help.yahoo.com/help/us/ysearch/slurp)"
74.6.73.233 - - [01/Oct/2006:08:17:28 -0800] "GET /gallery/photos/20040014/1/ HTTP/1.0" 200 6804 "-" "Mozilla/5.0 (compatible; Yahoo! Slurp; http://help.yahoo.com/help/us/ysearch/slurp)"
72.53.13.109 - - [01/Oct/2006:08:18:23 -0800] "GET /gallery/maps/G3200/large/G3200%20%5B1652_%5D%20V571.jpg HTTP/1.1" 404 343 "-" "Mozilla/5.0 (Windows; U; Windows NT 5.1; en-US; rv:1.8.0.7) Gecko/20060909 Firefox/1.5.0.7"
72.53.13.109 - - [01/Oct/2006:08:18:40 -0800] "GET /gallery/maps/G3200/large/G3200%20%5B1652_%5D%20V571.jpg HTTP/1.1" 404 343 "-" "Mozilla/5.0 (Windows; U; Windows NT 5.1; en-US; rv:1.8.0.7) Gecko/20060909 Firefox/1.5.0.7"
66.249.72.84 - - [01/Oct/2006:08:19:03 -0800] "GET /gallery/photos/19680069/25/pages/1968-0069-02539.html HTTP/1.1" 200 1769 "-" "Mozilla/5.0 (compatible; Googlebot/2.1; +http://www.google.com/bot.html)"
74.6.70.118 - - [01/Oct/2006:08:20:19 -0800] "GET /gallery/photos/20030109/3/pages/2003-0109-00301.html HTTP/1.0" 200 1754 "-" "Mozilla/5.0 (compatible; Yahoo! Slurp; http://help.yahoo.com/help/us/ysearch/slurp)"
216.211.67.94 - - [01/Oct/2006:08:21:58 -0800] "GET /gallery/maps/mapg3270b.html HTTP/1.1" 404 323 "http://images.google.com/imgres?imgurl=http://photolab.elmer.uaf.edu/gallery/maps/G3200/large/G3270%2520%255B1860%255D%2520B521.jpg&imgrefurl=http://photolab.elmer.uaf.edu/gallery/maps/mapg3270b.html&h=1200&w=815&sz=179&hl=en&start=2&tbnid=QuUZ5gqtXyINjM:&tbnh=150&tbnw=102&prev=/images%3Fq%3Dvancouver%2Bisland%2Bhistorical%2Bmaps%26ndsp%3D18%26svnum%3D10%26hl%3Den%26lr%3D%26rls%3DRNWE,RNWE:2005-03,RNWE:en%26sa%3DN" "Mozilla/4.0 (compatible; MSIE 6.0; Windows 98; .NET CLR 1.1.4322)"
216.211.67.94 - - [01/Oct/2006:08:21:59 -0800] "GET /gallery/maps/G3200/large/G3270%20%5B1860%5D%20B521.jpg HTTP/1.1" 404 342 "http://images.google.com/imgres?imgurl=http://photolab.elmer.uaf.edu/gallery/maps/G3200/large/G3270%2520%255B1860%255D%2520B521.jpg&imgrefurl=http://photolab.elmer.uaf.edu/gallery/maps/mapg3270b.html&h=1200&w=815&sz=179&tbnid=QuUZ5gqtXyINjM:&tbnh=150&tbnw=102&hl=en&prev=/images%3Fq%3Dvancouver%2Bisland%2Bhistorical%2Bmaps%26ndsp%3D18%26svnum%3D10%26hl%3Den%26lr%3D%26rls%3DRNWE,RNWE:2005-03,RNWE:en%26sa%3DN&frame=small" "Mozilla/4.0 (compatible; MSIE 6.0; Windows 98; .NET CLR 1.1.4322)"
216.211.67.94 - - [01/Oct/2006:08:22:03 -0800] "GET /gallery/maps/mapg3270b.html HTTP/1.1" 404 323 "http://images.google.com/imgres?imgurl=http://photolab.elmer.uaf.edu/gallery/maps/G3200/large/G3270%2520%255B1860%255D%2520B521.jpg&imgrefurl=http://photolab.elmer.uaf.edu/gallery/maps/mapg3270b.html&h=1200&w=815&sz=179&hl=en&start=2&tbnid=QuUZ5gqtXyINjM:&tbnh=150&tbnw=102&prev=/images%3Fq%3Dvancouver%2Bisland%2Bhistorical%2Bmaps%26ndsp%3D18%26svnum%3D10%26hl%3Den%26lr%3D%26rls%3DRNWE,RNWE:2005-03,RNWE:en%26sa%3DN" "Mozilla/4.0 (compatible; MSIE 6.0; Windows 98; .NET CLR 1.1.4322)"
72.30.98.30 - - [01/Oct/2006:08:23:42 -0800] "GET /gallery/photos/19880041/2/pages/1988-0041-00201.htm HTTP/1.0" 200 1721 "-" "Mozilla/5.0 (compatible; Yahoo! Slurp; http://help.yahoo.com/help/us/ysearch/slurp)"
72.30.135.219 - - [01/Oct/2006:08:29:32 -0800] "GET /robots.txt HTTP/1.0" 200 96 "-" "Mozilla/5.0 (compatible; Yahoo! Slurp; http://help.yahoo.com/help/us/ysearch/slurp)"
72.30.111.8 - - [01/Oct/2006:08:29:33 -0800] "GET /gallery/photos/19940070/3/pages/1994-0070-00363.html HTTP/1.0" 200 5959 "-" "Mozilla/5.0 (compatible; Yahoo! Slurp; http://help.yahoo.com/help/us/ysearch/slurp)"
207.46.98.85 - - [01/Oct/2006:08:30:12 -0800] "GET /gallery/photos/19800068/0/pages/1980-0068-00079.html HTTP/1.0" 200 1860 "-" "msnbot/1.0 (+http://search.msn.com/msnbot.htm)"
66.249.72.84 - - [01/Oct/2006:08:31:33 -0800] "GET /gallery/photos/19680069/25/pages/1968-0069-02541.html HTTP/1.1" 200 1769 "-" "Mozilla/5.0 (compatible; Googlebot/2.1; +http://www.google.com/bot.html)"
71.15.41.132 - - [01/Oct/2006:08:31:53 -0800] "GET /index_files/aprbrown.jpg HTTP/1.1" 200 5509 "http://www.alaska.net/~johnd/urban/" "Mozilla/4.0 (compatible; MSIE 6.0; Windows NT 5.1; SV1; .NET CLR 1.1.4322; .NET CLR 2.0.50727; InfoPath.1)"
74.6.68.115 - - [01/Oct/2006:08:31:59 -0800] "GET /gallery/photos/19880041/2/pages/1988-0041-00217.htm HTTP/1.0" 200 1879 "-" "Mozilla/5.0 (compatible; Yahoo! Slurp; http://help.yahoo.com/help/us/ysearch/slurp)"
88.161.187.238 - - [01/Oct/2006:08:33:22 -0800] "GET /gallery/maps/mapg3200.html HTTP/1.1" 404 322 "-" "Mozilla/5.0 (Windows; U; Windows NT 5.1; fr; rv:1.8.0.7) Gecko/20060909 Firefox/1.5.0.7"
88.161.187.238 - - [01/Oct/2006:08:33:24 -0800] "GET /gallery/maps/G3200/large/G3200%201783%20B68.jpg HTTP/1.1" 404 339 "-" "Mozilla/5.0 (Windows; U; Windows NT 5.1; fr; rv:1.8.0.7) Gecko/20060909 Firefox/1.5.0.7"
88.161.187.238 - - [01/Oct/2006:08:33:25 -0800] "GET /gallery/maps/G3200/large/G3200%201783%20B68.jpg HTTP/1.1" 404 339 "-" "Mozilla/5.0 (Windows; U; Windows NT 5.1; fr; rv:1.8.0.7) Gecko/20060909 Firefox/1.5.0.7"
88.161.187.238 - - [01/Oct/2006:08:33:25 -0800] "GET /favicon.ico HTTP/1.1" 404 307 "-" "Mozilla/5.0 (Windows; U; Windows NT 5.1; fr; rv:1.8.0.7) Gecko/20060909 Firefox/1.5.0.7"
74.6.70.99 - - [01/Oct/2006:08:37:57 -0800] "GET /gallery/photos/20030120/0/pages/2003-0120-00013.html HTTP/1.0" 200 1871 "-" "Mozilla/5.0 (compatible; Yahoo! Slurp; http://help.yahoo.com/help/us/ysearch/slurp)"
72.30.133.158 - - [01/Oct/2006:08:39:47 -0800] "GET /gallery/photos/20010164/index_3.html HTTP/1.0" 304 - "-" "Mozilla/5.0 (compatible; Yahoo! Slurp; http://help.yahoo.com/help/us/ysearch/slurp)"
218.208.251.148 - - [01/Oct/2006:08:40:59 -0800] "GET /gallery/maps/G3200/large/G3271%20S12%20%5B1601%5D%20B79.jpg HTTP/1.1" 404 345 "http://profile.myspace.com/index.cfm?fuseaction=user.viewProfile&friendID=30133799" "Mozilla/4.0 (compatible; MSIE 6.0; Windows NT 5.1; en) Opera 8.53"
217.44.81.217 - - [01/Oct/2006:08:43:11 -0800] "GET /gallery/maps/G3200/large/G3271%20S12%20%5B1601%5D%20B79.jpg HTTP/1.1" 404 345 "http://profile.myspace.com/index.cfm?fuseaction=user.viewprofile&friendid=30133799" "Mozilla/5.0 (Windows; U; Windows NT 5.1; en-GB; rv:1.8.0.7) Gecko/20060909 Firefox/1.5.0.7"
66.249.72.84 - - [01/Oct/2006:08:44:03 -0800] "GET /gallery/photos/19680069/25/pages/1968-0069-02544.html HTTP/1.1" 200 1769 "-" "Mozilla/5.0 (compatible; Googlebot/2.1; +http://www.google.com/bot.html)"
87.175.196.161 - - [01/Oct/2006:08:45:53 -0800] "GET /gallery/photos/19640033/butler/single_images/ HTTP/1.1" 200 18930 "http://www.google.de/search?q=intitle:%22index+of+/gallery%22&hl=de&lr=&start=70&sa=N" "Mozilla/5.0 (Windows; U; Windows NT 5.0; en-US; rv:1.7.5) Gecko/20060127 Netscape/8.1"
87.175.196.161 - - [01/Oct/2006:08:45:54 -0800] "GET /icons/blank.gif HTTP/1.1" 200 148 "http://photolab.elmer.uaf.edu/gallery/photos/19640033/butler/single_images/" "Mozilla/5.0 (Windows; U; Windows NT 5.0; en-US; rv:1.7.5) Gecko/20060127 Netscape/8.1"
87.175.196.161 - - [01/Oct/2006:08:45:54 -0800] "GET /icons/back.gif HTTP/1.1" 200 216 "http://photolab.elmer.uaf.edu/gallery/photos/19640033/butler/single_images/" "Mozilla/5.0 (Windows; U; Windows NT 5.0; en-US; rv:1.7.5) Gecko/20060127 Netscape/8.1"
87.175.196.161 - - [01/Oct/2006:08:45:54 -0800] "GET /icons/folder.gif HTTP/1.1" 200 225 "http://photolab.elmer.uaf.edu/gallery/photos/19640033/butler/single_images/" "Mozilla/5.0 (Windows; U; Windows NT 5.0; en-US; rv:1.7.5) Gecko/20060127 Netscape/8.1"
87.175.196.161 - - [01/Oct/2006:08:45:54 -0800] "GET /icons/image2.gif HTTP/1.1" 200 309 "http://photolab.elmer.uaf.edu/gallery/photos/19640033/butler/single_images/" "Mozilla/5.0 (Windows; U; Windows NT 5.0; en-US; rv:1.7.5) Gecko/20060127 Netscape/8.1"
87.175.196.161 - - [01/Oct/2006:08:45:55 -0800] "GET /favicon.ico HTTP/1.1" 404 307 "-" "Mozilla/5.0 (Windows; U; Windows NT 5.0; en-US; rv:1.7.5) Gecko/20060127 Netscape/8.1"
87.175.196.161 - - [01/Oct/2006:08:45:56 -0800] "GET /gallery/photos/19640033/butler/single_images/64-33-005.jpg HTTP/1.1" 200 57371 "http://photolab.elmer.uaf.edu/gallery/photos/19640033/butler/single_images/" "Mozilla/5.0 (Windows; U; Windows NT 5.0; en-US; rv:1.7.5) Gecko/20060127 Netscape/8.1"
87.175.196.161 - - [01/Oct/2006:08:46:00 -0800] "GET /gallery/photos/19640033/butler/single_images/64-33-030.jpg HTTP/1.1" 200 48697 "http://photolab.elmer.uaf.edu/gallery/photos/19640033/butler/single_images/" "Mozilla/5.0 (Windows; U; Windows NT 5.0; en-US; rv:1.7.5) Gecko/20060127 Netscape/8.1"
74.6.74.49 - - [01/Oct/2006:08:46:20 -0800] "GET /gallery/photos/19680041/2/pages/1968-0041-00200.htm HTTP/1.0" 200 1731 "-" "Mozilla/5.0 (compatible; Yahoo! Slurp; http://help.yahoo.com/help/us/ysearch/slurp)"
72.30.98.220 - - [01/Oct/2006:08:49:35 -0800] "GET /gallery/photos/19680041/1/pages/1968-0041-00149.htm HTTP/1.0" 200 1889 "-" "Mozilla/5.0 (compatible; Yahoo! Slurp; http://help.yahoo.com/help/us/ysearch/slurp)"
195.229.242.90 - - [01/Oct/2006:08:53:55 -0800] "GET /gallery/maps/mapg3300.html HTTP/1.1" 404 322 "http://images.google.ae/imgres?imgurl=http://photolab.elmer.uaf.edu/gallery/maps/G3300/large/G3300%2520%255B1786_%255D%2520B691.jpg&imgrefurl=http://photolab.elmer.uaf.edu/gallery/maps/mapg3300.html&h=943&w=1200&sz=264&hl=ar&start=3&tbnid=cQBYogs4LLANKM:&tbnh=118&tbnw=150&prev=/images%3Fq%3Dmap%2Bof%2Bthe%2Busa%2Band%2Bthe%2Bbritish%2Bcolonies%26svnum%3D10%26hl%3Dar%26lr%3D" "Mozilla/4.0 (compatible; MSIE 6.0; Windows NT 5.1; SV1; .NET CLR 1.1.4322)"
66.249.72.84 - - [01/Oct/2006:08:56:32 -0800] "GET /gallery/photos/20040143/0/pages/2004-0143-00030.htm HTTP/1.1" 200 1746 "-" "Mozilla/5.0 (compatible; Googlebot/2.1; +http://www.google.com/bot.html)"
195.229.242.90 - - [01/Oct/2006:08:57:44 -0800] "GET /gallery/maps/G3300/large/G3300%20%5B1786_%5D%20B691.jpg HTTP/1.1" 404 343 "http://images.google.ae/imgres?imgurl=http://photolab.elmer.uaf.edu/gallery/maps/G3300/large/G3300%2520%255B1786_%255D%2520B691.jpg&imgrefurl=http://photolab.elmer.uaf.edu/gallery/maps/mapg3300.html&h=943&w=1200&sz=264&tbnid=cQBYogs4LLANKM:&tbnh=118&tbnw=150&hl=ar&prev=/images%3Fq%3Dmap%2Bof%2Bthe%2Busa%2Band%2Bthe%2Bbritish%2Bcolonies%26svnum%3D10%26hl%3Dar%26lr%3D&frame=small" "Mozilla/4.0 (compatible; MSIE 6.0; Windows NT 5.1; SV1; .NET CLR 1.1.4322)"
89.246.55.24 - - [01/Oct/2006:08:58:57 -0800] "GET /gallery/maps/mapg3270b.html HTTP/1.1" 404 323 "http://images.google.de/imgres?imgurl=http://photolab.elmer.uaf.edu/gallery/maps/G3200/large/G3270%2520%255B1800%255D%2520C382.jpg&imgrefurl=http://photolab.elmer.uaf.edu/gallery/maps/mapg3270b.html&h=1200&w=1047&sz=152&hl=de&start=49&tbnid=msdL-lOMXuTfVM:&tbnh=150&tbnw=131&prev=/images%3Fq%3D1800%26start%3D40%26ndsp%3D20%26svnum%3D10%26hl%3Dde%26lr%3D%26sa%3DN" "Mozilla/4.0 (compatible; MSIE 6.0; Windows NT 5.1; Versatel.de ISDN 0404; .NET CLR 1.1.4322)"
66.249.72.84 - - [01/Oct/2006:09:01:14 -0800] "GET /gallery/photos/19940070/3/pages/1994-0070-00346.html HTTP/1.1" 200 5959 "-" "Mozilla/5.0 (compatible; Googlebot/2.1; +http://www.google.com/bot.html)"
74.6.74.51 - - [01/Oct/2006:09:06:44 -0800] "GET /gallery/photos/20040145/5/pages/2004-0145-00529.htm HTTP/1.0" 200 1890 "-" "Mozilla/5.0 (compatible; Yahoo! Slurp; http://help.yahoo.com/help/us/ysearch/slurp)"
74.6.73.122 - - [01/Oct/2006:09:07:52 -0800] "GET /gallery/photos/20030063/2/pages/2003-0063-00209.html HTTP/1.0" 200 1756 "-" "Mozilla/5.0 (compatible; Yahoo! Slurp; http://help.yahoo.com/help/us/ysearch/slurp)"
207.46.98.86 - - [01/Oct/2006:09:08:48 -0800] "GET /robots.txt HTTP/1.0" 200 96 "-" "msnbot/1.0 (+http://search.msn.com/msnbot.htm)"
207.46.98.86 - - [01/Oct/2006:09:08:48 -0800] "GET /robots.txt HTTP/1.0" 200 96 "-" "msnbot/1.0 (+http://search.msn.com/msnbot.htm)"
207.46.98.86 - - [01/Oct/2006:09:08:48 -0800] "GET /gallery/photos/20030120/1/pages/2003-0120-00105.html HTTP/1.0" 200 1868 "-" "msnbot/1.0 (+http://search.msn.com/msnbot.htm)"
207.46.98.86 - - [01/Oct/2006:09:08:48 -0800] "GET /gallery/photos/20040110/10/pages/2004-0110-00958.htm HTTP/1.0" 200 1885 "-" "msnbot/1.0 (+http://search.msn.com/msnbot.htm)"
207.46.98.86 - - [01/Oct/2006:09:08:51 -0800] "GET /gallery/photos/20040110/10/pages/2004-0110-00962.htm HTTP/1.0" 200 1886 "-" "msnbot/1.0 (+http://search.msn.com/msnbot.htm)"
66.249.72.84 - - [01/Oct/2006:09:09:02 -0800] "GET /gallery/photos/20040143/0/pages/2004-0143-00026.htm HTTP/1.1" 200 1893 "-" "Mozilla/5.0 (compatible; Googlebot/2.1; +http://www.google.com/bot.html)"
207.46.98.86 - - [01/Oct/2006:09:09:17 -0800] "GET /gallery/photos/20030120/1/pages/2003-0120-00111.html HTTP/1.0" 200 1869 "-" "msnbot/1.0 (+http://search.msn.com/msnbot.htm)"
74.6.71.78 - - [01/Oct/2006:09:09:34 -0800] "GET /gallery/photos/19880041/1/pages/1988-0041-00139.htm HTTP/1.0" 200 1879 "-" "Mozilla/5.0 (compatible; Yahoo! Slurp; http://help.yahoo.com/help/us/ysearch/slurp)"
207.46.98.86 - - [01/Oct/2006:09:09:34 -0800] "GET /gallery/photos/20020087/1/pages/2002-0087-00197.html HTTP/1.0" 200 1767 "-" "msnbot/1.0 (+http://search.msn.com/msnbot.htm)"
207.46.98.86 - - [01/Oct/2006:09:09:35 -0800] "GET /gallery/photos/19940096/5/pages/1994-0096-00534.html HTTP/1.0" 200 1901 "-" "msnbot/1.0 (+http://search.msn.com/msnbot.htm)"
207.46.98.86 - - [01/Oct/2006:09:10:12 -0800] "GET /gallery/photos/19950244/09/pages/1995-0244-00903.html HTTP/1.0" 200 1886 "-" "msnbot/1.0 (+http://search.msn.com/msnbot.htm)"
207.46.98.86 - - [01/Oct/2006:09:10:18 -0800] "GET /gallery/photos/19890166/08/pages/1989-0166-00598a_print.html HTTP/1.0" 200 1961 "-" "msnbot/1.0 (+http://search.msn.com/msnbot.htm)"
207.46.98.86 - - [01/Oct/2006:09:10:18 -0800] "GET /gallery/photos/20010164/pages/2001-0164-00003.html HTTP/1.0" 200 1767 "-" "msnbot/1.0 (+http://search.msn.com/msnbot.htm)"
207.46.98.86 - - [01/Oct/2006:09:10:18 -0800] "GET /gallery/photos/19650030/pages/1965-0030-00010.htm HTTP/1.0" 200 1887 "-" "msnbot/1.0 (+http://search.msn.com/msnbot.htm)"
207.46.98.86 - - [01/Oct/2006:09:10:25 -0800] "GET /gallery/photos/19800068/3/pages/1980-0068-00305.html HTTP/1.0" 200 1857 "-" "msnbot/1.0 (+http://search.msn.com/msnbot.htm)"
207.46.98.86 - - [01/Oct/2006:09:10:28 -0800] "GET /gallery/photos/19640042/3/pages/1964-0042-00303.htm HTTP/1.0" 200 1881 "-" "msnbot/1.0 (+http://search.msn.com/msnbot.htm)"
207.46.98.86 - - [01/Oct/2006:09:10:28 -0800] "GET /gallery/photos/20030137/pages/2003-0137-00005.html HTTP/1.0" 200 1768 "-" "msnbot/1.0 (+http://search.msn.com/msnbot.htm)"
207.46.98.86 - - [01/Oct/2006:09:10:28 -0800] "GET /gallery/photos/19800068/1/pages/1980-0068-00105.html HTTP/1.0" 200 1857 "-" "msnbot/1.0 (+http://search.msn.com/msnbot.htm)"
207.46.98.86 - - [01/Oct/2006:09:10:28 -0800] "GET /gallery/photos/20020087/5/pages/2002-0087-00504.html HTTP/1.0" 200 1765 "-" "msnbot/1.0 (+http://search.msn.com/msnbot.htm)"
207.46.98.86 - - [01/Oct/2006:09:10:34 -0800] "GET /gallery/photos/20020087/5/pages/2002-0087-00506.html HTTP/1.0" 200 1765 "-" "msnbot/1.0 (+http://search.msn.com/msnbot.htm)"
207.46.98.86 - - [01/Oct/2006:09:10:34 -0800] "GET /gallery/photos/19800068/1/pages/1980-0068-00107.html HTTP/1.0" 200 1857 "-" "msnbot/1.0 (+http://search.msn.com/msnbot.htm)"
207.46.98.86 - - [01/Oct/2006:09:10:34 -0800] "GET /gallery/photos/19880041/0/pages/1988-0041-00009.htm HTTP/1.0" 200 1876 "-" "msnbot/1.0 (+http://search.msn.com/msnbot.htm)"
207.46.98.86 - - [01/Oct/2006:09:10:34 -0800] "GET /gallery/photos/20030063/3/pages/2003-0063-00307.html HTTP/1.0" 200 1756 "-" "msnbot/1.0 (+http://search.msn.com/msnbot.htm)"
207.46.98.86 - - [01/Oct/2006:09:10:34 -0800] "GET /gallery/photos/19900080/0/pages/1990-0080-00008.html HTTP/1.0" 200 1875 "-" "msnbot/1.0 (+http://search.msn.com/msnbot.htm)"
207.46.98.86 - - [01/Oct/2006:09:10:34 -0800] "GET /gallery/photos/19950244/11/pages/1995-0244-01110.html HTTP/1.0" 200 1886 "-" "msnbot/1.0 (+http://search.msn.com/msnbot.htm)"
207.46.98.86 - - [01/Oct/2006:09:10:34 -0800] "GET /gallery/photos/20040111/12/pages/2004-0111-01234.htm HTTP/1.0" 200 1885 "-" "msnbot/1.0 (+http://search.msn.com/msnbot.htm)"
207.46.98.86 - - [01/Oct/2006:09:10:35 -0800] "GET /gallery/photos/20030137/pages/2003-0137-00011.html HTTP/1.0" 200 1768 "-" "msnbot/1.0 (+http://search.msn.com/msnbot.htm)"
207.46.98.86 - - [01/Oct/2006:09:10:35 -0800] "GET /gallery/photos/20020087/5/pages/2002-0087-00510.html HTTP/1.0" 200 1765 "-" "msnbot/1.0 (+http://search.msn.com/msnbot.htm)"
207.46.98.86 - - [01/Oct/2006:09:10:35 -0800] "GET /gallery/photos/20040084/1157-1288/pages/2004-0084-01160.html HTTP/1.0" 200 1897 "-" "msnbot/1.0 (+http://search.msn.com/msnbot.htm)"
24.71.223.140 - - [01/Oct/2006:09:10:35 -0800] "GET /gallery/maps/mapg3400.html HTTP/1.1" 404 322 "http://images.google.ca/imgres?imgurl=http://photolab.elmer.uaf.edu/gallery/maps/G3400/large/G3401%2520Q42%2520%255B18--_%255D.jpg&imgrefurl=http://photolab.elmer.uaf.edu/gallery/maps/mapg3400.html&h=702&w=1200&sz=187&hl=en&start=27&tbnid=Cu9DMadkOpTXLM:&tbnh=88&tbnw=150&prev=/images%3Fq%3Dcanada%2Bmap%2Bhistorical%26start%3D20%26ndsp%3D20%26svnum%3D10%26hl%3Den%26lr%3D%26sa%3DN" "Mozilla/4.0 (compatible; MSIE 6.0; Windows NT 5.1; SV1; .NET CLR 2.0.50727)"
207.46.98.86 - - [01/Oct/2006:09:10:35 -0800] "GET /gallery/photos/19940096/0/pages/1994-0096-00004.html HTTP/1.0" 200 1900 "-" "msnbot/1.0 (+http://search.msn.com/msnbot.htm)"
24.71.223.140 - - [01/Oct/2006:09:10:36 -0800] "GET /gallery/maps/G3400/large/G3401%20Q42%20%5B18--_%5D.jpg HTTP/1.1" 404 342 "http://images.google.ca/imgres?imgurl=http://photolab.elmer.uaf.edu/gallery/maps/G3400/large/G3401%2520Q42%2520%255B18--_%255D.jpg&imgrefurl=http://photolab.elmer.uaf.edu/gallery/maps/mapg3400.html&h=702&w=1200&sz=187&tbnid=Cu9DMadkOpTXLM:&tbnh=88&tbnw=150&hl=en&prev=/images%3Fq%3Dcanada%2Bmap%2Bhistorical%26start%3D20%26ndsp%3D20%26svnum%3D10%26hl%3Den%26lr%3D%26sa%3DN&frame=small" "Mozilla/4.0 (compatible; MSIE 6.0; Windows NT 5.1; SV1; .NET CLR 2.0.50727)"
24.71.223.140 - - [01/Oct/2006:09:10:38 -0800] "GET /gallery/maps/mapg3400.html HTTP/1.1" 404 322 "http://images.google.ca/imgres?imgurl=http://photolab.elmer.uaf.edu/gallery/maps/G3400/large/G3401%2520Q42%2520%255B18--_%255D.jpg&imgrefurl=http://photolab.elmer.uaf.edu/gallery/maps/mapg3400.html&h=702&w=1200&sz=187&hl=en&start=27&tbnid=Cu9DMadkOpTXLM:&tbnh=88&tbnw=150&prev=/images%3Fq%3Dcanada%2Bmap%2Bhistorical%26start%3D20%26ndsp%3D20%26svnum%3D10%26hl%3Den%26lr%3D%26sa%3DN" "Mozilla/4.0 (compatible; MSIE 6.0; Windows NT 5.1; SV1; .NET CLR 2.0.50727)"
207.46.98.86 - - [01/Oct/2006:09:10:46 -0800] "GET /gallery/photos/19890166/07/pages/1989-0166-00789_neg%20nitrate.html HTTP/1.0" 200 2008 "-" "msnbot/1.0 (+http://search.msn.com/msnbot.htm)"
207.46.98.86 - - [01/Oct/2006:09:10:55 -0800] "GET /gallery/photos/20040014/0/pages/2004-0014-00019.html HTTP/1.0" 200 1866 "-" "msnbot/1.0 (+http://search.msn.com/msnbot.htm)"
207.46.98.86 - - [01/Oct/2006:09:10:56 -0800] "GET /gallery/photos/19890107/pages/1989-0107-00014.html HTTP/1.0" 200 1877 "-" "msnbot/1.0 (+http://search.msn.com/msnbot.htm)"
207.46.98.86 - - [01/Oct/2006:09:11:02 -0800] "GET /gallery/photos/19800068/2/pages/1980-0068-00291.html HTTP/1.0" 200 1860 "-" "msnbot/1.0 (+http://search.msn.com/msnbot.htm)"
207.46.98.86 - - [01/Oct/2006:09:11:11 -0800] "GET /gallery/photos/19700071/pages/1970-0071-00021.html HTTP/1.0" 200 1884 "-" "msnbot/1.0 (+http://search.msn.com/msnbot.htm)"
207.46.98.86 - - [01/Oct/2006:09:11:11 -0800] "GET /gallery/photos/19640042/0/pages/1964-0042-00014.htm HTTP/1.0" 200 1884 "-" "msnbot/1.0 (+http://search.msn.com/msnbot.htm)"
207.46.98.86 - - [01/Oct/2006:09:11:11 -0800] "GET /gallery/photos/19950190/pages/1995-0190-00017.html HTTP/1.0" 200 1877 "-" "msnbot/1.0 (+http://search.msn.com/msnbot.htm)"
207.46.98.86 - - [01/Oct/2006:09:11:11 -0800] "GET /gallery/photos/19950190/pages/1995-0190-00020.html HTTP/1.0" 200 1877 "-" "msnbot/1.0 (+http://search.msn.com/msnbot.htm)"
207.46.98.86 - - [01/Oct/2006:09:11:11 -0800] "GET /gallery/photos/20040111/04/pages/2004-0111-00423.htm HTTP/1.0" 200 1885 "-" "msnbot/1.0 (+http://search.msn.com/msnbot.htm)"
207.46.98.86 - - [01/Oct/2006:09:11:12 -0800] "GET /gallery/photos/20040111/04/pages/2004-0111-00419.htm HTTP/1.0" 200 1885 "-" "msnbot/1.0 (+http://search.msn.com/msnbot.htm)"
207.46.98.86 - - [01/Oct/2006:09:11:21 -0800] "GET /gallery/photos/19950244/14/pages/1995-0244-01417.html HTTP/1.0" 200 1890 "-" "msnbot/1.0 (+http://search.msn.com/msnbot.htm)"
207.46.98.86 - - [01/Oct/2006:09:11:21 -0800] "GET /gallery/photos/19950244/14/pages/1995-0244-01415.html HTTP/1.0" 200 1888 "-" "msnbot/1.0 (+http://search.msn.com/msnbot.htm)"
207.46.98.86 - - [01/Oct/2006:09:11:22 -0800] "GET /gallery/photos/19800068/1/pages/1980-0068-00124.html HTTP/1.0" 200 1860 "-" "msnbot/1.0 (+http://search.msn.com/msnbot.htm)"
207.46.98.86 - - [01/Oct/2006:09:11:22 -0800] "GET /gallery/photos/19581026/21/pages/1958-1026-02140.html HTTP/1.0" 200 2092 "-" "msnbot/1.0 (+http://search.msn.com/msnbot.htm)"
207.46.98.86 - - [01/Oct/2006:09:11:22 -0800] "GET /gallery/photos/19950244/00/pages/1995-0244-00032.html HTTP/1.0" 200 1888 "-" "msnbot/1.0 (+http://search.msn.com/msnbot.htm)"
207.46.98.86 - - [01/Oct/2006:09:11:22 -0800] "GET /gallery/photos/19900080/0/pages/1990-0080-00029.html HTTP/1.0" 200 1878 "-" "msnbot/1.0 (+http://search.msn.com/msnbot.htm)"
207.46.98.86 - - [01/Oct/2006:09:11:22 -0800] "GET /gallery/photos/20040086/0/pages/2004-0086-00046.htm HTTP/1.0" 200 1879 "-" "msnbot/1.0 (+http://search.msn.com/msnbot.htm)"
207.46.98.86 - - [01/Oct/2006:09:11:22 -0800] "GET /gallery/photos/19950244/00/pages/1995-0244-00076.html HTTP/1.0" 200 1888 "-" "msnbot/1.0 (+http://search.msn.com/msnbot.htm)"
207.46.98.86 - - [01/Oct/2006:09:11:28 -0800] "GET /gallery/photos/20020032/pages/2002-0032-00026.html HTTP/1.0" 200 1884 "-" "msnbot/1.0 (+http://search.msn.com/msnbot.htm)"
207.46.98.86 - - [01/Oct/2006:09:11:28 -0800] "GET /gallery/photos/19581026/21/pages/1958-1026-02154.html HTTP/1.0" 200 2092 "-" "msnbot/1.0 (+http://search.msn.com/msnbot.htm)"
207.46.98.86 - - [01/Oct/2006:09:11:28 -0800] "GET /gallery/photos/19950244/12/pages/1995-0244-01269.html HTTP/1.0" 200 1888 "-" "msnbot/1.0 (+http://search.msn.com/msnbot.htm)"
207.46.98.86 - - [01/Oct/2006:09:11:29 -0800] "GET /gallery/photos/19640042/0/pages/1964-0042-00034.htm HTTP/1.0" 200 1884 "-" "msnbot/1.0 (+http://search.msn.com/msnbot.htm)"
207.46.98.86 - - [01/Oct/2006:09:11:29 -0800] "GET /gallery/photos/19890207/0/pages/1989-0207-00051.html HTTP/1.0" 200 1878 "-" "msnbot/1.0 (+http://search.msn.com/msnbot.htm)"
207.46.98.86 - - [01/Oct/2006:09:11:29 -0800] "GET /gallery/photos/20040066/1/pages/2004-0066-00137.html HTTP/1.0" 200 1884 "-" "msnbot/1.0 (+http://search.msn.com/msnbot.htm)"
207.46.98.86 - - [01/Oct/2006:09:11:32 -0800] "GET /gallery/photos/19890207/0/pages/1989-0207-00045.html HTTP/1.0" 200 1878 "-" "msnbot/1.0 (+http://search.msn.com/msnbot.htm)"
207.46.98.86 - - [01/Oct/2006:09:11:32 -0800] "GET /gallery/photos/20020032/pages/2002-0032-00076.html HTTP/1.0" 200 1884 "-" "msnbot/1.0 (+http://search.msn.com/msnbot.htm)"
207.46.98.86 - - [01/Oct/2006:09:11:32 -0800] "GET /gallery/photos/19950244/09/pages/1995-0244-00964.html HTTP/1.0" 200 1889 "-" "msnbot/1.0 (+http://search.msn.com/msnbot.htm)"
207.46.98.86 - - [01/Oct/2006:09:11:33 -0800] "GET /gallery/photos/19950244/09/pages/1995-0244-00947.html HTTP/1.0" 200 1889 "-" "msnbot/1.0 (+http://search.msn.com/msnbot.htm)"
207.46.98.86 - - [01/Oct/2006:09:11:33 -0800] "GET /gallery/photos/19950244/14/pages/1995-0244-01464.html HTTP/1.0" 200 1888 "-" "msnbot/1.0 (+http://search.msn.com/msnbot.htm)"
207.46.98.86 - - [01/Oct/2006:09:11:33 -0800] "GET /gallery/photos/19800068/1/pages/1980-0068-00141.html HTTP/1.0" 200 1860 "-" "msnbot/1.0 (+http://search.msn.com/msnbot.htm)"
207.46.98.86 - - [01/Oct/2006:09:11:33 -0800] "GET /gallery/photos/19950244/09/pages/1995-0244-00972.html HTTP/1.0" 200 1889 "-" "msnbot/1.0 (+http://search.msn.com/msnbot.htm)"
207.46.98.86 - - [01/Oct/2006:09:11:33 -0800] "GET /gallery/photos/19640042/0/pages/1964-0042-00026.htm HTTP/1.0" 200 1884 "-" "msnbot/1.0 (+http://search.msn.com/msnbot.htm)"
207.46.98.86 - - [01/Oct/2006:09:11:33 -0800] "GET /gallery/photos/19950244/05/pages/1995-0244-00552.html HTTP/1.0" 200 1889 "-" "msnbot/1.0 (+http://search.msn.com/msnbot.htm)"
207.46.98.86 - - [01/Oct/2006:09:11:33 -0800] "GET /gallery/photos/19890166/13/pages/1989-0166-01136_postcard.html HTTP/1.0" 200 1976 "-" "msnbot/1.0 (+http://search.msn.com/msnbot.htm)"
207.46.98.86 - - [01/Oct/2006:09:11:34 -0800] "GET /gallery/photos/19950244/14/pages/1995-0244-01470.html HTTP/1.0" 200 1888 "-" "msnbot/1.0 (+http://search.msn.com/msnbot.htm)"
207.46.98.86 - - [01/Oct/2006:09:11:34 -0800] "GET /gallery/photos/19950244/00/pages/1995-0244-00055.html HTTP/1.0" 200 1888 "-" "msnbot/1.0 (+http://search.msn.com/msnbot.htm)"
207.46.98.86 - - [01/Oct/2006:09:11:42 -0800] "GET /gallery/photos/19581026/21/pages/1958-1026-02142.html HTTP/1.0" 200 2092 "-" "msnbot/1.0 (+http://search.msn.com/msnbot.htm)"
207.46.98.86 - - [01/Oct/2006:09:11:42 -0800] "GET /gallery/photos/19950244/00/pages/1995-0244-00057.html HTTP/1.0" 200 1888 "-" "msnbot/1.0 (+http://search.msn.com/msnbot.htm)"
207.46.98.86 - - [01/Oct/2006:09:11:42 -0800] "GET /gallery/photos/19950190/pages/1995-0190-00032.html HTTP/1.0" 200 1877 "-" "msnbot/1.0 (+http://search.msn.com/msnbot.htm)"
207.46.98.86 - - [01/Oct/2006:09:11:42 -0800] "GET /gallery/photos/20040145/1/pages/2004-0145-00153.htm HTTP/1.0" 200 1890 "-" "msnbot/1.0 (+http://search.msn.com/msnbot.htm)"
207.46.98.86 - - [01/Oct/2006:09:11:42 -0800] "GET /gallery/photos/19950244/00/pages/1995-0244-00041.html HTTP/1.0" 200 1888 "-" "msnbot/1.0 (+http://search.msn.com/msnbot.htm)"
207.46.98.86 - - [01/Oct/2006:09:11:43 -0800] "GET /gallery/photos/19950244/14/pages/1995-0244-01466.html HTTP/1.0" 200 1888 "-" "msnbot/1.0 (+http://search.msn.com/msnbot.htm)"
207.46.98.86 - - [01/Oct/2006:09:11:43 -0800] "GET /gallery/photos/20040145/1/pages/2004-0145-00161.htm HTTP/1.0" 200 1890 "-" "msnbot/1.0 (+http://search.msn.com/msnbot.htm)"
207.46.98.86 - - [01/Oct/2006:09:11:43 -0800] "GET /gallery/photos/20040110/10/pages/2004-0110-00989.htm HTTP/1.0" 200 1888 "-" "msnbot/1.0 (+http://search.msn.com/msnbot.htm)"
207.46.98.86 - - [01/Oct/2006:09:11:43 -0800] "GET /gallery/photos/19950244/14/pages/1995-0244-01434.html HTTP/1.0" 200 1888 "-" "msnbot/1.0 (+http://search.msn.com/msnbot.htm)"
207.46.98.86 - - [01/Oct/2006:09:11:43 -0800] "GET /gallery/photos/19800068/1/pages/1980-0068-00132.html HTTP/1.0" 200 1860 "-" "msnbot/1.0 (+http://search.msn.com/msnbot.htm)"
207.46.98.86 - - [01/Oct/2006:09:11:43 -0800] "GET /gallery/photos/20040086/1/pages/2004-0086-00131.htm HTTP/1.0" 200 1879 "-" "msnbot/1.0 (+http://search.msn.com/msnbot.htm)"
207.46.98.86 - - [01/Oct/2006:09:11:43 -0800] "GET /gallery/photos/20040111/04/pages/2004-0111-00439.htm HTTP/1.0" 200 1885 "-" "msnbot/1.0 (+http://search.msn.com/msnbot.htm)"
207.46.98.86 - - [01/Oct/2006:09:11:43 -0800] "GET /gallery/photos/20020032/pages/2002-0032-00057.html HTTP/1.0" 200 1884 "-" "msnbot/1.0 (+http://search.msn.com/msnbot.htm)"
207.46.98.86 - - [01/Oct/2006:09:11:43 -0800] "GET /gallery/photos/20040066/1/pages/2004-0066-00121.html HTTP/1.0" 200 1884 "-" "msnbot/1.0 (+http://search.msn.com/msnbot.htm)"
