66.249.72.244 - - [16/Sep/2006:00:08:00 -0800] "GET /gallery/photos/19750084/16/pages/1975-0084-01612.html HTTP/1.1" 200 2818 "-" "Mozilla/5.0 (compatible; Googlebot/2.1; +http://www.google.com/bot.html)"
65.214.44.171 - - [16/Sep/2006:00:10:17 -0800] "GET /gallery/photos/19690092/4/index_2.html HTTP/1.0" 200 7247 "-" "Mozilla/2.0 (compatible; Ask Jeeves/Teoma; +http://about.ask.com/en/docs/about/webmasters.shtml)"
207.46.98.85 - - [16/Sep/2006:00:10:46 -0800] "GET /gallery/photos/19950244/05/pages/1995-0244-00595.html HTTP/1.0" 200 1889 "-" "msnbot/1.0 (+http://search.msn.com/msnbot.htm)"
207.46.98.85 - - [16/Sep/2006:00:10:46 -0800] "GET /gallery/photos/19890166/13/pages/1989-0166-01061_postcard.html HTTP/1.0" 200 1974 "-" "msnbot/1.0 (+http://search.msn.com/msnbot.htm)"
207.46.98.85 - - [16/Sep/2006:00:10:46 -0800] "GET /gallery/photos/19650030/pages/1965-0030-00063.htm HTTP/1.0" 200 1889 "-" "msnbot/1.0 (+http://search.msn.com/msnbot.htm)"
207.46.98.85 - - [16/Sep/2006:00:10:47 -0800] "GET /gallery/photos/19680069/26/pages/1968-0069-02655.html HTTP/1.0" 200 1769 "-" "msnbot/1.0 (+http://search.msn.com/msnbot.htm)"
207.46.98.85 - - [16/Sep/2006:00:10:47 -0800] "GET /gallery/photos/19900043/10/pages/1990-0043-01058.html HTTP/1.0" 200 1766 "-" "msnbot/1.0 (+http://search.msn.com/msnbot.htm)"
207.46.98.85 - - [16/Sep/2006:00:10:47 -0800] "GET /gallery/photos/19690092/3/pages/1969-0092-00325.html HTTP/1.0" 200 1765 "-" "msnbot/1.0 (+http://search.msn.com/msnbot.htm)"
207.46.98.85 - - [16/Sep/2006:00:10:47 -0800] "GET /gallery/photos/19690092/4/pages/1969-0092-00453.html HTTP/1.0" 200 1765 "-" "msnbot/1.0 (+http://search.msn.com/msnbot.htm)"
207.46.98.85 - - [16/Sep/2006:00:10:47 -0800] "GET /gallery/photos/20010129/2/pages/2001-0129-00226.html HTTP/1.0" 200 1762 "-" "msnbot/1.0 (+http://search.msn.com/msnbot.htm)"
207.46.98.85 - - [16/Sep/2006:00:10:47 -0800] "GET /gallery/photos/19910046/04/pages/1991-0046-00446.html HTTP/1.0" 200 1760 "-" "msnbot/1.0 (+http://search.msn.com/msnbot.htm)"
207.46.98.84 - - [16/Sep/2006:00:12:13 -0800] "GET /gallery/photos/20010164/pages/2001-0164-00021.html HTTP/1.0" 200 1769 "-" "msnbot/1.0 (+http://search.msn.com/msnbot.htm)"
65.214.45.100 - - [16/Sep/2006:00:12:24 -0800] "GET /gallery/photos/20020087/1/pages/2002-0087-00106.html HTTP/1.0" 200 1765 "-" "Mozilla/2.0 (compatible; Ask Jeeves/Teoma; +http://about.ask.com/en/docs/about/webmasters.shtml)"
207.46.98.84 - - [16/Sep/2006:00:12:30 -0800] "GET /gallery/photos/19940096/5/pages/1994-0096-00565.html HTTP/1.0" 200 1903 "-" "msnbot/1.0 (+http://search.msn.com/msnbot.htm)"
207.46.98.84 - - [16/Sep/2006:00:13:04 -0800] "GET /gallery/photos/19950244/06/pages/1995-0244-00609.html HTTP/1.0" 200 1887 "-" "msnbot/1.0 (+http://search.msn.com/msnbot.htm)"
207.46.98.84 - - [16/Sep/2006:00:13:04 -0800] "GET /gallery/photos/19940096/0/pages/1994-0096-00026.html HTTP/1.0" 200 1903 "-" "msnbot/1.0 (+http://search.msn.com/msnbot.htm)"
207.46.98.84 - - [16/Sep/2006:00:13:04 -0800] "GET /gallery/photos/20040110/10/pages/2004-0110-01028.htm HTTP/1.0" 200 1888 "-" "msnbot/1.0 (+http://search.msn.com/msnbot.htm)"
207.46.98.84 - - [16/Sep/2006:00:13:11 -0800] "GET /gallery/photos/20040066/1/pages/2004-0066-00101.html HTTP/1.0" 200 1881 "-" "msnbot/1.0 (+http://search.msn.com/msnbot.htm)"
207.46.98.84 - - [16/Sep/2006:00:14:10 -0800] "GET /gallery/photos/20040111/11/pages/2004-0111-01109.htm HTTP/1.0" 200 1883 "-" "msnbot/1.0 (+http://search.msn.com/msnbot.htm)"
207.46.98.84 - - [16/Sep/2006:00:14:11 -0800] "GET /gallery/photos/20040066/1/pages/2004-0066-00103.html HTTP/1.0" 200 1881 "-" "msnbot/1.0 (+http://search.msn.com/msnbot.htm)"
207.46.98.85 - - [16/Sep/2006:00:17:17 -0800] "GET /gallery/photos/20030109/3/pages/2003-0109-00384.html HTTP/1.0" 200 1756 "-" "msnbot/1.0 (+http://search.msn.com/msnbot.htm)"
207.46.98.85 - - [16/Sep/2006:00:17:18 -0800] "GET /gallery/photos/19890166/06/pages/1989-0166-00602_neg%20nitrate.html HTTP/1.0" 200 2005 "-" "msnbot/1.0 (+http://search.msn.com/msnbot.htm)"
207.46.98.85 - - [16/Sep/2006:00:17:18 -0800] "GET /gallery/photos/20030120/0/pages/2003-0120-00010.html HTTP/1.0" 200 1869 "-" "msnbot/1.0 (+http://search.msn.com/msnbot.htm)"
207.46.98.85 - - [16/Sep/2006:00:17:19 -0800] "GET /gallery/photos/19650030/pages/1965-0030-00092.htm HTTP/1.0" 200 1889 "-" "msnbot/1.0 (+http://search.msn.com/msnbot.htm)"
207.46.98.85 - - [16/Sep/2006:00:17:19 -0800] "GET /gallery/photos/19950244/00/pages/1995-0244-00084.html HTTP/1.0" 200 1888 "-" "msnbot/1.0 (+http://search.msn.com/msnbot.htm)"
207.46.98.85 - - [16/Sep/2006:00:17:19 -0800] "GET /gallery/photos/19940096/1/pages/1994-0096-00111.html HTTP/1.0" 200 1901 "-" "msnbot/1.0 (+http://search.msn.com/msnbot.htm)"
207.46.98.85 - - [16/Sep/2006:00:17:19 -0800] "GET /gallery/photos/20040145/1/pages/2004-0145-00194.htm HTTP/1.0" 200 1890 "-" "msnbot/1.0 (+http://search.msn.com/msnbot.htm)"
207.46.98.85 - - [16/Sep/2006:00:17:28 -0800] "GET /gallery/photos/19800068/3/pages/1980-0068-00318.html HTTP/1.0" 200 1860 "-" "msnbot/1.0 (+http://search.msn.com/msnbot.htm)"
207.46.98.85 - - [16/Sep/2006:00:17:28 -0800] "GET /gallery/photos/20040111/11/pages/2004-0111-01178.htm HTTP/1.0" 200 1885 "-" "msnbot/1.0 (+http://search.msn.com/msnbot.htm)"
207.46.98.85 - - [16/Sep/2006:00:17:28 -0800] "GET /gallery/photos/20040086/1/pages/2004-0086-00115.htm HTTP/1.0" 200 1879 "-" "msnbot/1.0 (+http://search.msn.com/msnbot.htm)"
65.214.45.100 - - [16/Sep/2006:00:17:48 -0800] "GET /gallery/photos/20020087/4/pages/2002-0087-00402.html HTTP/1.0" 200 1765 "-" "Mozilla/2.0 (compatible; Ask Jeeves/Teoma; +http://about.ask.com/en/docs/about/webmasters.shtml)"
207.46.98.85 - - [16/Sep/2006:00:18:05 -0800] "GET /gallery/photos/19650030/pages/1965-0030-00080.htm HTTP/1.0" 200 1889 "-" "msnbot/1.0 (+http://search.msn.com/msnbot.htm)"
207.46.98.85 - - [16/Sep/2006:00:18:05 -0800] "GET /gallery/photos/19950244/05/pages/1995-0244-00578.html HTTP/1.0" 200 1889 "-" "msnbot/1.0 (+http://search.msn.com/msnbot.htm)"
207.46.98.85 - - [16/Sep/2006:00:18:05 -0800] "GET /gallery/photos/19950244/12/pages/1995-0244-01226.html HTTP/1.0" 200 1888 "-" "msnbot/1.0 (+http://search.msn.com/msnbot.htm)"
207.46.98.85 - - [16/Sep/2006:00:18:40 -0800] "GET /gallery/photos/20030120/0/pages/2003-0120-00033.html HTTP/1.0" 200 1871 "-" "msnbot/1.0 (+http://search.msn.com/msnbot.htm)"
207.46.98.85 - - [16/Sep/2006:00:18:40 -0800] "GET /gallery/photos/20040110/10/pages/2004-0110-01014.htm HTTP/1.0" 200 1888 "-" "msnbot/1.0 (+http://search.msn.com/msnbot.htm)"
207.46.98.85 - - [16/Sep/2006:00:18:40 -0800] "GET /gallery/photos/20040026/pages/2004-0026-00074.html HTTP/1.0" 200 1862 "-" "msnbot/1.0 (+http://search.msn.com/msnbot.htm)"
207.46.98.85 - - [16/Sep/2006:00:18:49 -0800] "GET /gallery/photos/20030120/0/pages/2003-0120-00027.html HTTP/1.0" 200 1871 "-" "msnbot/1.0 (+http://search.msn.com/msnbot.htm)"
207.46.98.85 - - [16/Sep/2006:00:18:49 -0800] "GET /gallery/photos/20040111/11/pages/2004-0111-01181.htm HTTP/1.0" 200 1885 "-" "msnbot/1.0 (+http://search.msn.com/msnbot.htm)"
207.46.98.85 - - [16/Sep/2006:00:18:49 -0800] "GET /gallery/photos/20040111/11/pages/2004-0111-01150.htm HTTP/1.0" 200 1885 "-" "msnbot/1.0 (+http://search.msn.com/msnbot.htm)"
207.46.98.85 - - [16/Sep/2006:00:18:58 -0800] "GET /gallery/photos/19650030/pages/1965-0030-00079.htm HTTP/1.0" 200 1889 "-" "msnbot/1.0 (+http://search.msn.com/msnbot.htm)"
207.46.98.85 - - [16/Sep/2006:00:18:58 -0800] "GET /gallery/photos/19890166/13/pages/1989-0166-01055_postcard.html HTTP/1.0" 200 1974 "-" "msnbot/1.0 (+http://search.msn.com/msnbot.htm)"
207.46.98.85 - - [16/Sep/2006:00:18:58 -0800] "GET /gallery/photos/19680041/1/pages/1968-0041-00168.htm HTTP/1.0" 200 1889 "-" "msnbot/1.0 (+http://search.msn.com/msnbot.htm)"
207.46.98.85 - - [16/Sep/2006:00:19:14 -0800] "GET /gallery/photos/20040026/pages/2004-0026-00060.html HTTP/1.0" 200 1862 "-" "msnbot/1.0 (+http://search.msn.com/msnbot.htm)"
207.46.98.85 - - [16/Sep/2006:00:19:14 -0800] "GET /gallery/photos/19930194/1/pages/1993-0194-00144.htm HTTP/1.0" 200 1885 "-" "msnbot/1.0 (+http://search.msn.com/msnbot.htm)"
207.46.98.85 - - [16/Sep/2006:00:19:14 -0800] "GET /gallery/photos/19690092/1/pages/1969-0092-00198.html HTTP/1.0" 200 1765 "-" "msnbot/1.0 (+http://search.msn.com/msnbot.htm)"
207.46.98.85 - - [16/Sep/2006:00:19:15 -0800] "GET /gallery/photos/20040026/pages/2004-0026-00062.html HTTP/1.0" 200 1862 "-" "msnbot/1.0 (+http://search.msn.com/msnbot.htm)"
207.46.98.85 - - [16/Sep/2006:00:19:15 -0800] "GET /gallery/photos/20040111/01/pages/2004-0111-00156.htm HTTP/1.0" 200 1885 "-" "msnbot/1.0 (+http://search.msn.com/msnbot.htm)"
207.46.98.85 - - [16/Sep/2006:00:19:15 -0800] "GET /gallery/photos/20040111/11/pages/2004-0111-01170.htm HTTP/1.0" 200 1885 "-" "msnbot/1.0 (+http://search.msn.com/msnbot.htm)"
207.46.98.85 - - [16/Sep/2006:00:19:15 -0800] "GET /gallery/photos/20030040/0/pages/2003-0040-00096.html HTTP/1.0" 200 1758 "-" "msnbot/1.0 (+http://search.msn.com/msnbot.htm)"
207.46.98.85 - - [16/Sep/2006:00:19:15 -0800] "GET /gallery/photos/19890166/08/pages/1989-0166-00535a_print.html HTTP/1.0" 200 1960 "-" "msnbot/1.0 (+http://search.msn.com/msnbot.htm)"
207.46.98.85 - - [16/Sep/2006:00:19:15 -0800] "GET /gallery/photos/20030024/3/pages/2003-0024-00308.html HTTP/1.0" 200 1758 "-" "msnbot/1.0 (+http://search.msn.com/msnbot.htm)"
207.46.98.85 - - [16/Sep/2006:00:19:15 -0800] "GET /gallery/photos/19890166/08/pages/1989-0166-00547a_print.html HTTP/1.0" 200 1960 "-" "msnbot/1.0 (+http://search.msn.com/msnbot.htm)"
207.46.98.85 - - [16/Sep/2006:00:19:15 -0800] "GET /gallery/photos/19890166/05/pages/1989-0166-00545_neg%20nitrate.html HTTP/1.0" 200 2008 "-" "msnbot/1.0 (+http://search.msn.com/msnbot.htm)"
207.46.98.85 - - [16/Sep/2006:00:19:16 -0800] "GET /gallery/photos/19890166/08/pages/1989-0166-00540a_print.html HTTP/1.0" 200 1960 "-" "msnbot/1.0 (+http://search.msn.com/msnbot.htm)"
207.46.98.85 - - [16/Sep/2006:00:19:16 -0800] "GET /gallery/photos/19740130/pages/1974-0130-00002.html HTTP/1.0" 200 1751 "-" "msnbot/1.0 (+http://search.msn.com/msnbot.htm)"
207.46.98.85 - - [16/Sep/2006:00:19:17 -0800] "GET /gallery/photos/19800068/0/pages/1980-0068-00012.html HTTP/1.0" 200 1858 "-" "msnbot/1.0 (+http://search.msn.com/msnbot.htm)"
207.46.98.85 - - [16/Sep/2006:00:19:20 -0800] "GET /gallery/photos/19900043/08/pages/1990-0043-00892A.html HTTP/1.0" 200 1773 "-" "msnbot/1.0 (+http://search.msn.com/msnbot.htm)"
207.46.98.85 - - [16/Sep/2006:00:19:33 -0800] "GET /gallery/photos/19890166/05/pages/1989-0166-00546_neg%20nitrate.html HTTP/1.0" 200 2008 "-" "msnbot/1.0 (+http://search.msn.com/msnbot.htm)"
207.46.98.85 - - [16/Sep/2006:00:19:33 -0800] "GET /gallery/photos/20030040/0/pages/2003-0040-00094.html HTTP/1.0" 200 1758 "-" "msnbot/1.0 (+http://search.msn.com/msnbot.htm)"
207.46.98.85 - - [16/Sep/2006:00:19:33 -0800] "GET /gallery/photos/19900043/11/pages/1990-0043-01102.html HTTP/1.0" 200 1764 "-" "msnbot/1.0 (+http://search.msn.com/msnbot.htm)"
207.46.98.86 - - [16/Sep/2006:00:19:42 -0800] "GET /gallery/photos/19660054/01/pages/1966-0054-00189.html HTTP/1.0" 200 1760 "-" "msnbot/1.0 (+http://search.msn.com/msnbot.htm)"
207.46.98.85 - - [16/Sep/2006:00:19:49 -0800] "GET /gallery/photos/19910046/04/pages/1991-0046-00423.html HTTP/1.0" 200 1760 "-" "msnbot/1.0 (+http://search.msn.com/msnbot.htm)"
207.46.98.85 - - [16/Sep/2006:00:19:49 -0800] "GET /gallery/photos/19890166/08/pages/1989-0166-00532a_print.html HTTP/1.0" 200 1960 "-" "msnbot/1.0 (+http://search.msn.com/msnbot.htm)"
207.46.98.85 - - [16/Sep/2006:00:19:49 -0800] "GET /gallery/photos/19690092/3/pages/1969-0092-00310.html HTTP/1.0" 200 1763 "-" "msnbot/1.0 (+http://search.msn.com/msnbot.htm)"
207.46.98.85 - - [16/Sep/2006:00:19:57 -0800] "GET /gallery/photos/20020087/4/pages/2002-0087-00411.html HTTP/1.0" 200 1765 "-" "msnbot/1.0 (+http://search.msn.com/msnbot.htm)"
207.46.98.85 - - [16/Sep/2006:00:19:57 -0800] "GET /gallery/photos/19910046/04/pages/1991-0046-00421.html HTTP/1.0" 200 1758 "-" "msnbot/1.0 (+http://search.msn.com/msnbot.htm)"
207.46.98.85 - - [16/Sep/2006:00:19:57 -0800] "GET /gallery/photos/19740130/pages/1974-0130-00021.html HTTP/1.0" 200 1753 "-" "msnbot/1.0 (+http://search.msn.com/msnbot.htm)"
207.46.98.85 - - [16/Sep/2006:00:20:03 -0800] "GET /gallery/photos/19900043/11/pages/1990-0043-01121.html HTTP/1.0" 200 1766 "-" "msnbot/1.0 (+http://search.msn.com/msnbot.htm)"
207.46.98.85 - - [16/Sep/2006:00:20:03 -0800] "GET /gallery/photos/19850072/pages/1985-0072-00014.html HTTP/1.0" 200 1769 "-" "msnbot/1.0 (+http://search.msn.com/msnbot.htm)"
207.46.98.85 - - [16/Sep/2006:00:20:03 -0800] "GET /gallery/photos/19700058/2/pages/1970-0058-00231.html HTTP/1.0" 200 1759 "-" "msnbot/1.0 (+http://search.msn.com/msnbot.htm)"
207.46.98.85 - - [16/Sep/2006:00:20:07 -0800] "GET /gallery/photos/20020087/3/pages/2002-0087-00314.html HTTP/1.0" 200 1767 "-" "msnbot/1.0 (+http://search.msn.com/msnbot.htm)"
207.46.98.85 - - [16/Sep/2006:00:20:07 -0800] "GET /gallery/photos/19900043/11/pages/1990-0043-01116.html HTTP/1.0" 200 1766 "-" "msnbot/1.0 (+http://search.msn.com/msnbot.htm)"
207.46.98.85 - - [16/Sep/2006:00:20:07 -0800] "GET /gallery/photos/20030063/0/pages/2003-0063-00040.html HTTP/1.0" 200 1758 "-" "msnbot/1.0 (+http://search.msn.com/msnbot.htm)"
207.46.98.85 - - [16/Sep/2006:00:20:20 -0800] "GET /gallery/photos/19850072/pages/1985-0072-00021.html HTTP/1.0" 200 1769 "-" "msnbot/1.0 (+http://search.msn.com/msnbot.htm)"
207.46.98.85 - - [16/Sep/2006:00:20:20 -0800] "GET /gallery/photos/20020015/4/pages/2002-0015-00418m.html HTTP/1.0" 200 1770 "-" "msnbot/1.0 (+http://search.msn.com/msnbot.htm)"
207.46.98.85 - - [16/Sep/2006:00:20:20 -0800] "GET /gallery/photos/20010129/2/pages/2001-0129-00224.html HTTP/1.0" 200 1762 "-" "msnbot/1.0 (+http://search.msn.com/msnbot.htm)"
207.46.98.85 - - [16/Sep/2006:00:20:41 -0800] "GET /gallery/photos/20020015/4/pages/2002-0015-00421m.html HTTP/1.0" 200 1770 "-" "msnbot/1.0 (+http://search.msn.com/msnbot.htm)"
207.46.98.85 - - [16/Sep/2006:00:20:41 -0800] "GET /gallery/photos/19690092/1/pages/1969-0092-00154.html HTTP/1.0" 200 1765 "-" "msnbot/1.0 (+http://search.msn.com/msnbot.htm)"
207.46.98.85 - - [16/Sep/2006:00:20:41 -0800] "GET /gallery/photos/20010129/1/pages/2001-0129-00119.html HTTP/1.0" 200 1762 "-" "msnbot/1.0 (+http://search.msn.com/msnbot.htm)"
207.46.98.85 - - [16/Sep/2006:00:20:41 -0800] "GET /gallery/photos/19740130/pages/1974-0130-00023.html HTTP/1.0" 200 1753 "-" "msnbot/1.0 (+http://search.msn.com/msnbot.htm)"
207.46.98.85 - - [16/Sep/2006:00:20:41 -0800] "GET /gallery/photos/20020015/0/pages/2002-0015-00071m.html HTTP/1.0" 200 1770 "-" "msnbot/1.0 (+http://search.msn.com/msnbot.htm)"
207.46.98.85 - - [16/Sep/2006:00:20:44 -0800] "GET /gallery/photos/19850072/pages/1985-0072-00023.html HTTP/1.0" 200 1769 "-" "msnbot/1.0 (+http://search.msn.com/msnbot.htm)"
207.46.98.85 - - [16/Sep/2006:00:20:44 -0800] "GET /gallery/photos/20020087/4/pages/2002-0087-00432.html HTTP/1.0" 200 1767 "-" "msnbot/1.0 (+http://search.msn.com/msnbot.htm)"
207.46.98.85 - - [16/Sep/2006:00:20:44 -0800] "GET /gallery/photos/20020087/4/pages/2002-0087-00426.html HTTP/1.0" 200 1767 "-" "msnbot/1.0 (+http://search.msn.com/msnbot.htm)"
207.46.98.85 - - [16/Sep/2006:00:20:47 -0800] "GET /gallery/photos/19690092/6/pages/1969-0092-00634.html HTTP/1.0" 200 1765 "-" "msnbot/1.0 (+http://search.msn.com/msnbot.htm)"
207.46.98.85 - - [16/Sep/2006:00:20:47 -0800] "GET /gallery/photos/19910046/06/pages/1991-0046-00635.html HTTP/1.0" 200 1760 "-" "msnbot/1.0 (+http://search.msn.com/msnbot.htm)"
207.46.98.85 - - [16/Sep/2006:00:20:49 -0800] "GET /gallery/photos/19910046/04/pages/1991-0046-00437.html HTTP/1.0" 200 1760 "-" "msnbot/1.0 (+http://search.msn.com/msnbot.htm)"
207.46.98.85 - - [16/Sep/2006:00:20:53 -0800] "GET /gallery/photos/19680069/26/pages/1968-0069-02674.html HTTP/1.0" 200 1769 "-" "msnbot/1.0 (+http://search.msn.com/msnbot.htm)"
207.46.98.85 - - [16/Sep/2006:00:20:53 -0800] "GET /gallery/photos/19910046/06/pages/1991-0046-00637.html HTTP/1.0" 200 1760 "-" "msnbot/1.0 (+http://search.msn.com/msnbot.htm)"
207.46.98.85 - - [16/Sep/2006:00:20:53 -0800] "GET /gallery/photos/19690092/4/pages/1969-0092-00434.html HTTP/1.0" 200 1765 "-" "msnbot/1.0 (+http://search.msn.com/msnbot.htm)"
207.46.98.85 - - [16/Sep/2006:00:26:47 -0800] "GET /gallery/photos/19690092/5/pages/1969-0092-00574-00.html HTTP/1.0" 200 1780 "-" "msnbot/1.0 (+http://search.msn.com/msnbot.htm)"
66.249.72.244 - - [16/Sep/2006:00:28:24 -0800] "GET /gallery/photos/19940070/3/pages/1994-0070-00397.html HTTP/1.1" 200 5959 "-" "Mozilla/5.0 (compatible; Googlebot/2.1; +http://www.google.com/bot.html)"
66.249.72.244 - - [16/Sep/2006:00:28:24 -0800] "GET /gallery/photos/19940070/3/pages/1994-0070-00333.html HTTP/1.1" 200 5959 "-" "Mozilla/5.0 (compatible; Googlebot/2.1; +http://www.google.com/bot.html)"
66.249.72.244 - - [16/Sep/2006:00:28:25 -0800] "GET /gallery/photos/19750084/16/pages/1975-0084-01618.html HTTP/1.1" 200 2818 "-" "Mozilla/5.0 (compatible; Googlebot/2.1; +http://www.google.com/bot.html)"
66.249.72.244 - - [16/Sep/2006:00:28:25 -0800] "GET /gallery/photos/19940070/1/pages/1994-0070-00130.html HTTP/1.1" 200 5959 "-" "Mozilla/5.0 (compatible; Googlebot/2.1; +http://www.google.com/bot.html)"
66.249.72.244 - - [16/Sep/2006:00:28:26 -0800] "GET /gallery/photos/19750084/16/pages/1975-0084-01615.html HTTP/1.1" 200 2818 "-" "Mozilla/5.0 (compatible; Googlebot/2.1; +http://www.google.com/bot.html)"
66.249.72.244 - - [16/Sep/2006:00:28:26 -0800] "GET /gallery/photos/19940070/3/pages/1994-0070-00326.html HTTP/1.1" 200 5959 "-" "Mozilla/5.0 (compatible; Googlebot/2.1; +http://www.google.com/bot.html)"
65.214.44.171 - - [16/Sep/2006:00:32:16 -0800] "GET /gallery/photos/0728/pages/728-016.html HTTP/1.0" 200 2678 "-" "Mozilla/2.0 (compatible; Ask Jeeves/Teoma; +http://about.ask.com/en/docs/about/webmasters.shtml)"
207.46.98.85 - - [16/Sep/2006:00:32:45 -0800] "GET /gallery/photos/20040086/1/pages/2004-0086-00149.htm HTTP/1.0" 200 1879 "-" "msnbot/1.0 (+http://search.msn.com/msnbot.htm)"
72.30.216.15 - - [16/Sep/2006:00:32:58 -0800] "GET /robots.txt HTTP/1.0" 200 96 "-" "Mozilla/5.0 (compatible; Yahoo! Slurp; http://help.yahoo.com/help/us/ysearch/slurp)"
72.30.102.148 - - [16/Sep/2006:00:32:59 -0800] "GET /gallery/photos/19940070/0/pages/1994-0070-00066.html HTTP/1.0" 200 6003 "-" "Mozilla/5.0 (compatible; Yahoo! Slurp; http://help.yahoo.com/help/us/ysearch/slurp)"
72.30.111.150 - - [16/Sep/2006:00:37:18 -0800] "GET /gallery/photos/20040014/2 HTTP/1.0" 301 362 "-" "Mozilla/5.0 (compatible; Yahoo! Slurp; http://help.yahoo.com/help/us/ysearch/slurp)"
72.30.111.150 - - [16/Sep/2006:00:37:25 -0800] "GET /gallery/photos/20040014/2/ HTTP/1.0" 200 6804 "-" "Mozilla/5.0 (compatible; Yahoo! Slurp; http://help.yahoo.com/help/us/ysearch/slurp)"
66.249.72.244 - - [16/Sep/2006:00:37:31 -0800] "GET /gallery/photos/19940070/3/pages/1994-0070-00304.html HTTP/1.1" 200 5956 "-" "Mozilla/5.0 (compatible; Googlebot/2.1; +http://www.google.com/bot.html)"
207.46.98.87 - - [16/Sep/2006:00:38:38 -0800] "GET /gallery/photos/19800068/1/pages/1980-0068-00189.html HTTP/1.0" 200 1860 "-" "msnbot/1.0 (+http://search.msn.com/msnbot.htm)"
207.46.98.87 - - [16/Sep/2006:00:38:38 -0800] "GET /gallery/photos/19640042/1/pages/1964-0042-00154.htm HTTP/1.0" 200 1884 "-" "msnbot/1.0 (+http://search.msn.com/msnbot.htm)"
207.46.98.85 - - [16/Sep/2006:00:39:11 -0800] "GET /gallery/photos/19690092/3/pages/1969-0092-00379.html HTTP/1.0" 200 1765 "-" "msnbot/1.0 (+http://search.msn.com/msnbot.htm)"
72.30.102.27 - - [16/Sep/2006:00:45:15 -0800] "GET /gallery/photos/20040093/ HTTP/1.0" 200 7089 "-" "Mozilla/5.0 (compatible; Yahoo! Slurp; http://help.yahoo.com/help/us/ysearch/slurp)"
38.113.234.181 - - [16/Sep/2006:00:45:34 -0800] "GET /store/ HTTP/1.0" 301 340 "-" "voyager/1.0"
66.249.72.244 - - [16/Sep/2006:00:46:02 -0800] "GET /gallery/photos/19940070/3/pages/1994-0070-00396.html HTTP/1.1" 200 5959 "-" "Mozilla/5.0 (compatible; Googlebot/2.1; +http://www.google.com/bot.html)"
72.30.133.115 - - [16/Sep/2006:00:46:13 -0800] "GET /passport.html HTTP/1.0" 200 5529 "-" "Mozilla/5.0 (compatible; Yahoo! Slurp; http://help.yahoo.com/help/us/ysearch/slurp)"
66.249.72.244 - - [16/Sep/2006:00:49:28 -0800] "GET /gallery/photos/19750084/16/pages/1975-0084-01616.html HTTP/1.1" 200 2818 "-" "Mozilla/5.0 (compatible; Googlebot/2.1; +http://www.google.com/bot.html)"
66.249.72.244 - - [16/Sep/2006:00:54:29 -0800] "GET /gallery/photos/19940070/3/pages/1994-0070-00393.html HTTP/1.1" 200 5959 "-" "Mozilla/5.0 (compatible; Googlebot/2.1; +http://www.google.com/bot.html)"
66.249.72.244 - - [16/Sep/2006:00:58:05 -0800] "GET /gallery/photos/19790093/album/ HTTP/1.1" 304 - "-" "Mozilla/5.0 (compatible; Googlebot/2.1; +http://www.google.com/bot.html)"
38.113.234.181 - - [16/Sep/2006:00:58:39 -0800] "GET /gallery/photos/19890166/13/ HTTP/1.0" 200 11999 "-" "voyager/1.0"
65.214.45.100 - - [16/Sep/2006:01:01:21 -0800] "GET /gallery/photos/20010129/3/pages/2001-0129-00301.html HTTP/1.0" 200 1760 "-" "Mozilla/2.0 (compatible; Ask Jeeves/Teoma; +http://about.ask.com/en/docs/about/webmasters.shtml)"
65.214.44.171 - - [16/Sep/2006:01:02:28 -0800] "GET /gallery/photos/19750084/04/index.html HTTP/1.0" 304 - "-" "Mozilla/2.0 (compatible; Ask Jeeves/Teoma; +http://about.ask.com/en/docs/about/webmasters.shtml)"
66.249.72.244 - - [16/Sep/2006:01:03:05 -0800] "GET /gallery/photos/19940070/3/pages/1994-0070-00375.html HTTP/1.1" 200 5959 "-" "Mozilla/5.0 (compatible; Googlebot/2.1; +http://www.google.com/bot.html)"
24.71.223.140 - - [16/Sep/2006:01:03:42 -0800] "GET /gallery/maps/G3200/large/G3200%20%5B1652_%5D%20V571.jpg HTTP/1.1" 404 343 "-" "Mozilla/4.0 (compatible; MSIE 6.0; Windows NT 5.1; SV1; .NET CLR 1.1.4322)"
72.30.110.155 - - [16/Sep/2006:01:05:01 -0800] "GET /gallery/photos/19680041/1/pages/1968-0041-00145.htm HTTP/1.0" 200 1889 "-" "Mozilla/5.0 (compatible; Yahoo! Slurp; http://help.yahoo.com/help/us/ysearch/slurp)"
218.17.6.150 - - [16/Sep/2006:01:07:23 -0800] "GET /gallery/maps/mapg3300.html HTTP/1.1" 404 322 "http://www.worldmapfinder.com/Map_Detail.php?MAP=541&FN=G3300%20%5B1822%5D%20F55.jpg&MW=1200&MH=959&FS=374&FT=jpg&WO=0&CE=4&CO=0&CI=0&IT=0&LC=4&PG=1&CS=iso-8859-1&FU=http://photolab.elmer.uaf.edu/gallery/maps/G3300/large/G3300%20%5B1822%5D%20F55.jpg&SU=http://photolab.elmer.uaf.edu/gallery/maps/mapg3300.html" "Mozilla/4.0 (compatible; MSIE 6.0; Windows NT 5.0)"
218.17.6.150 - - [16/Sep/2006:01:07:27 -0800] "GET /gallery/maps/G3300/large/G3300%20[1822]%20F55.jpg HTTP/1.1" 404 341 "http://www.worldmapfinder.com/Map_Detail.php?MAP=541&FN=G3300 [1822] F55.jpg&FU=http://photolab.elmer.uaf.edu/gallery/maps/G3300/large/G3300 [1822] F55.jpg&MW=1200&MH=959&FS=374&FT=jpg&SU=http://photolab.elmer.uaf.edu/gallery/maps/mapg3300.html&WO=0&CE=4&CO=0&CI=0&IT=0&LC=4&PG=1&CS=&FM=1" "Mozilla/4.0 (compatible; MSIE 6.0; Windows NT 5.0)"
66.249.72.244 - - [16/Sep/2006:01:08:06 -0800] "GET /gallery/photos/19750084/16/pages/1975-0084-01621.html HTTP/1.1" 200 2818 "-" "Mozilla/5.0 (compatible; Googlebot/2.1; +http://www.google.com/bot.html)"
72.30.99.83 - - [16/Sep/2006:01:10:18 -0800] "GET /gallery/photos/20030120/0 HTTP/1.0" 301 362 "-" "Mozilla/5.0 (compatible; Yahoo! Slurp; http://help.yahoo.com/help/us/ysearch/slurp)"
72.30.99.83 - - [16/Sep/2006:01:10:43 -0800] "GET /gallery/photos/20030120/0/ HTTP/1.0" 200 6809 "-" "Mozilla/5.0 (compatible; Yahoo! Slurp; http://help.yahoo.com/help/us/ysearch/slurp)"
66.249.72.244 - - [16/Sep/2006:01:12:27 -0800] "GET /gallery/photos/19940070/3/pages/1994-0070-00320.html HTTP/1.1" 200 5959 "-" "Mozilla/5.0 (compatible; Googlebot/2.1; +http://www.google.com/bot.html)"
66.249.72.244 - - [16/Sep/2006:01:21:17 -0800] "GET /gallery/photos/19940070/1/pages/1994-0070-00109.html HTTP/1.1" 200 5957 "-" "Mozilla/5.0 (compatible; Googlebot/2.1; +http://www.google.com/bot.html)"
38.113.234.181 - - [16/Sep/2006:01:23:33 -0800] "GET /gallery/photos/19940096/0/ HTTP/1.0" 200 9096 "-" "voyager/1.0"
65.214.44.171 - - [16/Sep/2006:01:23:35 -0800] "GET /gallery/photos/20020087/0/index_2.html HTTP/1.0" 200 7249 "-" "Mozilla/2.0 (compatible; Ask Jeeves/Teoma; +http://about.ask.com/en/docs/about/webmasters.shtml)"
66.249.72.244 - - [16/Sep/2006:01:28:02 -0800] "GET /gallery/photos/19750084/16/pages/1975-0084-01623.html HTTP/1.1" 200 2818 "-" "Mozilla/5.0 (compatible; Googlebot/2.1; +http://www.google.com/bot.html)"
66.249.72.244 - - [16/Sep/2006:01:28:03 -0800] "GET /gallery/photos/19940070/3/pages/1994-0070-00325.html HTTP/1.1" 200 5959 "-" "Mozilla/5.0 (compatible; Googlebot/2.1; +http://www.google.com/bot.html)"
65.214.45.100 - - [16/Sep/2006:01:29:04 -0800] "GET /gallery/photos/20020164/pages/2002-0164-00008.html HTTP/1.0" 200 1757 "-" "Mozilla/2.0 (compatible; Ask Jeeves/Teoma; +http://about.ask.com/en/docs/about/webmasters.shtml)"
72.30.216.13 - - [16/Sep/2006:01:31:37 -0800] "GET /gallery/photos/20000197/pages/2000-0197-00014.html HTTP/1.0" 304 - "-" "Mozilla/5.0 (compatible; Yahoo! Slurp; http://help.yahoo.com/help/us/ysearch/slurp)"
65.214.45.100 - - [16/Sep/2006:01:35:18 -0800] "GET /gallery/photos/19950244/09/pages/1995-0244-00904.html HTTP/1.0" 200 1886 "-" "Mozilla/2.0 (compatible; Ask Jeeves/Teoma; +http://about.ask.com/en/docs/about/webmasters.shtml)"
72.30.216.15 - - [16/Sep/2006:01:36:53 -0800] "GET /robots.txt HTTP/1.0" 200 96 "-" "Mozilla/5.0 (compatible; Yahoo! Slurp; http://help.yahoo.com/help/us/ysearch/slurp)"
72.30.132.113 - - [16/Sep/2006:01:37:18 -0800] "GET /gallery/mapgallery.html HTTP/1.0" 304 - "-" "Mozilla/5.0 (compatible; Yahoo! Slurp; http://help.yahoo.com/help/us/ysearch/slurp)"
85.49.71.217 - - [16/Sep/2006:01:41:22 -0800] "GET /gallery/maps/mapg3510.html HTTP/1.1" 404 322 "-" "Mozilla/4.0 (compatible; MSIE 5.17; Mac_PowerPC)"
85.49.71.217 - - [16/Sep/2006:01:41:26 -0800] "GET /gallery/maps/G3500/large/G3512%20A85%201899%20J65.jpg HTTP/1.1" 404 343 "http://images.google.es/imgres?imgurl=http://photolab.elmer.uaf.edu/gallery/maps/G3500/large/G3512%2520A85%25201899%2520J65.jpg&imgrefurl=http://photolab.elmer.uaf.edu/gallery/maps/mapg3510.html&h=1200&w=1094&sz=200&tbnid=GDJV9Gfpes5T4M:&tbnh=150&tbnw=137&hl=es&prev=/images%3Fq%3DCanada%2Bwaterways%26start%3D40%26svnum%3D10%26hl%3Des%26lr%3D%26ie%3DUTF-8%26sa%3DN&frame=small" "Mozilla/4.0 (compatible; MSIE 5.17; Mac_PowerPC)"
222.0.35.150 - - [16/Sep/2006:01:43:52 -0800] "GET /gallery/maps/mapg7000.html HTTP/1.1" 404 322 "-" "Mozilla/4.0 (compatible; MSIE 6.0; Windows NT 5.1; istb 702; SV1; .NET CLR 1.1.4322)"
222.0.35.150 - - [16/Sep/2006:01:43:54 -0800] "GET /gallery/maps/G7000/large/G7000%20%5B1780%5D%20M67%20sheet1.jpg HTTP/1.1" 404 348 "-" "Mozilla/4.0 (compatible; MSIE 6.0; Windows NT 5.1; istb 702; SV1; .NET CLR 1.1.4322)"
222.0.35.150 - - [16/Sep/2006:01:43:57 -0800] "GET /gallery/maps/mapg7000.html HTTP/1.1" 404 322 "-" "Mozilla/4.0 (compatible; MSIE 6.0; Windows NT 5.1; istb 702; SV1; .NET CLR 1.1.4322)"
65.214.44.171 - - [16/Sep/2006:01:44:29 -0800] "GET /gallery/photos/0728/pages/728-009.html HTTP/1.0" 200 2675 "-" "Mozilla/2.0 (compatible; Ask Jeeves/Teoma; +http://about.ask.com/en/docs/about/webmasters.shtml)"
66.249.72.244 - - [16/Sep/2006:01:46:45 -0800] "GET /gallery/photos/19750084/16/pages/1975-0084-01622.html HTTP/1.1" 200 2818 "-" "Mozilla/5.0 (compatible; Googlebot/2.1; +http://www.google.com/bot.html)"
65.214.45.100 - - [16/Sep/2006:01:51:10 -0800] "GET /gallery/photos/19760091/pages/page04.html HTTP/1.0" 200 1697 "-" "Mozilla/2.0 (compatible; Ask Jeeves/Teoma; +http://about.ask.com/en/docs/about/webmasters.shtml)"
24.71.223.140 - - [16/Sep/2006:01:54:11 -0800] "GET /gallery/maps/G3200/large/G3200%20%5B1652_%5D%20V571.jpg HTTP/1.1" 404 343 "-" "Mozilla/4.0 (compatible; MSIE 6.0; Windows NT 5.1; SV1; .NET CLR 1.1.4322)"
66.249.72.244 - - [16/Sep/2006:01:56:46 -0800] "GET /gallery/photos/19940070/1/pages/1994-0070-00108.html HTTP/1.1" 200 5956 "-" "Mozilla/5.0 (compatible; Googlebot/2.1; +http://www.google.com/bot.html)"
65.214.45.100 - - [16/Sep/2006:01:59:19 -0800] "GET /gallery/photos/20020087/4/pages/2002-0087-00405.html HTTP/1.0" 200 1765 "-" "Mozilla/2.0 (compatible; Ask Jeeves/Teoma; +http://about.ask.com/en/docs/about/webmasters.shtml)"
207.46.98.85 - - [16/Sep/2006:02:01:45 -0800] "GET /gallery/photos/19990293/0/index_9.html HTTP/1.0" 200 2627 "-" "msnbot/1.0 (+http://search.msn.com/msnbot.htm)"
70.58.110.130 - - [16/Sep/2006:02:02:31 -0800] "GET /robots.txt HTTP/1.0" 200 96 "-" "WeRelateBot/0.9 (WeRelate; http://www.werelate.org/wiki/WeRelate:Bot; dallan@werelate.org)"
70.58.110.130 - - [16/Sep/2006:02:02:31 -0800] "GET /robots.txt HTTP/1.0" 200 96 "-" "WeRelateBot/0.9 (WeRelate; http://www.werelate.org/wiki/WeRelate:Bot; dallan@werelate.org)"
70.58.110.130 - - [16/Sep/2006:02:02:31 -0800] "GET /gallery/photos/19640042/0 HTTP/1.0" 301 362 "-" "WeRelateBot/0.9 (WeRelate; http://www.werelate.org/wiki/WeRelate:Bot; dallan@werelate.org)"
207.46.98.85 - - [16/Sep/2006:02:02:33 -0800] "GET /gallery/photos/19940070/3/pages/1994-0070-00358.html HTTP/1.0" 200 5959 "-" "msnbot/1.0 (+http://search.msn.com/msnbot.htm)"
70.58.110.130 - - [16/Sep/2006:02:02:34 -0800] "GET /gallery/photos/19640042/1 HTTP/1.0" 301 362 "-" "WeRelateBot/0.9 (WeRelate; http://www.werelate.org/wiki/WeRelate:Bot; dallan@werelate.org)"
70.58.110.130 - - [16/Sep/2006:02:02:38 -0800] "GET /gallery/photos/19640074 HTTP/1.0" 301 360 "-" "WeRelateBot/0.9 (WeRelate; http://www.werelate.org/wiki/WeRelate:Bot; dallan@werelate.org)"
70.58.110.130 - - [16/Sep/2006:02:02:41 -0800] "GET /gallery/photos/19630071/index.html HTTP/1.0" 200 9075 "-" "WeRelateBot/0.9 (WeRelate; http://www.werelate.org/wiki/WeRelate:Bot; dallan@werelate.org)"
70.58.110.130 - - [16/Sep/2006:02:02:45 -0800] "GET /gallery/photos/19660054/00 HTTP/1.0" 301 363 "-" "WeRelateBot/0.9 (WeRelate; http://www.werelate.org/wiki/WeRelate:Bot; dallan@werelate.org)"
70.58.110.130 - - [16/Sep/2006:02:02:48 -0800] "GET /gallery/photos/0866/index.html HTTP/1.0" 200 6743 "-" "WeRelateBot/0.9 (WeRelate; http://www.werelate.org/wiki/WeRelate:Bot; dallan@werelate.org)"
70.58.110.130 - - [16/Sep/2006:02:02:51 -0800] "GET /gallery/photos/0728 HTTP/1.0" 301 356 "-" "WeRelateBot/0.9 (WeRelate; http://www.werelate.org/wiki/WeRelate:Bot; dallan@werelate.org)"
70.58.110.130 - - [16/Sep/2006:02:02:55 -0800] "GET /gallery/photos/19640042/2 HTTP/1.0" 301 362 "-" "WeRelateBot/0.9 (WeRelate; http://www.werelate.org/wiki/WeRelate:Bot; dallan@werelate.org)"
70.58.110.130 - - [16/Sep/2006:02:02:58 -0800] "GET /gallery/photos/19660054/01 HTTP/1.0" 301 363 "-" "WeRelateBot/0.9 (WeRelate; http://www.werelate.org/wiki/WeRelate:Bot; dallan@werelate.org)"
70.58.110.130 - - [16/Sep/2006:02:03:01 -0800] "GET /gallery/photos/19650030/index.htm HTTP/1.0" 200 7057 "-" "WeRelateBot/0.9 (WeRelate; http://www.werelate.org/wiki/WeRelate:Bot; dallan@werelate.org)"
70.58.110.130 - - [16/Sep/2006:02:03:05 -0800] "GET /gallery/photos/19640042/3 HTTP/1.0" 301 362 "-" "WeRelateBot/0.9 (WeRelate; http://www.werelate.org/wiki/WeRelate:Bot; dallan@werelate.org)"
70.58.110.130 - - [16/Sep/2006:02:03:08 -0800] "GET /gallery/photos/19581026/20 HTTP/1.0" 301 363 "-" "WeRelateBot/0.9 (WeRelate; http://www.werelate.org/wiki/WeRelate:Bot; dallan@werelate.org)"
70.58.110.130 - - [16/Sep/2006:02:03:11 -0800] "GET /gallery/photos/19581026/17 HTTP/1.0" 301 363 "-" "WeRelateBot/0.9 (WeRelate; http://www.werelate.org/wiki/WeRelate:Bot; dallan@werelate.org)"
70.58.110.130 - - [16/Sep/2006:02:03:15 -0800] "GET /gallery/photos/19581026/15 HTTP/1.0" 301 363 "-" "WeRelateBot/0.9 (WeRelate; http://www.werelate.org/wiki/WeRelate:Bot; dallan@werelate.org)"
70.58.110.130 - - [16/Sep/2006:02:03:18 -0800] "GET /gallery/photos/19590875/index.html HTTP/1.0" 200 8032 "-" "WeRelateBot/0.9 (WeRelate; http://www.werelate.org/wiki/WeRelate:Bot; dallan@werelate.org)"
70.58.110.130 - - [16/Sep/2006:02:03:21 -0800] "GET /gallery/photos/19640042/4 HTTP/1.0" 301 362 "-" "WeRelateBot/0.9 (WeRelate; http://www.werelate.org/wiki/WeRelate:Bot; dallan@werelate.org)"
70.58.110.130 - - [16/Sep/2006:02:03:25 -0800] "GET /gallery/photos/19581026/16 HTTP/1.0" 301 363 "-" "WeRelateBot/0.9 (WeRelate; http://www.werelate.org/wiki/WeRelate:Bot; dallan@werelate.org)"
70.58.110.130 - - [16/Sep/2006:02:03:28 -0800] "GET /gallery/photos/19581026/21 HTTP/1.0" 301 363 "-" "WeRelateBot/0.9 (WeRelate; http://www.werelate.org/wiki/WeRelate:Bot; dallan@werelate.org)"
70.58.110.130 - - [16/Sep/2006:02:03:32 -0800] "GET /gallery/photos/19581026/22 HTTP/1.0" 301 363 "-" "WeRelateBot/0.9 (WeRelate; http://www.werelate.org/wiki/WeRelate:Bot; dallan@werelate.org)"
70.58.110.130 - - [16/Sep/2006:02:03:35 -0800] "GET /gallery/photos/19581026/14 HTTP/1.0" 301 363 "-" "WeRelateBot/0.9 (WeRelate; http://www.werelate.org/wiki/WeRelate:Bot; dallan@werelate.org)"
72.30.102.80 - - [16/Sep/2006:02:04:16 -0800] "GET /gallery/photos/19700058/0/ HTTP/1.0" 200 7097 "-" "Mozilla/5.0 (compatible; Yahoo! Slurp; http://help.yahoo.com/help/us/ysearch/slurp)"
65.214.44.171 - - [16/Sep/2006:02:05:27 -0800] "GET /gallery/photos/0728/pages/728-027.html HTTP/1.0" 200 2537 "-" "Mozilla/2.0 (compatible; Ask Jeeves/Teoma; +http://about.ask.com/en/docs/about/webmasters.shtml)"
66.249.72.244 - - [16/Sep/2006:02:06:46 -0800] "GET /gallery/photos/19750084/16/pages/1975-0084-01619.html HTTP/1.1" 200 2818 "-" "Mozilla/5.0 (compatible; Googlebot/2.1; +http://www.google.com/bot.html)"
65.214.45.100 - - [16/Sep/2006:02:07:54 -0800] "GET /gallery/photos/19950244/10/pages/1995-0244-01002.html HTTP/1.0" 200 1885 "-" "Mozilla/2.0 (compatible; Ask Jeeves/Teoma; +http://about.ask.com/en/docs/about/webmasters.shtml)"
72.30.99.8 - - [16/Sep/2006:02:18:42 -0800] "GET /gallery/photos/20030129/1/pages/1999-0293-00124.html HTTP/1.0" 304 - "-" "Mozilla/5.0 (compatible; Yahoo! Slurp; http://help.yahoo.com/help/us/ysearch/slurp)"
72.30.98.143 - - [16/Sep/2006:02:21:46 -0800] "GET /gallery/photos/20030109/0 HTTP/1.0" 301 362 "-" "Mozilla/5.0 (compatible; Yahoo! Slurp; http://help.yahoo.com/help/us/ysearch/slurp)"
72.30.98.143 - - [16/Sep/2006:02:21:47 -0800] "GET /gallery/photos/20030109/0/ HTTP/1.0" 200 7094 "-" "Mozilla/5.0 (compatible; Yahoo! Slurp; http://help.yahoo.com/help/us/ysearch/slurp)"
83.16.178.150 - - [16/Sep/2006:02:23:30 -0800] "GET /gallery/maps/mapg7820.html HTTP/1.0" 404 322 "http://images.google.com/imgres?imgurl=http://photolab.elmer.uaf.edu/gallery/maps/G7000/large/G7820%25201626%2520S67.jpg&imgrefurl=http://photolab.elmer.uaf.edu/gallery/maps/mapg7820.html&h=959&w=1200&sz=319&hl=pl&start=4&tbnid=bZfnEEGns257TM:&tbnh=120&tbnw=150&prev=/images%3Fq%3Dchina%2B1626%26svnum%3D10%26hl%3Dpl%26lr%3D%26client%3Dopera%26rls%3Dpl%26sa%3DN" "Opera/9.01 (Windows NT 5.1; U; pl)"
83.16.178.150 - - [16/Sep/2006:02:23:31 -0800] "GET /gallery/maps/G7000/large/G7820%201626%20S67.jpg HTTP/1.0" 404 339 "http://images.google.com/imgres?imgurl=http://photolab.elmer.uaf.edu/gallery/maps/G7000/large/G7820%25201626%2520S67.jpg&imgrefurl=http://photolab.elmer.uaf.edu/gallery/maps/mapg7820.html&h=959&w=1200&sz=319&tbnid=bZfnEEGns257TM:&tbnh=120&tbnw=150&hl=pl&prev=/images%3Fq%3Dchina%2B1626%26svnum%3D10%26hl%3Dpl%26lr%3D%26client%3Dopera%26rls%3Dpl%26sa%3DN&frame=small" "Opera/9.01 (Windows NT 5.1; U; pl)"
83.16.178.150 - - [16/Sep/2006:02:23:32 -0800] "GET /favicon.ico HTTP/1.0" 404 307 "http://photolab.elmer.uaf.edu/gallery/maps/G7000/large/G7820%201626%20S67.jpg" "Opera/9.01 (Windows NT 5.1; U; pl)"
207.46.98.85 - - [16/Sep/2006:02:24:28 -0800] "GET /gallery/photos/19940070/3/pages/1994-0070-00396.html HTTP/1.0" 200 5959 "-" "msnbot/1.0 (+http://search.msn.com/msnbot.htm)"
207.46.98.85 - - [16/Sep/2006:02:24:29 -0800] "GET /gallery/photos/19940070/3/pages/1994-0070-00394.html HTTP/1.0" 200 5959 "-" "msnbot/1.0 (+http://search.msn.com/msnbot.htm)"
207.46.98.85 - - [16/Sep/2006:02:24:29 -0800] "GET /gallery/photos/19940070/3/pages/1994-0070-00352.html HTTP/1.0" 200 5959 "-" "msnbot/1.0 (+http://search.msn.com/msnbot.htm)"
207.46.98.85 - - [16/Sep/2006:02:24:29 -0800] "GET /gallery/photos/19940070/3/pages/1994-0070-00379.html HTTP/1.0" 200 5959 "-" "msnbot/1.0 (+http://search.msn.com/msnbot.htm)"
207.46.98.85 - - [16/Sep/2006:02:24:33 -0800] "GET /gallery/photos/19990293/0/pages/1999-0293-00098.html HTTP/1.0" 200 1768 "-" "msnbot/1.0 (+http://search.msn.com/msnbot.htm)"
139.133.7.37 - - [16/Sep/2006:02:24:49 -0800] "GET /gallery/maps/G3200/large/G3271%20S12%20%5B1601%5D%20B79.jpg HTTP/1.0" 404 345 "http://profile.myspace.com/index.cfm?fuseaction=user.viewprofile&friendid=30133799" "Mozilla/5.0 (Macintosh; U; PPC Mac OS X Mach-O; en-US; rv:1.8.0.7) Gecko/20060909 Firefox/1.5.0.7"
66.249.72.244 - - [16/Sep/2006:02:26:49 -0800] "GET /gallery/photos/19960190/ HTTP/1.1" 304 - "-" "Mozilla/5.0 (compatible; Googlebot/2.1; +http://www.google.com/bot.html)"
207.46.98.87 - - [16/Sep/2006:02:27:00 -0800] "GET /gallery/photos/19890166/09/pages/1989-0166-00685a_print.html HTTP/1.0" 200 1960 "-" "msnbot/1.0 (+http://search.msn.com/msnbot.htm)"
207.46.98.87 - - [16/Sep/2006:02:27:08 -0800] "GET /gallery/photos/19940096/1/pages/1994-0096-00180.html HTTP/1.0" 200 1903 "-" "msnbot/1.0 (+http://search.msn.com/msnbot.htm)"
207.46.98.87 - - [16/Sep/2006:02:28:00 -0800] "GET /gallery/photos/20020087/3/pages/2002-0087-00319.html HTTP/1.0" 200 1767 "-" "msnbot/1.0 (+http://search.msn.com/msnbot.htm)"
207.46.98.87 - - [16/Sep/2006:02:28:00 -0800] "GET /gallery/photos/19890166/08/pages/1989-0166-00576a_print.html HTTP/1.0" 200 1961 "-" "msnbot/1.0 (+http://search.msn.com/msnbot.htm)"
66.249.72.244 - - [16/Sep/2006:02:28:09 -0800] "GET /gallery/photos/19940070/1/pages/1994-0070-00122.html HTTP/1.1" 200 5959 "-" "Mozilla/5.0 (compatible; Googlebot/2.1; +http://www.google.com/bot.html)"
66.249.72.244 - - [16/Sep/2006:02:28:10 -0800] "GET /gallery/photos/19750084/16/pages/1975-0084-01614.html HTTP/1.1" 200 2818 "-" "Mozilla/5.0 (compatible; Googlebot/2.1; +http://www.google.com/bot.html)"
207.46.98.86 - - [16/Sep/2006:02:28:30 -0800] "GET /gallery/photos/19880041/0/pages/1988-0041-00002.htm HTTP/1.0" 200 1876 "-" "msnbot/1.0 (+http://search.msn.com/msnbot.htm)"
207.46.98.87 - - [16/Sep/2006:02:28:53 -0800] "GET /gallery/photos/20030137/pages/2003-0137-00095.html HTTP/1.0" 200 1770 "-" "msnbot/1.0 (+http://search.msn.com/msnbot.htm)"
207.46.98.87 - - [16/Sep/2006:02:29:51 -0800] "GET /gallery/photos/20030040/0/pages/2003-0040-00099.html HTTP/1.0" 200 1609 "-" "msnbot/1.0 (+http://search.msn.com/msnbot.htm)"
65.214.45.100 - - [16/Sep/2006:02:33:21 -0800] "GET /gallery/photos/20020087/5/pages/2002-0087-00502.html HTTP/1.0" 200 1765 "-" "Mozilla/2.0 (compatible; Ask Jeeves/Teoma; +http://about.ask.com/en/docs/about/webmasters.shtml)"
65.214.45.100 - - [16/Sep/2006:02:34:12 -0800] "GET /gallery/photos/19950244/14/pages/1995-0244-01410.html HTTP/1.0" 200 1887 "-" "Mozilla/2.0 (compatible; Ask Jeeves/Teoma; +http://about.ask.com/en/docs/about/webmasters.shtml)"
207.46.98.85 - - [16/Sep/2006:02:35:57 -0800] "GET /gallery/photos/20040111/01/pages/2004-0111-00198.htm HTTP/1.0" 200 1885 "-" "msnbot/1.0 (+http://search.msn.com/msnbot.htm)"
207.46.98.85 - - [16/Sep/2006:02:35:59 -0800] "GET /gallery/photos/19940096/5/pages/1994-0096-00539.html HTTP/1.0" 200 1901 "-" "msnbot/1.0 (+http://search.msn.com/msnbot.htm)"
207.46.98.85 - - [16/Sep/2006:02:36:20 -0800] "GET /gallery/photos/19640042/3/pages/1964-0042-00302.htm HTTP/1.0" 200 1881 "-" "msnbot/1.0 (+http://search.msn.com/msnbot.htm)"
207.46.98.85 - - [16/Sep/2006:02:36:51 -0800] "GET /gallery/photos/19650030/pages/1965-0030-00011.htm HTTP/1.0" 200 1887 "-" "msnbot/1.0 (+http://search.msn.com/msnbot.htm)"
207.46.98.85 - - [16/Sep/2006:02:36:51 -0800] "GET /gallery/photos/20040086/0/pages/2004-0086-00030.htm HTTP/1.0" 200 1876 "-" "msnbot/1.0 (+http://search.msn.com/msnbot.htm)"
207.46.98.85 - - [16/Sep/2006:02:36:56 -0800] "GET /gallery/photos/19950244/11/pages/1995-0244-01109.html HTTP/1.0" 200 1886 "-" "msnbot/1.0 (+http://search.msn.com/msnbot.htm)"
207.46.98.85 - - [16/Sep/2006:02:36:57 -0800] "GET /gallery/photos/19900080/0/pages/1990-0080-00011.html HTTP/1.0" 200 1876 "-" "msnbot/1.0 (+http://search.msn.com/msnbot.htm)"
207.46.98.85 - - [16/Sep/2006:02:36:58 -0800] "GET /gallery/photos/19900080/0/pages/1990-0080-00128.html HTTP/1.0" 200 1880 "-" "msnbot/1.0 (+http://search.msn.com/msnbot.htm)"
207.46.98.85 - - [16/Sep/2006:02:36:58 -0800] "GET /gallery/photos/19950244/00/pages/1995-0244-00023.html HTTP/1.0" 200 1888 "-" "msnbot/1.0 (+http://search.msn.com/msnbot.htm)"
207.46.98.85 - - [16/Sep/2006:02:36:58 -0800] "GET /gallery/photos/19950190/pages/1995-0190-00018.html HTTP/1.0" 200 1877 "-" "msnbot/1.0 (+http://search.msn.com/msnbot.htm)"
207.46.98.85 - - [16/Sep/2006:02:36:59 -0800] "GET /gallery/photos/19640042/0/pages/1964-0042-00015.htm HTTP/1.0" 200 1884 "-" "msnbot/1.0 (+http://search.msn.com/msnbot.htm)"
207.46.98.85 - - [16/Sep/2006:02:36:59 -0800] "GET /gallery/photos/19950244/09/pages/1995-0244-00918.html HTTP/1.0" 200 1889 "-" "msnbot/1.0 (+http://search.msn.com/msnbot.htm)"
207.46.98.85 - - [16/Sep/2006:02:36:59 -0800] "GET /gallery/photos/19950244/12/pages/1995-0244-01217.html HTTP/1.0" 200 1888 "-" "msnbot/1.0 (+http://search.msn.com/msnbot.htm)"
207.46.98.85 - - [16/Sep/2006:02:36:59 -0800] "GET /gallery/photos/20040014/0/pages/2004-0014-00021.html HTTP/1.0" 200 1866 "-" "msnbot/1.0 (+http://search.msn.com/msnbot.htm)"
207.46.98.85 - - [16/Sep/2006:02:36:59 -0800] "GET /gallery/photos/20040110/10/pages/2004-0110-00971.htm HTTP/1.0" 200 1888 "-" "msnbot/1.0 (+http://search.msn.com/msnbot.htm)"
207.46.98.85 - - [16/Sep/2006:02:37:00 -0800] "GET /gallery/photos/19650030/pages/1965-0030-00031.htm HTTP/1.0" 200 1889 "-" "msnbot/1.0 (+http://search.msn.com/msnbot.htm)"
207.46.98.85 - - [16/Sep/2006:02:37:00 -0800] "GET /gallery/photos/19950244/14/pages/1995-0244-01417a.html HTTP/1.0" 200 1893 "-" "msnbot/1.0 (+http://search.msn.com/msnbot.htm)"
207.46.98.85 - - [16/Sep/2006:02:37:00 -0800] "GET /gallery/photos/20040086/0/pages/2004-0086-00047.htm HTTP/1.0" 200 1879 "-" "msnbot/1.0 (+http://search.msn.com/msnbot.htm)"
207.46.98.85 - - [16/Sep/2006:02:37:00 -0800] "GET /gallery/photos/19890166/14/pages/1989-0166-01142_postcard.html HTTP/1.0" 200 1973 "-" "msnbot/1.0 (+http://search.msn.com/msnbot.htm)"
207.46.98.85 - - [16/Sep/2006:02:37:00 -0800] "GET /gallery/photos/20040014/0/pages/2004-0014-00023.html HTTP/1.0" 200 1866 "-" "msnbot/1.0 (+http://search.msn.com/msnbot.htm)"
207.46.98.85 - - [16/Sep/2006:02:37:01 -0800] "GET /gallery/photos/19950244/12/pages/1995-0244-01215.html HTTP/1.0" 200 1888 "-" "msnbot/1.0 (+http://search.msn.com/msnbot.htm)"
207.46.98.85 - - [16/Sep/2006:02:37:11 -0800] "GET /gallery/photos/19950244/00/pages/1995-0244-00029.html HTTP/1.0" 200 1888 "-" "msnbot/1.0 (+http://search.msn.com/msnbot.htm)"
207.46.98.85 - - [16/Sep/2006:02:37:11 -0800] "GET /gallery/photos/19680041/1/pages/1968-0041-00145.htm HTTP/1.0" 200 1889 "-" "msnbot/1.0 (+http://search.msn.com/msnbot.htm)"
207.46.98.85 - - [16/Sep/2006:02:37:11 -0800] "GET /gallery/photos/19640042/0/pages/1964-0042-00035.htm HTTP/1.0" 200 1884 "-" "msnbot/1.0 (+http://search.msn.com/msnbot.htm)"
207.46.98.85 - - [16/Sep/2006:02:37:11 -0800] "GET /gallery/photos/19880041/0/pages/1988-0041-00026.htm HTTP/1.0" 200 1879 "-" "msnbot/1.0 (+http://search.msn.com/msnbot.htm)"
207.46.98.85 - - [16/Sep/2006:02:37:11 -0800] "GET /gallery/photos/20040145/1/pages/2004-0145-00160.htm HTTP/1.0" 200 1890 "-" "msnbot/1.0 (+http://search.msn.com/msnbot.htm)"
207.46.98.85 - - [16/Sep/2006:02:37:15 -0800] "GET /gallery/photos/19880041/0/pages/1988-0041-00032.htm HTTP/1.0" 200 1879 "-" "msnbot/1.0 (+http://search.msn.com/msnbot.htm)"
205.188.117.67 - - [16/Sep/2006:02:37:24 -0800] "GET /gallery/panoramas/panofairbanks.html HTTP/1.1" 200 22803 "http://images.google.com/imgres?imgurl=http://photolab.elmer.uaf.edu/gallery/panoramas/smalljpegs/1988-0051-00008.jpg&imgrefurl=http://photolab.elmer.uaf.edu/gallery/panoramas/panofairbanks.html&h=114&w=600&sz=35&hl=en&start=2&tbnid=-yGJ55uGgk1oDM:&tbnh=26&tbnw=135&prev=/images%3Fq%3DLadd%2BAir%2BForce%2BBase%26svnum%3D10%26hl%3Den%26lr%3D%26ie%3DUTF-8%26sa%3DG" "Mozilla/4.0 (compatible; MSIE 6.0; AOL 9.0; Windows NT 5.1; SV1; .NET CLR 1.1.4322)"
205.188.117.72 - - [16/Sep/2006:02:37:26 -0800] "GET /index_files/lib.css HTTP/1.1" 200 2809 "http://photolab.elmer.uaf.edu/gallery/panoramas/panofairbanks.html" "Mozilla/4.0 (compatible; MSIE 6.0; AOL 9.0; Windows NT 5.1; SV1; .NET CLR 1.1.4322)"
205.188.117.72 - - [16/Sep/2006:02:37:27 -0800] "GET /index_files/apr.jpg HTTP/1.1" 200 6015 "http://photolab.elmer.uaf.edu/gallery/panoramas/panofairbanks.html" "Mozilla/4.0 (compatible; MSIE 6.0; AOL 9.0; Windows NT 5.1; SV1; .NET CLR 1.1.4322)"
205.188.117.14 - - [16/Sep/2006:02:37:28 -0800] "GET /index_files/title.jpg HTTP/1.1" 200 5438 "http://photolab.elmer.uaf.edu/gallery/panoramas/panofairbanks.html" "Mozilla/4.0 (compatible; MSIE 6.0; AOL 9.0; Windows NT 5.1; SV1; .NET CLR 1.1.4322)"
205.188.116.130 - - [16/Sep/2006:02:37:28 -0800] "GET /index_files/bar.gif HTTP/1.1" 200 342 "http://photolab.elmer.uaf.edu/gallery/panoramas/panofairbanks.html" "Mozilla/4.0 (compatible; MSIE 6.0; AOL 9.0; Windows NT 5.1; SV1; .NET CLR 1.1.4322)"
205.188.116.132 - - [16/Sep/2006:02:37:29 -0800] "GET /index_files/empty.gif HTTP/1.1" 200 45 "http://photolab.elmer.uaf.edu/gallery/panoramas/panofairbanks.html" "Mozilla/4.0 (compatible; MSIE 6.0; AOL 9.0; Windows NT 5.1; SV1; .NET CLR 1.1.4322)"
205.188.116.11 - - [16/Sep/2006:02:37:30 -0800] "GET /index_files/small.dps.jpg HTTP/1.1" 200 5830 "http://photolab.elmer.uaf.edu/gallery/panoramas/panofairbanks.html" "Mozilla/4.0 (compatible; MSIE 6.0; AOL 9.0; Windows NT 5.1; SV1; .NET CLR 1.1.4322)"
205.188.116.132 - - [16/Sep/2006:02:37:31 -0800] "GET /index_files/small_002.jpg HTTP/1.1" 200 1351 "http://photolab.elmer.uaf.edu/gallery/panoramas/panofairbanks.html" "Mozilla/4.0 (compatible; MSIE 6.0; AOL 9.0; Windows NT 5.1; SV1; .NET CLR 1.1.4322)"
205.188.117.5 - - [16/Sep/2006:02:37:31 -0800] "GET /index_files/small.jpg HTTP/1.1" 200 2294 "http://photolab.elmer.uaf.edu/gallery/panoramas/panofairbanks.html" "Mozilla/4.0 (compatible; MSIE 6.0; AOL 9.0; Windows NT 5.1; SV1; .NET CLR 1.1.4322)"
205.188.116.203 - - [16/Sep/2006:02:37:32 -0800] "GET /index_files/small_003.jpg HTTP/1.1" 200 1521 "http://photolab.elmer.uaf.edu/gallery/panoramas/panofairbanks.html" "Mozilla/4.0 (compatible; MSIE 6.0; AOL 9.0; Windows NT 5.1; SV1; .NET CLR 1.1.4322)"
205.188.116.67 - - [16/Sep/2006:02:37:33 -0800] "GET /gallery/panoramas/smalljpegs/1966-0067-00001.jpg HTTP/1.1" 200 37832 "http://photolab.elmer.uaf.edu/gallery/panoramas/panofairbanks.html" "Mozilla/4.0 (compatible; MSIE 6.0; AOL 9.0; Windows NT 5.1; SV1; .NET CLR 1.1.4322)"
205.188.116.73 - - [16/Sep/2006:02:37:33 -0800] "GET /index_files/ahs.jpg HTTP/1.1" 200 19341 "http://photolab.elmer.uaf.edu/gallery/panoramas/panofairbanks.html" "Mozilla/4.0 (compatible; MSIE 6.0; AOL 9.0; Windows NT 5.1; SV1; .NET CLR 1.1.4322)"
205.188.117.12 - - [16/Sep/2006:02:37:34 -0800] "GET /gallery/panoramas/smalljpegs/2003-0174-00509.jpg HTTP/1.1" 200 33071 "http://photolab.elmer.uaf.edu/gallery/panoramas/panofairbanks.html" "Mozilla/4.0 (compatible; MSIE 6.0; AOL 9.0; Windows NT 5.1; SV1; .NET CLR 1.1.4322)"
205.188.117.74 - - [16/Sep/2006:02:37:35 -0800] "GET /gallery/panoramas/smalljpegs/2003-0174-00510.jpg HTTP/1.1" 200 35005 "http://photolab.elmer.uaf.edu/gallery/panoramas/panofairbanks.html" "Mozilla/4.0 (compatible; MSIE 6.0; AOL 9.0; Windows NT 5.1; SV1; .NET CLR 1.1.4322)"
205.188.117.69 - - [16/Sep/2006:02:37:38 -0800] "GET /gallery/panoramas/smalljpegs/1958-1026-02162.jpg HTTP/1.1" 200 33568 "http://photolab.elmer.uaf.edu/gallery/panoramas/panofairbanks.html" "Mozilla/4.0 (compatible; MSIE 6.0; AOL 9.0; Windows NT 5.1; SV1; .NET CLR 1.1.4322)"
205.188.116.5 - - [16/Sep/2006:02:37:42 -0800] "GET /gallery/panoramas/smalljpegs/2003-0174-00511.jpg HTTP/1.1" 200 31190 "http://photolab.elmer.uaf.edu/gallery/panoramas/panofairbanks.html" "Mozilla/4.0 (compatible; MSIE 6.0; AOL 9.0; Windows NT 5.1; SV1; .NET CLR 1.1.4322)"
205.188.116.135 - - [16/Sep/2006:02:37:47 -0800] "GET /gallery/panoramas/smalljpegs/2002-0134-00035.jpg HTTP/1.1" 200 30460 "http://photolab.elmer.uaf.edu/gallery/panoramas/panofairbanks.html" "Mozilla/4.0 (compatible; MSIE 6.0; AOL 9.0; Windows NT 5.1; SV1; .NET CLR 1.1.4322)"
205.188.116.133 - - [16/Sep/2006:02:37:48 -0800] "GET /gallery/panoramas/smalljpegs/2003-0174-00512.jpg HTTP/1.1" 200 33909 "http://photolab.elmer.uaf.edu/gallery/panoramas/panofairbanks.html" "Mozilla/4.0 (compatible; MSIE 6.0; AOL 9.0; Windows NT 5.1; SV1; .NET CLR 1.1.4322)"
205.188.116.130 - - [16/Sep/2006:02:37:48 -0800] "GET /gallery/panoramas/smalljpegs/1958-1026-02163.jpg HTTP/1.1" 200 34526 "http://photolab.elmer.uaf.edu/gallery/panoramas/panofairbanks.html" "Mozilla/4.0 (compatible; MSIE 6.0; AOL 9.0; Windows NT 5.1; SV1; .NET CLR 1.1.4322)"
207.46.98.85 - - [16/Sep/2006:02:37:50 -0800] "GET /gallery/photos/19950244/05/pages/1995-0244-00549.html HTTP/1.0" 200 1889 "-" "msnbot/1.0 (+http://search.msn.com/msnbot.htm)"
207.46.98.85 - - [16/Sep/2006:02:37:50 -0800] "GET /gallery/photos/19930194/1/pages/1993-0194-00156.htm HTTP/1.0" 200 1885 "-" "msnbot/1.0 (+http://search.msn.com/msnbot.htm)"
207.46.98.85 - - [16/Sep/2006:02:37:50 -0800] "GET /gallery/photos/19950244/09/pages/1995-0244-00939.html HTTP/1.0" 200 1889 "-" "msnbot/1.0 (+http://search.msn.com/msnbot.htm)"
207.46.98.85 - - [16/Sep/2006:02:37:50 -0800] "GET /gallery/photos/20040110/10/pages/2004-0110-00988.htm HTTP/1.0" 200 1888 "-" "msnbot/1.0 (+http://search.msn.com/msnbot.htm)"
