207.46.98.87 - - [16/Sep/2006:07:00:58 -0800] "GET /gallery/photos/19900043/10/pages/1990-0043-01032.html HTTP/1.0" 200 1766 "-" "msnbot/1.0 (+http://search.msn.com/msnbot.htm)"
66.249.72.244 - - [16/Sep/2006:07:03:30 -0800] "GET /gallery/photos/20010180/pages/2001-0180-00019.html HTTP/1.1" 200 2787 "-" "Mozilla/5.0 (compatible; Googlebot/2.1; +http://www.google.com/bot.html)"
207.46.98.87 - - [16/Sep/2006:07:04:15 -0800] "GET /gallery/photos/20040162/pages/2004-0162-00082.html HTTP/1.0" 200 1894 "-" "msnbot/1.0 (+http://search.msn.com/msnbot.htm)"
207.46.98.87 - - [16/Sep/2006:07:07:00 -0800] "GET /gallery/photos/19950244/06/pages/1995-0244-00684.html HTTP/1.0" 200 1889 "-" "msnbot/1.0 (+http://search.msn.com/msnbot.htm)"
207.46.98.87 - - [16/Sep/2006:07:07:00 -0800] "GET /gallery/photos/20040066/1/pages/2004-0066-00140.html HTTP/1.0" 200 1884 "-" "msnbot/1.0 (+http://search.msn.com/msnbot.htm)"
207.46.98.87 - - [16/Sep/2006:07:07:06 -0800] "GET /gallery/photos/20040084/1157-1288/pages/2004-0084-01268.html HTTP/1.0" 200 1901 "-" "msnbot/1.0 (+http://search.msn.com/msnbot.htm)"
66.249.72.244 - - [16/Sep/2006:07:07:29 -0800] "GET /gallery/photos/20010180/pages/2001-0180-00023.html HTTP/1.1" 200 2787 "-" "Mozilla/5.0 (compatible; Googlebot/2.1; +http://www.google.com/bot.html)"
207.46.98.86 - - [16/Sep/2006:07:08:57 -0800] "GET /gallery/photos/20020087/1/index_9.html HTTP/1.0" 200 3117 "-" "msnbot/1.0 (+http://search.msn.com/msnbot.htm)"
66.249.72.244 - - [16/Sep/2006:07:11:28 -0800] "GET /gallery/photos/19940070/1/pages/1994-0070-00136.html HTTP/1.1" 200 5959 "-" "Mozilla/5.0 (compatible; Googlebot/2.1; +http://www.google.com/bot.html)"
66.249.72.244 - - [16/Sep/2006:07:11:29 -0800] "GET /gallery/photos/20010180/pages/2001-0180-00021.html HTTP/1.1" 200 2787 "-" "Mozilla/5.0 (compatible; Googlebot/2.1; +http://www.google.com/bot.html)"
24.47.77.164 - - [16/Sep/2006:07:12:10 -0800] "GET /gallery/maps/mapg9230.html HTTP/1.1" 404 322 "http://images.google.com/imgres?imgurl=http://photolab.elmer.uaf.edu/gallery/maps/G9000/large/G9236%2520P5%25201895%2520U581.jpg&imgrefurl=http://photolab.elmer.uaf.edu/gallery/maps/mapg9230.html&h=778&w=1200&sz=185&hl=en&start=2&tbnid=ny4rMr50xifPTM:&tbnh=97&tbnw=150&prev=/images%3Fq%3Dmap%2Bof%2Bnorth%2Bpacific%2Bocean%26svnum%3D10%26hl%3Den%26lr%3D%26client%3Dfirefox-a%26rls%3Dorg.mozilla:en-US:official_s%26sa%3DN" "Mozilla/5.0 (Macintosh; U; PPC Mac OS X Mach-O; en-US; rv:1.8.0.6) Gecko/20060728 Firefox/1.5.0.6"
24.47.77.164 - - [16/Sep/2006:07:12:12 -0800] "GET /gallery/maps/G9000/large/G9236%20P5%201895%20U581.jpg HTTP/1.1" 404 343 "http://images.google.com/imgres?imgurl=http://photolab.elmer.uaf.edu/gallery/maps/G9000/large/G9236%2520P5%25201895%2520U581.jpg&imgrefurl=http://photolab.elmer.uaf.edu/gallery/maps/mapg9230.html&h=778&w=1200&sz=185&tbnid=ny4rMr50xifPTM:&tbnh=97&tbnw=150&hl=en&prev=/images%3Fq%3Dmap%2Bof%2Bnorth%2Bpacific%2Bocean%26svnum%3D10%26hl%3Den%26lr%3D%26client%3Dfirefox-a%26rls%3Dorg.mozilla:en-US:official_s%26sa%3DN&frame=small" "Mozilla/5.0 (Macintosh; U; PPC Mac OS X Mach-O; en-US; rv:1.8.0.6) Gecko/20060728 Firefox/1.5.0.6"
24.47.77.164 - - [16/Sep/2006:07:12:12 -0800] "GET /favicon.ico HTTP/1.1" 404 307 "-" "Mozilla/5.0 (Macintosh; U; PPC Mac OS X Mach-O; en-US; rv:1.8.0.6) Gecko/20060728 Firefox/1.5.0.6"
72.30.128.151 - - [16/Sep/2006:07:12:29 -0800] "GET /gallery/photos/20040086/0/index_5.htm HTTP/1.0" 304 - "-" "Mozilla/5.0 (compatible; Yahoo! Slurp; http://help.yahoo.com/help/us/ysearch/slurp)"
65.214.44.171 - - [16/Sep/2006:07:15:15 -0800] "GET /gallery/photos/19790093/album/index.html HTTP/1.0" 200 9085 "-" "Mozilla/2.0 (compatible; Ask Jeeves/Teoma; +http://about.ask.com/en/docs/about/webmasters.shtml)"
66.249.72.244 - - [16/Sep/2006:07:15:27 -0800] "GET /gallery/photos/20010180/pages/2001-0180-00020.html HTTP/1.1" 200 2787 "-" "Mozilla/5.0 (compatible; Googlebot/2.1; +http://www.google.com/bot.html)"
81.10.190.207 - - [16/Sep/2006:07:18:31 -0800] "GET /gallery/photos/19640074/images/1964-0074-00105.jpg HTTP/1.1" 200 60347 "http://profile.myspace.com/index.cfm?fuseaction=user.viewprofile&friendid=67932165" "Mozilla/5.0 (Windows; U; Windows NT 5.1; de; rv:1.8.0.7) Gecko/20060909 Firefox/1.5.0.7"
207.46.98.85 - - [16/Sep/2006:07:19:04 -0800] "GET /gallery/photos/20030129/1/index_16.html HTTP/1.0" 200 7256 "-" "msnbot/1.0 (+http://search.msn.com/msnbot.htm)"
66.249.72.244 - - [16/Sep/2006:07:19:26 -0800] "GET /gallery/photos/20010180/pages/2001-0180-00016.html HTTP/1.1" 200 2787 "-" "Mozilla/5.0 (compatible; Googlebot/2.1; +http://www.google.com/bot.html)"
72.30.103.212 - - [16/Sep/2006:07:20:39 -0800] "GET /gallery/photos/19640042/1/pages/1964-0042-00105.htm HTTP/1.0" 304 - "-" "Mozilla/5.0 (compatible; Yahoo! Slurp; http://help.yahoo.com/help/us/ysearch/slurp)"
72.30.102.95 - - [16/Sep/2006:07:20:57 -0800] "GET /gallery/photos/19940070/0/pages/1994-0070-00017.html HTTP/1.0" 200 6003 "-" "Mozilla/5.0 (compatible; Yahoo! Slurp; http://help.yahoo.com/help/us/ysearch/slurp)"
72.30.133.204 - - [16/Sep/2006:07:21:43 -0800] "GET /gallery/photos/0728 HTTP/1.0" 301 356 "-" "Mozilla/5.0 (compatible; Yahoo! Slurp; http://help.yahoo.com/help/us/ysearch/slurp)"
72.30.133.204 - - [16/Sep/2006:07:21:50 -0800] "GET /gallery/photos/0728/ HTTP/1.0" 200 6598 "-" "Mozilla/5.0 (compatible; Yahoo! Slurp; http://help.yahoo.com/help/us/ysearch/slurp)"
66.249.72.244 - - [16/Sep/2006:07:23:26 -0800] "GET /gallery/photos/20010180/pages/2001-0180-00022.html HTTP/1.1" 200 2787 "-" "Mozilla/5.0 (compatible; Googlebot/2.1; +http://www.google.com/bot.html)"
207.46.98.85 - - [16/Sep/2006:07:24:57 -0800] "GET /gallery/photos/19700071/pages/1970-0071-00026.html HTTP/1.0" 200 1884 "-" "msnbot/1.0 (+http://search.msn.com/msnbot.htm)"
207.46.98.85 - - [16/Sep/2006:07:25:12 -0800] "GET /gallery/photos/19690092/5/pages/1969-0092-00595.html HTTP/1.0" 200 1765 "-" "msnbot/1.0 (+http://search.msn.com/msnbot.htm)"
207.46.98.85 - - [16/Sep/2006:07:25:15 -0800] "GET /gallery/photos/19800068/0/pages/1980-0068-00063.html HTTP/1.0" 200 1860 "-" "msnbot/1.0 (+http://search.msn.com/msnbot.htm)"
66.249.72.244 - - [16/Sep/2006:07:27:24 -0800] "GET /gallery/photos/20010180/pages/2001-0180-00013.html HTTP/1.1" 200 2787 "-" "Mozilla/5.0 (compatible; Googlebot/2.1; +http://www.google.com/bot.html)"
207.46.98.85 - - [16/Sep/2006:07:28:23 -0800] "GET /gallery/photos/20030174/3/index_7.html HTTP/1.0" 200 7223 "-" "msnbot/1.0 (+http://search.msn.com/msnbot.htm)"
72.30.103.217 - - [16/Sep/2006:07:29:53 -0800] "GET /gallery/photos/19640042/3/pages/1964-0042-00310.htm HTTP/1.0" 200 1882 "-" "Mozilla/5.0 (compatible; Yahoo! Slurp; http://help.yahoo.com/help/us/ysearch/slurp)"
66.249.72.244 - - [16/Sep/2006:07:31:24 -0800] "GET /gallery/photos/20010180/pages/2001-0180-00017.html HTTP/1.1" 200 2787 "-" "Mozilla/5.0 (compatible; Googlebot/2.1; +http://www.google.com/bot.html)"
65.6.171.16 - - [16/Sep/2006:07:33:55 -0800] "GET /gallery/maps/mapg3350.html HTTP/1.1" 404 322 "http://images.google.com/imgres?imgurl=http://photolab.elmer.uaf.edu/gallery/maps/G3300/large/G3350%2520%255B18--%255D%2520B44.jpg&imgrefurl=http://photolab.elmer.uaf.edu/gallery/maps/mapg3350.html&h=885&w=1200&sz=161&hl=en&start=1&tbnid=fJE56acOqopL_M:&tbnh=111&tbnw=150&prev=/images%3Fq%3Dyucon%2Bmap%26svnum%3D10%26hl%3Den%26lr%3D" "Mozilla/4.0 (compatible; MSIE 6.0; Windows NT 5.1; SV1; FunWebProducts; .NET CLR 1.1.4322)"
65.6.171.16 - - [16/Sep/2006:07:33:57 -0800] "GET /gallery/maps/G3300/large/G3350%20%5B18--%5D%20B44.jpg HTTP/1.1" 404 341 "http://images.google.com/imgres?imgurl=http://photolab.elmer.uaf.edu/gallery/maps/G3300/large/G3350%2520%255B18--%255D%2520B44.jpg&imgrefurl=http://photolab.elmer.uaf.edu/gallery/maps/mapg3350.html&h=885&w=1200&sz=161&tbnid=fJE56acOqopL_M:&tbnh=111&tbnw=150&hl=en&prev=/images%3Fq%3Dyucon%2Bmap%26svnum%3D10%26hl%3Den%26lr%3D&frame=small" "Mozilla/4.0 (compatible; MSIE 6.0; Windows NT 5.1; SV1; FunWebProducts; .NET CLR 1.1.4322)"
65.6.171.16 - - [16/Sep/2006:07:34:01 -0800] "GET /gallery/maps/G3300/large/G3350%20%5B18--%5D%20B44.jpg HTTP/1.1" 404 341 "http://images.google.com/imgres?imgurl=http://photolab.elmer.uaf.edu/gallery/maps/G3300/large/G3350%2520%255B18--%255D%2520B44.jpg&imgrefurl=http://photolab.elmer.uaf.edu/gallery/maps/mapg3350.html&h=885&w=1200&sz=161&tbnid=fJE56acOqopL_M:&tbnh=111&tbnw=150&hl=en&prev=/images%3Fq%3Dyucon%2Bmap%26svnum%3D10%26hl%3Den%26lr%3D&frame=small" "Mozilla/4.0 (compatible; MSIE 6.0; Windows NT 5.1; SV1; FunWebProducts; .NET CLR 1.1.4322)"
65.6.171.16 - - [16/Sep/2006:07:34:03 -0800] "GET /gallery/maps/mapg3350.html HTTP/1.1" 404 322 "http://images.google.com/imgres?imgurl=http://photolab.elmer.uaf.edu/gallery/maps/G3300/large/G3350%2520%255B18--%255D%2520B44.jpg&imgrefurl=http://photolab.elmer.uaf.edu/gallery/maps/mapg3350.html&h=885&w=1200&sz=161&hl=en&start=1&tbnid=fJE56acOqopL_M:&tbnh=111&tbnw=150&prev=/images%3Fq%3Dyucon%2Bmap%26svnum%3D10%26hl%3Den%26lr%3D" "Mozilla/4.0 (compatible; MSIE 6.0; Windows NT 5.1; SV1; FunWebProducts; .NET CLR 1.1.4322)"
65.6.171.16 - - [16/Sep/2006:07:34:06 -0800] "GET /gallery/maps/mapg3350.html HTTP/1.1" 404 322 "http://images.google.com/imgres?imgurl=http://photolab.elmer.uaf.edu/gallery/maps/G3300/large/G3350%2520%255B18--%255D%2520B44.jpg&imgrefurl=http://photolab.elmer.uaf.edu/gallery/maps/mapg3350.html&h=885&w=1200&sz=161&tbnid=fJE56acOqopL_M:&tbnh=111&tbnw=150&hl=en&prev=/images%3Fq%3Dyucon%2Bmap%26svnum%3D10%26hl%3Den%26lr%3D&frame=small" "Mozilla/4.0 (compatible; MSIE 6.0; Windows NT 5.1; SV1; FunWebProducts; .NET CLR 1.1.4322)"
65.6.171.16 - - [16/Sep/2006:07:34:07 -0800] "GET /gallery/maps/mapg3350.html HTTP/1.1" 404 322 "http://images.google.com/imgres?imgurl=http://photolab.elmer.uaf.edu/gallery/maps/G3300/large/G3350%2520%255B18--%255D%2520B44.jpg&imgrefurl=http://photolab.elmer.uaf.edu/gallery/maps/mapg3350.html&h=885&w=1200&sz=161&hl=en&start=1&tbnid=fJE56acOqopL_M:&tbnh=111&tbnw=150&prev=/images%3Fq%3Dyucon%2Bmap%26svnum%3D10%26hl%3Den%26lr%3D" "Mozilla/4.0 (compatible; MSIE 6.0; Windows NT 5.1; SV1; FunWebProducts; .NET CLR 1.1.4322)"
65.6.171.16 - - [16/Sep/2006:07:34:09 -0800] "GET /gallery/maps/mapg3350.html HTTP/1.1" 404 322 "http://images.google.com/imgres?imgurl=http://photolab.elmer.uaf.edu/gallery/maps/G3300/small/G3351%2520P92%2520%255B18--%255D%2520section1.jpg&imgrefurl=http://photolab.elmer.uaf.edu/gallery/maps/mapg3350.html&h=130&w=100&sz=28&hl=en&start=5&tbnid=cK2nrknUhCYZ8M:&tbnh=91&tbnw=70&prev=/images%3Fq%3Dyucon%2Bmap%26svnum%3D10%26hl%3Den%26lr%3D" "Mozilla/4.0 (compatible; MSIE 6.0; Windows NT 5.1; SV1; FunWebProducts; .NET CLR 1.1.4322)"
65.6.171.16 - - [16/Sep/2006:07:34:11 -0800] "GET /gallery/maps/G3300/small/G3351%20P92%20%5B18--%5D%20section1.jpg HTTP/1.1" 404 350 "http://images.google.com/imgres?imgurl=http://photolab.elmer.uaf.edu/gallery/maps/G3300/small/G3351%2520P92%2520%255B18--%255D%2520section1.jpg&imgrefurl=http://photolab.elmer.uaf.edu/gallery/maps/mapg3350.html&h=130&w=100&sz=28&tbnid=cK2nrknUhCYZ8M:&tbnh=91&tbnw=70&hl=en&prev=/images%3Fq%3Dyucon%2Bmap%26svnum%3D10%26hl%3Den%26lr%3D&frame=small" "Mozilla/4.0 (compatible; MSIE 6.0; Windows NT 5.1; SV1; FunWebProducts; .NET CLR 1.1.4322)"
65.6.171.16 - - [16/Sep/2006:07:34:13 -0800] "GET /gallery/maps/mapg3350.html HTTP/1.1" 404 322 "http://images.google.com/imgres?imgurl=http://photolab.elmer.uaf.edu/gallery/maps/G3300/small/G3351%2520P92%2520%255B18--%255D%2520section1.jpg&imgrefurl=http://photolab.elmer.uaf.edu/gallery/maps/mapg3350.html&h=130&w=100&sz=28&hl=en&start=5&tbnid=cK2nrknUhCYZ8M:&tbnh=91&tbnw=70&prev=/images%3Fq%3Dyucon%2Bmap%26svnum%3D10%26hl%3Den%26lr%3D" "Mozilla/4.0 (compatible; MSIE 6.0; Windows NT 5.1; SV1; FunWebProducts; .NET CLR 1.1.4322)"
65.6.171.16 - - [16/Sep/2006:07:34:16 -0800] "GET /gallery/maps/mapg3350.html HTTP/1.1" 404 322 "http://images.google.com/imgres?imgurl=http://photolab.elmer.uaf.edu/gallery/maps/G3300/small/G3350%2520%255B18--%255D%2520B44.jpg&imgrefurl=http://photolab.elmer.uaf.edu/gallery/maps/mapg3350.html&h=74&w=100&sz=23&hl=en&start=3&tbnid=KpAXRjtefbx4NM:&tbnh=61&tbnw=82&prev=/images%3Fq%3Dyucon%2Bmap%26svnum%3D10%26hl%3Den%26lr%3D" "Mozilla/4.0 (compatible; MSIE 6.0; Windows NT 5.1; SV1; FunWebProducts; .NET CLR 1.1.4322)"
65.6.171.16 - - [16/Sep/2006:07:34:17 -0800] "GET /gallery/maps/mapg3350.html HTTP/1.1" 404 322 "http://images.google.com/imgres?imgurl=http://photolab.elmer.uaf.edu/gallery/maps/G3300/small/G3350%2520%255B18--%255D%2520B44.jpg&imgrefurl=http://photolab.elmer.uaf.edu/gallery/maps/mapg3350.html&h=74&w=100&sz=23&hl=en&start=3&tbnid=KpAXRjtefbx4NM:&tbnh=61&tbnw=82&prev=/images%3Fq%3Dyucon%2Bmap%26svnum%3D10%26hl%3Den%26lr%3D" "Mozilla/4.0 (compatible; MSIE 6.0; Windows NT 5.1; SV1; FunWebProducts; .NET CLR 1.1.4322)"
65.6.171.16 - - [16/Sep/2006:07:34:37 -0800] "GET /gallery/maps/mapg3350.html HTTP/1.1" 404 322 "http://images.google.com/imgres?imgurl=http://photolab.elmer.uaf.edu/gallery/maps/G3300/large/G3350%2520%255B18--%255D%2520B44.jpg&imgrefurl=http://photolab.elmer.uaf.edu/gallery/maps/mapg3350.html&h=885&w=1200&sz=161&hl=en&start=1&tbnid=fJE56acOqopL_M:&tbnh=111&tbnw=150&prev=/images%3Fq%3Dyucon%2Bmap%26svnum%3D10%26hl%3Den%26lr%3D" "Mozilla/4.0 (compatible; MSIE 6.0; Windows NT 5.1; SV1; FunWebProducts; .NET CLR 1.1.4322)"
65.6.171.16 - - [16/Sep/2006:07:34:41 -0800] "GET /gallery/maps/mapg3350.html HTTP/1.1" 404 322 "http://images.google.com/imgres?imgurl=http://photolab.elmer.uaf.edu/gallery/maps/G3300/large/G3350%2520%255B18--%255D%2520B44.jpg&imgrefurl=http://photolab.elmer.uaf.edu/gallery/maps/mapg3350.html&h=885&w=1200&sz=161&tbnid=fJE56acOqopL_M:&tbnh=111&tbnw=150&hl=en&prev=/images%3Fq%3Dyucon%2Bmap%26svnum%3D10%26hl%3Den%26lr%3D&frame=small" "Mozilla/4.0 (compatible; MSIE 6.0; Windows NT 5.1; SV1; FunWebProducts; .NET CLR 1.1.4322)"
65.6.171.16 - - [16/Sep/2006:07:34:44 -0800] "GET /gallery/maps/mapg3350.html HTTP/1.1" 404 322 "http://images.google.com/imgres?imgurl=http://photolab.elmer.uaf.edu/gallery/maps/G3300/large/G3350%2520%255B18--%255D%2520B44.jpg&imgrefurl=http://photolab.elmer.uaf.edu/gallery/maps/mapg3350.html&h=885&w=1200&sz=161&hl=en&start=1&tbnid=fJE56acOqopL_M:&tbnh=111&tbnw=150&prev=/images%3Fq%3Dyucon%2Bmap%26svnum%3D10%26hl%3Den%26lr%3D" "Mozilla/4.0 (compatible; MSIE 6.0; Windows NT 5.1; SV1; FunWebProducts; .NET CLR 1.1.4322)"
66.249.72.244 - - [16/Sep/2006:07:35:23 -0800] "GET /gallery/photos/19750084/16/index_4.html HTTP/1.1" 200 8209 "-" "Mozilla/5.0 (compatible; Googlebot/2.1; +http://www.google.com/bot.html)"
189.130.6.12 - - [16/Sep/2006:07:35:29 -0800] "GET /gallery/maps/mapg3300.html HTTP/1.1" 404 322 "http://images.google.com.mx/imgres?imgurl=http://photolab.elmer.uaf.edu/gallery/maps/G3300/large/G3300%2520%255B1786_%255D%2520B691.jpg&imgrefurl=http://photolab.elmer.uaf.edu/gallery/maps/mapg3300.html&h=943&w=1200&sz=264&hl=es&start=12&tbnid=cQBYogs4LLANKM:&tbnh=118&tbnw=150&prev=/images%3Fq%3Dunited%2Bstates%2Bcolonial%2Bmaps%26svnum%3D10%26hl%3Des%26lr%3D" "Mozilla/4.0 (compatible; MSIE 6.0; Windows NT 5.1; SV1)"
189.130.6.12 - - [16/Sep/2006:07:35:33 -0800] "GET / HTTP/1.1" 200 9347 "-" "Mozilla/4.0 (compatible; MSIE 6.0; Windows NT 5.1; SV1)"
189.130.6.12 - - [16/Sep/2006:07:35:33 -0800] "GET /index_files/lib.css HTTP/1.1" 200 2809 "http://photolab.elmer.uaf.edu/" "Mozilla/4.0 (compatible; MSIE 6.0; Windows NT 5.1; SV1)"
189.130.6.12 - - [16/Sep/2006:07:35:34 -0800] "GET /index_files/title.jpg HTTP/1.1" 200 5438 "http://photolab.elmer.uaf.edu/" "Mozilla/4.0 (compatible; MSIE 6.0; Windows NT 5.1; SV1)"
189.130.6.12 - - [16/Sep/2006:07:35:34 -0800] "GET /index_files/empty.gif HTTP/1.1" 200 45 "http://photolab.elmer.uaf.edu/" "Mozilla/4.0 (compatible; MSIE 6.0; Windows NT 5.1; SV1)"
189.130.6.12 - - [16/Sep/2006:07:35:34 -0800] "GET /index_files/apr.jpg HTTP/1.1" 200 6015 "http://photolab.elmer.uaf.edu/" "Mozilla/4.0 (compatible; MSIE 6.0; Windows NT 5.1; SV1)"
189.130.6.12 - - [16/Sep/2006:07:35:34 -0800] "GET /index_files/small.dps.jpg HTTP/1.1" 200 5830 "http://photolab.elmer.uaf.edu/" "Mozilla/4.0 (compatible; MSIE 6.0; Windows NT 5.1; SV1)"
189.130.6.12 - - [16/Sep/2006:07:35:34 -0800] "GET /index_files/small.jpg HTTP/1.1" 200 2294 "http://photolab.elmer.uaf.edu/" "Mozilla/4.0 (compatible; MSIE 6.0; Windows NT 5.1; SV1)"
189.130.6.12 - - [16/Sep/2006:07:35:34 -0800] "GET /index_files/small_002.jpg HTTP/1.1" 200 1351 "http://photolab.elmer.uaf.edu/" "Mozilla/4.0 (compatible; MSIE 6.0; Windows NT 5.1; SV1)"
189.130.6.12 - - [16/Sep/2006:07:35:34 -0800] "GET /index_files/small_003.jpg HTTP/1.1" 200 1521 "http://photolab.elmer.uaf.edu/" "Mozilla/4.0 (compatible; MSIE 6.0; Windows NT 5.1; SV1)"
189.130.6.12 - - [16/Sep/2006:07:35:35 -0800] "GET /index_files/bluebear.gif HTTP/1.1" 200 1263 "http://photolab.elmer.uaf.edu/" "Mozilla/4.0 (compatible; MSIE 6.0; Windows NT 5.1; SV1)"
189.130.6.12 - - [16/Sep/2006:07:35:35 -0800] "GET /index_files/sitemap.gif HTTP/1.1" 200 1503 "http://photolab.elmer.uaf.edu/" "Mozilla/4.0 (compatible; MSIE 6.0; Windows NT 5.1; SV1)"
189.130.6.12 - - [16/Sep/2006:07:35:35 -0800] "GET /index_files/bar.gif HTTP/1.1" 200 342 "http://photolab.elmer.uaf.edu/" "Mozilla/4.0 (compatible; MSIE 6.0; Windows NT 5.1; SV1)"
189.130.6.12 - - [16/Sep/2006:07:35:43 -0800] "GET /gallery/maps/mapg3300.html HTTP/1.1" 404 322 "http://images.google.com.mx/imgres?imgurl=http://photolab.elmer.uaf.edu/gallery/maps/G3300/large/G3300%2520%255B1786_%255D%2520B691.jpg&imgrefurl=http://photolab.elmer.uaf.edu/gallery/maps/mapg3300.html&h=943&w=1200&sz=264&hl=es&start=12&tbnid=cQBYogs4LLANKM:&tbnh=118&tbnw=150&prev=/images%3Fq%3Dunited%2Bstates%2Bcolonial%2Bmaps%26svnum%3D10%26hl%3Des%26lr%3D" "Mozilla/4.0 (compatible; MSIE 6.0; Windows NT 5.1; SV1)"
65.214.45.100 - - [16/Sep/2006:07:39:34 -0800] "GET /gallery/photos/20020087/2 HTTP/1.0" 301 362 "-" "Mozilla/2.0 (compatible; Ask Jeeves/Teoma; +http://about.ask.com/en/docs/about/webmasters.shtml)"
65.214.45.100 - - [16/Sep/2006:07:39:37 -0800] "GET /robots.txt HTTP/1.0" 200 96 "-" "Mozilla/2.0 (compatible; Ask Jeeves/Teoma; +http://about.ask.com/en/docs/about/webmasters.shtml)"
65.214.45.100 - - [16/Sep/2006:07:39:39 -0800] "GET /gallery/photos/20020087/2/ HTTP/1.0" 200 7105 "-" "Mozilla/2.0 (compatible; Ask Jeeves/Teoma; +http://about.ask.com/en/docs/about/webmasters.shtml)"
72.30.252.94 - - [16/Sep/2006:07:42:19 -0800] "GET /gallery/photos/19850030/pages/1985-0030-00023.htm HTTP/1.0" 304 - "-" "Mozilla/5.0 (compatible; Yahoo! Slurp; http://help.yahoo.com/help/us/ysearch/slurp)"
66.249.72.244 - - [16/Sep/2006:07:43:33 -0800] "GET /gallery/photos/19940070/1/pages/1994-0070-00155.html HTTP/1.1" 200 5959 "-" "Mozilla/5.0 (compatible; Googlebot/2.1; +http://www.google.com/bot.html)"
66.249.72.244 - - [16/Sep/2006:07:43:34 -0800] "GET /gallery/photos/19750084/16/pages/1975-0084-01632.html HTTP/1.1" 200 2818 "-" "Mozilla/5.0 (compatible; Googlebot/2.1; +http://www.google.com/bot.html)"
66.249.72.244 - - [16/Sep/2006:07:43:34 -0800] "GET /gallery/photos/19940070/3/pages/1994-0070-00364.html HTTP/1.1" 200 5959 "-" "Mozilla/5.0 (compatible; Googlebot/2.1; +http://www.google.com/bot.html)"
66.249.72.244 - - [16/Sep/2006:07:43:35 -0800] "GET /gallery/photos/19750084/16/pages/1975-0084-01628.html HTTP/1.1" 200 2818 "-" "Mozilla/5.0 (compatible; Googlebot/2.1; +http://www.google.com/bot.html)"
66.249.72.244 - - [16/Sep/2006:07:43:35 -0800] "GET /gallery/photos/19940070/1/pages/1994-0070-00184.html HTTP/1.1" 200 5959 "-" "Mozilla/5.0 (compatible; Googlebot/2.1; +http://www.google.com/bot.html)"
66.249.72.244 - - [16/Sep/2006:07:43:36 -0800] "GET /gallery/photos/19940070/3/pages/1994-0070-00377.html HTTP/1.1" 200 5959 "-" "Mozilla/5.0 (compatible; Googlebot/2.1; +http://www.google.com/bot.html)"
66.249.72.244 - - [16/Sep/2006:07:43:36 -0800] "GET /gallery/photos/19750084/16/pages/1975-0084-01624.html HTTP/1.1" 200 2818 "-" "Mozilla/5.0 (compatible; Googlebot/2.1; +http://www.google.com/bot.html)"
65.214.45.100 - - [16/Sep/2006:07:44:08 -0800] "GET /gallery/photos/19750178/pages/1975-0178-00012.html HTTP/1.0" 200 1872 "-" "Mozilla/2.0 (compatible; Ask Jeeves/Teoma; +http://about.ask.com/en/docs/about/webmasters.shtml)"
62.31.8.67 - - [16/Sep/2006:07:44:43 -0800] "GET /gallery/maps/G3200/large/G3271%20S12%20%5B1601%5D%20B79.jpg HTTP/1.1" 404 345 "http://profile.myspace.com/index.cfm?fuseaction=user.viewprofile&friendid=30133799" "Mozilla/4.0 (compatible; MSIE 6.0; Windows NT 5.1; SV1; .NET CLR 1.1.4322)"
72.30.216.15 - - [16/Sep/2006:07:46:45 -0800] "GET /robots.txt HTTP/1.0" 200 96 "-" "Mozilla/5.0 (compatible; Yahoo! Slurp; http://help.yahoo.com/help/us/ysearch/slurp)"
72.30.107.148 - - [16/Sep/2006:07:46:58 -0800] "GET /gallery/photos/19740130/pages/1974-0130-00034.html HTTP/1.0" 200 1753 "-" "Mozilla/5.0 (compatible; Yahoo! Slurp; http://help.yahoo.com/help/us/ysearch/slurp)"
207.46.98.84 - - [16/Sep/2006:07:47:02 -0800] "GET /gallery/photos/20040066/0/pages/2004-0066-00009.html HTTP/1.0" 200 1881 "-" "msnbot/1.0 (+http://search.msn.com/msnbot.htm)"
62.31.8.67 - - [16/Sep/2006:07:47:15 -0800] "GET /gallery/maps/G3200/large/G3271%20S12%20%5B1601%5D%20B79.jpg HTTP/1.1" 404 345 "http://profile.myspace.com/index.cfm?fuseaction=user.viewprofile&friendID=30133799" "Mozilla/4.0 (compatible; MSIE 6.0; Windows NT 5.1; SV1; .NET CLR 1.1.4322)"
62.31.8.67 - - [16/Sep/2006:07:47:19 -0800] "GET /gallery/maps/G3200/large/G3271%20S12%20%5B1601%5D%20B79.jpg HTTP/1.1" 404 345 "http://profile.myspace.com/index.cfm?fuseaction=user.viewprofile&friendid=30133799" "Mozilla/4.0 (compatible; MSIE 6.0; Windows NT 5.1; SV1; .NET CLR 1.1.4322)"
207.46.98.84 - - [16/Sep/2006:07:47:58 -0800] "GET /gallery/photos/20020087/5/pages/2002-0087-00560.html HTTP/1.0" 200 1767 "-" "msnbot/1.0 (+http://search.msn.com/msnbot.htm)"
72.30.102.70 - - [16/Sep/2006:07:49:12 -0800] "GET /gallery/photos/19950244/02/index_2.html HTTP/1.0" 304 - "-" "Mozilla/5.0 (compatible; Yahoo! Slurp; http://help.yahoo.com/help/us/ysearch/slurp)"
152.163.100.9 - - [16/Sep/2006:07:52:34 -0800] "GET /gallery/maps/G3200/large/G3200%201882%20P461.jpg HTTP/1.1" 404 340 "http://aolsearch.aol.com/aol/imageDetails?invocationType=imageDetails&query=maps+of+the+world&img=http%3A%2F%2Fphotolab.elmer.uaf.edu%2Fgallery%2Fmaps%2FG3200%2Flarge%2FG3200%25201882%2520P461.jpg&site=photolab.elmer.uaf.edu&host=http%3A%2F%2Fphotolab.elmer.uaf.edu%2Fgallery%2Fmaps%2Fmapg3200.html&b=image%3Fquery%3Dmaps%2Bof%2Bthe%2Bworld%26page%3D2%26userid%3D-7034003330946435535%26invocationType%3Dtopsearchbox.image%26clickstreamid%3D-7034003330946435537" "Mozilla/4.0 (compatible; MSIE 6.0; AOL 9.0; Windows NT 5.1; SV1; .NET CLR 1.0.3705; .NET CLR 1.1.4322; Media Center PC 4.0; .NET CLR 2.0.50727)"
152.163.100.202 - - [16/Sep/2006:07:52:35 -0800] "GET /gallery/maps/mapg3200.html HTTP/1.1" 404 322 "http://aolsearch.aol.com/aol/imageDetails?invocationType=imageDetails&query=maps+of+the+world&img=http%3A%2F%2Fphotolab.elmer.uaf.edu%2Fgallery%2Fmaps%2FG3200%2Flarge%2FG3200%25201882%2520P461.jpg&site=photolab.elmer.uaf.edu&host=http%3A%2F%2Fphotolab.elmer.uaf.edu%2Fgallery%2Fmaps%2Fmapg3200.html&b=image%3Fquery%3Dmaps%2Bof%2Bthe%2Bworld%26page%3D2%26userid%3D-7034003330946435535%26invocationType%3Dtopsearchbox.image%26clickstreamid%3D-7034003330946435537" "Mozilla/4.0 (compatible; MSIE 6.0; AOL 9.0; Windows NT 5.1; SV1; .NET CLR 1.0.3705; .NET CLR 1.1.4322; Media Center PC 4.0; .NET CLR 2.0.50727)"
72.30.111.77 - - [16/Sep/2006:07:54:49 -0800] "GET /gallery/photos/20040153/2/pages/2004-0153-00208.html HTTP/1.0" 200 2085 "-" "Mozilla/5.0 (compatible; Yahoo! Slurp; http://help.yahoo.com/help/us/ysearch/slurp)"
72.30.216.24 - - [16/Sep/2006:07:55:22 -0800] "GET /gallery/photos/20030183/pages/2003-0183-00030.html HTTP/1.0" 304 - "-" "Mozilla/5.0 (compatible; Yahoo! Slurp; http://help.yahoo.com/help/us/ysearch/slurp)"
65.214.44.171 - - [16/Sep/2006:07:56:54 -0800] "GET /robots.txt HTTP/1.0" 200 96 "-" "Mozilla/2.0 (compatible; Ask Jeeves/Teoma; +http://about.ask.com/en/docs/about/webmasters.shtml)"
65.214.44.171 - - [16/Sep/2006:07:56:56 -0800] "GET /gallery/photos/20020087/5/index_2.html HTTP/1.0" 200 7249 "-" "Mozilla/2.0 (compatible; Ask Jeeves/Teoma; +http://about.ask.com/en/docs/about/webmasters.shtml)"
72.30.102.149 - - [16/Sep/2006:08:02:53 -0800] "GET /gallery/photos/20040145/1/index.htm HTTP/1.0" 200 7060 "-" "Mozilla/5.0 (compatible; Yahoo! Slurp; http://help.yahoo.com/help/us/ysearch/slurp)"
67.142.130.21 - - [16/Sep/2006:08:03:19 -0800] "GET /gallery/maps/G4372/large/G4372%2520S586%2520P5%2520%255B18--%255D.jpg HTTP/1.1" 404 355 "http://images.google.com/images?q=1800s+photos+&btnG=Search&svnum=10&hl=en&lr=" "Mozilla/4.0 (compatible; MSIE 7.0; Windows NT 5.1; SV1; PeoplePal 3.0; .NET CLR 1.1.4322)"
66.249.72.244 - - [16/Sep/2006:08:03:19 -0800] "GET /gallery/photos/19940070/3/pages/1994-0070-00328.html HTTP/1.1" 200 5959 "-" "Mozilla/5.0 (compatible; Googlebot/2.1; +http://www.google.com/bot.html)"
66.249.72.244 - - [16/Sep/2006:08:13:20 -0800] "GET /gallery/photos/19750084/16/pages/1975-0084-01631.html HTTP/1.1" 200 2818 "-" "Mozilla/5.0 (compatible; Googlebot/2.1; +http://www.google.com/bot.html)"
72.30.252.88 - - [16/Sep/2006:08:19:07 -0800] "GET / HTTP/1.0" 304 - "-" "Mozilla/5.0 (compatible; Yahoo! Slurp; http://help.yahoo.com/help/us/ysearch/slurp)"
72.30.132.147 - - [16/Sep/2006:08:21:17 -0800] "GET /delivery.htm HTTP/1.0" 200 8971 "-" "Mozilla/5.0 (compatible; Yahoo! Slurp; http://help.yahoo.com/help/us/ysearch/slurp)"
66.249.72.244 - - [16/Sep/2006:08:23:20 -0800] "GET /gallery/photos/19940070/1/pages/1994-0070-00177.html HTTP/1.1" 200 5959 "-" "Mozilla/5.0 (compatible; Googlebot/2.1; +http://www.google.com/bot.html)"
66.194.6.75 - - [16/Sep/2006:08:28:41 -0800] "GET / HTTP/1.1" 200 9347 "-" "Mozilla/4.0 (compatible; MSIE 6.0; Windows NT 5.1; Q312460)"
65.214.45.100 - - [16/Sep/2006:08:35:12 -0800] "GET /contact.html HTTP/1.0" 200 6369 "-" "Mozilla/2.0 (compatible; Ask Jeeves/Teoma; +http://about.ask.com/en/docs/about/webmasters.shtml)"
207.46.98.87 - - [16/Sep/2006:08:36:25 -0800] "GET /gallery/photos/20030174/3/pages/2003-0174-00372.html HTTP/1.0" 200 1879 "-" "msnbot/1.0 (+http://search.msn.com/msnbot.htm)"
65.214.44.171 - - [16/Sep/2006:08:38:41 -0800] "GET /gallery/photos/20020087/4/index_2.html HTTP/1.0" 200 7249 "-" "Mozilla/2.0 (compatible; Ask Jeeves/Teoma; +http://about.ask.com/en/docs/about/webmasters.shtml)"
66.249.72.244 - - [16/Sep/2006:08:41:32 -0800] "GET /gallery/photos/19750084/16/pages/1975-0084-01630.html HTTP/1.1" 200 2818 "-" "Mozilla/5.0 (compatible; Googlebot/2.1; +http://www.google.com/bot.html)"
66.249.72.244 - - [16/Sep/2006:08:41:33 -0800] "GET /gallery/photos/19750084/16/pages/1975-0084-01634.html HTTP/1.1" 200 2818 "-" "Mozilla/5.0 (compatible; Googlebot/2.1; +http://www.google.com/bot.html)"
207.46.98.84 - - [16/Sep/2006:08:43:46 -0800] "GET /gallery/photos/20030174/3/pages/2003-0174-00379.html HTTP/1.0" 200 1879 "-" "msnbot/1.0 (+http://search.msn.com/msnbot.htm)"
209.226.83.230 - - [16/Sep/2006:08:49:54 -0800] "GET /index_files/aprbrown.jpg HTTP/1.1" 200 5509 "http://www.alaska.net/~johnd/urban/" "Mozilla/4.0 (compatible; MSIE 6.0; Windows NT 5.0; .NET CLR 1.1.4322)"
70.29.187.107 - - [16/Sep/2006:08:52:02 -0800] "GET /gallery/maps/mapg3400.html HTTP/1.1" 404 322 "http://images.google.ca/imgres?imgurl=http://photolab.elmer.uaf.edu/gallery/maps/G3400/large/G3401%2520Q42%2520%255B18--_%255D.jpg&imgrefurl=http://photolab.elmer.uaf.edu/gallery/maps/mapg3400.html&h=702&w=1200&sz=187&hl=en&start=16&tbnid=Cu9DMadkOpTXLM:&tbnh=88&tbnw=150&prev=/images%3Fq%3DDominion%2Bof%2BCanada%26svnum%3D10%26hl%3Den%26lr%3D%26sa%3DG" "Mozilla/5.0 (Windows; U; Windows NT 5.1; en-US; rv:1.7.12) Gecko/20050915 Firefox/1.0.7"
70.29.187.107 - - [16/Sep/2006:08:52:03 -0800] "GET /gallery/maps/G3400/large/G3401%20Q42%20%5B18--_%5D.jpg HTTP/1.1" 404 342 "http://images.google.ca/imgres?imgurl=http://photolab.elmer.uaf.edu/gallery/maps/G3400/large/G3401%2520Q42%2520%255B18--_%255D.jpg&imgrefurl=http://photolab.elmer.uaf.edu/gallery/maps/mapg3400.html&h=702&w=1200&sz=187&tbnid=Cu9DMadkOpTXLM:&tbnh=88&tbnw=150&hl=en&prev=/images%3Fq%3DDominion%2Bof%2BCanada%26svnum%3D10%26hl%3Den%26lr%3D%26sa%3DG&frame=small" "Mozilla/5.0 (Windows; U; Windows NT 5.1; en-US; rv:1.7.12) Gecko/20050915 Firefox/1.0.7"
70.29.187.107 - - [16/Sep/2006:08:52:03 -0800] "GET /favicon.ico HTTP/1.1" 404 307 "-" "Mozilla/5.0 (Windows; U; Windows NT 5.1; en-US; rv:1.7.12) Gecko/20050915 Firefox/1.0.7"
70.29.187.107 - - [16/Sep/2006:08:52:03 -0800] "GET /gallery/maps/mapg3400.html HTTP/1.1" 404 322 "http://images.google.ca/imgres?imgurl=http://photolab.elmer.uaf.edu/gallery/maps/G3400/large/G3401%2520Q42%2520%255B18--_%255D.jpg&imgrefurl=http://photolab.elmer.uaf.edu/gallery/maps/mapg3400.html&h=702&w=1200&sz=187&hl=en&start=16&tbnid=Cu9DMadkOpTXLM:&tbnh=88&tbnw=150&prev=/images%3Fq%3DDominion%2Bof%2BCanada%26svnum%3D10%26hl%3Den%26lr%3D%26sa%3DG" "Mozilla/5.0 (Windows; U; Windows NT 5.1; en-US; rv:1.7.12) Gecko/20050915 Firefox/1.0.7"
207.46.98.85 - - [16/Sep/2006:08:54:25 -0800] "GET /gallery/photos/19660054/01/index_8.html HTTP/1.0" 200 7244 "-" "msnbot/1.0 (+http://search.msn.com/msnbot.htm)"
72.30.216.15 - - [16/Sep/2006:08:55:06 -0800] "GET /robots.txt HTTP/1.0" 200 96 "-" "Mozilla/5.0 (compatible; Yahoo! Slurp; http://help.yahoo.com/help/us/ysearch/slurp)"
72.30.132.144 - - [16/Sep/2006:08:55:07 -0800] "GET /gallery/photos/19700011/pages/1970-0011-00044.html HTTP/1.0" 200 6322 "-" "Mozilla/5.0 (compatible; Yahoo! Slurp; http://help.yahoo.com/help/us/ysearch/slurp)"
72.30.133.14 - - [16/Sep/2006:09:00:14 -0800] "GET /gallery/photos/20000197/pages/2000-0197-00045.html HTTP/1.0" 200 1851 "-" "Mozilla/5.0 (compatible; Yahoo! Slurp; http://help.yahoo.com/help/us/ysearch/slurp)"
207.46.98.86 - - [16/Sep/2006:09:01:34 -0800] "GET /robots.txt HTTP/1.0" 200 96 "-" "msnbot/1.0 (+http://search.msn.com/msnbot.htm)"
207.46.98.86 - - [16/Sep/2006:09:01:34 -0800] "GET /gallery/photos/20030174/3/pages/2003-0174-00380.html HTTP/1.0" 200 1879 "-" "msnbot/1.0 (+http://search.msn.com/msnbot.htm)"
72.30.252.94 - - [16/Sep/2006:09:04:50 -0800] "GET /gallery/bookdoc/C0022/pages/C0022plate05.html HTTP/1.0" 304 - "-" "Mozilla/5.0 (compatible; Yahoo! Slurp; http://help.yahoo.com/help/us/ysearch/slurp)"
88.107.191.99 - - [16/Sep/2006:09:06:21 -0800] "GET /gallery/maps/G3200/large/G3271%20S12%20%5B1601%5D%20B79.jpg HTTP/1.1" 404 345 "-" "Mozilla/4.0 (compatible; MSIE 6.0; Windows NT 5.1; SV1; .NET CLR 1.1.4322)"
72.30.252.94 - - [16/Sep/2006:09:06:42 -0800] "GET /gallery/photos/19950190/pages/1995-0190-00016.html HTTP/1.0" 304 - "-" "Mozilla/5.0 (compatible; Yahoo! Slurp; http://help.yahoo.com/help/us/ysearch/slurp)"
208.46.138.58 - - [16/Sep/2006:09:06:48 -0800] "GET /gallery/maps/mapg3400.html HTTP/1.1" 404 322 "http://images.google.com/imgres?imgurl=http://photolab.elmer.uaf.edu/gallery/maps/G3400/large/G3402%2520H8%2520%255B1758%255D%2520J4.jpg&imgrefurl=http://photolab.elmer.uaf.edu/gallery/maps/mapg3400.html&h=1200&w=1074&sz=319&hl=en&start=401&tbnid=qTc3oNPELEpiGM:&tbnh=150&tbnw=134&prev=/images%3Fq%3Dmap%2Bhudson%26start%3D400%26ndsp%3D20%26svnum%3D10%26hl%3Den%26lr%3D%26rls%3DGGLG,GGLG:2005-30,GGLG:en%26sa%3DN" "Mozilla/4.0 (compatible; MSIE 6.0; Windows NT 5.1; SV1; .NET CLR 1.1.4322)"
208.46.138.58 - - [16/Sep/2006:09:06:49 -0800] "GET /gallery/maps/G3400/large/G3402%20H8%20%5B1758%5D%20J4.jpg HTTP/1.1" 404 343 "http://images.google.com/imgres?imgurl=http://photolab.elmer.uaf.edu/gallery/maps/G3400/large/G3402%2520H8%2520%255B1758%255D%2520J4.jpg&imgrefurl=http://photolab.elmer.uaf.edu/gallery/maps/mapg3400.html&h=1200&w=1074&sz=319&tbnid=qTc3oNPELEpiGM:&tbnh=150&tbnw=134&hl=en&prev=/images%3Fq%3Dmap%2Bhudson%26start%3D400%26ndsp%3D20%26svnum%3D10%26hl%3Den%26lr%3D%26rls%3DGGLG,GGLG:2005-30,GGLG:en%26sa%3DN&frame=small" "Mozilla/4.0 (compatible; MSIE 6.0; Windows NT 5.1; SV1; .NET CLR 1.1.4322)"
208.46.138.58 - - [16/Sep/2006:09:06:51 -0800] "GET /gallery/maps/mapg3400.html HTTP/1.1" 404 322 "http://images.google.com/imgres?imgurl=http://photolab.elmer.uaf.edu/gallery/maps/G3400/large/G3402%2520H8%2520%255B1758%255D%2520J4.jpg&imgrefurl=http://photolab.elmer.uaf.edu/gallery/maps/mapg3400.html&h=1200&w=1074&sz=319&hl=en&start=401&tbnid=qTc3oNPELEpiGM:&tbnh=150&tbnw=134&prev=/images%3Fq%3Dmap%2Bhudson%26start%3D400%26ndsp%3D20%26svnum%3D10%26hl%3Den%26lr%3D%26rls%3DGGLG,GGLG:2005-30,GGLG:en%26sa%3DN" "Mozilla/4.0 (compatible; MSIE 6.0; Windows NT 5.1; SV1; .NET CLR 1.1.4322)"
88.107.191.99 - - [16/Sep/2006:09:07:22 -0800] "GET /gallery/maps/G3200/large/G3271%20S12%20%5B1601%5D%20B79.jpg HTTP/1.1" 404 345 "-" "Mozilla/4.0 (compatible; MSIE 6.0; Windows NT 5.1; SV1; .NET CLR 1.1.4322)"
72.30.132.162 - - [16/Sep/2006:09:12:47 -0800] "GET /gallery/photos/19750178/pages/1975-0178-00041.html HTTP/1.0" 200 1874 "-" "Mozilla/5.0 (compatible; Yahoo! Slurp; http://help.yahoo.com/help/us/ysearch/slurp)"
65.214.44.171 - - [16/Sep/2006:09:20:32 -0800] "GET /gallery/photos/19690092/5/index_2.html HTTP/1.0" 200 7247 "-" "Mozilla/2.0 (compatible; Ask Jeeves/Teoma; +http://about.ask.com/en/docs/about/webmasters.shtml)"
207.46.98.85 - - [16/Sep/2006:09:24:02 -0800] "GET /robots.txt HTTP/1.0" 200 96 "-" "msnbot/1.0 (+http://search.msn.com/msnbot.htm)"
207.46.98.85 - - [16/Sep/2006:09:24:02 -0800] "GET /gallery/photos/20030174/0/pages/2003-0174-00098.html HTTP/1.0" 200 1880 "-" "msnbot/1.0 (+http://search.msn.com/msnbot.htm)"
65.214.45.100 - - [16/Sep/2006:09:24:49 -0800] "GET /robots.txt HTTP/1.0" 200 96 "-" "Mozilla/2.0 (compatible; Ask Jeeves/Teoma; +http://about.ask.com/en/docs/about/webmasters.shtml)"
65.214.45.100 - - [16/Sep/2006:09:24:50 -0800] "GET /services.html HTTP/1.0" 200 5901 "-" "Mozilla/2.0 (compatible; Ask Jeeves/Teoma; +http://about.ask.com/en/docs/about/webmasters.shtml)"
207.46.98.85 - - [16/Sep/2006:09:25:37 -0800] "GET /gallery/photos/20040109/pages/2004-0109-00009.htm HTTP/1.0" 200 1881 "-" "msnbot/1.0 (+http://search.msn.com/msnbot.htm)"
207.46.98.85 - - [16/Sep/2006:09:25:38 -0800] "GET /gallery/photos/20040109/pages/2004-0109-00013.htm HTTP/1.0" 200 1884 "-" "msnbot/1.0 (+http://search.msn.com/msnbot.htm)"
207.46.98.85 - - [16/Sep/2006:09:25:38 -0800] "GET /gallery/photos/19680041/1/pages/1968-0041-00132.htm HTTP/1.0" 200 1887 "-" "msnbot/1.0 (+http://search.msn.com/msnbot.htm)"
207.46.98.85 - - [16/Sep/2006:09:25:53 -0800] "GET /gallery/photos/20030120/2/pages/2003-0120-00244.html HTTP/1.0" 200 1871 "-" "msnbot/1.0 (+http://search.msn.com/msnbot.htm)"
207.46.98.85 - - [16/Sep/2006:09:25:54 -0800] "GET /gallery/photos/20040111/12/pages/2004-0111-01215.htm HTTP/1.0" 200 1885 "-" "msnbot/1.0 (+http://search.msn.com/msnbot.htm)"
207.46.98.85 - - [16/Sep/2006:09:25:54 -0800] "GET /gallery/photos/20030163/pages/2003-0163-00021m.html HTTP/1.0" 200 1870 "-" "msnbot/1.0 (+http://search.msn.com/msnbot.htm)"
207.46.98.85 - - [16/Sep/2006:09:25:54 -0800] "GET /gallery/photos/20030163/pages/2003-0163-00018m.html HTTP/1.0" 200 1870 "-" "msnbot/1.0 (+http://search.msn.com/msnbot.htm)"
207.46.98.85 - - [16/Sep/2006:09:25:54 -0800] "GET /gallery/photos/19680041/1/pages/1968-0041-00186.htm HTTP/1.0" 200 1889 "-" "msnbot/1.0 (+http://search.msn.com/msnbot.htm)"
207.46.98.85 - - [16/Sep/2006:09:25:59 -0800] "GET /gallery/photos/19870175/pages/1987-0175-00707.html HTTP/1.0" 200 1884 "-" "msnbot/1.0 (+http://search.msn.com/msnbot.htm)"
207.46.98.85 - - [16/Sep/2006:09:25:59 -0800] "GET /gallery/photos/19950244/11/pages/1995-0244-01183.html HTTP/1.0" 200 1888 "-" "msnbot/1.0 (+http://search.msn.com/msnbot.htm)"
207.46.98.85 - - [16/Sep/2006:09:25:59 -0800] "GET /gallery/photos/20040145/1/pages/2004-0145-00174.htm HTTP/1.0" 200 1890 "-" "msnbot/1.0 (+http://search.msn.com/msnbot.htm)"
207.46.98.85 - - [16/Sep/2006:09:25:59 -0800] "GET /gallery/photos/19581026/22/pages/1958-1026-02245.html HTTP/1.0" 200 2092 "-" "msnbot/1.0 (+http://search.msn.com/msnbot.htm)"
207.46.98.85 - - [16/Sep/2006:09:25:59 -0800] "GET /gallery/photos/19950244/11/pages/1995-0244-01181.html HTTP/1.0" 200 1888 "-" "msnbot/1.0 (+http://search.msn.com/msnbot.htm)"
207.46.98.85 - - [16/Sep/2006:09:25:59 -0800] "GET /gallery/photos/19640042/0/pages/1964-0042-00042.htm HTTP/1.0" 200 1884 "-" "msnbot/1.0 (+http://search.msn.com/msnbot.htm)"
207.46.98.85 - - [16/Sep/2006:09:26:00 -0800] "GET /gallery/photos/19581026/22/pages/1958-1026-02264.html HTTP/1.0" 200 2092 "-" "msnbot/1.0 (+http://search.msn.com/msnbot.htm)"
207.46.98.85 - - [16/Sep/2006:09:26:00 -0800] "GET /gallery/photos/19581026/14/pages/1958-1026-01441.html HTTP/1.0" 200 2092 "-" "msnbot/1.0 (+http://search.msn.com/msnbot.htm)"
207.46.98.85 - - [16/Sep/2006:09:26:00 -0800] "GET /gallery/photos/19581026/14/pages/1958-1026-01460.html HTTP/1.0" 200 2092 "-" "msnbot/1.0 (+http://search.msn.com/msnbot.htm)"
207.46.98.85 - - [16/Sep/2006:09:26:00 -0800] "GET /gallery/photos/19581026/22/pages/1958-1026-02266.html HTTP/1.0" 200 2092 "-" "msnbot/1.0 (+http://search.msn.com/msnbot.htm)"
207.46.98.85 - - [16/Sep/2006:09:26:10 -0800] "GET /gallery/photos/19581026/14/pages/1958-1026-01443.html HTTP/1.0" 200 2092 "-" "msnbot/1.0 (+http://search.msn.com/msnbot.htm)"
207.46.98.85 - - [16/Sep/2006:09:26:11 -0800] "GET /gallery/photos/19890166/09/pages/1989-0166-00634a_print.html HTTP/1.0" 200 1960 "-" "msnbot/1.0 (+http://search.msn.com/msnbot.htm)"
207.46.98.85 - - [16/Sep/2006:09:26:21 -0800] "GET /gallery/photos/19890166/00/pages/1989-0166-00051_neg%20nitrate.html HTTP/1.0" 200 1984 "-" "msnbot/1.0 (+http://search.msn.com/msnbot.htm)"
207.46.98.85 - - [16/Sep/2006:09:26:21 -0800] "GET /gallery/photos/19890166/03/pages/1989-0166-00344_print.html HTTP/1.0" 200 1952 "-" "msnbot/1.0 (+http://search.msn.com/msnbot.htm)"
207.46.98.85 - - [16/Sep/2006:09:26:26 -0800] "GET /gallery/photos/19890166/00/pages/1989-0166-00050_print.html HTTP/1.0" 200 1968 "-" "msnbot/1.0 (+http://search.msn.com/msnbot.htm)"
207.46.98.85 - - [16/Sep/2006:09:26:37 -0800] "GET /gallery/photos/19700058/2/pages/1970-0058-00202.html HTTP/1.0" 200 1757 "-" "msnbot/1.0 (+http://search.msn.com/msnbot.htm)"
207.46.98.85 - - [16/Sep/2006:09:26:37 -0800] "GET /gallery/photos/20010129/0/pages/2001-0129-00003.html HTTP/1.0" 200 1760 "-" "msnbot/1.0 (+http://search.msn.com/msnbot.htm)"
207.46.98.85 - - [16/Sep/2006:09:26:37 -0800] "GET /gallery/photos/19680069/26/pages/1968-0069-02603.html HTTP/1.0" 200 1767 "-" "msnbot/1.0 (+http://search.msn.com/msnbot.htm)"
207.46.98.85 - - [16/Sep/2006:09:26:53 -0800] "GET /gallery/photos/20030109/3/pages/2003-0109-00373.html HTTP/1.0" 200 1756 "-" "msnbot/1.0 (+http://search.msn.com/msnbot.htm)"
207.46.98.85 - - [16/Sep/2006:09:26:59 -0800] "GET /gallery/photos/20020015/3/pages/2002-0015-00315m.html HTTP/1.0" 200 1770 "-" "msnbot/1.0 (+http://search.msn.com/msnbot.htm)"
207.46.98.85 - - [16/Sep/2006:09:27:00 -0800] "GET /gallery/photos/19581026/22/pages/1958-1026-02203.html HTTP/1.0" 200 2089 "-" "msnbot/1.0 (+http://search.msn.com/msnbot.htm)"
207.46.98.85 - - [16/Sep/2006:09:26:59 -0800] "GET /gallery/photos/20020087/0/pages/2002-0087-00054.html HTTP/1.0" 200 1767 "-" "msnbot/1.0 (+http://search.msn.com/msnbot.htm)"
207.46.98.85 - - [16/Sep/2006:09:27:10 -0800] "GET /gallery/photos/20030063/0/pages/2003-0063-00058.html HTTP/1.0" 200 1758 "-" "msnbot/1.0 (+http://search.msn.com/msnbot.htm)"
65.214.45.100 - - [16/Sep/2006:09:29:20 -0800] "GET /gallery/photos/19950244/12/pages/1995-0244-01209.html HTTP/1.0" 200 1886 "-" "Mozilla/2.0 (compatible; Ask Jeeves/Teoma; +http://about.ask.com/en/docs/about/webmasters.shtml)"
201.79.123.40 - - [16/Sep/2006:09:32:10 -0800] "GET /gallery/maps/mapg3300.html HTTP/1.1" 404 322 "http://www.worldmapfinder.com/Map_Detail.php?MAP=541&FN=G3300%20%5B1822%5D%20F55.jpg&MW=1200&MH=959&FS=374&FT=jpg&WO=0&CE=4&CO=0&CI=0&IT=0&LC=9&PG=1&CS=iso-8859-1&FU=http://photolab.elmer.uaf.edu/gallery/maps/G3300/large/G3300%20%5B1822%5D%20F55.jpg&SU=http://photolab.elmer.uaf.edu/gallery/maps/mapg3300.html" "Mozilla/4.0 (compatible; MSIE 6.0; Windows NT 5.1; SV1; .NET CLR 1.1.4322)"
201.79.123.40 - - [16/Sep/2006:09:32:18 -0800] "GET /gallery/maps/G3300/large/G3300%20[1822]%20F55.jpg HTTP/1.1" 404 341 "http://www.worldmapfinder.com/Map_Detail.php?MAP=541&FN=G3300 [1822] F55.jpg&FU=http://photolab.elmer.uaf.edu/gallery/maps/G3300/large/G3300 [1822] F55.jpg&MW=1200&MH=959&FS=374&FT=jpg&SU=http://photolab.elmer.uaf.edu/gallery/maps/mapg3300.html&WO=0&CE=4&CO=0&CI=0&IT=0&LC=9&PG=1&CS=&FM=1" "Mozilla/4.0 (compatible; MSIE 6.0; Windows NT 5.1; SV1; .NET CLR 1.1.4322)"
201.79.123.40 - - [16/Sep/2006:09:32:27 -0800] "GET /gallery/maps/mapg3300.html HTTP/1.1" 404 322 "http://www.worldmapfinder.com/Map_Detail.php?MAP=541&FN=G3300%20%5B1822%5D%20F55.jpg&MW=1200&MH=959&FS=374&FT=jpg&WO=0&CE=4&CO=0&CI=0&IT=0&LC=9&PG=1&CS=iso-8859-1&FU=http://photolab.elmer.uaf.edu/gallery/maps/G3300/large/G3300%20%5B1822%5D%20F55.jpg&SU=http://photolab.elmer.uaf.edu/gallery/maps/mapg3300.html" "Mozilla/4.0 (compatible; MSIE 6.0; Windows NT 5.1; SV1; .NET CLR 1.1.4322)"
201.79.123.40 - - [16/Sep/2006:09:32:40 -0800] "GET /gallery/maps/mapg3300.html HTTP/1.1" 404 322 "http://www.worldmapfinder.com/Map_Detail.php?MAP=541&FN=G3300%20%5B1822%5D%20F55.jpg&MW=1200&MH=959&FS=374&FT=jpg&WO=0&CE=4&CO=0&CI=0&IT=0&LC=9&PG=1&CS=iso-8859-1&FU=http://photolab.elmer.uaf.edu/gallery/maps/G3300/large/G3300%20%5B1822%5D%20F55.jpg&SU=http://photolab.elmer.uaf.edu/gallery/maps/mapg3300.html" "Mozilla/4.0 (compatible; MSIE 6.0; Windows NT 5.1; SV1; .NET CLR 1.1.4322)"
201.79.123.40 - - [16/Sep/2006:09:32:48 -0800] "GET /gallery/maps/mapg3300.html HTTP/1.1" 404 322 "http://www.worldmapfinder.com/Map_Detail.php?MAP=549&FN=G3300%20%5B1780%5D%20C66.jpg&MW=1200&MH=896&FS=242&FT=jpg&WO=0&CE=4&CO=0&CI=0&IT=0&LC=9&PG=1&CS=iso-8859-1&FU=http://photolab.elmer.uaf.edu/gallery/maps/G3300/large/G3300%20%5B1780%5D%20C66.jpg&SU=http://photolab.elmer.uaf.edu/gallery/maps/mapg3300.html" "Mozilla/4.0 (compatible; MSIE 6.0; Windows NT 5.1; SV1; .NET CLR 1.1.4322)"
201.79.123.40 - - [16/Sep/2006:09:32:55 -0800] "GET /gallery/maps/G3300/large/G3300%20[1780]%20C66.jpg HTTP/1.1" 404 341 "http://www.worldmapfinder.com/Map_Detail.php?MAP=549&FN=G3300 [1780] C66.jpg&FU=http://photolab.elmer.uaf.edu/gallery/maps/G3300/large/G3300 [1780] C66.jpg&MW=1200&MH=896&FS=242&FT=jpg&SU=http://photolab.elmer.uaf.edu/gallery/maps/mapg3300.html&WO=0&CE=4&CO=0&CI=0&IT=0&LC=9&PG=1&CS=&FM=1" "Mozilla/4.0 (compatible; MSIE 6.0; Windows NT 5.1; SV1; .NET CLR 1.1.4322)"
201.79.123.40 - - [16/Sep/2006:09:33:08 -0800] "GET /gallery/maps/mapg3300.html HTTP/1.1" 404 322 "http://www.worldmapfinder.com/Map_Detail.php?MAP=549&FN=G3300%20%5B1780%5D%20C66.jpg&MW=1200&MH=896&FS=242&FT=jpg&WO=0&CE=4&CO=0&CI=0&IT=0&LC=9&PG=1&CS=iso-8859-1&FU=http://photolab.elmer.uaf.edu/gallery/maps/G3300/large/G3300%20%5B1780%5D%20C66.jpg&SU=http://photolab.elmer.uaf.edu/gallery/maps/mapg3300.html" "Mozilla/4.0 (compatible; MSIE 6.0; Windows NT 5.1; SV1; .NET CLR 1.1.4322)"
66.249.72.244 - - [16/Sep/2006:09:35:58 -0800] "GET /gallery/photos/19750084/16/pages/1975-0084-01625.html HTTP/1.1" 200 2818 "-" "Mozilla/5.0 (compatible; Googlebot/2.1; +http://www.google.com/bot.html)"
72.30.103.99 - - [16/Sep/2006:09:38:22 -0800] "GET /gallery/photos/19940096/2/pages/1994-0096-00206.html HTTP/1.0" 200 1900 "-" "Mozilla/5.0 (compatible; Yahoo! Slurp; http://help.yahoo.com/help/us/ysearch/slurp)"
24.201.1.224 - - [16/Sep/2006:09:38:37 -0800] "GET /gallery/maps/mapg3200.html HTTP/1.1" 404 322 "http://images.google.ca/imgres?imgurl=http://photolab.elmer.uaf.edu/gallery/maps/G3200/large/G3200%2520%255B1790%255D%2520B65.jpg&imgrefurl=http://photolab.elmer.uaf.edu/gallery/maps/mapg3200.html&h=694&w=1200&sz=214&hl=fr&start=1&tbnid=7N53NH0ThR1g5M:&tbnh=87&tbnw=150&prev=/images%3Fq%3Dancien%2Bworld%2Bmap%2B%26imgsz%3Dxxlarge%26svnum%3D10%26hl%3Dfr%26lr%3D" "Mozilla/4.0 (compatible; MSIE 6.0; Windows NT 5.1; SV1; .NET CLR 2.0.50727)"
24.201.1.224 - - [16/Sep/2006:09:38:38 -0800] "GET /gallery/maps/G3200/large/G3200%20%5B1790%5D%20B65.jpg HTTP/1.1" 404 341 "http://images.google.ca/imgres?imgurl=http://photolab.elmer.uaf.edu/gallery/maps/G3200/large/G3200%2520%255B1790%255D%2520B65.jpg&imgrefurl=http://photolab.elmer.uaf.edu/gallery/maps/mapg3200.html&h=694&w=1200&sz=214&tbnid=7N53NH0ThR1g5M:&tbnh=87&tbnw=150&hl=fr&prev=/images%3Fq%3Dancien%2Bworld%2Bmap%2B%26imgsz%3Dxxlarge%26svnum%3D10%26hl%3Dfr%26lr%3D&frame=small" "Mozilla/4.0 (compatible; MSIE 6.0; Windows NT 5.1; SV1; .NET CLR 2.0.50727)"
24.201.1.224 - - [16/Sep/2006:09:38:41 -0800] "GET /gallery/maps/G3200/large/G3200%20%5B1790%5D%20B65.jpg HTTP/1.1" 404 341 "http://images.google.ca/imgres?imgurl=http://photolab.elmer.uaf.edu/gallery/maps/G3200/large/G3200%2520%255B1790%255D%2520B65.jpg&imgrefurl=http://photolab.elmer.uaf.edu/gallery/maps/mapg3200.html&h=694&w=1200&sz=214&tbnid=7N53NH0ThR1g5M:&tbnh=87&tbnw=150&hl=fr&prev=/images%3Fq%3Dancien%2Bworld%2Bmap%2B%26imgsz%3Dxxlarge%26svnum%3D10%26hl%3Dfr%26lr%3D&frame=small" "Mozilla/4.0 (compatible; MSIE 6.0; Windows NT 5.1; SV1; .NET CLR 2.0.50727)"
24.201.1.224 - - [16/Sep/2006:09:38:44 -0800] "GET /gallery/maps/mapg3200.html HTTP/1.1" 404 322 "http://images.google.ca/imgres?imgurl=http://photolab.elmer.uaf.edu/gallery/maps/G3200/large/G3200%2520%255B1790%255D%2520B65.jpg&imgrefurl=http://photolab.elmer.uaf.edu/gallery/maps/mapg3200.html&h=694&w=1200&sz=214&tbnid=7N53NH0ThR1g5M:&tbnh=87&tbnw=150&hl=fr&prev=/images%3Fq%3Dancien%2Bworld%2Bmap%2B%26imgsz%3Dxxlarge%26svnum%3D10%26hl%3Dfr%26lr%3D&frame=small" "Mozilla/4.0 (compatible; MSIE 6.0; Windows NT 5.1; SV1; .NET CLR 2.0.50727)"
24.201.1.224 - - [16/Sep/2006:09:38:48 -0800] "GET /gallery/maps/ HTTP/1.1" 200 3413 "-" "Mozilla/4.0 (compatible; MSIE 6.0; Windows NT 5.1; SV1; .NET CLR 2.0.50727)"
24.201.1.224 - - [16/Sep/2006:09:38:49 -0800] "GET /icons/back.gif HTTP/1.1" 200 216 "http://photolab.elmer.uaf.edu/gallery/maps/" "Mozilla/4.0 (compatible; MSIE 6.0; Windows NT 5.1; SV1; .NET CLR 2.0.50727)"
24.201.1.224 - - [16/Sep/2006:09:38:49 -0800] "GET /icons/blank.gif HTTP/1.1" 200 148 "http://photolab.elmer.uaf.edu/gallery/maps/" "Mozilla/4.0 (compatible; MSIE 6.0; Windows NT 5.1; SV1; .NET CLR 2.0.50727)"
24.201.1.224 - - [16/Sep/2006:09:38:49 -0800] "GET /icons/folder.gif HTTP/1.1" 200 225 "http://photolab.elmer.uaf.edu/gallery/maps/" "Mozilla/4.0 (compatible; MSIE 6.0; Windows NT 5.1; SV1; .NET CLR 2.0.50727)"
24.201.1.224 - - [16/Sep/2006:09:38:49 -0800] "GET /icons/layout.gif HTTP/1.1" 200 276 "http://photolab.elmer.uaf.edu/gallery/maps/" "Mozilla/4.0 (compatible; MSIE 6.0; Windows NT 5.1; SV1; .NET CLR 2.0.50727)"
24.201.1.224 - - [16/Sep/2006:09:38:52 -0800] "GET /gallery/maps/G4372/ HTTP/1.1" 200 9008 "http://photolab.elmer.uaf.edu/gallery/maps/" "Mozilla/4.0 (compatible; MSIE 6.0; Windows NT 5.1; SV1; .NET CLR 2.0.50727)"
24.201.1.224 - - [16/Sep/2006:09:38:52 -0800] "GET /index_files/lib.css HTTP/1.1" 200 2809 "http://photolab.elmer.uaf.edu/gallery/maps/G4372/" "Mozilla/4.0 (compatible; MSIE 6.0; Windows NT 5.1; SV1; .NET CLR 2.0.50727)"
24.201.1.224 - - [16/Sep/2006:09:38:52 -0800] "GET /gallery/maps/G4372/images/next.gif HTTP/1.1" 200 270 "http://photolab.elmer.uaf.edu/gallery/maps/G4372/" "Mozilla/4.0 (compatible; MSIE 6.0; Windows NT 5.1; SV1; .NET CLR 2.0.50727)"
24.201.1.224 - - [16/Sep/2006:09:38:52 -0800] "GET /gallery/maps/G4372/thumbnails/G4372%20A42%201852%20T4.jpg HTTP/1.1" 200 5924 "http://photolab.elmer.uaf.edu/gallery/maps/G4372/" "Mozilla/4.0 (compatible; MSIE 6.0; Windows NT 5.1; SV1; .NET CLR 2.0.50727)"
24.201.1.224 - - [16/Sep/2006:09:38:52 -0800] "GET /gallery/maps/G4372/thumbnails/G4372%20A42%20P5%20%5B186-_%5D.jpg HTTP/1.1" 200 3204 "http://photolab.elmer.uaf.edu/gallery/maps/G4372/" "Mozilla/4.0 (compatible; MSIE 6.0; Windows NT 5.1; SV1; .NET CLR 2.0.50727)"
24.201.1.224 - - [16/Sep/2006:09:38:52 -0800] "GET /gallery/maps/G4372/thumbnails/G4372%20A4231%201847%20G52.jpg HTTP/1.1" 200 4940 "http://photolab.elmer.uaf.edu/gallery/maps/G4372/" "Mozilla/4.0 (compatible; MSIE 6.0; Windows NT 5.1; SV1; .NET CLR 2.0.50727)"
24.201.1.224 - - [16/Sep/2006:09:38:53 -0800] "GET /gallery/maps/G4372/thumbnails/G4372%20A425%201826%20S2.jpg HTTP/1.1" 200 4536 "http://photolab.elmer.uaf.edu/gallery/maps/G4372/" "Mozilla/4.0 (compatible; MSIE 6.0; Windows NT 5.1; SV1; .NET CLR 2.0.50727)"
24.201.1.224 - - [16/Sep/2006:09:38:53 -0800] "GET /gallery/maps/G4372/thumbnails/G4372%20A425%201847%20G54.jpg HTTP/1.1" 200 4231 "http://photolab.elmer.uaf.edu/gallery/maps/G4372/" "Mozilla/4.0 (compatible; MSIE 6.0; Windows NT 5.1; SV1; .NET CLR 2.0.50727)"
24.201.1.224 - - [16/Sep/2006:09:38:53 -0800] "GET /gallery/maps/G4372/thumbnails/G4372%20A425%201904%20U55.jpg HTTP/1.1" 200 5063 "http://photolab.elmer.uaf.edu/gallery/maps/G4372/" "Mozilla/4.0 (compatible; MSIE 6.0; Windows NT 5.1; SV1; .NET CLR 2.0.50727)"
24.201.1.224 - - [16/Sep/2006:09:38:53 -0800] "GET /gallery/maps/G4372/thumbnails/G4372%20A428%201848%20G52.jpg HTTP/1.1" 200 4453 "http://photolab.elmer.uaf.edu/gallery/maps/G4372/" "Mozilla/4.0 (compatible; MSIE 6.0; Windows NT 5.1; SV1; .NET CLR 2.0.50727)"
24.201.1.224 - - [16/Sep/2006:09:38:53 -0800] "GET /gallery/maps/G4372/thumbnails/G4372%20A428%20P5%201867%20H65.jpg HTTP/1.1" 200 3653 "http://photolab.elmer.uaf.edu/gallery/maps/G4372/" "Mozilla/4.0 (compatible; MSIE 6.0; Windows NT 5.1; SV1; .NET CLR 2.0.50727)"
24.201.1.224 - - [16/Sep/2006:09:38:53 -0800] "GET /gallery/maps/G4372/thumbnails/G4372%20A44%20%5B18--%5D%20I53.jpg HTTP/1.1" 200 4911 "http://photolab.elmer.uaf.edu/gallery/maps/G4372/" "Mozilla/4.0 (compatible; MSIE 6.0; Windows NT 5.1; SV1; .NET CLR 2.0.50727)"
