207.46.98.87 - - [16/Sep/2006:12:41:19 -0800] "GET /gallery/photos/20040111/11/pages/2004-0111-01123.htm HTTP/1.0" 200 1885 "-" "msnbot/1.0 (+http://search.msn.com/msnbot.htm)"
207.46.98.87 - - [16/Sep/2006:12:41:19 -0800] "GET /gallery/photos/19640042/3/pages/1964-0042-00374.htm HTTP/1.0" 200 1884 "-" "msnbot/1.0 (+http://search.msn.com/msnbot.htm)"
207.46.98.87 - - [16/Sep/2006:12:42:01 -0800] "GET /gallery/photos/20040066/1/pages/2004-0066-00102.html HTTP/1.0" 200 1881 "-" "msnbot/1.0 (+http://search.msn.com/msnbot.htm)"
207.46.98.85 - - [16/Sep/2006:12:42:10 -0800] "GET /gallery/photos/19940070/3/pages/1994-0070-00371.html HTTP/1.0" 200 5959 "-" "msnbot/1.0 (+http://search.msn.com/msnbot.htm)"
207.46.98.85 - - [16/Sep/2006:12:43:12 -0800] "GET /gallery/photos/19890166/13/pages/1989-0166-01097_postcard.html HTTP/1.0" 200 1976 "-" "msnbot/1.0 (+http://search.msn.com/msnbot.htm)"
65.214.45.100 - - [16/Sep/2006:12:46:07 -0800] "GET /gallery/photos/20010129/0/pages/2001-0129-00003.html HTTP/1.0" 200 1760 "-" "Mozilla/2.0 (compatible; Ask Jeeves/Teoma; +http://about.ask.com/en/docs/about/webmasters.shtml)"
65.214.44.171 - - [16/Sep/2006:12:47:22 -0800] "GET /gallery/photos/0728/pages/728-003.html HTTP/1.0" 200 2675 "-" "Mozilla/2.0 (compatible; Ask Jeeves/Teoma; +http://about.ask.com/en/docs/about/webmasters.shtml)"
207.46.98.85 - - [16/Sep/2006:12:48:10 -0800] "GET /gallery/photos/19690092/5/pages/1969-0092-00597.html HTTP/1.0" 200 1765 "-" "msnbot/1.0 (+http://search.msn.com/msnbot.htm)"
207.46.98.85 - - [16/Sep/2006:12:48:11 -0800] "GET /gallery/photos/20040084/1157-1288/pages/2004-0084-01288.html HTTP/1.0" 200 1753 "-" "msnbot/1.0 (+http://search.msn.com/msnbot.htm)"
66.249.72.244 - - [16/Sep/2006:12:52:04 -0800] "GET /gallery/photos/20060102/index.html HTTP/1.1" 304 - "-" "Mozilla/5.0 (compatible; Googlebot/2.1; +http://www.google.com/bot.html)"
207.46.98.86 - - [16/Sep/2006:12:53:11 -0800] "GET /gallery/photos/19880051/pages/1988-0051-00021.html HTTP/1.0" 200 1860 "-" "msnbot/1.0 (+http://search.msn.com/msnbot.htm)"
207.46.98.86 - - [16/Sep/2006:12:53:47 -0800] "GET /gallery/photos/19640042/1/pages/1964-0042-00182.htm HTTP/1.0" 200 1884 "-" "msnbot/1.0 (+http://search.msn.com/msnbot.htm)"
207.46.98.86 - - [16/Sep/2006:12:53:47 -0800] "GET /gallery/photos/19640042/1/pages/1964-0042-00168.htm HTTP/1.0" 200 1884 "-" "msnbot/1.0 (+http://search.msn.com/msnbot.htm)"
207.46.98.86 - - [16/Sep/2006:12:53:47 -0800] "GET /gallery/photos/20040110/10/pages/2004-0110-00982.htm HTTP/1.0" 200 1888 "-" "msnbot/1.0 (+http://search.msn.com/msnbot.htm)"
207.46.98.86 - - [16/Sep/2006:12:53:48 -0800] "GET /gallery/photos/19640042/1/pages/1964-0042-00172.htm HTTP/1.0" 200 1884 "-" "msnbot/1.0 (+http://search.msn.com/msnbot.htm)"
207.46.98.86 - - [16/Sep/2006:12:53:48 -0800] "GET /gallery/photos/19640042/1/pages/1964-0042-00165.htm HTTP/1.0" 200 1884 "-" "msnbot/1.0 (+http://search.msn.com/msnbot.htm)"
207.46.98.87 - - [16/Sep/2006:12:54:43 -0800] "GET /gallery/photos/19640042/0/pages/1964-0042-00097.htm HTTP/1.0" 200 1884 "-" "msnbot/1.0 (+http://search.msn.com/msnbot.htm)"
207.46.98.87 - - [16/Sep/2006:12:54:44 -0800] "GET /gallery/photos/19690092/5/pages/1969-0092-00512.html HTTP/1.0" 200 1763 "-" "msnbot/1.0 (+http://search.msn.com/msnbot.htm)"
207.46.98.87 - - [16/Sep/2006:12:54:44 -0800] "GET /gallery/photos/20030063/3/pages/2003-0063-00317.html HTTP/1.0" 200 1758 "-" "msnbot/1.0 (+http://search.msn.com/msnbot.htm)"
207.46.98.87 - - [16/Sep/2006:12:54:44 -0800] "GET /gallery/photos/20020015/3/pages/2002-0015-00375m.html HTTP/1.0" 200 1770 "-" "msnbot/1.0 (+http://search.msn.com/msnbot.htm)"
65.214.44.171 - - [16/Sep/2006:12:55:10 -0800] "GET /gallery/photos/0728/pages/728-010.html HTTP/1.0" 200 2676 "-" "Mozilla/2.0 (compatible; Ask Jeeves/Teoma; +http://about.ask.com/en/docs/about/webmasters.shtml)"
207.46.98.87 - - [16/Sep/2006:12:55:46 -0800] "GET /gallery/photos/20020032/pages/2002-0032-00109.html HTTP/1.0" 200 1886 "-" "msnbot/1.0 (+http://search.msn.com/msnbot.htm)"
207.46.98.87 - - [16/Sep/2006:12:55:46 -0800] "GET /gallery/photos/19640042/3/pages/1964-0042-00359.htm HTTP/1.0" 200 1884 "-" "msnbot/1.0 (+http://search.msn.com/msnbot.htm)"
207.46.98.87 - - [16/Sep/2006:12:55:47 -0800] "GET /gallery/photos/19910046/07/pages/1991-0046-00755.html HTTP/1.0" 200 1760 "-" "msnbot/1.0 (+http://search.msn.com/msnbot.htm)"
207.46.98.87 - - [16/Sep/2006:12:55:47 -0800] "GET /gallery/photos/20020015/5/pages/2002-0015-00547m.html HTTP/1.0" 200 1770 "-" "msnbot/1.0 (+http://search.msn.com/msnbot.htm)"
207.46.98.86 - - [16/Sep/2006:12:59:18 -0800] "GET /gallery/photos/19950244/09/pages/1995-0244-00945.html HTTP/1.0" 200 1889 "-" "msnbot/1.0 (+http://search.msn.com/msnbot.htm)"
207.46.98.86 - - [16/Sep/2006:12:59:18 -0800] "GET /gallery/photos/20030120/0/pages/2003-0120-00068.html HTTP/1.0" 200 1871 "-" "msnbot/1.0 (+http://search.msn.com/msnbot.htm)"
207.46.98.86 - - [16/Sep/2006:12:59:24 -0800] "GET /gallery/photos/20020087/4/pages/2002-0087-00448.html HTTP/1.0" 200 1767 "-" "msnbot/1.0 (+http://search.msn.com/msnbot.htm)"
72.30.102.76 - - [16/Sep/2006:13:00:37 -0800] "GET /gallery/photos/20040093/index.html HTTP/1.0" 304 - "-" "Mozilla/5.0 (compatible; Yahoo! Slurp; http://help.yahoo.com/help/us/ysearch/slurp)"
207.46.98.85 - - [16/Sep/2006:13:01:34 -0800] "GET /gallery/photos/19950190/pages/1995-0190-00039.html HTTP/1.0" 200 1877 "-" "msnbot/1.0 (+http://search.msn.com/msnbot.htm)"
207.46.98.85 - - [16/Sep/2006:13:01:49 -0800] "GET /gallery/photos/19890166/13/pages/1989-0166-01129_postcard.html HTTP/1.0" 200 1976 "-" "msnbot/1.0 (+http://search.msn.com/msnbot.htm)"
207.46.98.85 - - [16/Sep/2006:13:01:49 -0800] "GET /gallery/photos/20040111/04/pages/2004-0111-00438.htm HTTP/1.0" 200 1885 "-" "msnbot/1.0 (+http://search.msn.com/msnbot.htm)"
207.46.98.85 - - [16/Sep/2006:13:01:50 -0800] "GET /gallery/photos/19890166/13/pages/1989-0166-01130_postcard.html HTTP/1.0" 200 1976 "-" "msnbot/1.0 (+http://search.msn.com/msnbot.htm)"
207.46.98.85 - - [16/Sep/2006:13:01:55 -0800] "GET /gallery/photos/19690092/7/pages/1969-0092-00791.html HTTP/1.0" 200 1765 "-" "msnbot/1.0 (+http://search.msn.com/msnbot.htm)"
207.46.98.85 - - [16/Sep/2006:13:02:31 -0800] "GET /gallery/photos/20030129/2/pages/1999-0293-00225.html HTTP/1.0" 200 1768 "-" "msnbot/1.0 (+http://search.msn.com/msnbot.htm)"
207.46.98.87 - - [16/Sep/2006:13:02:46 -0800] "GET /gallery/photos/19810192/pages/1981-0192-00018.html HTTP/1.0" 200 2808 "-" "msnbot/1.0 (+http://search.msn.com/msnbot.htm)"
65.214.44.171 - - [16/Sep/2006:13:02:52 -0800] "GET /gallery/photos/20020087/2/index_2.html HTTP/1.0" 200 7249 "-" "Mozilla/2.0 (compatible; Ask Jeeves/Teoma; +http://about.ask.com/en/docs/about/webmasters.shtml)"
207.46.98.87 - - [16/Sep/2006:13:03:50 -0800] "GET /gallery/photos/20020032/pages/2002-0032-00064.html HTTP/1.0" 200 1884 "-" "msnbot/1.0 (+http://search.msn.com/msnbot.htm)"
207.46.98.87 - - [16/Sep/2006:13:03:50 -0800] "GET /gallery/photos/19890166/14/pages/1989-0166-01168_postcard.html HTTP/1.0" 200 1976 "-" "msnbot/1.0 (+http://search.msn.com/msnbot.htm)"
207.46.98.87 - - [16/Sep/2006:13:03:50 -0800] "GET /gallery/photos/20010129/3/pages/2001-0129-00344.html HTTP/1.0" 200 1762 "-" "msnbot/1.0 (+http://search.msn.com/msnbot.htm)"
207.46.98.87 - - [16/Sep/2006:13:03:52 -0800] "GET /gallery/photos/20020015/5/pages/2002-0015-00538m.html HTTP/1.0" 200 1770 "-" "msnbot/1.0 (+http://search.msn.com/msnbot.htm)"
207.46.98.87 - - [16/Sep/2006:13:03:52 -0800] "GET /gallery/photos/19910046/07/pages/1991-0046-00732.html HTTP/1.0" 200 1760 "-" "msnbot/1.0 (+http://search.msn.com/msnbot.htm)"
207.46.98.87 - - [16/Sep/2006:13:03:52 -0800] "GET /gallery/photos/20010164/pages/2001-0164-00062.html HTTP/1.0" 200 1769 "-" "msnbot/1.0 (+http://search.msn.com/msnbot.htm)"
207.46.98.87 - - [16/Sep/2006:13:03:53 -0800] "GET /gallery/photos/20040026/pages/2004-0026-00029.html HTTP/1.0" 200 1862 "-" "msnbot/1.0 (+http://search.msn.com/msnbot.htm)"
65.214.45.100 - - [16/Sep/2006:13:04:17 -0800] "GET /gallery/photos/19950244/07/pages/1995-0244-00709.html HTTP/1.0" 200 1886 "-" "Mozilla/2.0 (compatible; Ask Jeeves/Teoma; +http://about.ask.com/en/docs/about/webmasters.shtml)"
207.46.98.87 - - [16/Sep/2006:13:04:42 -0800] "GET /gallery/photos/19890166/06/pages/1989-0166-00618_neg%20copy(5)(264).html HTTP/1.0" 200 2031 "-" "msnbot/1.0 (+http://search.msn.com/msnbot.htm)"
207.46.98.87 - - [16/Sep/2006:13:04:45 -0800] "GET /gallery/photos/19950244/00/pages/1995-0244-00017.html HTTP/1.0" 200 1888 "-" "msnbot/1.0 (+http://search.msn.com/msnbot.htm)"
207.46.98.87 - - [16/Sep/2006:13:04:46 -0800] "GET /gallery/photos/20020032/pages/2002-0032-00066.html HTTP/1.0" 200 1884 "-" "msnbot/1.0 (+http://search.msn.com/msnbot.htm)"
207.46.98.87 - - [16/Sep/2006:13:04:46 -0800] "GET /gallery/photos/19581026/17/pages/1958-1026-01763.html HTTP/1.0" 200 2092 "-" "msnbot/1.0 (+http://search.msn.com/msnbot.htm)"
207.46.98.87 - - [16/Sep/2006:13:04:46 -0800] "GET /gallery/photos/19940096/1/pages/1994-0096-00182.html HTTP/1.0" 200 1903 "-" "msnbot/1.0 (+http://search.msn.com/msnbot.htm)"
207.46.98.87 - - [16/Sep/2006:13:04:46 -0800] "GET /gallery/photos/19990293/0/pages/1999-0293-00091.html HTTP/1.0" 200 1768 "-" "msnbot/1.0 (+http://search.msn.com/msnbot.htm)"
207.46.98.87 - - [16/Sep/2006:13:04:46 -0800] "GET /gallery/photos/20020087/3/pages/2002-0087-00338.html HTTP/1.0" 200 1767 "-" "msnbot/1.0 (+http://search.msn.com/msnbot.htm)"
207.46.98.87 - - [16/Sep/2006:13:04:46 -0800] "GET /gallery/photos/20030040/0/pages/2003-0040-00074.html HTTP/1.0" 200 1758 "-" "msnbot/1.0 (+http://search.msn.com/msnbot.htm)"
66.249.72.244 - - [16/Sep/2006:13:06:19 -0800] "GET /gallery/photos/20040120/pages/2004-0120-00006.html HTTP/1.1" 304 - "-" "Mozilla/5.0 (compatible; Googlebot/2.1; +http://www.google.com/bot.html)"
65.214.44.171 - - [16/Sep/2006:13:10:35 -0800] "GET /gallery/photos/19750084/07/index.html HTTP/1.0" 304 - "-" "Mozilla/2.0 (compatible; Ask Jeeves/Teoma; +http://about.ask.com/en/docs/about/webmasters.shtml)"
207.46.98.85 - - [16/Sep/2006:13:16:14 -0800] "GET /gallery/photos/19880041/0/pages/1988-0041-00071.htm HTTP/1.0" 200 1879 "-" "msnbot/1.0 (+http://search.msn.com/msnbot.htm)"
207.46.98.85 - - [16/Sep/2006:13:16:27 -0800] "GET /gallery/photos/20040066/1/pages/2004-0066-00119.html HTTP/1.0" 200 1884 "-" "msnbot/1.0 (+http://search.msn.com/msnbot.htm)"
207.46.98.85 - - [16/Sep/2006:13:16:27 -0800] "GET /gallery/photos/19950244/11/pages/1995-0244-01145.html HTTP/1.0" 200 1888 "-" "msnbot/1.0 (+http://search.msn.com/msnbot.htm)"
207.46.98.85 - - [16/Sep/2006:13:16:42 -0800] "GET /gallery/photos/19700071/pages/1970-0071-00007.html HTTP/1.0" 200 1881 "-" "msnbot/1.0 (+http://search.msn.com/msnbot.htm)"
207.46.98.85 - - [16/Sep/2006:13:16:42 -0800] "GET /gallery/photos/19800068/1/pages/1980-0068-00171.html HTTP/1.0" 200 1860 "-" "msnbot/1.0 (+http://search.msn.com/msnbot.htm)"
207.46.98.85 - - [16/Sep/2006:13:17:01 -0800] "GET /gallery/photos/19640042/3/pages/1964-0042-00316.htm HTTP/1.0" 200 1884 "-" "msnbot/1.0 (+http://search.msn.com/msnbot.htm)"
207.46.98.85 - - [16/Sep/2006:13:17:01 -0800] "GET /gallery/photos/19950244/05/pages/1995-0244-00507.html HTTP/1.0" 200 1886 "-" "msnbot/1.0 (+http://search.msn.com/msnbot.htm)"
207.46.98.85 - - [16/Sep/2006:13:17:15 -0800] "GET /gallery/photos/20040008/pages/2004-0008-00006.html HTTP/1.0" 200 1867 "-" "msnbot/1.0 (+http://search.msn.com/msnbot.htm)"
207.46.98.85 - - [16/Sep/2006:13:17:15 -0800] "GET /gallery/photos/20030120/2/pages/2003-0120-00202.html HTTP/1.0" 200 1868 "-" "msnbot/1.0 (+http://search.msn.com/msnbot.htm)"
207.46.98.85 - - [16/Sep/2006:13:18:11 -0800] "GET /gallery/photos/19800068/3/pages/1980-0068-00308.html HTTP/1.0" 200 1857 "-" "msnbot/1.0 (+http://search.msn.com/msnbot.htm)"
207.46.98.87 - - [16/Sep/2006:13:18:11 -0800] "GET /gallery/photos/20030109/0/pages/2003-0109-00059.html HTTP/1.0" 200 1756 "-" "msnbot/1.0 (+http://search.msn.com/msnbot.htm)"
207.46.98.87 - - [16/Sep/2006:13:18:12 -0800] "GET /gallery/photos/19910046/07/pages/1991-0046-00730.html HTTP/1.0" 200 1760 "-" "msnbot/1.0 (+http://search.msn.com/msnbot.htm)"
207.46.98.85 - - [16/Sep/2006:13:18:17 -0800] "GET /gallery/photos/20030120/2/pages/2003-0120-00246.html HTTP/1.0" 200 1871 "-" "msnbot/1.0 (+http://search.msn.com/msnbot.htm)"
207.46.98.87 - - [16/Sep/2006:13:18:17 -0800] "GET /gallery/photos/19890166/14/pages/1989-0166-01171_postcard.html HTTP/1.0" 200 1976 "-" "msnbot/1.0 (+http://search.msn.com/msnbot.htm)"
207.46.98.87 - - [16/Sep/2006:13:18:17 -0800] "GET /gallery/photos/19950244/00/pages/1995-0244-00015.html HTTP/1.0" 200 1888 "-" "msnbot/1.0 (+http://search.msn.com/msnbot.htm)"
207.46.98.87 - - [16/Sep/2006:13:18:17 -0800] "GET /gallery/photos/19581026/17/pages/1958-1026-01761.html HTTP/1.0" 200 2092 "-" "msnbot/1.0 (+http://search.msn.com/msnbot.htm)"
65.214.44.171 - - [16/Sep/2006:13:18:17 -0800] "GET /gallery/photos/19690092/7/index_2.html HTTP/1.0" 200 7247 "-" "Mozilla/2.0 (compatible; Ask Jeeves/Teoma; +http://about.ask.com/en/docs/about/webmasters.shtml)"
207.46.98.85 - - [16/Sep/2006:13:18:22 -0800] "GET /gallery/photos/19640042/0/pages/1964-0042-00058.htm HTTP/1.0" 200 1884 "-" "msnbot/1.0 (+http://search.msn.com/msnbot.htm)"
207.46.98.85 - - [16/Sep/2006:13:18:25 -0800] "GET /gallery/photos/19680041/1/pages/1968-0041-00128.htm HTTP/1.0" 200 1886 "-" "msnbot/1.0 (+http://search.msn.com/msnbot.htm)"
207.46.98.85 - - [16/Sep/2006:13:18:30 -0800] "GET /gallery/photos/20030120/2/pages/2003-0120-00221.html HTTP/1.0" 200 1871 "-" "msnbot/1.0 (+http://search.msn.com/msnbot.htm)"
207.46.98.85 - - [16/Sep/2006:13:18:30 -0800] "GET /gallery/photos/19581026/22/pages/1958-1026-02247.html HTTP/1.0" 200 2092 "-" "msnbot/1.0 (+http://search.msn.com/msnbot.htm)"
207.46.98.85 - - [16/Sep/2006:13:18:30 -0800] "GET /gallery/photos/20040145/2/pages/2004-0145-00220.htm HTTP/1.0" 200 1890 "-" "msnbot/1.0 (+http://search.msn.com/msnbot.htm)"
207.46.98.85 - - [16/Sep/2006:13:18:35 -0800] "GET /gallery/photos/19890166/13/pages/1989-0166-01134_postcard.html HTTP/1.0" 200 1976 "-" "msnbot/1.0 (+http://search.msn.com/msnbot.htm)"
207.46.98.85 - - [16/Sep/2006:13:18:35 -0800] "GET /gallery/photos/19581026/14/pages/1958-1026-01485.html HTTP/1.0" 200 2092 "-" "msnbot/1.0 (+http://search.msn.com/msnbot.htm)"
207.46.98.85 - - [16/Sep/2006:13:18:35 -0800] "GET /gallery/photos/20030120/1/pages/2003-0120-00194.html HTTP/1.0" 200 1871 "-" "msnbot/1.0 (+http://search.msn.com/msnbot.htm)"
207.46.98.85 - - [16/Sep/2006:13:18:52 -0800] "GET /gallery/photos/19950244/14/pages/1995-0244-01461.html HTTP/1.0" 200 1888 "-" "msnbot/1.0 (+http://search.msn.com/msnbot.htm)"
207.46.98.85 - - [16/Sep/2006:13:18:52 -0800] "GET /gallery/photos/19890166/03/pages/1989-0166-00322_print.html HTTP/1.0" 200 1952 "-" "msnbot/1.0 (+http://search.msn.com/msnbot.htm)"
207.46.98.85 - - [16/Sep/2006:13:18:52 -0800] "GET /gallery/photos/20040066/0/pages/2004-0066-00032.html HTTP/1.0" 200 1884 "-" "msnbot/1.0 (+http://search.msn.com/msnbot.htm)"
207.46.98.85 - - [16/Sep/2006:13:18:56 -0800] "GET /gallery/photos/19880041/0/pages/1988-0041-00065.htm HTTP/1.0" 200 1879 "-" "msnbot/1.0 (+http://search.msn.com/msnbot.htm)"
207.46.98.85 - - [16/Sep/2006:13:18:56 -0800] "GET /gallery/photos/19890166/07/pages/1989-0166-00737_neg%20nitrate.html HTTP/1.0" 200 2008 "-" "msnbot/1.0 (+http://search.msn.com/msnbot.htm)"
207.46.98.85 - - [16/Sep/2006:13:18:56 -0800] "GET /gallery/photos/19950244/00/pages/1995-0244-00067.html HTTP/1.0" 200 1888 "-" "msnbot/1.0 (+http://search.msn.com/msnbot.htm)"
207.46.98.85 - - [16/Sep/2006:13:18:57 -0800] "GET /gallery/photos/20040066/1/pages/2004-0066-00111.html HTTP/1.0" 200 1882 "-" "msnbot/1.0 (+http://search.msn.com/msnbot.htm)"
207.46.98.85 - - [16/Sep/2006:13:18:57 -0800] "GET /gallery/photos/20030174/3/pages/2003-0174-00325.html HTTP/1.0" 200 1879 "-" "msnbot/1.0 (+http://search.msn.com/msnbot.htm)"
207.46.98.85 - - [16/Sep/2006:13:19:07 -0800] "GET /gallery/photos/20030040/0/pages/2003-0040-00004.html HTTP/1.0" 200 1756 "-" "msnbot/1.0 (+http://search.msn.com/msnbot.htm)"
207.46.98.85 - - [16/Sep/2006:13:19:07 -0800] "GET /gallery/photos/19890166/03/pages/1989-0166-00337_print.html HTTP/1.0" 200 1952 "-" "msnbot/1.0 (+http://search.msn.com/msnbot.htm)"
207.46.98.85 - - [16/Sep/2006:13:19:07 -0800] "GET /gallery/photos/19581026/14/pages/1958-1026-01462.html HTTP/1.0" 200 2092 "-" "msnbot/1.0 (+http://search.msn.com/msnbot.htm)"
207.46.98.85 - - [16/Sep/2006:13:19:08 -0800] "GET /gallery/photos/19890166/13/pages/1989-0166-01104_postcard.html HTTP/1.0" 200 1976 "-" "msnbot/1.0 (+http://search.msn.com/msnbot.htm)"
207.46.98.85 - - [16/Sep/2006:13:19:08 -0800] "GET /gallery/photos/19581026/14/pages/1958-1026-01449.html HTTP/1.0" 200 2092 "-" "msnbot/1.0 (+http://search.msn.com/msnbot.htm)"
207.46.98.85 - - [16/Sep/2006:13:19:08 -0800] "GET /gallery/photos/19690092/0/pages/1969-0092-00065.html HTTP/1.0" 200 1765 "-" "msnbot/1.0 (+http://search.msn.com/msnbot.htm)"
207.46.98.85 - - [16/Sep/2006:13:19:08 -0800] "GET /gallery/photos/19890166/07/pages/1989-0166-00725_neg%20nitrate.html HTTP/1.0" 200 2008 "-" "msnbot/1.0 (+http://search.msn.com/msnbot.htm)"
207.46.98.85 - - [16/Sep/2006:13:19:08 -0800] "GET /gallery/photos/20040066/0/pages/2004-0066-00011.html HTTP/1.0" 200 1882 "-" "msnbot/1.0 (+http://search.msn.com/msnbot.htm)"
207.46.98.85 - - [16/Sep/2006:13:19:08 -0800] "GET /gallery/photos/19690092/6/pages/1969-0092-00613.html HTTP/1.0" 200 1765 "-" "msnbot/1.0 (+http://search.msn.com/msnbot.htm)"
207.46.98.85 - - [16/Sep/2006:13:19:18 -0800] "GET /gallery/photos/20030040/0/pages/2003-0040-00040.html HTTP/1.0" 200 1758 "-" "msnbot/1.0 (+http://search.msn.com/msnbot.htm)"
207.46.98.85 - - [16/Sep/2006:13:19:18 -0800] "GET /gallery/photos/20020087/4/pages/2002-0087-00415.html HTTP/1.0" 200 1767 "-" "msnbot/1.0 (+http://search.msn.com/msnbot.htm)"
207.46.98.85 - - [16/Sep/2006:13:19:18 -0800] "GET /gallery/photos/20040162/pages/2004-0162-00055.html HTTP/1.0" 200 1894 "-" "msnbot/1.0 (+http://search.msn.com/msnbot.htm)"
207.46.98.85 - - [16/Sep/2006:13:19:18 -0800] "GET /gallery/photos/19690092/8/pages/1969-0092-00854.html HTTP/1.0" 200 1765 "-" "msnbot/1.0 (+http://search.msn.com/msnbot.htm)"
207.46.98.85 - - [16/Sep/2006:13:19:18 -0800] "GET /gallery/photos/20030137/pages/2003-0137-00080.html HTTP/1.0" 200 1770 "-" "msnbot/1.0 (+http://search.msn.com/msnbot.htm)"
207.46.98.85 - - [16/Sep/2006:13:19:18 -0800] "GET /gallery/photos/20030129/1/pages/1999-0293-00139.html HTTP/1.0" 200 1768 "-" "msnbot/1.0 (+http://search.msn.com/msnbot.htm)"
207.46.98.87 - - [16/Sep/2006:13:19:42 -0800] "GET /gallery/photos/19890166/14/pages/1989-0166-01175_postcard.html HTTP/1.0" 200 1976 "-" "msnbot/1.0 (+http://search.msn.com/msnbot.htm)"
207.46.98.87 - - [16/Sep/2006:13:19:45 -0800] "GET /gallery/photos/19990293/0/pages/1999-0293-00093.html HTTP/1.0" 200 1768 "-" "msnbot/1.0 (+http://search.msn.com/msnbot.htm)"
207.46.98.87 - - [16/Sep/2006:13:19:49 -0800] "GET /gallery/photos/20030120/0/pages/2003-0120-00022.html HTTP/1.0" 200 1871 "-" "msnbot/1.0 (+http://search.msn.com/msnbot.htm)"
207.46.98.87 - - [16/Sep/2006:13:19:49 -0800] "GET /gallery/photos/19950244/06/pages/1995-0244-00627.html HTTP/1.0" 200 1889 "-" "msnbot/1.0 (+http://search.msn.com/msnbot.htm)"
207.46.98.87 - - [16/Sep/2006:13:19:50 -0800] "GET /gallery/photos/19690092/6/pages/1969-0092-00661.html HTTP/1.0" 200 1765 "-" "msnbot/1.0 (+http://search.msn.com/msnbot.htm)"
207.46.98.87 - - [16/Sep/2006:13:19:56 -0800] "GET /gallery/photos/19890166/06/pages/1989-0166-00619_neg%20nitrate.html HTTP/1.0" 200 2011 "-" "msnbot/1.0 (+http://search.msn.com/msnbot.htm)"
207.46.98.87 - - [16/Sep/2006:13:19:56 -0800] "GET /gallery/photos/19890166/06/pages/1989-0166-00617_neg%20nitrate.html HTTP/1.0" 200 2016 "-" "msnbot/1.0 (+http://search.msn.com/msnbot.htm)"
207.46.98.87 - - [16/Sep/2006:13:19:56 -0800] "GET /gallery/photos/20040110/10/pages/2004-0110-01001.htm HTTP/1.0" 200 1888 "-" "msnbot/1.0 (+http://search.msn.com/msnbot.htm)"
72.30.216.15 - - [16/Sep/2006:13:20:31 -0800] "GET /robots.txt HTTP/1.0" 200 96 "-" "Mozilla/5.0 (compatible; Yahoo! Slurp; http://help.yahoo.com/help/us/ysearch/slurp)"
72.30.102.198 - - [16/Sep/2006:13:20:33 -0800] "GET /gallery/photos/19650030/pages/1965-0030-00008.htm HTTP/1.0" 304 - "-" "Mozilla/5.0 (compatible; Yahoo! Slurp; http://help.yahoo.com/help/us/ysearch/slurp)"
66.249.72.244 - - [16/Sep/2006:13:20:34 -0800] "GET /gallery/photos/19720153/3/pages/1972-0152-00309.html HTTP/1.1" 304 - "-" "Mozilla/5.0 (compatible; Googlebot/2.1; +http://www.google.com/bot.html)"
207.46.98.87 - - [16/Sep/2006:13:21:28 -0800] "GET /gallery/photos/20010164/pages/2001-0164-00068.html HTTP/1.0" 200 1769 "-" "msnbot/1.0 (+http://search.msn.com/msnbot.htm)"
207.46.98.87 - - [16/Sep/2006:13:21:39 -0800] "GET /gallery/photos/19910046/05/pages/1991-0046-00549.html HTTP/1.0" 200 1760 "-" "msnbot/1.0 (+http://search.msn.com/msnbot.htm)"
207.46.98.87 - - [16/Sep/2006:13:21:55 -0800] "GET /gallery/photos/20030109/3/pages/2003-0109-00364.html HTTP/1.0" 200 1756 "-" "msnbot/1.0 (+http://search.msn.com/msnbot.htm)"
207.46.98.87 - - [16/Sep/2006:13:22:13 -0800] "GET /gallery/photos/19680069/26/pages/1968-0069-02635.html HTTP/1.0" 200 1769 "-" "msnbot/1.0 (+http://search.msn.com/msnbot.htm)"
72.30.103.149 - - [16/Sep/2006:13:22:25 -0800] "GET /gallery/photos/19950244/15 HTTP/1.0" 301 363 "-" "Mozilla/5.0 (compatible; Yahoo! Slurp; http://help.yahoo.com/help/us/ysearch/slurp)"
72.30.103.149 - - [16/Sep/2006:13:23:35 -0800] "GET /gallery/photos/19950244/15/ HTTP/1.0" 200 7080 "-" "Mozilla/5.0 (compatible; Yahoo! Slurp; http://help.yahoo.com/help/us/ysearch/slurp)"
65.214.44.171 - - [16/Sep/2006:13:26:00 -0800] "GET /gallery/photos/0728/pages/728-021.html HTTP/1.0" 200 2678 "-" "Mozilla/2.0 (compatible; Ask Jeeves/Teoma; +http://about.ask.com/en/docs/about/webmasters.shtml)"
38.113.234.181 - - [16/Sep/2006:13:30:42 -0800] "GET /gallery/photos/20040066/1/ HTTP/1.0" 200 7075 "-" "voyager/1.0"
65.214.44.171 - - [16/Sep/2006:13:33:43 -0800] "GET /gallery/photos/0728/pages/728-013.html HTTP/1.0" 200 2678 "-" "Mozilla/2.0 (compatible; Ask Jeeves/Teoma; +http://about.ask.com/en/docs/about/webmasters.shtml)"
66.249.72.244 - - [16/Sep/2006:13:34:48 -0800] "GET /gallery/photos/19590875/pages/1959-0875-00002.html HTTP/1.1" 304 - "-" "Mozilla/5.0 (compatible; Googlebot/2.1; +http://www.google.com/bot.html)"
72.30.133.33 - - [16/Sep/2006:13:34:49 -0800] "GET /gallery/photos/20040111/08/pages/2004-0111-00809.htm HTTP/1.0" 200 1883 "-" "Mozilla/5.0 (compatible; Yahoo! Slurp; http://help.yahoo.com/help/us/ysearch/slurp)"
144.96.14.178 - - [16/Sep/2006:13:35:25 -0800] "GET /gallery/maps/mapg3300.html HTTP/1.1" 404 322 "http://images.google.com/imgres?imgurl=http://photolab.elmer.uaf.edu/gallery/maps/G3300/large/G3300%2520%255B1786_%255D%2520B691.jpg&imgrefurl=http://photolab.elmer.uaf.edu/gallery/maps/mapg3300.html&h=943&w=1200&sz=264&hl=en&sta