207.46.98.85 - - [16/Sep/2006:02:37:50 -0800] "GET /gallery/photos/19890199/1/pages/1989-0199-00157.html HTTP/1.0" 200 1878 "-" "msnbot/1.0 (+http://search.msn.com/msnbot.htm)"
207.46.98.85 - - [16/Sep/2006:02:37:50 -0800] "GET /gallery/photos/19581026/21/pages/1958-1026-02136.html HTTP/1.0" 200 2092 "-" "msnbot/1.0 (+http://search.msn.com/msnbot.htm)"
205.188.117.69 - - [16/Sep/2006:02:37:51 -0800] "GET /gallery/panoramas/smalljpegs/2003-0174-00513.jpg HTTP/1.1" 200 31424 "http://photolab.elmer.uaf.edu/gallery/panoramas/panofairbanks.html" "Mozilla/4.0 (compatible; MSIE 6.0; AOL 9.0; Windows NT 5.1; SV1; .NET CLR 1.1.4322)"
205.188.116.135 - - [16/Sep/2006:02:37:53 -0800] "GET /gallery/panoramas/smalljpegs/1970-0058-00469.jpg HTTP/1.1" 200 33911 "http://photolab.elmer.uaf.edu/gallery/panoramas/panofairbanks.html" "Mozilla/4.0 (compatible; MSIE 6.0; AOL 9.0; Windows NT 5.1; SV1; .NET CLR 1.1.4322)"
207.46.98.85 - - [16/Sep/2006:02:37:55 -0800] "GET /gallery/photos/19581026/21/pages/1958-1026-02172.html HTTP/1.0" 200 2092 "-" "msnbot/1.0 (+http://search.msn.com/msnbot.htm)"
205.188.116.138 - - [16/Sep/2006:02:37:55 -0800] "GET /gallery/panoramas/smalljpegs/1970-0058-00349B.jpg HTTP/1.1" 200 29689 "http://photolab.elmer.uaf.edu/gallery/panoramas/panofairbanks.html" "Mozilla/4.0 (compatible; MSIE 6.0; AOL 9.0; Windows NT 5.1; SV1; .NET CLR 1.1.4322)"
207.46.98.85 - - [16/Sep/2006:02:37:55 -0800] "GET /gallery/photos/19950244/06/pages/1995-0244-00655.html HTTP/1.0" 200 1889 "-" "msnbot/1.0 (+http://search.msn.com/msnbot.htm)"
207.46.98.85 - - [16/Sep/2006:02:37:55 -0800] "GET /gallery/photos/19950244/06/pages/1995-0244-00657.html HTTP/1.0" 200 1889 "-" "msnbot/1.0 (+http://search.msn.com/msnbot.htm)"
207.46.98.85 - - [16/Sep/2006:02:37:56 -0800] "GET /gallery/photos/20040026/pages/2004-0026-00055.html HTTP/1.0" 200 1862 "-" "msnbot/1.0 (+http://search.msn.com/msnbot.htm)"
207.46.98.85 - - [16/Sep/2006:02:37:56 -0800] "GET /gallery/photos/19640042/3/pages/1964-0042-00338.htm HTTP/1.0" 200 1884 "-" "msnbot/1.0 (+http://search.msn.com/msnbot.htm)"
207.46.98.85 - - [16/Sep/2006:02:37:56 -0800] "GET /gallery/photos/19890199/1/pages/1989-0199-00155.html HTTP/1.0" 200 1878 "-" "msnbot/1.0 (+http://search.msn.com/msnbot.htm)"
205.188.116.72 - - [16/Sep/2006:02:37:56 -0800] "GET /gallery/panoramas/smalljpegs/1970-0058-00353.jpg HTTP/1.1" 200 29819 "http://photolab.elmer.uaf.edu/gallery/panoramas/panofairbanks.html" "Mozilla/4.0 (compatible; MSIE 6.0; AOL 9.0; Windows NT 5.1; SV1; .NET CLR 1.1.4322)"
207.46.98.85 - - [16/Sep/2006:02:37:56 -0800] "GET /gallery/photos/20020087/6/pages/2002-0087-00601.html HTTP/1.0" 200 1765 "-" "msnbot/1.0 (+http://search.msn.com/msnbot.htm)"
207.46.98.85 - - [16/Sep/2006:02:37:56 -0800] "GET /gallery/photos/19581026/21/pages/1958-1026-02159.html HTTP/1.0" 200 2092 "-" "msnbot/1.0 (+http://search.msn.com/msnbot.htm)"
207.46.98.85 - - [16/Sep/2006:02:37:56 -0800] "GET /gallery/photos/20040145/2/pages/2004-0145-00277.htm HTTP/1.0" 200 1890 "-" "msnbot/1.0 (+http://search.msn.com/msnbot.htm)"
207.46.98.85 - - [16/Sep/2006:02:37:56 -0800] "GET /gallery/photos/19581026/21/pages/1958-1026-02178.html HTTP/1.0" 200 2092 "-" "msnbot/1.0 (+http://search.msn.com/msnbot.htm)"
207.46.98.85 - - [16/Sep/2006:02:37:56 -0800] "GET /gallery/photos/19581026/22/pages/1958-1026-02222.html HTTP/1.0" 200 2092 "-" "msnbot/1.0 (+http://search.msn.com/msnbot.htm)"
207.46.98.85 - - [16/Sep/2006:02:37:56 -0800] "GET /gallery/photos/19890166/05/pages/1989-0166-00507_neg%20nitrate.html HTTP/1.0" 200 2005 "-" "msnbot/1.0 (+http://search.msn.com/msnbot.htm)"
207.46.98.85 - - [16/Sep/2006:02:37:57 -0800] "GET /gallery/photos/20020015/6/pages/2002-0015-00601m.html HTTP/1.0" 200 1768 "-" "msnbot/1.0 (+http://search.msn.com/msnbot.htm)"
207.46.98.85 - - [16/Sep/2006:02:37:57 -0800] "GET /gallery/photos/20020032/pages/2002-0032-00058.html HTTP/1.0" 200 1884 "-" "msnbot/1.0 (+http://search.msn.com/msnbot.htm)"
207.46.98.85 - - [16/Sep/2006:02:37:57 -0800] "GET /gallery/photos/19900080/0/pages/1990-0080-00032.html HTTP/1.0" 200 1878 "-" "msnbot/1.0 (+http://search.msn.com/msnbot.htm)"
207.46.98.85 - - [16/Sep/2006:02:37:57 -0800] "GET /gallery/photos/19581026/22/pages/1958-1026-02220.html HTTP/1.0" 200 2092 "-" "msnbot/1.0 (+http://search.msn.com/msnbot.htm)"
207.46.98.85 - - [16/Sep/2006:02:37:57 -0800] "GET /gallery/photos/19680069/26/pages/1968-0069-02601.html HTTP/1.0" 200 1767 "-" "msnbot/1.0 (+http://search.msn.com/msnbot.htm)"
207.46.98.85 - - [16/Sep/2006:02:37:57 -0800] "GET /gallery/photos/19890166/05/pages/1989-0166-00515_neg%20nitrate.html HTTP/1.0" 200 2006 "-" "msnbot/1.0 (+http://search.msn.com/msnbot.htm)"
207.46.98.85 - - [16/Sep/2006:02:37:57 -0800] "GET /gallery/photos/19890166/08/pages/1989-0166-00558a_print.html HTTP/1.0" 200 1960 "-" "msnbot/1.0 (+http://search.msn.com/msnbot.htm)"
207.46.98.85 - - [16/Sep/2006:02:37:57 -0800] "GET /gallery/photos/19581026/21/pages/1958-1026-02195.html HTTP/1.0" 200 2092 "-" "msnbot/1.0 (+http://search.msn.com/msnbot.htm)"
207.46.98.85 - - [16/Sep/2006:02:37:57 -0800] "GET /gallery/photos/19581026/17/pages/1958-1026-01719.html HTTP/1.0" 200 2092 "-" "msnbot/1.0 (+http://search.msn.com/msnbot.htm)"
207.46.98.85 - - [16/Sep/2006:02:37:58 -0800] "GET /gallery/photos/19690092/4/pages/1969-0092-00407.html HTTP/1.0" 200 1763 "-" "msnbot/1.0 (+http://search.msn.com/msnbot.htm)"
207.46.98.85 - - [16/Sep/2006:02:37:58 -0800] "GET /gallery/photos/19581026/17/pages/1958-1026-01713.html HTTP/1.0" 200 2092 "-" "msnbot/1.0 (+http://search.msn.com/msnbot.htm)"
207.46.98.85 - - [16/Sep/2006:02:37:58 -0800] "GET /gallery/photos/19890166/05/pages/1989-0166-00520_neg%20nitrate.html HTTP/1.0" 200 2008 "-" "msnbot/1.0 (+http://search.msn.com/msnbot.htm)"
207.46.98.85 - - [16/Sep/2006:02:37:58 -0800] "GET /gallery/photos/19581026/21/pages/1958-1026-02197.html HTTP/1.0" 200 2092 "-" "msnbot/1.0 (+http://search.msn.com/msnbot.htm)"
205.188.116.65 - - [16/Sep/2006:02:37:57 -0800] "GET /gallery/panoramas/smalljpegs/1970-0058-00352.jpg HTTP/1.1" 200 32468 "http://photolab.elmer.uaf.edu/gallery/panoramas/panofairbanks.html" "Mozilla/4.0 (compatible; MSIE 6.0; AOL 9.0; Windows NT 5.1; SV1; .NET CLR 1.1.4322)"
207.46.98.85 - - [16/Sep/2006:02:37:58 -0800] "GET /gallery/photos/20020087/6/pages/2002-0087-00603.html HTTP/1.0" 200 1765 "-" "msnbot/1.0 (+http://search.msn.com/msnbot.htm)"
207.46.98.85 - - [16/Sep/2006:02:37:58 -0800] "GET /gallery/photos/20020015/3/pages/2002-0015-00305m.html HTTP/1.0" 200 1768 "-" "msnbot/1.0 (+http://search.msn.com/msnbot.htm)"
207.46.98.85 - - [16/Sep/2006:02:37:58 -0800] "GET /gallery/photos/19690092/4/pages/1969-0092-00405.html HTTP/1.0" 200 1763 "-" "msnbot/1.0 (+http://search.msn.com/msnbot.htm)"
207.46.98.85 - - [16/Sep/2006:02:37:58 -0800] "GET /gallery/photos/19690092/0/pages/1969-0092-00008.html HTTP/1.0" 200 1763 "-" "msnbot/1.0 (+http://search.msn.com/msnbot.htm)"
207.46.98.85 - - [16/Sep/2006:02:37:58 -0800] "GET /gallery/photos/20030174/3/pages/2003-0174-00306.html HTTP/1.0" 200 1876 "-" "msnbot/1.0 (+http://search.msn.com/msnbot.htm)"
207.46.98.85 - - [16/Sep/2006:02:37:58 -0800] "GET /gallery/photos/20030063/3/pages/2003-0063-00308.html HTTP/1.0" 200 1756 "-" "msnbot/1.0 (+http://search.msn.com/msnbot.htm)"
207.46.98.85 - - [16/Sep/2006:02:37:58 -0800] "GET /gallery/photos/20020087/1/pages/2002-0087-00110.html HTTP/1.0" 200 1765 "-" "msnbot/1.0 (+http://search.msn.com/msnbot.htm)"
207.46.98.85 - - [16/Sep/2006:02:37:59 -0800] "GET /gallery/photos/20020164/pages/2002-0164-00012.html HTTP/1.0" 200 1757 "-" "msnbot/1.0 (+http://search.msn.com/msnbot.htm)"
207.46.98.85 - - [16/Sep/2006:02:37:59 -0800] "GET /gallery/photos/19910046/06/pages/1991-0046-00606.html HTTP/1.0" 200 1758 "-" "msnbot/1.0 (+http://search.msn.com/msnbot.htm)"
207.46.98.85 - - [16/Sep/2006:02:37:59 -0800] "GET /gallery/photos/19660054/02/pages/1966-0054-00237.html HTTP/1.0" 200 1760 "-" "msnbot/1.0 (+http://search.msn.com/msnbot.htm)"
207.46.98.85 - - [16/Sep/2006:02:37:59 -0800] "GET /gallery/photos/19660054/02/pages/1966-0054-00235.html HTTP/1.0" 200 1760 "-" "msnbot/1.0 (+http://search.msn.com/msnbot.htm)"
207.46.98.85 - - [16/Sep/2006:02:37:59 -0800] "GET /gallery/photos/19660054/01/pages/1966-0054-00108.html HTTP/1.0" 200 1758 "-" "msnbot/1.0 (+http://search.msn.com/msnbot.htm)"
207.46.98.85 - - [16/Sep/2006:02:37:59 -0800] "GET /gallery/photos/19700058/4/pages/1970-0058-00419.html HTTP/1.0" 200 1759 "-" "msnbot/1.0 (+http://search.msn.com/msnbot.htm)"
205.188.116.70 - - [16/Sep/2006:02:37:59 -0800] "GET /gallery/panoramas/smalljpegs/1970-0058-00351.jpg HTTP/1.1" 200 31639 "http://photolab.elmer.uaf.edu/gallery/panoramas/panofairbanks.html" "Mozilla/4.0 (compatible; MSIE 6.0; AOL 9.0; Windows NT 5.1; SV1; .NET CLR 1.1.4322)"
207.46.98.85 - - [16/Sep/2006:02:37:59 -0800] "GET /gallery/photos/20030137/pages/2003-0137-00008.html HTTP/1.0" 200 1768 "-" "msnbot/1.0 (+http://search.msn.com/msnbot.htm)"
207.46.98.85 - - [16/Sep/2006:02:37:59 -0800] "GET /gallery/photos/20030129/1/pages/1999-0293-00118.html HTTP/1.0" 200 1768 "-" "msnbot/1.0 (+http://search.msn.com/msnbot.htm)"
207.46.98.85 - - [16/Sep/2006:02:37:59 -0800] "GET /gallery/photos/20030109/3/pages/2003-0109-00379.html HTTP/1.0" 200 1756 "-" "msnbot/1.0 (+http://search.msn.com/msnbot.htm)"
207.46.98.85 - - [16/Sep/2006:02:37:59 -0800] "GET /gallery/photos/19910046/06/pages/1991-0046-00604.html HTTP/1.0" 200 1758 "-" "msnbot/1.0 (+http://search.msn.com/msnbot.htm)"
205.188.116.69 - - [16/Sep/2006:02:38:00 -0800] "GET /gallery/panoramas/smalljpegs/1958-1026-02040.jpg HTTP/1.1" 200 36710 "http://photolab.elmer.uaf.edu/gallery/panoramas/panofairbanks.html" "Mozilla/4.0 (compatible; MSIE 6.0; AOL 9.0; Windows NT 5.1; SV1; .NET CLR 1.1.4322)"
205.188.117.69 - - [16/Sep/2006:02:38:03 -0800] "GET /gallery/panoramas/smalljpegs/1958-1026-01064.jpg HTTP/1.1" 200 34873 "http://photolab.elmer.uaf.edu/gallery/panoramas/panofairbanks.html" "Mozilla/4.0 (compatible; MSIE 6.0; AOL 9.0; Windows NT 5.1; SV1; .NET CLR 1.1.4322)"
205.188.117.66 - - [16/Sep/2006:02:38:04 -0800] "GET /gallery/panoramas/smalljpegs/2002-0134-00003.jpg HTTP/1.1" 200 33564 "http://photolab.elmer.uaf.edu/gallery/panoramas/panofairbanks.html" "Mozilla/4.0 (compatible; MSIE 6.0; AOL 9.0; Windows NT 5.1; SV1; .NET CLR 1.1.4322)"
207.46.98.85 - - [16/Sep/2006:02:38:08 -0800] "GET /gallery/photos/20020015/0/pages/2002-0015-00012m.html HTTP/1.0" 200 1768 "-" "msnbot/1.0 (+http://search.msn.com/msnbot.htm)"
207.46.98.85 - - [16/Sep/2006:02:38:09 -0800] "GET /gallery/photos/20030063/3/pages/2003-0063-00329.html HTTP/1.0" 200 1758 "-" "msnbot/1.0 (+http://search.msn.com/msnbot.htm)"
207.46.98.85 - - [16/Sep/2006:02:38:09 -0800] "GET /gallery/photos/20020087/1/pages/2002-0087-00112.html HTTP/1.0" 200 1767 "-" "msnbot/1.0 (+http://search.msn.com/msnbot.htm)"
207.46.98.85 - - [16/Sep/2006:02:38:09 -0800] "GET /gallery/photos/20020015/6/pages/2002-0015-00619m.html HTTP/1.0" 200 1770 "-" "msnbot/1.0 (+http://search.msn.com/msnbot.htm)"
207.46.98.85 - - [16/Sep/2006:02:38:09 -0800] "GET /gallery/photos/19690092/1/pages/1969-0092-00121.html HTTP/1.0" 200 1765 "-" "msnbot/1.0 (+http://search.msn.com/msnbot.htm)"
207.46.98.85 - - [16/Sep/2006:02:38:10 -0800] "GET /gallery/photos/19690092/4/pages/1969-0092-00424.html HTTP/1.0" 200 1765 "-" "msnbot/1.0 (+http://search.msn.com/msnbot.htm)"
207.46.98.85 - - [16/Sep/2006:02:38:10 -0800] "GET /gallery/photos/19690092/4/pages/1969-0092-00485.html HTTP/1.0" 200 1765 "-" "msnbot/1.0 (+http://search.msn.com/msnbot.htm)"
207.46.98.85 - - [16/Sep/2006:02:38:10 -0800] "GET /gallery/photos/19680069/26/pages/1968-0069-02622.html HTTP/1.0" 200 1769 "-" "msnbot/1.0 (+http://search.msn.com/msnbot.htm)"
207.46.98.85 - - [16/Sep/2006:02:38:10 -0800] "GET /gallery/photos/20010129/0/pages/2001-0129-00022.html HTTP/1.0" 200 1762 "-" "msnbot/1.0 (+http://search.msn.com/msnbot.htm)"
207.46.98.85 - - [16/Sep/2006:02:38:10 -0800] "GET /gallery/photos/20030063/0/pages/2003-0063-00014.html HTTP/1.0" 200 1758 "-" "msnbot/1.0 (+http://search.msn.com/msnbot.htm)"
205.188.116.133 - - [16/Sep/2006:02:38:10 -0800] "GET /gallery/panoramas/smalljpegs/1958-1026-02247.jpg HTTP/1.1" 200 32666 "http://photolab.elmer.uaf.edu/gallery/panoramas/panofairbanks.html" "Mozilla/4.0 (compatible; MSIE 6.0; AOL 9.0; Windows NT 5.1; SV1; .NET CLR 1.1.4322)"
205.188.116.66 - - [16/Sep/2006:02:38:11 -0800] "GET /gallery/panoramas/smalljpegs/1988-0051-00012.jpg HTTP/1.1" 200 33760 "http://photolab.elmer.uaf.edu/gallery/panoramas/panofairbanks.html" "Mozilla/4.0 (compatible; MSIE 6.0; AOL 9.0; Windows NT 5.1; SV1; .NET CLR 1.1.4322)"
207.46.98.85 - - [16/Sep/2006:02:38:14 -0800] "GET /gallery/photos/20030109/0/pages/2003-0109-00021.html HTTP/1.0" 200 1756 "-" "msnbot/1.0 (+http://search.msn.com/msnbot.htm)"
207.46.98.85 - - [16/Sep/2006:02:38:14 -0800] "GET /gallery/photos/20030129/2/pages/2003-0129-00207.html HTTP/1.0" 200 1768 "-" "msnbot/1.0 (+http://search.msn.com/msnbot.htm)"
207.46.98.85 - - [16/Sep/2006:02:38:14 -0800] "GET /gallery/photos/20020087/0/pages/2002-0087-00018.html HTTP/1.0" 200 1767 "-" "msnbot/1.0 (+http://search.msn.com/msnbot.htm)"
207.46.98.85 - - [16/Sep/2006:02:38:14 -0800] "GET /gallery/photos/19700058/2/pages/1970-0058-00221.html HTTP/1.0" 200 1759 "-" "msnbot/1.0 (+http://search.msn.com/msnbot.htm)"
207.46.98.85 - - [16/Sep/2006:02:38:15 -0800] "GET /gallery/photos/20030109/0/pages/2003-0109-00023.html HTTP/1.0" 200 1756 "-" "msnbot/1.0 (+http://search.msn.com/msnbot.htm)"
205.188.116.69 - - [16/Sep/2006:02:38:15 -0800] "GET /gallery/panoramas/smalljpegs/1988-0056-00001.jpg HTTP/1.1" 200 35697 "http://photolab.elmer.uaf.edu/gallery/panoramas/panofairbanks.html" "Mozilla/4.0 (compatible; MSIE 6.0; AOL 9.0; Windows NT 5.1; SV1; .NET CLR 1.1.4322)"
207.46.98.85 - - [16/Sep/2006:02:38:16 -0800] "GET /gallery/photos/20010129/0/pages/2001-0129-00020.html HTTP/1.0" 200 1762 "-" "msnbot/1.0 (+http://search.msn.com/msnbot.htm)"
207.46.98.85 - - [16/Sep/2006:02:38:16 -0800] "GET /gallery/photos/20020164/pages/2002-0164-00018.html HTTP/1.0" 200 1759 "-" "msnbot/1.0 (+http://search.msn.com/msnbot.htm)"
207.46.98.85 - - [16/Sep/2006:02:38:16 -0800] "GET /gallery/photos/19660054/02/pages/1966-0054-00216.html HTTP/1.0" 200 1760 "-" "msnbot/1.0 (+http://search.msn.com/msnbot.htm)"
207.46.98.85 - - [16/Sep/2006:02:38:16 -0800] "GET /gallery/photos/19680069/26/pages/1968-0069-02620.html HTTP/1.0" 200 1769 "-" "msnbot/1.0 (+http://search.msn.com/msnbot.htm)"
207.46.98.85 - - [16/Sep/2006:02:38:17 -0800] "GET /gallery/photos/19690092/0/pages/1969-0092-00021.html HTTP/1.0" 200 1765 "-" "msnbot/1.0 (+http://search.msn.com/msnbot.htm)"
207.46.98.85 - - [16/Sep/2006:02:38:17 -0800] "GET /gallery/photos/19660054/01/pages/1966-0054-00129.html HTTP/1.0" 200 1760 "-" "msnbot/1.0 (+http://search.msn.com/msnbot.htm)"
207.46.98.85 - - [16/Sep/2006:02:38:17 -0800] "GET /gallery/photos/20010129/3/pages/2001-0129-00334.html HTTP/1.0" 200 1762 "-" "msnbot/1.0 (+http://search.msn.com/msnbot.htm)"
207.46.98.85 - - [16/Sep/2006:02:38:17 -0800] "GET /gallery/photos/19690092/4/pages/1969-0092-00426.html HTTP/1.0" 200 1765 "-" "msnbot/1.0 (+http://search.msn.com/msnbot.htm)"
207.46.98.85 - - [16/Sep/2006:02:38:17 -0800] "GET /gallery/photos/19990293/0/pages/1999-0293-00063.html HTTP/1.0" 200 1768 "-" "msnbot/1.0 (+http://search.msn.com/msnbot.htm)"
207.46.98.85 - - [16/Sep/2006:02:38:17 -0800] "GET /gallery/photos/20030129/2/pages/1999-0293-00227.html HTTP/1.0" 200 1768 "-" "msnbot/1.0 (+http://search.msn.com/msnbot.htm)"
207.46.98.85 - - [16/Sep/2006:02:38:17 -0800] "GET /gallery/photos/20030063/0/pages/2003-0063-00016.html HTTP/1.0" 200 1758 "-" "msnbot/1.0 (+http://search.msn.com/msnbot.htm)"
207.46.98.85 - - [16/Sep/2006:02:38:17 -0800] "GET /gallery/photos/19700058/2/pages/1970-0058-00246.html HTTP/1.0" 200 1759 "-" "msnbot/1.0 (+http://search.msn.com/msnbot.htm)"
207.46.98.85 - - [16/Sep/2006:02:38:17 -0800] "GET /gallery/photos/20030063/0/pages/2003-0063-00035.html HTTP/1.0" 200 1758 "-" "msnbot/1.0 (+http://search.msn.com/msnbot.htm)"
205.188.116.198 - - [16/Sep/2006:02:38:18 -0800] "GET /gallery/panoramas/smalljpegs/1970-0058-00350B.jpg HTTP/1.1" 200 35369 "http://photolab.elmer.uaf.edu/gallery/panoramas/panofairbanks.html" "Mozilla/4.0 (compatible; MSIE 6.0; AOL 9.0; Windows NT 5.1; SV1; .NET CLR 1.1.4322)"
205.188.117.69 - - [16/Sep/2006:02:38:19 -0800] "GET /gallery/panoramas/smalljpegs/1973-0190-00283.jpg HTTP/1.1" 200 34360 "http://photolab.elmer.uaf.edu/gallery/panoramas/panofairbanks.html" "Mozilla/4.0 (compatible; MSIE 6.0; AOL 9.0; Windows NT 5.1; SV1; .NET CLR 1.1.4322)"
207.46.98.85 - - [16/Sep/2006:02:38:23 -0800] "GET /gallery/photos/19990293/0/pages/1999-0293-00061.html HTTP/1.0" 200 1768 "-" "msnbot/1.0 (+http://search.msn.com/msnbot.htm)"
205.188.116.139 - - [16/Sep/2006:02:38:22 -0800] "GET /gallery/panoramas/smalljpegs/1987-0110-00001.jpg HTTP/1.1" 200 34052 "http://photolab.elmer.uaf.edu/gallery/panoramas/panofairbanks.html" "Mozilla/4.0 (compatible; MSIE 6.0; AOL 9.0; Windows NT 5.1; SV1; .NET CLR 1.1.4322)"
207.46.98.85 - - [16/Sep/2006:02:38:23 -0800] "GET /gallery/photos/19900043/08/pages/1990-0043-00860A.html HTTP/1.0" 200 1771 "-" "msnbot/1.0 (+http://search.msn.com/msnbot.htm)"
207.46.98.85 - - [16/Sep/2006:02:38:23 -0800] "GET /gallery/photos/20020015/5/pages/2002-0015-00516m.html HTTP/1.0" 200 1770 "-" "msnbot/1.0 (+http://search.msn.com/msnbot.htm)"
207.46.98.85 - - [16/Sep/2006:02:38:23 -0800] "GET /gallery/photos/19690092/1/pages/1969-0092-00146.html HTTP/1.0" 200 1765 "-" "msnbot/1.0 (+http://search.msn.com/msnbot.htm)"
207.46.98.85 - - [16/Sep/2006:02:38:23 -0800] "GET /gallery/photos/19900043/08/pages/1990-0043-00859.html HTTP/1.0" 200 1767 "-" "msnbot/1.0 (+http://search.msn.com/msnbot.htm)"
207.46.98.85 - - [16/Sep/2006:02:38:23 -0800] "GET /gallery/photos/20030109/3/pages/2003-0109-00358.html HTTP/1.0" 200 1756 "-" "msnbot/1.0 (+http://search.msn.com/msnbot.htm)"
205.188.116.65 - - [16/Sep/2006:02:38:23 -0800] "GET /gallery/panoramas/smalljpegs/1988-0051-00008.jpg HTTP/1.1" 200 35164 "http://photolab.elmer.uaf.edu/gallery/panoramas/panofairbanks.html" "Mozilla/4.0 (compatible; MSIE 6.0; AOL 9.0; Windows NT 5.1; SV1; .NET CLR 1.1.4322)"
207.46.98.85 - - [16/Sep/2006:02:38:24 -0800] "GET /gallery/photos/20020015/0/pages/2002-0015-00033m.html HTTP/1.0" 200 1770 "-" "msnbot/1.0 (+http://search.msn.com/msnbot.htm)"
207.46.98.85 - - [16/Sep/2006:02:38:24 -0800] "GET /gallery/photos/20020015/3/pages/2002-0015-00334m.html HTTP/1.0" 200 1770 "-" "msnbot/1.0 (+http://search.msn.com/msnbot.htm)"
207.46.98.85 - - [16/Sep/2006:02:38:24 -0800] "GET /gallery/photos/20020015/3/pages/2002-0015-00324m.html HTTP/1.0" 200 1770 "-" "msnbot/1.0 (+http://search.msn.com/msnbot.htm)"
207.46.98.85 - - [16/Sep/2006:02:38:24 -0800] "GET /gallery/photos/19700058/2/pages/1970-0058-00223.html HTTP/1.0" 200 1759 "-" "msnbot/1.0 (+http://search.msn.com/msnbot.htm)"
207.46.98.85 - - [16/Sep/2006:02:38:24 -0800] "GET /gallery/photos/19990293/0/pages/1999-0293-00042.html HTTP/1.0" 200 1768 "-" "msnbot/1.0 (+http://search.msn.com/msnbot.htm)"
207.46.98.85 - - [16/Sep/2006:02:38:24 -0800] "GET /gallery/photos/19990293/0/pages/1999-0293-00040.html HTTP/1.0" 200 1768 "-" "msnbot/1.0 (+http://search.msn.com/msnbot.htm)"
207.46.98.85 - - [16/Sep/2006:02:38:24 -0800] "GET /gallery/photos/19700058/2/pages/1970-0058-00267.html HTTP/1.0" 200 1759 "-" "msnbot/1.0 (+http://search.msn.com/msnbot.htm)"
207.46.98.85 - - [16/Sep/2006:02:38:24 -0800] "GET /gallery/photos/20020015/0/pages/2002-0015-00044m.html HTTP/1.0" 200 1770 "-" "msnbot/1.0 (+http://search.msn.com/msnbot.htm)"
207.46.98.85 - - [16/Sep/2006:02:38:24 -0800] "GET /gallery/photos/20030024/0/pages/2003-0024-00025.html HTTP/1.0" 200 1760 "-" "msnbot/1.0 (+http://search.msn.com/msnbot.htm)"
207.46.98.85 - - [16/Sep/2006:02:38:24 -0800] "GET /gallery/photos/20030024/0/pages/2003-0024-00027.html HTTP/1.0" 200 1760 "-" "msnbot/1.0 (+http://search.msn.com/msnbot.htm)"
207.46.98.85 - - [16/Sep/2006:02:38:25 -0800] "GET /gallery/photos/19690092/1/pages/1969-0092-00144.html HTTP/1.0" 200 1765 "-" "msnbot/1.0 (+http://search.msn.com/msnbot.htm)"
207.46.98.85 - - [16/Sep/2006:02:38:25 -0800] "GET /gallery/photos/19990293/0/pages/1999-0293-00027.html HTTP/1.0" 200 1768 "-" "msnbot/1.0 (+http://search.msn.com/msnbot.htm)"
207.46.98.85 - - [16/Sep/2006:02:38:25 -0800] "GET /gallery/photos/20020087/3/pages/2002-0087-00327.html HTTP/1.0" 200 1767 "-" "msnbot/1.0 (+http://search.msn.com/msnbot.htm)"
205.188.116.136 - - [16/Sep/2006:02:38:26 -0800] "GET /index_files/bluebear.gif HTTP/1.1" 200 1263 "http://photolab.elmer.uaf.edu/gallery/panoramas/panofairbanks.html" "Mozilla/4.0 (compatible; MSIE 6.0; AOL 9.0; Windows NT 5.1; SV1; .NET CLR 1.1.4322)"
205.188.116.12 - - [16/Sep/2006:02:38:29 -0800] "GET /index_files/sitemap.gif HTTP/1.1" 200 1503 "http://photolab.elmer.uaf.edu/gallery/panoramas/panofairbanks.html" "Mozilla/4.0 (compatible; MSIE 6.0; AOL 9.0; Windows NT 5.1; SV1; .NET CLR 1.1.4322)"
207.46.98.85 - - [16/Sep/2006:02:38:50 -0800] "GET /gallery/photos/20030129/2/pages/1999-0293-00240.html HTTP/1.0" 200 1768 "-" "msnbot/1.0 (+http://search.msn.com/msnbot.htm)"
207.46.98.86 - - [16/Sep/2006:02:39:30 -0800] "GET /gallery/photos/19800068/1/pages/1980-0068-00197.html HTTP/1.0" 200 1860 "-" "msnbot/1.0 (+http://search.msn.com/msnbot.htm)"
207.46.98.86 - - [16/Sep/2006:02:39:30 -0800] "GET /gallery/photos/19800068/3/pages/1980-0068-00301.html HTTP/1.0" 200 1857 "-" "msnbot/1.0 (+http://search.msn.com/msnbot.htm)"
207.46.98.86 - - [16/Sep/2006:02:39:43 -0800] "GET /gallery/photos/19880041/0/pages/1988-0041-00098.htm HTTP/1.0" 200 1879 "-" "msnbot/1.0 (+http://search.msn.com/msnbot.htm)"
207.46.98.85 - - [16/Sep/2006:02:39:57 -0800] "GET /gallery/photos/20040110/10/pages/2004-0110-01063.htm HTTP/1.0" 200 1743 "-" "msnbot/1.0 (+http://search.msn.com/msnbot.htm)"
66.249.72.244 - - [16/Sep/2006:02:43:12 -0800] "GET /gallery/photos/19750084/16/pages/1975-0084-01617.html HTTP/1.1" 200 2818 "-" "Mozilla/5.0 (compatible; Googlebot/2.1; +http://www.google.com/bot.html)"
207.46.98.87 - - [16/Sep/2006:02:43:47 -0800] "GET /gallery/photos/19940096/3/pages/1994-0096-00354.html HTTP/1.0" 200 1903 "-" "msnbot/1.0 (+http://search.msn.com/msnbot.htm)"
65.214.45.100 - - [16/Sep/2006:02:43:48 -0800] "GET /gallery/photos/19690092/4/pages/1969-0092-00406.html HTTP/1.0" 200 1763 "-" "Mozilla/2.0 (compatible; Ask Jeeves/Teoma; +http://about.ask.com/en/docs/about/webmasters.shtml)"
207.46.98.87 - - [16/Sep/2006:02:43:55 -0800] "GET /gallery/photos/19660054/00/pages/1966-0054-00051.html HTTP/1.0" 200 1760 "-" "msnbot/1.0 (+http://search.msn.com/msnbot.htm)"
207.46.98.87 - - [16/Sep/2006:02:43:55 -0800] "GET /gallery/photos/20010164/pages/2001-0164-00087.html HTTP/1.0" 200 1769 "-" "msnbot/1.0 (+http://search.msn.com/msnbot.htm)"
207.46.98.87 - - [16/Sep/2006:02:44:37 -0800] "GET /gallery/photos/19640042/0/pages/1964-0042-00099.htm HTTP/1.0" 200 1737 "-" "msnbot/1.0 (+http://search.msn.com/msnbot.htm)"
207.46.98.87 - - [16/Sep/2006:02:44:43 -0800] "GET /gallery/photos/20040162/pages/2004-0162-00100.html HTTP/1.0" 200 1895 "-" "msnbot/1.0 (+http://search.msn.com/msnbot.htm)"
207.46.98.86 - - [16/Sep/2006:02:46:51 -0800] "GET /gallery/photos/19880051/pages/1988-0051-00023.html HTTP/1.0" 200 1860 "-" "msnbot/1.0 (+http://search.msn.com/msnbot.htm)"
143.50.217.83 - - [16/Sep/2006:02:47:50 -0800] "GET /gallery/photos/19640074/images/1964-0074-00105.jpg HTTP/1.1" 200 60347 "http://profile.myspace.com/index.cfm?fuseaction=user.viewProfile&friendID=67932165" "Mozilla/5.0 (Windows; U; Windows NT 5.1; en-US; rv:1.8.0.7) Gecko/20060909 Firefox/1.5.0.7"
207.46.98.86 - - [16/Sep/2006:02:50:34 -0800] "GET /gallery/photos/19890199/1/pages/1989-0199-00196.html HTTP/1.0" 200 1878 "-" "msnbot/1.0 (+http://search.msn.com/msnbot.htm)"
207.46.98.86 - - [16/Sep/2006:02:50:34 -0800] "GET /gallery/photos/20040111/11/pages/2004-0111-01131.htm HTTP/1.0" 200 1885 "-" "msnbot/1.0 (+http://search.msn.com/msnbot.htm)"
207.46.98.86 - - [16/Sep/2006:02:50:44 -0800] "GET /gallery/photos/19950244/06/pages/1995-0244-00696.html HTTP/1.0" 200 1889 "-" "msnbot/1.0 (+http://search.msn.com/msnbot.htm)"
221.237.193.71 - - [16/Sep/2006:02:53:22 -0800] "GET /index_files/lib.css HTTP/1.1" 200 2809 "http://photolab.elmer.uaf.edu/gallery/photogallery.html" "Mozilla/4.0 (compatible; MSIE 6.0; Windows NT 5.1; SV1; Alexa Toolbar)"
221.237.193.71 - - [16/Sep/2006:02:53:23 -0800] "GET /index_files/title.jpg HTTP/1.1" 200 5438 "http://photolab.elmer.uaf.edu/gallery/photogallery.html" "Mozilla/4.0 (compatible; MSIE 6.0; Windows NT 5.1; SV1; Alexa Toolbar)"
221.237.193.71 - - [16/Sep/2006:02:53:23 -0800] "GET /index_files/apr.jpg HTTP/1.1" 200 6015 "http://photolab.elmer.uaf.edu/gallery/photogallery.html" "Mozilla/4.0 (compatible; MSIE 6.0; Windows NT 5.1; SV1; Alexa Toolbar)"
221.237.193.71 - - [16/Sep/2006:02:53:23 -0800] "GET /index_files/empty.gif HTTP/1.1" 200 45 "http://photolab.elmer.uaf.edu/gallery/photogallery.html" "Mozilla/4.0 (compatible; MSIE 6.0; Windows NT 5.1; SV1; Alexa Toolbar)"
221.237.193.71 - - [16/Sep/2006:02:53:25 -0800] "GET /index_files/small.jpg HTTP/1.1" 200 2294 "http://photolab.elmer.uaf.edu/gallery/photogallery.html" "Mozilla/4.0 (compatible; MSIE 6.0; Windows NT 5.1; SV1; Alexa Toolbar)"
221.237.193.71 - - [16/Sep/2006:02:53:21 -0800] "GET /gallery/photogallery.html HTTP/1.1" 200 59650 "http://www.google.com/search?q=Candace+L.+Collins++&hl=zh-CN&lr=&newwindow=1&start=20&sa=N" "Mozilla/4.0 (compatible; MSIE 6.0; Windows NT 5.1; SV1; Alexa Toolbar)"
221.237.193.71 - - [16/Sep/2006:02:53:25 -0800] "GET /index_files/small.dps.jpg HTTP/1.1" 200 5830 "http://photolab.elmer.uaf.edu/gallery/photogallery.html" "Mozilla/4.0 (compatible; MSIE 6.0; Windows NT 5.1; SV1; Alexa Toolbar)"
221.237.193.71 - - [16/Sep/2006:02:53:25 -0800] "GET /index_files/small_002.jpg HTTP/1.1" 200 1351 "http://photolab.elmer.uaf.edu/gallery/photogallery.html" "Mozilla/4.0 (compatible; MSIE 6.0; Windows NT 5.1; SV1; Alexa Toolbar)"
221.237.193.71 - - [16/Sep/2006:02:53:25 -0800] "GET /index_files/small_003.jpg HTTP/1.1" 200 1521 "http://photolab.elmer.uaf.edu/gallery/photogallery.html" "Mozilla/4.0 (compatible; MSIE 6.0; Windows NT 5.1; SV1; Alexa Toolbar)"
221.237.193.71 - - [16/Sep/2006:02:53:26 -0800] "GET /index_files/inform.gif HTTP/1.1" 200 70 "http://photolab.elmer.uaf.edu/gallery/photogallery.html" "Mozilla/4.0 (compatible; MSIE 6.0; Windows NT 5.1; SV1; Alexa Toolbar)"
221.237.193.71 - - [16/Sep/2006:02:53:26 -0800] "GET /index_files/new01.gif HTTP/1.1" 200 1016 "http://photolab.elmer.uaf.edu/gallery/photogallery.html" "Mozilla/4.0 (compatible; MSIE 6.0; Windows NT 5.1; SV1; Alexa Toolbar)"
221.237.193.71 - - [16/Sep/2006:02:53:26 -0800] "GET /index_files/bluebear.gif HTTP/1.1" 200 1263 "http://photolab.elmer.uaf.edu/gallery/photogallery.html" "Mozilla/4.0 (compatible; MSIE 6.0; Windows NT 5.1; SV1; Alexa Toolbar)"
221.237.193.71 - - [16/Sep/2006:02:53:26 -0800] "GET /index_files/bar.gif HTTP/1.1" 200 342 "http://photolab.elmer.uaf.edu/gallery/photogallery.html" "Mozilla/4.0 (compatible; MSIE 6.0; Windows NT 5.1; SV1; Alexa Toolbar)"
221.237.193.71 - - [16/Sep/2006:02:53:27 -0800] "GET /index_files/sitemap.gif HTTP/1.1" 200 1503 "http://photolab.elmer.uaf.edu/gallery/photogallery.html" "Mozilla/4.0 (compatible; MSIE 6.0; Windows NT 5.1; SV1; Alexa Toolbar)"
207.46.98.85 - - [16/Sep/2006:02:54:50 -0800] "GET /gallery/photos/19950244/14/pages/1995-0244-01406.html HTTP/1.0" 200 1885 "-" "msnbot/1.0 (+http://search.msn.com/msnbot.htm)"
207.46.98.85 - - [16/Sep/2006:02:54:50 -0800] "GET /gallery/photos/19800068/2/pages/1980-0068-00208.html HTTP/1.0" 200 1857 "-" "msnbot/1.0 (+http://search.msn.com/msnbot.htm)"
207.46.98.85 - - [16/Sep/2006:02:54:50 -0800] "GET /gallery/photos/20020032/pages/2002-0032-00014.html HTTP/1.0" 200 1884 "-" "msnbot/1.0 (+http://search.msn.com/msnbot.htm)"
207.46.98.85 - - [16/Sep/2006:02:54:50 -0800] "GET /gallery/photos/19950244/14/pages/1995-0244-01425.html HTTP/1.0" 200 1888 "-" "msnbot/1.0 (+http://search.msn.com/msnbot.htm)"
207.46.98.85 - - [16/Sep/2006:02:54:50 -0800] "GET /gallery/photos/20040086/0/pages/2004-0086-00053.htm HTTP/1.0" 200 1879 "-" "msnbot/1.0 (+http://search.msn.com/msnbot.htm)"
207.46.98.85 - - [16/Sep/2006:02:54:51 -0800] "GET /gallery/photos/19890207/0/pages/1989-0207-00033.html HTTP/1.0" 200 1878 "-" "msnbot/1.0 (+http://search.msn.com/msnbot.htm)"
207.46.98.85 - - [16/Sep/2006:02:54:52 -0800] "GET /gallery/photos/19700058/4/pages/1970-0058-00432.html HTTP/1.0" 200 1759 "-" "msnbot/1.0 (+http://search.msn.com/msnbot.htm)"
207.46.98.85 - - [16/Sep/2006:02:54:52 -0800] "GET /gallery/photos/19950244/09/pages/1995-0244-00956.html HTTP/1.0" 200 1889 "-" "msnbot/1.0 (+http://search.msn.com/msnbot.htm)"
207.46.98.85 - - [16/Sep/2006:02:54:52 -0800] "GET /gallery/photos/19890207/0/pages/1989-0207-00054.html HTTP/1.0" 200 1878 "-" "msnbot/1.0 (+http://search.msn.com/msnbot.htm)"
207.46.98.85 - - [16/Sep/2006:02:54:57 -0800] "GET /gallery/photos/19640042/3/pages/1964-0042-00341.htm HTTP/1.0" 200 1884 "-" "msnbot/1.0 (+http://search.msn.com/msnbot.htm)"
207.46.98.85 - - [16/Sep/2006:02:54:57 -0800] "GET /gallery/photos/20030109/3/pages/2003-0109-00352.html HTTP/1.0" 200 1756 "-" "msnbot/1.0 (+http://search.msn.com/msnbot.htm)"
207.46.98.85 - - [16/Sep/2006:02:54:57 -0800] "GET /gallery/photos/19940096/0/pages/1994-0096-00036.html HTTP/1.0" 200 1903 "-" "msnbot/1.0 (+http://search.msn.com/msnbot.htm)"
207.46.98.85 - - [16/Sep/2006:02:55:04 -0800] "GET /gallery/photos/19900043/08/pages/1990-0043-00851A.html HTTP/1.0" 200 1771 "-" "msnbot/1.0 (+http://search.msn.com/msnbot.htm)"
207.46.98.85 - - [16/Sep/2006:02:55:04 -0800] "GET /gallery/photos/19900043/10/pages/1990-0043-01006.html HTTP/1.0" 200 1764 "-" "msnbot/1.0 (+http://search.msn.com/msnbot.htm)"
207.46.98.85 - - [16/Sep/2006:02:55:04 -0800] "GET /gallery/photos/19581026/22/pages/1958-1026-02283.html HTTP/1.0" 200 2092 "-" "msnbot/1.0 (+http://search.msn.com/msnbot.htm)"
207.46.98.85 - - [16/Sep/2006:02:55:10 -0800] "GET /gallery/photos/20020015/5/pages/2002-0015-00506m.html HTTP/1.0" 200 1768 "-" "msnbot/1.0 (+http://search.msn.com/msnbot.htm)"
207.46.98.85 - - [16/Sep/2006:02:55:10 -0800] "GET /gallery/photos/20020087/0/pages/2002-0087-00012.html HTTP/1.0" 200 1765 "-" "msnbot/1.0 (+http://search.msn.com/msnbot.htm)"
207.46.98.85 - - [16/Sep/2006:02:55:36 -0800] "GET /gallery/photos/20030109/3/pages/2003-0109-00335.html HTTP/1.0" 200 1756 "-" "msnbot/1.0 (+http://search.msn.com/msnbot.htm)"
207.46.98.85 - - [16/Sep/2006:02:55:36 -0800] "GET /gallery/photos/20020164/pages/2002-0164-00033.html HTTP/1.0" 200 1759 "-" "msnbot/1.0 (+http://search.msn.com/msnbot.htm)"
207.46.98.85 - - [16/Sep/2006:02:56:42 -0800] "GET /gallery/photos/20030129/1/pages/1999-0293-00156.html HTTP/1.0" 200 1768 "-" "msnbot/1.0 (+http://search.msn.com/msnbot.htm)"
207.46.98.85 - - [16/Sep/2006:02:56:42 -0800] "GET /gallery/photos/20020087/0/pages/2002-0087-00031.html HTTP/1.0" 200 1767 "-" "msnbot/1.0 (+http://search.msn.com/msnbot.htm)"
207.46.98.85 - - [16/Sep/2006:02:56:50 -0800] "GET /gallery/photos/19900043/08/pages/1990-0043-00851.html HTTP/1.0" 200 1767 "-" "msnbot/1.0 (+http://search.msn.com/msnbot.htm)"
207.46.98.85 - - [16/Sep/2006:02:56:50 -0800] "GET /gallery/photos/19660054/01/pages/1966-0054-00123.html HTTP/1.0" 200 1760 "-" "msnbot/1.0 (+http://search.msn.com/msnbot.htm)"
207.46.98.85 - - [16/Sep/2006:02:57:00 -0800] "GET /gallery/photos/20030129/1/pages/1999-0293-00131.html HTTP/1.0" 200 1768 "-" "msnbot/1.0 (+http://search.msn.com/msnbot.htm)"
207.46.98.85 - - [16/Sep/2006:02:57:08 -0800] "GET /gallery/photos/20010164/pages/2001-0164-00031.html HTTP/1.0" 200 1769 "-" "msnbot/1.0 (+http://search.msn.com/msnbot.htm)"
207.46.98.85 - - [16/Sep/2006:02:57:08 -0800] "GET /gallery/photos/20010164/pages/2001-0164-00056.html HTTP/1.0" 200 1769 "-" "msnbot/1.0 (+http://search.msn.com/msnbot.htm)"
207.46.98.85 - - [16/Sep/2006:02:57:17 -0800] "GET /gallery/photos/20020164/pages/2002-0164-00031.html HTTP/1.0" 200 1759 "-" "msnbot/1.0 (+http://search.msn.com/msnbot.htm)"
207.46.98.85 - - [16/Sep/2006:02:57:46 -0800] "GET /robots.txt HTTP/1.0" 200 96 "-" "msnbot/1.0 (+http://search.msn.com/msnbot.htm)"
207.46.98.85 - - [16/Sep/2006:02:57:46 -0800] "GET /gallery/photos/19990293/0/pages/1999-0293-00069.html HTTP/1.0" 200 1768 "-" "msnbot/1.0 (+http://search.msn.com/msnbot.htm)"
65.214.44.171 - - [16/Sep/2006:02:57:53 -0800] "GET /gallery/photos/0728/pages/728-002.html HTTP/1.0" 200 2675 "-" "Mozilla/2.0 (compatible; Ask Jeeves/Teoma; +http://about.ask.com/en/docs/about/webmasters.shtml)"
72.30.216.15 - - [16/Sep/2006:02:58:18 -0800] "GET /robots.txt HTTP/1.0" 200 96 "-" "Mozilla/5.0 (compatible; Yahoo! Slurp; http://help.yahoo.com/help/us/ysearch/slurp)"
65.214.45.100 - - [16/Sep/2006:02:59:09 -0800] "GET /gallery/photos/20010129/3/pages/2001-0129-00304.html HTTP/1.0" 200 1760 "-" "Mozilla/2.0 (compatible; Ask Jeeves/Teoma; +http://about.ask.com/en/docs/about/webmasters.shtml)"
65.214.45.100 - - [16/Sep/2006:02:59:14 -0800] "GET /gallery/photos/19950244/07/pages/1995-0244-00710.html HTTP/1.0" 200 1886 "-" "Mozilla/2.0 (compatible; Ask Jeeves/Teoma; +http://about.ask.com/en/docs/about/webmasters.shtml)"
205.188.117.71 - - [16/Sep/2006:02:59:19 -0800] "GET /gallery/index.html HTTP/1.1" 200 7427 "http://photolab.elmer.uaf.edu/gallery/panoramas/panofairbanks.html" "Mozilla/4.0 (compatible; MSIE 6.0; AOL 9.0; Windows NT 5.1; SV1; .NET CLR 1.1.4322)"
205.188.117.11 - - [16/Sep/2006:02:59:34 -0800] "GET /gallery/photogallery.html HTTP/1.1" 200 59650 "http://photolab.elmer.uaf.edu/gallery/index.html" "Mozilla/4.0 (compatible; MSIE 6.0; AOL 9.0; Windows NT 5.1; SV1; .NET CLR 1.1.4322)"
205.188.116.133 - - [16/Sep/2006:02:59:37 -0800] "GET /index_files/inform.gif HTTP/1.1" 200 70 "http://photolab.elmer.uaf.edu/gallery/photogallery.html" "Mozilla/4.0 (compatible; MSIE 6.0; AOL 9.0; Windows NT 5.1; SV1; .NET CLR 1.1.4322)"
205.188.116.204 - - [16/Sep/2006:02:59:39 -0800] "GET /index_files/new01.gif HTTP/1.1" 200 1016 "http://photolab.elmer.uaf.edu/gallery/photogallery.html" "Mozilla/4.0 (compatible; MSIE 6.0; AOL 9.0; Windows NT 5.1; SV1; .NET CLR 1.1.4322)"
72.30.216.13 - - [16/Sep/2006:03:01:37 -0800] "GET /gallery/photos/20040111/00/ HTTP/1.0" 200 7055 "-" "Mozilla/5.0 (compatible; Yahoo! Slurp; http://help.yahoo.com/help/us/ysearch/slurp)"
205.188.116.68 - - [16/Sep/2006:03:04:24 -0800] "GET /gallery/photos/20040026 HTTP/1.1" 301 360 "http://photolab.elmer.uaf.edu/gallery/photogallery.html" "Mozilla/4.0 (compatible; MSIE 6.0; AOL 9.0; Windows NT 5.1; SV1; .NET CLR 1.1.4322)"
205.188.116.134 - - [16/Sep/2006:03:04:25 -0800] "GET /gallery/photos/20040026/ HTTP/1.1" 200 6800 "http://photolab.elmer.uaf.edu/gallery/photogallery.html" "Mozilla/4.0 (compatible; MSIE 6.0; AOL 9.0; Windows NT 5.1; SV1; .NET CLR 1.1.4322)"
205.188.116.137 - - [16/Sep/2006:03:04:26 -0800] "GET /gallery/photos/20040026/images/next.gif HTTP/1.1" 200 270 "http://photolab.elmer.uaf.edu/gallery/photos/20040026/" "Mozilla/4.0 (compatible; MSIE 6.0; AOL 9.0; Windows NT 5.1; SV1; .NET CLR 1.1.4322)"
205.188.116.138 - - [16/Sep/2006:03:04:27 -0800] "GET /gallery/photos/20040026/thumbnails/2004-0026-00001.jpg HTTP/1.1" 200 7558 "http://photolab.elmer.uaf.edu/gallery/photos/20040026/" "Mozilla/4.0 (compatible; MSIE 6.0; AOL 9.0; Windows NT 5.1; SV1; .NET CLR 1.1.4322)"
205.188.116.14 - - [16/Sep/2006:03:04:27 -0800] "GET /gallery/photos/20040026/thumbnails/2004-0026-00003.jpg HTTP/1.1" 200 8335 "http://photolab.elmer.uaf.edu/gallery/photos/20040026/" "Mozilla/4.0 (compatible; MSIE 6.0; AOL 9.0; Windows NT 5.1; SV1; .NET CLR 1.1.4322)"
205.188.116.139 - - [16/Sep/2006:03:04:27 -0800] "GET /gallery/photos/20040026/thumbnails/2004-0026-00002.jpg HTTP/1.1" 200 7006 "http://photolab.elmer.uaf.edu/gallery/photos/20040026/" "Mozilla/4.0 (compatible; MSIE 6.0; AOL 9.0; Windows NT 5.1; SV1; .NET CLR 1.1.4322)"
205.188.116.10 - - [16/Sep/2006:03:04:27 -0800] "GET /gallery/photos/20040026/thumbnails/2004-0026-00004.jpg HTTP/1.1" 200 9535 "http://photolab.elmer.uaf.edu/gallery/photos/20040026/" "Mozilla/4.0 (compatible; MSIE 6.0; AOL 9.0; Windows NT 5.1; SV1; .NET CLR 1.1.4322)"
205.188.116.197 - - [16/Sep/2006:03:04:33 -0800] "GET /gallery/photos/20040026/thumbnails/2004-0026-00005.jpg HTTP/1.1" 200 5944 "http://photolab.elmer.uaf.edu/gallery/photos/20040026/" "Mozilla/4.0 (compatible; MSIE 6.0; AOL 9.0; Windows NT 5.1; SV1; .NET CLR 1.1.4322)"
205.188.116.198 - - [16/Sep/2006:03:04:35 -0800] "GET /gallery/photos/20040026/thumbnails/2004-0026-00006.jpg HTTP/1.1" 200 6670 "http://photolab.elmer.uaf.edu/gallery/photos/20040026/" "Mozilla/4.0 (compatible; MSIE 6.0; AOL 9.0; Windows NT 5.1; SV1; .NET CLR 1.1.4322)"
205.188.116.199 - - [16/Sep/2006:03:04:36 -0800] "GET /gallery/photos/20040026/thumbnails/2004-0026-00007.jpg HTTP/1.1" 200 6630 "http://photolab.elmer.uaf.edu/gallery/photos/20040026/" "Mozilla/4.0 (compatible; MSIE 6.0; AOL 9.0; Windows NT 5.1; SV1; .NET CLR 1.1.4322)"
205.188.116.201 - - [16/Sep/2006:03:04:44 -0800] "GET /gallery/photos/20040026/thumbnails/2004-0026-00009.jpg HTTP/1.1" 200 6012 "http://photolab.elmer.uaf.edu/gallery/photos/20040026/" "Mozilla/4.0 (compatible; MSIE 6.0; AOL 9.0; Windows NT 5.1; SV1; .NET CLR 1.1.4322)"
205.188.116.138 - - [16/Sep/2006:03:04:45 -0800] "GET /gallery/photos/20040026/thumbnails/2004-0026-00010.jpg HTTP/1.1" 200 5838 "http://photolab.elmer.uaf.edu/gallery/photos/20040026/" "Mozilla/4.0 (compatible; MSIE 6.0; AOL 9.0; Windows NT 5.1; SV1; .NET CLR 1.1.4322)"
205.188.117.11 - - [16/Sep/2006:03:04:49 -0800] "GET /gallery/photos/20040026/thumbnails/2004-0026-00008.jpg HTTP/1.1" 200 7032 "http://photolab.elmer.uaf.edu/gallery/photos/20040026/" "Mozilla/4.0 (compatible; MSIE 6.0; AOL 9.0; Windows NT 5.1; SV1; .NET CLR 1.1.4322)"
205.188.116.139 - - [16/Sep/2006:03:04:50 -0800] "GET /gallery/photos/20040026/thumbnails/2004-0026-00011.jpg HTTP/1.1" 200 8829 "http://photolab.elmer.uaf.edu/gallery/photos/20040026/" "Mozilla/4.0 (compatible; MSIE 6.0; AOL 9.0; Windows NT 5.1; SV1; .NET CLR 1.1.4322)"
205.188.116.14 - - [16/Sep/2006:03:04:50 -0800] "GET /gallery/photos/20040026/thumbnails/2004-0026-00012.jpg HTTP/1.1" 200 7855 "http://photolab.elmer.uaf.edu/gallery/photos/20040026/" "Mozilla/4.0 (compatible; MSIE 6.0; AOL 9.0; Windows NT 5.1; SV1; .NET CLR 1.1.4322)"
205.188.116.73 - - [16/Sep/2006:03:04:55 -0800] "GET /gallery/photos/20040026/pages/2004-0026-00006.html HTTP/1.1" 200 1859 "http://photolab.elmer.uaf.edu/gallery/photos/20040026/" "Mozilla/4.0 (compatible; MSIE 6.0; AOL 9.0; Windows NT 5.1; SV1; .NET CLR 1.1.4322)"
205.188.116.133 - - [16/Sep/2006:03:04:57 -0800] "GET /gallery/photos/20040026/images/previous.gif HTTP/1.1" 200 271 "http://photolab.elmer.uaf.edu/gallery/photos/20040026/pages/2004-0026-00006.html" "Mozilla/4.0 (compatible; MSIE 6.0; AOL 9.0; Windows NT 5.1; SV1; .NET CLR 1.1.4322)"
205.188.116.66 - - [16/Sep/2006:03:04:57 -0800] "GET /gallery/photos/20040026/images/home.gif HTTP/1.1" 200 268 "http://photolab.elmer.uaf.edu/gallery/photos/20040026/pages/2004-0026-00006.html" "Mozilla/4.0 (compatible; MSIE 6.0; AOL 9.0; Windows NT 5.1; SV1; .NET CLR 1.1.4322)"
205.188.116.74 - - [16/Sep/2006:03:04:58 -0800] "GET /gallery/photos/20040026/images/2004-0026-00006.jpg HTTP/1.1" 200 50118 "http://photolab.elmer.uaf.edu/gallery/photos/20040026/pages/2004-0026-00006.html" "Mozilla/4.0 (compatible; MSIE 6.0; AOL 9.0; Windows NT 5.1; SV1; .NET CLR 1.1.4322)"
205.188.116.139 - - [16/Sep/2006:03:05:17 -0800] "GET /gallery/photos/20040026/thumbnails/2004-0026-00011.jpg HTTP/1.1" 206 3389 "http://photolab.elmer.uaf.edu/gallery/photos/20040026/" "Mozilla/4.0 (compatible; MSIE 6.0; AOL 9.0; Windows NT 5.1; SV1; .NET CLR 1.1.4322)"
205.188.116.14 - - [16/Sep/2006:03:05:17 -0800] "GET /gallery/photos/20040026/thumbnails/2004-0026-00012.jpg HTTP/1.1" 206 4935 "http://photolab.elmer.uaf.edu/gallery/photos/20040026/" "Mozilla/4.0 (compatible; MSIE 6.0; AOL 9.0; Windows NT 5.1; SV1; .NET CLR 1.1.4322)"
205.188.117.65 - - [16/Sep/2006:03:05:33 -0800] "GET /gallery/photos/20040026/index_2.html HTTP/1.1" 200 6952 "http://photolab.elmer.uaf.edu/gallery/photos/20040026/" "Mozilla/4.0 (compatible; MSIE 6.0; AOL 9.0; Windows NT 5.1; SV1; .NET CLR 1.1.4322)"
205.188.116.10 - - [16/Sep/2006:03:05:34 -0800] "GET /gallery/photos/20040026/thumbnails/2004-0026-00013.jpg HTTP/1.1" 200 7478 "http://photolab.elmer.uaf.edu/gallery/photos/20040026/index_2.html" "Mozilla/4.0 (compatible; MSIE 6.0; AOL 9.0; Windows NT 5.1; SV1; .NET CLR 1.1.4322)"
205.188.116.197 - - [16/Sep/2006:03:05:35 -0800] "GET /gallery/photos/20040026/thumbnails/2004-0026-00014.jpg HTTP/1.1" 200 6873 "http://photolab.elmer.uaf.edu/gallery/photos/20040026/index_2.html" "Mozilla/4.0 (compatible; MSIE 6.0; AOL 9.0; Windows NT 5.1; SV1; .NET CLR 1.1.4322)"
205.188.116.198 - - [16/Sep/2006:03:05:35 -0800] "GET /gallery/photos/20040026/thumbnails/2004-0026-00015.jpg HTTP/1.1" 200 5644 "http://photolab.elmer.uaf.edu/gallery/photos/20040026/index_2.html" "Mozilla/4.0 (compatible; MSIE 6.0; AOL 9.0; Windows NT 5.1; SV1; .NET CLR 1.1.4322)"
205.188.116.199 - - [16/Sep/2006:03:05:35 -0800] "GET /gallery/photos/20040026/thumbnails/2004-0026-00016.jpg HTTP/1.1" 200 6415 "http://photolab.elmer.uaf.edu/gallery/photos/20040026/index_2.html" "Mozilla/4.0 (compatible; MSIE 6.0; AOL 9.0; Windows NT 5.1; SV1; .NET CLR 1.1.4322)"
205.188.116.135 - - [16/Sep/2006:03:05:41 -0800] "GET /gallery/photos/20040026/index.html HTTP/1.1" 200 6800 "http://photolab.elmer.uaf.edu/gallery/photos/20040026/index_2.html" "Mozilla/4.0 (compatible; MSIE 6.0; AOL 9.0; Windows NT 5.1; SV1; .NET CLR 1.1.4322)"
205.188.116.139 - - [16/Sep/2006:03:05:42 -0800] "GET /gallery/photos/20040026/thumbnails/2004-0026-00011.jpg HTTP/1.1" 206 861 "http://photolab.elmer.uaf.edu/gallery/photos/20040026/index.html" "Mozilla/4.0 (compatible; MSIE 6.0; AOL 9.0; Windows NT 5.1; SV1; .NET CLR 1.1.4322)"
205.188.116.14 - - [16/Sep/2006:03:05:43 -0800] "GET /gallery/photos/20040026/thumbnails/2004-0026-00012.jpg HTTP/1.1" 206 2484 "http://photolab.elmer.uaf.edu/gallery/photos/20040026/index.html" "Mozilla/4.0 (compatible; MSIE 6.0; AOL 9.0; Windows NT 5.1; SV1; .NET CLR 1.1.4322)"
82.44.90.209 - - [16/Sep/2006:03:05:44 -0800] "GET /gallery/maps/mapg3200.html HTTP/1.1" 404 322 "http://images.google.co.uk/imgres?imgurl=http://photolab.elmer.uaf.edu/gallery/maps/G3200/large/G3200%2520%255B1824%255D%2520W95.jpg&imgrefurl=http://photolab.elmer.uaf.edu/gallery/maps/mapg3200.html&h=889&w=1200&sz=206&hl=en&start=33&tbnid=Y7ENmtXH-E5AoM:&tbnh=111&tbnw=150&prev=/images%3Fq%3Dmaps%2Bof%2Bthe%2Bworld%26start%3D20%26ndsp%3D20%26svnum%3D10%26hl%3Den%26lr%3D%26sa%3DN" "Mozilla/4.0 (compatible; MSIE 6.0; Windows NT 5.1; SV1; FunWebProducts; .NET CLR 1.1.4322)"
82.44.90.209 - - [16/Sep/2006:03:05:45 -0800] "GET /gallery/maps/G3200/large/G3200%20%5B1824%5D%20W95.jpg HTTP/1.1" 404 341 "http://images.google.co.uk/imgres?imgurl=http://photolab.elmer.uaf.edu/gallery/maps/G3200/large/G3200%2520%255B1824%255D%2520W95.jpg&imgrefurl=http://photolab.elmer.uaf.edu/gallery/maps/mapg3200.html&h=889&w=1200&sz=206&tbnid=Y7ENmtXH-E5AoM:&tbnh=111&tbnw=150&hl=en&prev=/images%3Fq%3Dmaps%2Bof%2Bthe%2Bworld%26start%3D20%26ndsp%3D20%26svnum%3D10%26hl%3Den%26lr%3D%26sa%3DN&frame=small" "Mozilla/4.0 (compatible; MSIE 6.0; Windows NT 5.1; SV1; FunWebProducts; .NET CLR 1.1.4322)"
205.188.116.70 - - [16/Sep/2006:03:05:47 -0800] "GET /gallery/photos/20040026/pages/2004-0026-00003.html HTTP/1.1" 200 1859 "http://photolab.elmer.uaf.edu/gallery/photos/20040026/index.html" "Mozilla/4.0 (compatible; MSIE 6.0; AOL 9.0; Windows NT 5.1; SV1; .NET CLR 1.1.4322)"
82.44.90.209 - - [16/Sep/2006:03:05:48 -0800] "GET /gallery/maps/mapg3200.html HTTP/1.1" 404 322 "http://images.google.co.uk/imgres?imgurl=http://photolab.elmer.uaf.edu/gallery/maps/G3200/large/G3200%2520%255B1824%255D%2520W95.jpg&imgrefurl=http://photolab.elmer.uaf.edu/gallery/maps/mapg3200.html&h=889&w=1200&sz=206&hl=en&start=33&tbnid=Y7ENmtXH-E5AoM:&tbnh=111&tbnw=150&prev=/images%3Fq%3Dmaps%2Bof%2Bthe%2Bworld%26start%3D20%26ndsp%3D20%26svnum%3D10%26hl%3Den%26lr%3D%26sa%3DN" "Mozilla/4.0 (compatible; MSIE 6.0; Windows NT 5.1; SV1; FunWebProducts; .NET CLR 1.1.4322)"
205.188.117.74 - - [16/Sep/2006:03:05:48 -0800] "GET /gallery/photos/20040026/images/2004-0026-00003.jpg HTTP/1.1" 200 74450 "http://photolab.elmer.uaf.edu/gallery/photos/20040026/pages/2004-0026-00003.html" "Mozilla/4.0 (compatible; MSIE 6.0; AOL 9.0; Windows NT 5.1; SV1; .NET CLR 1.1.4322)"
205.188.116.14 - - [16/Sep/2006:03:06:09 -0800] "GET /gallery/photos/20040026/thumbnails/2004-0026-00012.jpg HTTP/1.1" 206 1393 "http://photolab.elmer.uaf.edu/gallery/photos/20040026/index.html" "Mozilla/4.0 (compatible; MSIE 6.0; AOL 9.0; Windows NT 5.1; SV1; .NET CLR 1.1.4322)"
66.249.72.244 - - [16/Sep/2006:03:06:11 -0800] "GET /gallery/photos/19750084/16/pages/1975-0084-01613.html HTTP/1.1" 200 2818 "-" "Mozilla/5.0 (compatible; Googlebot/2.1; +http://www.google.com/bot.html)"
205.188.116.10 - - [16/Sep/2006:03:06:12 -0800] "GET /gallery/photos/20040026/thumbnails/2004-0026-00013.jpg HTTP/1.1" 206 5079 "http://photolab.elmer.uaf.edu/gallery/photos/20040026/index_2.html" "Mozilla/4.0 (compatible; MSIE 6.0; AOL 9.0; Windows NT 5.1; SV1; .NET CLR 1.1.4322)"
205.188.116.197 - - [16/Sep/2006:03:06:13 -0800] "GET /gallery/photos/20040026/thumbnails/2004-0026-00014.jpg HTTP/1.1" 206 4474 "http://photolab.elmer.uaf.edu/gallery/photos/20040026/index_2.html" "Mozilla/4.0 (compatible; MSIE 6.0; AOL 9.0; Windows NT 5.1; SV1; .NET CLR 1.1.4322)"
205.188.116.202 - - [16/Sep/2006:03:06:17 -0800] "GET /gallery/photos/20040026/thumbnails/2004-0026-00019.jpg HTTP/1.1" 200 6863 "http://photolab.elmer.uaf.edu/gallery/photos/20040026/index_2.html" "Mozilla/4.0 (compatible; MSIE 6.0; AOL 9.0; Windows NT 5.1; SV1; .NET CLR 1.1.4322)"
205.188.117.11 - - [16/Sep/2006:03:06:17 -0800] "GET /gallery/photos/20040026/thumbnails/2004-0026-00017.jpg HTTP/1.1" 200 6528 "http://photolab.elmer.uaf.edu/gallery/photos/20040026/index_2.html" "Mozilla/4.0 (compatible; MSIE 6.0; AOL 9.0; Windows NT 5.1; SV1; .NET CLR 1.1.4322)"
205.188.117.67 - - [16/Sep/2006:03:07:43 -0800] "GET /gallery/panoramas/panofairbanks.html HTTP/1.1" 200 22803 "http://images.google.com/imgres?imgurl=http://photolab.elmer.uaf.edu/gallery/panoramas/smalljpegs/1988-0051-00008.jpg&imgrefurl=http://photolab.elmer.uaf.edu/gallery/panoramas/panofairbanks.html&h=114&w=600&sz=35&hl=en&start=2&tbnid=-yGJ55uGgk1oDM:&tbnh=26&tbnw=135&prev=/images%3Fq%3DLadd%2BAir%2BForce%2BBase%26svnum%3D10%26hl%3Den%26lr%3D%26ie%3DUTF-8%26sa%3DG" "Mozilla/4.0 (compatible; MSIE 6.0; AOL 9.0; Windows NT 5.1; SV1; .NET CLR 1.1.4322)"
72.30.110.85 - - [16/Sep/2006:03:07:41 -0800] "GET /gallery/photos/20030024/2/index_2.html HTTP/1.0" 200 7242 "-" "Mozilla/5.0 (compatible; Yahoo! Slurp; http://help.yahoo.com/help/us/ysearch/slurp)"
205.188.117.72 - - [16/Sep/2006:03:07:43 -0800] "GET /index_files/lib.css HTTP/1.1" 200 2809 "http://photolab.elmer.uaf.edu/gallery/panoramas/panofairbanks.html" "Mozilla/4.0 (compatible; MSIE 6.0; AOL 9.0; Windows NT 5.1; SV1; .NET CLR 1.1.4322)"
205.188.117.71 - - [16/Sep/2006:03:08:01 -0800] "GET /gallery/index.html HTTP/1.1" 200 7427 "http://photolab.elmer.uaf.edu/gallery/panoramas/panofairbanks.html" "Mozilla/4.0 (compatible; MSIE 6.0; AOL 9.0; Windows NT 5.1; SV1; .NET CLR 1.1.4322)"
205.188.117.11 - - [16/Sep/2006:03:08:07 -0800] "GET /gallery/photogallery.html HTTP/1.1" 200 59650 "http://photolab.elmer.uaf.edu/gallery/index.html" "Mozilla/4.0 (compatible; MSIE 6.0; AOL 9.0; Windows NT 5.1; SV1; .NET CLR 1.1.4322)"
205.188.116.10 - - [16/Sep/2006:03:08:38 -0800] "GET /gallery/photos/19581026/22 HTTP/1.1" 301 363 "http://photolab.elmer.uaf.edu/gallery/photogallery.html" "Mozilla/4.0 (compatible; MSIE 6.0; AOL 9.0; Windows NT 5.1; SV1; .NET CLR 1.1.4322)"
205.188.117.67 - - [16/Sep/2006:03:08:38 -0800] "GET /gallery/photos/19581026/22/ HTTP/1.1" 200 7284 "http://photolab.elmer.uaf.edu/gallery/photogallery.html" "Mozilla/4.0 (compatible; MSIE 6.0; AOL 9.0; Windows NT 5.1; SV1; .NET CLR 1.1.4322)"
205.188.117.66 - - [16/Sep/2006:03:08:40 -0800] "GET /gallery/photos/19581026/22/images/next.gif HTTP/1.1" 200 270 "http://photolab.elmer.uaf.edu/gallery/photos/19581026/22/" "Mozilla/4.0 (compatible; MSIE 6.0; AOL 9.0; Windows NT 5.1; SV1; .NET CLR 1.1.4322)"
205.188.117.68 - - [16/Sep/2006:03:08:40 -0800] "GET /gallery/photos/19581026/22/thumbnails/1958-1026-02200.jpg HTTP/1.1" 200 5503 "http://photolab.elmer.uaf.edu/gallery/photos/19581026/22/" "Mozilla/4.0 (compatible; MSIE 6.0; AOL 9.0; Windows NT 5.1; SV1; .NET CLR 1.1.4322)"
205.188.117.70 - - [16/Sep/2006:03:08:40 -0800] "GET /gallery/photos/19581026/22/thumbnails/1958-1026-02202.jpg HTTP/1.1" 200 6565 "http://photolab.elmer.uaf.edu/gallery/photos/19581026/22/" "Mozilla/4.0 (compatible; MSIE 6.0; AOL 9.0; Windows NT 5.1; SV1; .NET CLR 1.1.4322)"
205.188.117.69 - - [16/Sep/2006:03:08:40 -0800] "GET /gallery/photos/19581026/22/thumbnails/1958-1026-02201.jpg HTTP/1.1" 200 7468 "http://photolab.elmer.uaf.edu/gallery/photos/19581026/22/" "Mozilla/4.0 (compatible; MSIE 6.0; AOL 9.0; Windows NT 5.1; SV1; .NET CLR 1.1.4322)"
205.188.117.71 - - [16/Sep/2006:03:08:40 -0800] "GET /gallery/photos/19581026/22/thumbnails/1958-1026-02203.jpg HTTP/1.1" 200 5936 "http://photolab.elmer.uaf.edu/gallery/photos/19581026/22/" "Mozilla/4.0 (compatible; MSIE 6.0; AOL 9.0; Windows NT 5.1; SV1; .NET CLR 1.1.4322)"
