82.171.57.156 - - [01/Jun/2006:11:42:32 -0800] "GET /gallery/maps/G3200/large/G3200%201783%20B68.jpg HTTP/1.1" 200 251604 "http://photolab.elmer.uaf.edu/gallery/maps/mapg3200.html" "Mozilla/5.0 (Windows; U; Windows NT 5.1; en-US; rv:1.8.0.3) Gecko/20060426 Firefox/1.5.0.3"
82.171.57.156 - - [01/Jun/2006:11:42:32 -0800] "GET /index_files/bar.gif HTTP/1.1" 200 342 "http://photolab.elmer.uaf.edu/gallery/maps/mapg3200.html" "Mozilla/5.0 (Windows; U; Windows NT 5.1; en-US; rv:1.8.0.3) Gecko/20060426 Firefox/1.5.0.3"
82.171.57.156 - - [01/Jun/2006:11:41:35 -0800] "GET /gallery/maps/G3200/small/G3200%20%5B1790%5D%20B65.jpg HTTP/1.1" 200 23966 "http://images.google.nl/imgres?imgurl=http://photolab.elmer.uaf.edu/gallery/maps/G3200/small/G3200%2520%255B1790%255D%2520B65.jpg&imgrefurl=http://photolab.elmer.uaf.edu/gallery/maps/mapg3200.html&h=58&w=100&sz=15&tbnid=lvRmJ8mzLBoWeM:&tbnh=44&tbnw=77&hl=nl&prev=/images%3Fq%3Dworld%2Bmap%2B1785%26svnum%3D100%26hl%3Dnl%26lr%3D%26sa%3DG&frame=small" "Mozilla/5.0 (Windows; U; Windows NT 5.1; en-US; rv:1.8.0.3) Gecko/20060426 Firefox/1.5.0.3"
207.46.98.87 - - [01/Jun/2006:11:53:01 -0800] "GET /gallery/photos/20020015/0/pages/2002-0015-00051m.html HTTP/1.0" 200 1770 "-" "msnbot/1.0 (+http://search.msn.com/msnbot.htm)"
207.46.98.87 - - [01/Jun/2006:11:53:34 -0800] "GET /gallery/photos/20020015/0/pages/2002-0015-00055m.html HTTP/1.0" 200 1770 "-" "msnbot/1.0 (+http://search.msn.com/msnbot.htm)"
207.46.98.88 - - [01/Jun/2006:11:54:40 -0800] "GET /gallery/photos/20030129/1/pages/1999-0293-00164.html HTTP/1.0" 200 1768 "-" "msnbot/1.0 (+http://search.msn.com/msnbot.htm)"
207.46.98.88 - - [01/Jun/2006:11:55:42 -0800] "GET /gallery/photos/20030174/0/pages/2003-0174-00022.html HTTP/1.0" 200 1880 "-" "msnbot/1.0 (+http://search.msn.com/msnbot.htm)"
207.46.98.88 - - [01/Jun/2006:11:55:43 -0800] "GET /gallery/photos/19950244/06/pages/1995-0244-00682.html HTTP/1.0" 200 1889 "-" "msnbot/1.0 (+http://search.msn.com/msnbot.htm)"
207.46.98.88 - - [01/Jun/2006:11:55:43 -0800] "GET /gallery/photos/19640042/1/pages/1964-0042-00143.htm HTTP/1.0" 200 1884 "-" "msnbot/1.0 (+http://search.msn.com/msnbot.htm)"
207.46.98.88 - - [01/Jun/2006:11:55:43 -0800] "GET /gallery/photos/20040086/0/pages/2004-0086-00071.htm HTTP/1.0" 200 1879 "-" "msnbot/1.0 (+http://search.msn.com/msnbot.htm)"
207.46.98.88 - - [01/Jun/2006:11:55:43 -0800] "GET /gallery/photos/19890166/06/pages/1989-0166-00623_neg%20nitrate.html HTTP/1.0" 200 2008 "-" "msnbot/1.0 (+http://search.msn.com/msnbot.htm)"
207.46.98.88 - - [01/Jun/2006:11:55:44 -0800] "GET /gallery/photos/19800068/3/pages/1980-0068-00330.html HTTP/1.0" 200 1860 "-" "msnbot/1.0 (+http://search.msn.com/msnbot.htm)"
207.46.98.88 - - [01/Jun/2006:11:55:44 -0800] "GET /gallery/photos/20040086/0/pages/2004-0086-00066.htm HTTP/1.0" 200 1879 "-" "msnbot/1.0 (+http://search.msn.com/msnbot.htm)"
207.46.98.88 - - [01/Jun/2006:11:55:54 -0800] "GET /gallery/photos/19990293/0/pages/1999-0293-00097.html HTTP/1.0" 200 1768 "-" "msnbot/1.0 (+http://search.msn.com/msnbot.htm)"
207.46.98.88 - - [01/Jun/2006:11:56:04 -0800] "GET /gallery/photos/19870175/pages/1987-0175-00270.html HTTP/1.0" 200 1881 "-" "msnbot/1.0 (+http://search.msn.com/msnbot.htm)"
207.46.98.88 - - [01/Jun/2006:11:56:35 -0800] "GET /gallery/photos/19800068/3/pages/1980-0068-00334.html HTTP/1.0" 200 1860 "-" "msnbot/1.0 (+http://search.msn.com/msnbot.htm)"
207.46.98.88 - - [01/Jun/2006:11:56:37 -0800] "GET /gallery/photos/19950244/06/pages/1995-0244-00669.html HTTP/1.0" 200 1889 "-" "msnbot/1.0 (+http://search.msn.com/msnbot.htm)"
207.46.98.88 - - [01/Jun/2006:11:56:38 -0800] "GET /gallery/photos/19890207/0/pages/1989-0207-00064.html HTTP/1.0" 200 1878 "-" "msnbot/1.0 (+http://search.msn.com/msnbot.htm)"
207.46.98.88 - - [01/Jun/2006:11:56:38 -0800] "GET /gallery/photos/19640042/1/pages/1964-0042-00139.htm HTTP/1.0" 200 1884 "-" "msnbot/1.0 (+http://search.msn.com/msnbot.htm)"
207.46.98.88 - - [01/Jun/2006:11:56:38 -0800] "GET /gallery/photos/19581026/17/pages/1958-1026-01723.html HTTP/1.0" 200 2092 "-" "msnbot/1.0 (+http://search.msn.com/msnbot.htm)"
207.46.98.88 - - [01/Jun/2006:11:56:39 -0800] "GET /gallery/photos/19940096/5/pages/1994-0096-00566.html HTTP/1.0" 200 1903 "-" "msnbot/1.0 (+http://search.msn.com/msnbot.htm)"
207.46.98.88 - - [01/Jun/2006:11:56:39 -0800] "GET /gallery/photos/19890166/06/pages/1989-0166-00630_neg%20nitrate.html HTTP/1.0" 200 2008 "-" "msnbot/1.0 (+http://search.msn.com/msnbot.htm)"
207.46.98.88 - - [01/Jun/2006:11:56:40 -0800] "GET /gallery/photos/19890166/00/pages/1989-0166-00028_print.html HTTP/1.0" 200 1952 "-" "msnbot/1.0 (+http://search.msn.com/msnbot.htm)"
207.46.98.88 - - [01/Jun/2006:11:56:40 -0800] "GET /gallery/photos/19890166/00/pages/1989-0166-00041_print.html HTTP/1.0" 200 1952 "-" "msnbot/1.0 (+http://search.msn.com/msnbot.htm)"
207.46.98.88 - - [01/Jun/2006:11:56:40 -0800] "GET /gallery/photos/19990293/0/pages/1999-0293-00095.html HTTP/1.0" 200 1768 "-" "msnbot/1.0 (+http://search.msn.com/msnbot.htm)"
207.46.98.88 - - [01/Jun/2006:11:56:40 -0800] "GET /gallery/photos/20030174/0/pages/2003-0174-00007.html HTTP/1.0" 200 1877 "-" "msnbot/1.0 (+http://search.msn.com/msnbot.htm)"
207.46.98.88 - - [01/Jun/2006:11:56:40 -0800] "GET /gallery/photos/20030063/0/pages/2003-0063-00085.html HTTP/1.0" 200 1758 "-" "msnbot/1.0 (+http://search.msn.com/msnbot.htm)"
207.46.98.88 - - [01/Jun/2006:11:56:41 -0800] "GET /gallery/photos/19700058/4/pages/1970-0058-00488.html HTTP/1.0" 200 1759 "-" "msnbot/1.0 (+http://search.msn.com/msnbot.htm)"
207.46.98.88 - - [01/Jun/2006:11:56:41 -0800] "GET /gallery/photos/20030163/pages/2003-0163-00032m.html HTTP/1.0" 200 1870 "-" "msnbot/1.0 (+http://search.msn.com/msnbot.htm)"
207.46.98.88 - - [01/Jun/2006:11:56:41 -0800] "GET /gallery/photos/19650030/pages/1965-0030-00050.htm HTTP/1.0" 200 1889 "-" "msnbot/1.0 (+http://search.msn.com/msnbot.htm)"
207.46.98.88 - - [01/Jun/2006:11:56:41 -0800] "GET /gallery/photos/19680069/26/pages/1968-0069-02658.html HTTP/1.0" 200 1769 "-" "msnbot/1.0 (+http://search.msn.com/msnbot.htm)"
207.46.98.88 - - [01/Jun/2006:11:56:42 -0800] "GET /gallery/photos/20030063/0/pages/2003-0063-00068.html HTTP/1.0" 200 1758 "-" "msnbot/1.0 (+http://search.msn.com/msnbot.htm)"
207.46.98.88 - - [01/Jun/2006:11:56:42 -0800] "GET /gallery/photos/19910046/07/pages/1991-0046-00776.html HTTP/1.0" 200 1760 "-" "msnbot/1.0 (+http://search.msn.com/msnbot.htm)"
207.46.98.88 - - [01/Jun/2006:11:59:42 -0800] "GET /gallery/photos/19890207/0/pages/1989-0207-00085.html HTTP/1.0" 200 1878 "-" "msnbot/1.0 (+http://search.msn.com/msnbot.htm)"
68.142.249.121 - - [01/Jun/2006:12:01:19 -0800] "GET /gallery/photos/19940070/4/pages/1994-0070-00949.html HTTP/1.0" 200 4277 "-" "Mozilla/5.0 (compatible; Yahoo! Slurp; http://help.yahoo.com/help/us/ysearch/slurp)"
72.151.113.64 - - [01/Jun/2006:12:01:34 -0800] "GET /store/allphotos.html HTTP/1.1" 301 354 "http://images.google.com/imgres?imgurl=http://photolab.elmer.uaf.edu/store/photos/largejpegs/1972-0071-00823.jpg&imgrefurl=http://photolab.elmer.uaf.edu/store/allphotos.html&h=800&w=660&sz=51&tbnid=BTfDEPIsExckPM:&tbnh=142&tbnw=117&hl=en&start=15&prev=/images%3Fq%3Deskimo%2Bspear%26svnum%3D10%26hl%3Den%26lr%3D" "Mozilla/4.0 (compatible; MSIE 6.0; Windows NT 5.1; SV1; .NET CLR 1.1.4322; .NET CLR 2.0.50727)"
72.151.113.64 - - [01/Jun/2006:12:01:35 -0800] "GET /store/photos/largejpegs/1972-0071-00823.jpg HTTP/1.1" 301 377 "http://images.google.com/imgres?imgurl=http://photolab.elmer.uaf.edu/store/photos/largejpegs/1972-0071-00823.jpg&imgrefurl=http://photolab.elmer.uaf.edu/store/allphotos.html&h=800&w=660&sz=51&tbnid=BTfDEPIsExckPM:&tbnh=142&tbnw=117&hl=en&prev=/images%3Fq%3Deskimo%2Bspear%26svnum%3D10%26hl%3Den%26lr%3D&frame=small" "Mozilla/4.0 (compatible; MSIE 6.0; Windows NT 5.1; SV1; .NET CLR 1.1.4322; .NET CLR 2.0.50727)"
72.151.113.64 - - [01/Jun/2006:12:01:39 -0800] "GET /store/photos/largejpegs/1972-0071-00823.jpg HTTP/1.1" 301 377 "http://images.google.com/imgres?imgurl=http://photolab.elmer.uaf.edu/store/photos/largejpegs/1972-0071-00823.jpg&imgrefurl=http://photolab.elmer.uaf.edu/store/allphotos.html&h=800&w=660&sz=51&tbnid=BTfDEPIsExckPM:&tbnh=142&tbnw=117&hl=en&prev=/images%3Fq%3Deskimo%2Bspear%26svnum%3D10%26hl%3Den%26lr%3D&frame=small" "Mozilla/4.0 (compatible; MSIE 6.0; Windows NT 5.1; SV1; .NET CLR 1.1.4322; .NET CLR 2.0.50727)"
68.142.249.177 - - [01/Jun/2006:12:04:58 -0800] "GET /gallery/photos/0728/pages/728-016.html HTTP/1.0" 200 2678 "-" "Mozilla/5.0 (compatible; Yahoo! Slurp; http://help.yahoo.com/help/us/ysearch/slurp)"
207.46.98.87 - - [01/Jun/2006:12:08:01 -0800] "GET /gallery/photos/19660054/02/pages/1966-0054-00231.html HTTP/1.0" 200 1760 "-" "msnbot/1.0 (+http://search.msn.com/msnbot.htm)"
207.46.98.87 - - [01/Jun/2006:12:08:33 -0800] "GET /gallery/photos/20030063/0/pages/2003-0063-00075.html HTTP/1.0" 200 1758 "-" "msnbot/1.0 (+http://search.msn.com/msnbot.htm)"
207.46.98.87 - - [01/Jun/2006:12:08:33 -0800] "GET /gallery/photos/19690092/8/pages/1969-0092-00850.html HTTP/1.0" 200 1765 "-" "msnbot/1.0 (+http://search.msn.com/msnbot.htm)"
207.46.98.87 - - [01/Jun/2006:12:08:33 -0800] "GET /gallery/photos/20020015/5/pages/2002-0015-00575m.html HTTP/1.0" 200 1770 "-" "msnbot/1.0 (+http://search.msn.com/msnbot.htm)"
68.142.251.166 - - [01/Jun/2006:12:11:17 -0800] "GET /gallery/photos/20040145/3/pages/2004-0145-00308.htm HTTP/1.0" 200 1887 "-" "Mozilla/5.0 (compatible; Yahoo! Slurp; http://help.yahoo.com/help/us/ysearch/slurp)"
68.142.250.72 - - [01/Jun/2006:12:12:24 -0800] "GET /gallery/photos/19700011 HTTP/1.0" 301 360 "-" "Mozilla/5.0 (compatible; Yahoo! Slurp; http://help.yahoo.com/help/us/ysearch/slurp)"
68.142.250.72 - - [01/Jun/2006:12:12:25 -0800] "GET /gallery/photos/19700011/ HTTP/1.0" 200 7076 "-" "Mozilla/5.0 (compatible; Yahoo! Slurp; http://help.yahoo.com/help/us/ysearch/slurp)"
68.142.250.130 - - [01/Jun/2006:12:14:09 -0800] "GET /gallery/photos/20040145/5/pages/2004-0145-00501.htm HTTP/1.0" 200 1732 "-" "Mozilla/5.0 (compatible; Yahoo! Slurp; http://help.yahoo.com/help/us/ysearch/slurp)"
82.171.57.156 - - [01/Jun/2006:12:21:17 -0800] "GET /gallery/maps/G3200/small/G3200%20%5B1652_%5D%20V571.jpg HTTP/1.1" 200 26873 "http://photolab.elmer.uaf.edu/gallery/maps/mapg3200.html" "Mozilla/5.0 (Windows; U; Windows NT 5.1; en-US; rv:1.8.0.3) Gecko/20060426 Firefox/1.5.0.3"
82.171.57.156 - - [01/Jun/2006:12:21:16 -0800] "GET /gallery/maps/G3200/small/G3200%20%5B1562_%5D%20V34.jpg HTTP/1.1" 206 20601 "http://photolab.elmer.uaf.edu/gallery/maps/mapg3200.html" "Mozilla/5.0 (Windows; U; Windows NT 5.1; en-US; rv:1.8.0.3) Gecko/20060426 Firefox/1.5.0.3"
82.171.57.156 - - [01/Jun/2006:12:21:59 -0800] "GET /gallery/maps/G3200/small/G3200%20%5B1652_%5D%20V571.jpg HTTP/1.1" 206 6349 "http://photolab.elmer.uaf.edu/gallery/maps/mapg3200.html" "Mozilla/5.0 (Windows; U; Windows NT 5.1; en-US; rv:1.8.0.3) Gecko/20060426 Firefox/1.5.0.3"
82.171.57.156 - - [01/Jun/2006:12:22:00 -0800] "GET /gallery/maps/G3200/small/G3200%20%5B1670%5D.jpg HTTP/1.1" 200 26332 "http://photolab.elmer.uaf.edu/gallery/maps/mapg3200.html" "Mozilla/5.0 (Windows; U; Windows NT 5.1; en-US; rv:1.8.0.3) Gecko/20060426 Firefox/1.5.0.3"
207.46.98.86 - - [01/Jun/2006:12:22:00 -0800] "GET /gallery/photos/19680041/1/pages/1968-0041-00139.htm HTTP/1.0" 200 1889 "-" "msnbot/1.0 (+http://search.msn.com/msnbot.htm)"
82.171.57.156 - - [01/Jun/2006:12:21:59 -0800] "GET /gallery/maps/G3200/small/G3200%20%5B1562_%5D%20V34.jpg HTTP/1.1" 206 19572 "http://photolab.elmer.uaf.edu/gallery/maps/mapg3200.html" "Mozilla/5.0 (Windows; U; Windows NT 5.1; en-US; rv:1.8.0.3) Gecko/20060426 Firefox/1.5.0.3"
207.46.98.86 - - [01/Jun/2006:12:22:01 -0800] "GET /gallery/photos/19900043/08/pages/1990-0043-00871A.html HTTP/1.0" 200 1773 "-" "msnbot/1.0 (+http://search.msn.com/msnbot.htm)"
82.171.57.156 - - [01/Jun/2006:12:22:01 -0800] "GET /gallery/maps/G3200/small/G3200%20%5B1700%5D.jpg HTTP/1.1" 200 27138 "http://photolab.elmer.uaf.edu/gallery/maps/mapg3200.html" "Mozilla/5.0 (Windows; U; Windows NT 5.1; en-US; rv:1.8.0.3) Gecko/20060426 Firefox/1.5.0.3"
82.171.57.156 - - [01/Jun/2006:12:22:07 -0800] "GET /index_files/bar.gif HTTP/1.1" 200 342 "http://photolab.elmer.uaf.edu/gallery/maps/mapg3200.html" "Mozilla/5.0 (Windows; U; Windows NT 5.1; en-US; rv:1.8.0.3) Gecko/20060426 Firefox/1.5.0.3"
207.46.98.86 - - [01/Jun/2006:12:22:14 -0800] "GET /gallery/photos/19690092/8/pages/1969-0092-00829.html HTTP/1.0" 200 1765 "-" "msnbot/1.0 (+http://search.msn.com/msnbot.htm)"
72.30.107.9 - - [01/Jun/2006:12:22:51 -0800] "GET /robots.txt HTTP/1.0" 200 96 "-" "Mozilla/5.0 (compatible; Yahoo! Slurp; http://help.yahoo.com/help/us/ysearch/slurp)"
207.46.98.86 - - [01/Jun/2006:12:22:58 -0800] "GET /gallery/photos/19660054/01/pages/1966-0054-00156.html HTTP/1.0" 200 1760 "-" "msnbot/1.0 (+http://search.msn.com/msnbot.htm)"
207.46.98.86 - - [01/Jun/2006:12:22:59 -0800] "GET /gallery/photos/19900043/10/pages/1990-0043-01050.html HTTP/1.0" 200 1766 "-" "msnbot/1.0 (+http://search.msn.com/msnbot.htm)"
207.46.98.86 - - [01/Jun/2006:12:22:59 -0800] "GET /gallery/photos/20030129/1/pages/1999-0293-00188.html HTTP/1.0" 200 1768 "-" "msnbot/1.0 (+http://search.msn.com/msnbot.htm)"
207.46.98.86 - - [01/Jun/2006:12:23:00 -0800] "GET /gallery/photos/19900043/10/pages/1990-0043-01035.html HTTP/1.0" 200 1766 "-" "msnbot/1.0 (+http://search.msn.com/msnbot.htm)"
207.46.98.86 - - [01/Jun/2006:12:23:00 -0800] "GET /gallery/photos/19900043/10/pages/1990-0043-01037.html HTTP/1.0" 200 1766 "-" "msnbot/1.0 (+http://search.msn.com/msnbot.htm)"
137.229.70.98 - - [01/Jun/2006:12:24:12 -0800] "GET / HTTP/1.1" 200 9427 "http://www.uaf.edu/library/services/index.html" "Mozilla/5.0 (Windows; U; Windows NT 5.1; en-US; rv:1.7.8) Gecko/20050511 Firefox/1.0.4"
137.229.70.98 - - [01/Jun/2006:12:24:12 -0800] "GET /index_files/dps.ico HTTP/1.1" 200 318 "-" "Mozilla/5.0 (Windows; U; Windows NT 5.1; en-US; rv:1.7.8) Gecko/20050511 Firefox/1.0.4"
137.229.70.98 - - [01/Jun/2006:12:24:12 -0800] "GET /index_files/lib.css HTTP/1.1" 200 2809 "http://photolab.elmer.uaf.edu/" "Mozilla/5.0 (Windows; U; Windows NT 5.1; en-US; rv:1.7.8) Gecko/20050511 Firefox/1.0.4"
137.229.70.98 - - [01/Jun/2006:12:24:12 -0800] "GET /index_files/title.jpg HTTP/1.1" 200 5438 "http://photolab.elmer.uaf.edu/" "Mozilla/5.0 (Windows; U; Windows NT 5.1; en-US; rv:1.7.8) Gecko/20050511 Firefox/1.0.4"
137.229.70.98 - - [01/Jun/2006:12:24:12 -0800] "GET /index_files/empty.gif HTTP/1.1" 200 45 "http://photolab.elmer.uaf.edu/" "Mozilla/5.0 (Windows; U; Windows NT 5.1; en-US; rv:1.7.8) Gecko/20050511 Firefox/1.0.4"
137.229.70.98 - - [01/Jun/2006:12:24:12 -0800] "GET /index_files/apr.jpg HTTP/1.1" 200 6015 "http://photolab.elmer.uaf.edu/" "Mozilla/5.0 (Windows; U; Windows NT 5.1; en-US; rv:1.7.8) Gecko/20050511 Firefox/1.0.4"
137.229.70.98 - - [01/Jun/2006:12:24:12 -0800] "GET /index_files/small.jpg HTTP/1.1" 200 2294 "http://photolab.elmer.uaf.edu/" "Mozilla/5.0 (Windows; U; Windows NT 5.1; en-US; rv:1.7.8) Gecko/20050511 Firefox/1.0.4"
137.229.70.98 - - [01/Jun/2006:12:24:12 -0800] "GET /index_files/small.dps.jpg HTTP/1.1" 200 5830 "http://photolab.elmer.uaf.edu/" "Mozilla/5.0 (Windows; U; Windows NT 5.1; en-US; rv:1.7.8) Gecko/20050511 Firefox/1.0.4"
137.229.70.98 - - [01/Jun/2006:12:24:12 -0800] "GET /index_files/small_002.jpg HTTP/1.1" 200 1351 "http://photolab.elmer.uaf.edu/" "Mozilla/5.0 (Windows; U; Windows NT 5.1; en-US; rv:1.7.8) Gecko/20050511 Firefox/1.0.4"
137.229.70.98 - - [01/Jun/2006:12:24:12 -0800] "GET /index_files/bluebear.gif HTTP/1.1" 200 1263 "http://photolab.elmer.uaf.edu/" "Mozilla/5.0 (Windows; U; Windows NT 5.1; en-US; rv:1.7.8) Gecko/20050511 Firefox/1.0.4"
137.229.70.98 - - [01/Jun/2006:12:24:12 -0800] "GET /index_files/small_003.jpg HTTP/1.1" 200 1521 "http://photolab.elmer.uaf.edu/" "Mozilla/5.0 (Windows; U; Windows NT 5.1; en-US; rv:1.7.8) Gecko/20050511 Firefox/1.0.4"
137.229.70.98 - - [01/Jun/2006:12:24:12 -0800] "GET /index_files/bar.gif HTTP/1.1" 200 342 "http://photolab.elmer.uaf.edu/" "Mozilla/5.0 (Windows; U; Windows NT 5.1; en-US; rv:1.7.8) Gecko/20050511 Firefox/1.0.4"
137.229.70.98 - - [01/Jun/2006:12:24:12 -0800] "GET /index_files/sitemap.gif HTTP/1.1" 200 1503 "http://photolab.elmer.uaf.edu/" "Mozilla/5.0 (Windows; U; Windows NT 5.1; en-US; rv:1.7.8) Gecko/20050511 Firefox/1.0.4"
137.229.70.98 - - [01/Jun/2006:12:24:43 -0800] "GET /aboutus.html HTTP/1.1" 200 13011 "http://photolab.elmer.uaf.edu/" "Mozilla/5.0 (Windows; U; Windows NT 5.1; en-US; rv:1.7.8) Gecko/20050511 Firefox/1.0.4"
137.229.70.98 - - [01/Jun/2006:12:24:52 -0800] "GET /contact.html HTTP/1.1" 200 6369 "http://photolab.elmer.uaf.edu/" "Mozilla/5.0 (Windows; U; Windows NT 5.1; en-US; rv:1.7.8) Gecko/20050511 Firefox/1.0.4"
82.171.57.156 - - [01/Jun/2006:12:25:10 -0800] "GET /gallery/maps/G3200/small/G3200%20%5B1700%5D.jpg HTTP/1.1" 206 18946 "http://photolab.elmer.uaf.edu/gallery/maps/mapg3200.html" "Mozilla/5.0 (Windows; U; Windows NT 5.1; en-US; rv:1.8.0.3) Gecko/20060426 Firefox/1.5.0.3"
82.171.57.156 - - [01/Jun/2006:12:25:10 -0800] "GET /gallery/maps/G3200/small/G3200%20%5B1562_%5D%20V34.jpg HTTP/1.1" 206 17163 "http://photolab.elmer.uaf.edu/gallery/maps/mapg3200.html" "Mozilla/5.0 (Windows; U; Windows NT 5.1; en-US; rv:1.8.0.3) Gecko/20060426 Firefox/1.5.0.3"
82.171.57.156 - - [01/Jun/2006:12:25:11 -0800] "GET /gallery/maps/G3200/small/G3200%201752%20R62.jpg HTTP/1.1" 200 24565 "http://photolab.elmer.uaf.edu/gallery/maps/mapg3200.html" "Mozilla/5.0 (Windows; U; Windows NT 5.1; en-US; rv:1.8.0.3) Gecko/20060426 Firefox/1.5.0.3"
82.171.57.156 - - [01/Jun/2006:12:25:12 -0800] "GET /gallery/maps/G3200/small/G3200%201755%20B43.jpg HTTP/1.1" 200 23723 "http://photolab.elmer.uaf.edu/gallery/maps/mapg3200.html" "Mozilla/5.0 (Windows; U; Windows NT 5.1; en-US; rv:1.8.0.3) Gecko/20060426 Firefox/1.5.0.3"
82.171.57.156 - - [01/Jun/2006:12:22:07 -0800] "GET /gallery/maps/G3200/large/G3200%20%5B1788%5D.jpg HTTP/1.1" 200 180725 "http://photolab.elmer.uaf.edu/gallery/maps/mapg3200.html" "Mozilla/5.0 (Windows; U; Windows NT 5.1; en-US; rv:1.8.0.3) Gecko/20060426 Firefox/1.5.0.3"
82.171.57.156 - - [01/Jun/2006:12:25:20 -0800] "GET /index_files/bar.gif HTTP/1.1" 200 342 "http://photolab.elmer.uaf.edu/gallery/maps/mapg3200.html" "Mozilla/5.0 (Windows; U; Windows NT 5.1; en-US; rv:1.8.0.3) Gecko/20060426 Firefox/1.5.0.3"
82.171.57.156 - - [01/Jun/2006:12:25:20 -0800] "GET /gallery/maps/G3200/large/G3200%20%5B1788%5D.jpg HTTP/1.1" 206 46893 "http://photolab.elmer.uaf.edu/gallery/maps/mapg3200.html" "Mozilla/5.0 (Windows; U; Windows NT 5.1; en-US; rv:1.8.0.3) Gecko/20060426 Firefox/1.5.0.3"
82.171.57.156 - - [01/Jun/2006:12:26:17 -0800] "GET /gallery/maps/G3200/small/G3200%201752%20R62.jpg HTTP/1.1" 206 6801 "http://photolab.elmer.uaf.edu/gallery/maps/mapg3200.html" "Mozilla/5.0 (Windows; U; Windows NT 5.1; en-US; rv:1.8.0.3) Gecko/20060426 Firefox/1.5.0.3"
82.171.57.156 - - [01/Jun/2006:12:26:17 -0800] "GET /gallery/maps/G3200/large/G3200%20%5B1788%5D.jpg HTTP/1.1" 206 12701 "http://photolab.elmer.uaf.edu/gallery/maps/G3200/large/G3200%20%5B1788%5D.jpg" "Mozilla/5.0 (Windows; U; Windows NT 5.1; en-US; rv:1.8.0.3) Gecko/20060426 Firefox/1.5.0.3"
82.171.57.156 - - [01/Jun/2006:12:26:22 -0800] "GET /gallery/maps/G3200/large/G3200%20%5B1790%5D%20B65.jpg HTTP/1.1" 206 165841 "http://photolab.elmer.uaf.edu/gallery/maps/mapg3200.html" "Mozilla/5.0 (Windows; U; Windows NT 5.1; en-US; rv:1.8.0.3) Gecko/20060426 Firefox/1.5.0.3"
82.171.57.156 - - [01/Jun/2006:12:26:28 -0800] "GET /index_files/bar.gif HTTP/1.1" 200 342 "http://photolab.elmer.uaf.edu/gallery/maps/mapg3200.html" "Mozilla/5.0 (Windows; U; Windows NT 5.1; en-US; rv:1.8.0.3) Gecko/20060426 Firefox/1.5.0.3"
207.46.98.86 - - [01/Jun/2006:12:27:39 -0800] "GET /gallery/photos/19900043/08/pages/1990-0043-00875A.html HTTP/1.0" 200 1773 "-" "msnbot/1.0 (+http://search.msn.com/msnbot.htm)"
207.46.98.86 - - [01/Jun/2006:12:27:40 -0800] "GET /gallery/photos/20030040/0/pages/2003-0040-00054.html HTTP/1.0" 200 1758 "-" "msnbot/1.0 (+http://search.msn.com/msnbot.htm)"
207.46.98.86 - - [01/Jun/2006:12:27:40 -0800] "GET /gallery/photos/20020015/4/pages/2002-0015-00428m.html HTTP/1.0" 200 1770 "-" "msnbot/1.0 (+http://search.msn.com/msnbot.htm)"
139.78.56.188 - - [01/Jun/2006:12:28:22 -0800] "GET /gallery/maps/mapg3200.html HTTP/1.1" 200 17235 "http://images.google.com/imgres?imgurl=http://photolab.elmer.uaf.edu/gallery/maps/G3200/large/G3200%2520%255B1814%255D.jpg&imgrefurl=http://photolab.elmer.uaf.edu/gallery/maps/mapg3200.html&h=966&w=1200&sz=243&hl=en&start=25&tbnid=v1NprGs1RZ77VM:&tbnh=120&tbnw=150&prev=/images%3Fq%3Dworld%2Bmaps,%2Brobinson%26start%3D20%26ndsp%3D20%26svnum%3D10%26hl%3Den%26lr%3D%26sa%3DN" "Mozilla/4.0 (compatible; MSIE 6.0; Windows NT 5.1; SV1; .NET CLR 1.1.4322; InfoPath.1)"
139.78.56.188 - - [01/Jun/2006:12:28:22 -0800] "GET /index_files/title.jpg HTTP/1.1" 200 5438 "http://photolab.elmer.uaf.edu/gallery/maps/mapg3200.html" "Mozilla/4.0 (compatible; MSIE 6.0; Windows NT 5.1; SV1; .NET CLR 1.1.4322; InfoPath.1)"
139.78.56.188 - - [01/Jun/2006:12:28:23 -0800] "GET /index_files/apr.jpg HTTP/1.1" 200 6015 "http://photolab.elmer.uaf.edu/gallery/maps/mapg3200.html" "Mozilla/4.0 (compatible; MSIE 6.0; Windows NT 5.1; SV1; .NET CLR 1.1.4322; InfoPath.1)"
139.78.56.188 - - [01/Jun/2006:12:28:23 -0800] "GET /index_files/empty.gif HTTP/1.1" 200 45 "http://photolab.elmer.uaf.edu/gallery/maps/mapg3200.html" "Mozilla/4.0 (compatible; MSIE 6.0; Windows NT 5.1; SV1; .NET CLR 1.1.4322; InfoPath.1)"
139.78.56.188 - - [01/Jun/2006:12:28:23 -0800] "GET /index_files/lib.css HTTP/1.1" 200 2809 "http://photolab.elmer.uaf.edu/gallery/maps/mapg3200.html" "Mozilla/4.0 (compatible; MSIE 6.0; Windows NT 5.1; SV1; .NET CLR 1.1.4322; InfoPath.1)"
139.78.56.188 - - [01/Jun/2006:12:28:23 -0800] "GET /index_files/small.dps.jpg HTTP/1.1" 200 5830 "http://photolab.elmer.uaf.edu/gallery/maps/mapg3200.html" "Mozilla/4.0 (compatible; MSIE 6.0; Windows NT 5.1; SV1; .NET CLR 1.1.4322; InfoPath.1)"
139.78.56.188 - - [01/Jun/2006:12:28:23 -0800] "GET /index_files/small.jpg HTTP/1.1" 200 2294 "http://photolab.elmer.uaf.edu/gallery/maps/mapg3200.html" "Mozilla/4.0 (compatible; MSIE 6.0; Windows NT 5.1; SV1; .NET CLR 1.1.4322; InfoPath.1)"
139.78.56.188 - - [01/Jun/2006:12:28:23 -0800] "GET /index_files/small_002.jpg HTTP/1.1" 200 1351 "http://photolab.elmer.uaf.edu/gallery/maps/mapg3200.html" "Mozilla/4.0 (compatible; MSIE 6.0; Windows NT 5.1; SV1; .NET CLR 1.1.4322; InfoPath.1)"
139.78.56.188 - - [01/Jun/2006:12:28:23 -0800] "GET /index_files/small_003.jpg HTTP/1.1" 200 1521 "http://photolab.elmer.uaf.edu/gallery/maps/mapg3200.html" "Mozilla/4.0 (compatible; MSIE 6.0; Windows NT 5.1; SV1; .NET CLR 1.1.4322; InfoPath.1)"
139.78.56.188 - - [01/Jun/2006:12:28:23 -0800] "GET /gallery/maps/G3200/small/G3200%20%5B1562_%5D%20V34.jpg HTTP/1.1" 200 24443 "http://photolab.elmer.uaf.edu/gallery/maps/mapg3200.html" "Mozilla/4.0 (compatible; MSIE 6.0; Windows NT 5.1; SV1; .NET CLR 1.1.4322; InfoPath.1)"
139.78.56.188 - - [01/Jun/2006:12:28:24 -0800] "GET /gallery/maps/G3200/small/G3200%20%5B1652_%5D%20V571.jpg HTTP/1.1" 200 26873 "http://photolab.elmer.uaf.edu/gallery/maps/mapg3200.html" "Mozilla/4.0 (compatible; MSIE 6.0; Windows NT 5.1; SV1; .NET CLR 1.1.4322; InfoPath.1)"
139.78.56.188 - - [01/Jun/2006:12:28:24 -0800] "GET /gallery/maps/G3200/small/G3200%20%5B1670%5D.jpg HTTP/1.1" 200 26332 "http://photolab.elmer.uaf.edu/gallery/maps/mapg3200.html" "Mozilla/4.0 (compatible; MSIE 6.0; Windows NT 5.1; SV1; .NET CLR 1.1.4322; InfoPath.1)"
139.78.56.188 - - [01/Jun/2006:12:28:25 -0800] "GET /gallery/maps/G3200/small/G3200%20%5B1700%5D.jpg HTTP/1.1" 200 27138 "http://photolab.elmer.uaf.edu/gallery/maps/mapg3200.html" "Mozilla/4.0 (compatible; MSIE 6.0; Windows NT 5.1; SV1; .NET CLR 1.1.4322; InfoPath.1)"
139.78.56.188 - - [01/Jun/2006:12:28:25 -0800] "GET /gallery/maps/G3200/small/G3200%201752%20R62.jpg HTTP/1.1" 200 24565 "http://photolab.elmer.uaf.edu/gallery/maps/mapg3200.html" "Mozilla/4.0 (compatible; MSIE 6.0; Windows NT 5.1; SV1; .NET CLR 1.1.4322; InfoPath.1)"
139.78.56.188 - - [01/Jun/2006:12:28:25 -0800] "GET /gallery/maps/G3200/small/G3200%201755%20B43.jpg HTTP/1.1" 200 23723 "http://photolab.elmer.uaf.edu/gallery/maps/mapg3200.html" "Mozilla/4.0 (compatible; MSIE 6.0; Windows NT 5.1; SV1; .NET CLR 1.1.4322; InfoPath.1)"
139.78.56.188 - - [01/Jun/2006:12:28:26 -0800] "GET /gallery/maps/G3200/small/G3200%20%5B1774%5D%20S29.jpg HTTP/1.1" 200 24069 "http://photolab.elmer.uaf.edu/gallery/maps/mapg3200.html" "Mozilla/4.0 (compatible; MSIE 6.0; Windows NT 5.1; SV1; .NET CLR 1.1.4322; InfoPath.1)"
139.78.56.188 - - [01/Jun/2006:12:28:26 -0800] "GET /gallery/maps/G3200/small/G3200%201783%20B68.jpg HTTP/1.1" 200 24884 "http://photolab.elmer.uaf.edu/gallery/maps/mapg3200.html" "Mozilla/4.0 (compatible; MSIE 6.0; Windows NT 5.1; SV1; .NET CLR 1.1.4322; InfoPath.1)"
139.78.56.188 - - [01/Jun/2006:12:28:27 -0800] "GET /gallery/maps/G3200/small/G3200%20%5B1788%5D.jpg HTTP/1.1" 200 23222 "http://photolab.elmer.uaf.edu/gallery/maps/mapg3200.html" "Mozilla/4.0 (compatible; MSIE 6.0; Windows NT 5.1; SV1; .NET CLR 1.1.4322; InfoPath.1)"
139.78.56.188 - - [01/Jun/2006:12:28:27 -0800] "GET /gallery/maps/G3200/small/G3200%20%5B1790%5D%20B65.jpg HTTP/1.1" 200 23966 "http://photolab.elmer.uaf.edu/gallery/maps/mapg3200.html" "Mozilla/4.0 (compatible; MSIE 6.0; Windows NT 5.1; SV1; .NET CLR 1.1.4322; InfoPath.1)"
139.78.56.188 - - [01/Jun/2006:12:28:28 -0800] "GET /gallery/maps/G3200/small/G3200%20%5B1798%5D%20R622.jpg HTTP/1.1" 200 23785 "http://photolab.elmer.uaf.edu/gallery/maps/mapg3200.html" "Mozilla/4.0 (compatible; MSIE 6.0; Windows NT 5.1; SV1; .NET CLR 1.1.4322; InfoPath.1)"
139.78.56.188 - - [01/Jun/2006:12:28:28 -0800] "GET /gallery/maps/G3200/small/G3200%20%5B1814%5D.jpg HTTP/1.1" 200 24721 "http://photolab.elmer.uaf.edu/gallery/maps/mapg3200.html" "Mozilla/4.0 (compatible; MSIE 6.0; Windows NT 5.1; SV1; .NET CLR 1.1.4322; InfoPath.1)"
139.78.56.188 - - [01/Jun/2006:12:28:29 -0800] "GET /gallery/maps/G3200/small/G3200%20%5B1824%5D%20W95.jpg HTTP/1.1" 200 24460 "http://photolab.elmer.uaf.edu/gallery/maps/mapg3200.html" "Mozilla/4.0 (compatible; MSIE 6.0; Windows NT 5.1; SV1; .NET CLR 1.1.4322; InfoPath.1)"
139.78.56.188 - - [01/Jun/2006:12:28:29 -0800] "GET /gallery/maps/G3200/small/G3200%201827%20M3%20v2%20no38.jpg HTTP/1.1" 200 23778 "http://photolab.elmer.uaf.edu/gallery/maps/mapg3200.html" "Mozilla/4.0 (compatible; MSIE 6.0; Windows NT 5.1; SV1; .NET CLR 1.1.4322; InfoPath.1)"
139.78.56.188 - - [01/Jun/2006:12:28:30 -0800] "GET /gallery/maps/G3200/small/G3200%201827%20M3%20v2%20no39.jpg HTTP/1.1" 200 23798 "http://photolab.elmer.uaf.edu/gallery/maps/mapg3200.html" "Mozilla/4.0 (compatible; MSIE 6.0; Windows NT 5.1; SV1; .NET CLR 1.1.4322; InfoPath.1)"
139.78.56.188 - - [01/Jun/2006:12:28:30 -0800] "GET /gallery/maps/G3200/small/G3200%201827%20M3%20v2%20no20.jpg HTTP/1.1" 200 24130 "http://photolab.elmer.uaf.edu/gallery/maps/mapg3200.html" "Mozilla/4.0 (compatible; MSIE 6.0; Windows NT 5.1; SV1; .NET CLR 1.1.4322; InfoPath.1)"
139.78.56.188 - - [01/Jun/2006:12:28:30 -0800] "GET /gallery/maps/G3200/small/G3200%201827%20M3%20v4%20no5.jpg HTTP/1.1" 200 23291 "http://photolab.elmer.uaf.edu/gallery/maps/mapg3200.html" "Mozilla/4.0 (compatible; MSIE 6.0; Windows NT 5.1; SV1; .NET CLR 1.1.4322; InfoPath.1)"
82.171.57.156 - - [01/Jun/2006:12:28:31 -0800] "GET /gallery/maps/G3200/small/G3200%201752%20R62.jpg HTTP/1.1" 200 24565 "http://photolab.elmer.uaf.edu/gallery/maps/mapg3200.html" "Mozilla/5.0 (Windows; U; Windows NT 5.1; en-US; rv:1.8.0.3) Gecko/20060426 Firefox/1.5.0.3"
82.171.57.156 - - [01/Jun/2006:12:28:31 -0800] "GET /gallery/maps/G3200/small/G3200%201755%20B43.jpg HTTP/1.1" 200 23723 "http://photolab.elmer.uaf.edu/gallery/maps/mapg3200.html" "Mozilla/5.0 (Windows; U; Windows NT 5.1; en-US; rv:1.8.0.3) Gecko/20060426 Firefox/1.5.0.3"
139.78.56.188 - - [01/Jun/2006:12:28:31 -0800] "GET /gallery/maps/G3200/small/G3200%201827%20M3%20v4%20no13%20c3.jpg HTTP/1.1" 200 24353 "http://photolab.elmer.uaf.edu/gallery/maps/mapg3200.html" "Mozilla/4.0 (compatible; MSIE 6.0; Windows NT 5.1; SV1; .NET CLR 1.1.4322; InfoPath.1)"
139.78.56.188 - - [01/Jun/2006:12:28:31 -0800] "GET /gallery/maps/G3200/small/G3200%201827%20M3%20v4%20no14.jpg HTTP/1.1" 200 24077 "http://photolab.elmer.uaf.edu/gallery/maps/mapg3200.html" "Mozilla/4.0 (compatible; MSIE 6.0; Windows NT 5.1; SV1; .NET CLR 1.1.4322; InfoPath.1)"
139.78.56.188 - - [01/Jun/2006:12:28:34 -0800] "GET /index_files/bar.gif HTTP/1.1" 200 342 "http://photolab.elmer.uaf.edu/gallery/maps/mapg3200.html" "Mozilla/4.0 (compatible; MSIE 6.0; Windows NT 5.1; SV1; .NET CLR 1.1.4322; InfoPath.1)"
139.78.56.188 - - [01/Jun/2006:12:28:34 -0800] "GET /gallery/maps/G3200/large/G3200%20%5B1788%5D.jpg HTTP/1.1" 200 180725 "http://photolab.elmer.uaf.edu/gallery/maps/mapg3200.html" "Mozilla/4.0 (compatible; MSIE 6.0; Windows NT 5.1; SV1; .NET CLR 1.1.4322; InfoPath.1)"
139.78.56.188 - - [01/Jun/2006:12:28:45 -0800] "GET /gallery/maps/G3200/small/G3200%201827%20M3%20v4%20no14.jpg HTTP/1.1" 200 24077 "http://photolab.elmer.uaf.edu/gallery/maps/mapg3200.html" "Mozilla/4.0 (compatible; MSIE 6.0; Windows NT 5.1; SV1; .NET CLR 1.1.4322; InfoPath.1)"
139.78.56.188 - - [01/Jun/2006:12:28:45 -0800] "GET /gallery/maps/G3200/small/G3200%201827%20M3%20v4%20no13%20c3.jpg HTTP/1.1" 200 24353 "http://photolab.elmer.uaf.edu/gallery/maps/mapg3200.html" "Mozilla/4.0 (compatible; MSIE 6.0; Windows NT 5.1; SV1; .NET CLR 1.1.4322; InfoPath.1)"
139.78.56.188 - - [01/Jun/2006:12:28:45 -0800] "GET /gallery/maps/G3200/small/G3200%201827%20M3%20v4%20no21.jpg HTTP/1.1" 200 23867 "http://photolab.elmer.uaf.edu/gallery/maps/mapg3200.html" "Mozilla/4.0 (compatible; MSIE 6.0; Windows NT 5.1; SV1; .NET CLR 1.1.4322; InfoPath.1)"
82.171.57.156 - - [01/Jun/2006:12:28:45 -0800] "GET /gallery/maps/G3200/small/G3200%201752%20R62.jpg HTTP/1.1" 206 19344 "http://photolab.elmer.uaf.edu/gallery/maps/mapg3200.html" "Mozilla/5.0 (Windows; U; Windows NT 5.1; en-US; rv:1.8.0.3) Gecko/20060426 Firefox/1.5.0.3"
82.171.57.156 - - [01/Jun/2006:12:28:45 -0800] "GET /gallery/maps/G3200/small/G3200%201755%20B43.jpg HTTP/1.1" 200 23723 "http://photolab.elmer.uaf.edu/gallery/maps/mapg3200.html" "Mozilla/5.0 (Windows; U; Windows NT 5.1; en-US; rv:1.8.0.3) Gecko/20060426 Firefox/1.5.0.3"
82.171.57.156 - - [01/Jun/2006:12:29:31 -0800] "GET /gallery/maps/G3200/small/G3200%201755%20B43.jpg HTTP/1.1" 200 23723 "http://photolab.elmer.uaf.edu/gallery/maps/mapg3200.html" "Mozilla/5.0 (Windows; U; Windows NT 5.1; en-US; rv:1.8.0.3) Gecko/20060426 Firefox/1.5.0.3"
82.171.57.156 - - [01/Jun/2006:12:29:31 -0800] "GET /gallery/maps/G3200/small/G3200%201752%20R62.jpg HTTP/1.1" 200 24565 "http://photolab.elmer.uaf.edu/gallery/maps/mapg3200.html" "Mozilla/5.0 (Windows; U; Windows NT 5.1; en-US; rv:1.8.0.3) Gecko/20060426 Firefox/1.5.0.3"
82.171.57.156 - - [01/Jun/2006:12:29:39 -0800] "GET /gallery/maps/G3200/small/G3200%20%5B1774%5D%20S29.jpg HTTP/1.1" 200 24069 "http://photolab.elmer.uaf.edu/gallery/maps/mapg3200.html" "Mozilla/5.0 (Windows; U; Windows NT 5.1; en-US; rv:1.8.0.3) Gecko/20060426 Firefox/1.5.0.3"
82.171.57.156 - - [01/Jun/2006:12:30:00 -0800] "GET /gallery/maps/G3200/small/G3200%201752%20R62.jpg HTTP/1.1" 206 8181 "http://photolab.elmer.uaf.edu/gallery/maps/mapg3200.html" "Mozilla/5.0 (Windows; U; Windows NT 5.1; en-US; rv:1.8.0.3) Gecko/20060426 Firefox/1.5.0.3"
82.171.57.156 - - [01/Jun/2006:12:30:00 -0800] "GET /gallery/maps/G3200/small/G3200%20%5B1774%5D%20S29.jpg HTTP/1.1" 200 24069 "http://photolab.elmer.uaf.edu/gallery/maps/mapg3200.html" "Mozilla/5.0 (Windows; U; Windows NT 5.1; en-US; rv:1.8.0.3) Gecko/20060426 Firefox/1.5.0.3"
82.171.57.156 - - [01/Jun/2006:12:30:17 -0800] "GET /gallery/maps/G3200/small/G3200%201752%20R62.jpg HTTP/1.1" 206 4085 "http://photolab.elmer.uaf.edu/gallery/maps/mapg3200.html" "Mozilla/5.0 (Windows; U; Windows NT 5.1; en-US; rv:1.8.0.3) Gecko/20060426 Firefox/1.5.0.3"
82.171.57.156 - - [01/Jun/2006:12:30:17 -0800] "GET /gallery/maps/G3200/small/G3200%20%5B1774%5D%20S29.jpg HTTP/1.1" 200 24069 "http://photolab.elmer.uaf.edu/gallery/maps/mapg3200.html" "Mozilla/5.0 (Windows; U; Windows NT 5.1; en-US; rv:1.8.0.3) Gecko/20060426 Firefox/1.5.0.3"
82.171.57.156 - - [01/Jun/2006:12:30:34 -0800] "GET /gallery/maps/G3200/small/G3200%201783%20B68.jpg HTTP/1.1" 200 24884 "http://photolab.elmer.uaf.edu/gallery/maps/mapg3200.html" "Mozilla/5.0 (Windows; U; Windows NT 5.1; en-US; rv:1.8.0.3) Gecko/20060426 Firefox/1.5.0.3"
82.171.57.156 - - [01/Jun/2006:12:30:41 -0800] "GET /index_files/bar.gif HTTP/1.1" 200 342 "http://photolab.elmer.uaf.edu/gallery/maps/mapg3200.html" "Mozilla/5.0 (Windows; U; Windows NT 5.1; en-US; rv:1.8.0.3) Gecko/20060426 Firefox/1.5.0.3"
82.171.57.156 - - [01/Jun/2006:12:30:41 -0800] "GET /gallery/maps/G3200/large/G3200%201783%20B68.jpg HTTP/1.1" 200 251604 "http://photolab.elmer.uaf.edu/gallery/maps/mapg3200.html" "Mozilla/5.0 (Windows; U; Windows NT 5.1; en-US; rv:1.8.0.3) Gecko/20060426 Firefox/1.5.0.3"
66.249.72.42 - - [01/Jun/2006:12:29:11 -0800] "GET /gallery/bookdoc/usgsbulletin849B.pdf HTTP/1.1" 200 19267433 "-" "Mozilla/5.0 (compatible; Googlebot/2.1; +http://www.google.com/bot.html)"
82.171.57.156 - - [01/Jun/2006:12:26:25 -0800] "GET /gallery/maps/G3200/large/G3200%20%5B1798%5D%20R622.jpg HTTP/1.1" 200 187768 "http://photolab.elmer.uaf.edu/gallery/maps/mapg3200.html" "Mozilla/5.0 (Windows; U; Windows NT 5.1; en-US; rv:1.8.0.3) Gecko/20060426 Firefox/1.5.0.3"
66.249.72.42 - - [01/Jun/2006:12:32:59 -0800] "GET /gallery/photos/19640042/0/pages/1964-0042-00040.htm HTTP/1.1" 200 1884 "-" "Mozilla/5.0 (compatible; Googlebot/2.1; +http://www.google.com/bot.html)"
66.249.72.42 - - [01/Jun/2006:12:33:01 -0800] "GET /gallery/photos/19940070/3/pages/1994-0070-00357.html HTTP/1.1" 200 5959 "-" "Mozilla/5.0 (compatible; Googlebot/2.1; +http://www.google.com/bot.html)"
66.249.72.42 - - [01/Jun/2006:12:33:32 -0800] "GET /gallery/photos/19940070/3/pages/1994-0070-00318.html HTTP/1.1" 200 5959 "-" "Mozilla/5.0 (compatible; Googlebot/2.1; +http://www.google.com/bot.html)"
66.249.72.42 - - [01/Jun/2006:12:34:03 -0800] "GET /gallery/photos/19940070/3/pages/1994-0070-00393.html HTTP/1.1" 200 5959 "-" "Mozilla/5.0 (compatible; Googlebot/2.1; +http://www.google.com/bot.html)"
66.249.72.42 - - [01/Jun/2006:12:34:33 -0800] "GET /gallery/photos/19750084/01/index_6.html HTTP/1.1" 200 8214 "-" "Mozilla/5.0 (compatible; Googlebot/2.1; +http://www.google.com/bot.html)"
66.249.72.42 - - [01/Jun/2006:12:35:03 -0800] "GET /gallery/photos/19750084/01/index_8.html HTTP/1.1" 200 8214 "-" "Mozilla/5.0 (compatible; Googlebot/2.1; +http://www.google.com/bot.html)"
66.249.72.42 - - [01/Jun/2006:12:35:34 -0800] "GET /gallery/photos/20040066/1/pages/2004-0066-00191.html HTTP/1.1" 200 1884 "-" "Mozilla/5.0 (compatible; Googlebot/2.1; +http://www.google.com/bot.html)"
66.249.72.42 - - [01/Jun/2006:12:36:03 -0800] "GET /gallery/photos/20040066/1/pages/2004-0066-00194.html HTTP/1.1" 200 1884 "-" "Mozilla/5.0 (compatible; Googlebot/2.1; +http://www.google.com/bot.html)"
66.249.72.42 - - [01/Jun/2006:12:36:32 -0800] "GET /gallery/photos/20040066/1/pages/2004-0066-00189.html HTTP/1.1" 200 1884 "-" "Mozilla/5.0 (compatible; Googlebot/2.1; +http://www.google.com/bot.html)"
66.249.72.42 - - [01/Jun/2006:12:37:01 -0800] "GET /gallery/photos/20040066/1/pages/2004-0066-00192.html HTTP/1.1" 200 1884 "-" "Mozilla/5.0 (compatible; Googlebot/2.1; +http://www.google.com/bot.html)"
66.249.72.42 - - [01/Jun/2006:12:37:29 -0800] "GET /gallery/photos/20040066/1/pages/2004-0066-00187.html HTTP/1.1" 200 1884 "-" "Mozilla/5.0 (compatible; Googlebot/2.1; +http://www.google.com/bot.html)"
66.249.72.42 - - [01/Jun/2006:12:37:58 -0800] "GET /gallery/photos/20040066/1/pages/2004-0066-00190.html HTTP/1.1" 200 1884 "-" "Mozilla/5.0 (compatible; Googlebot/2.1; +http://www.google.com/bot.html)"
66.249.72.42 - - [01/Jun/2006:12:38:26 -0800] "GET /gallery/photos/19740027/3/pages/1974-0027-00347.html HTTP/1.1" 200 2775 "-" "Mozilla/5.0 (compatible; Googlebot/2.1; +http://www.google.com/bot.html)"
66.249.72.42 - - [01/Jun/2006:12:38:53 -0800] "GET /gallery/photos/19750084/10/pages/1975-0084-01047.html HTTP/1.1" 200 2816 "-" "Mozilla/5.0 (compatible; Googlebot/2.1; +http://www.google.com/bot.html)"
66.249.72.42 - - [01/Jun/2006:12:39:21 -0800] "GET /gallery/photos/19740027/3/pages/1974-0027-00339.html HTTP/1.1" 200 2775 "-" "Mozilla/5.0 (compatible; Googlebot/2.1; +http://www.google.com/bot.html)"
82.171.57.156 - - [01/Jun/2006:12:39:42 -0800] "GET /gallery/maps/G3200/small/G3200%201783%20B68.jpg HTTP/1.1" 200 24884 "http://photolab.elmer.uaf.edu/gallery/maps/mapg3200.html" "Mozilla/5.0 (Windows; U; Windows NT 5.1; en-US; rv:1.8.0.3) Gecko/20060426 Firefox/1.5.0.3"
82.171.57.156 - - [01/Jun/2006:12:39:42 -0800] "GET /gallery/maps/G3200/small/G3200%20%5B1774%5D%20S29.jpg HTTP/1.1" 206 7685 "http://photolab.elmer.uaf.edu/gallery/maps/mapg3200.html" "Mozilla/5.0 (Windows; U; Windows NT 5.1; en-US; rv:1.8.0.3) Gecko/20060426 Firefox/1.5.0.3"
82.171.57.156 - - [01/Jun/2006:12:39:50 -0800] "GET /gallery/maps/G3200/small/G3200%20%5B1788%5D.jpg HTTP/1.1" 200 23222 "http://photolab.elmer.uaf.edu/gallery/maps/mapg3200.html" "Mozilla/5.0 (Windows; U; Windows NT 5.1; en-US; rv:1.8.0.3) Gecko/20060426 Firefox/1.5.0.3"
66.249.72.42 - - [01/Jun/2006:12:39:48 -0800] "GET /gallery/photos/19740027/2/pages/1974-0027-00239.html HTTP/1.1" 200 2775 "-" "Mozilla/5.0 (compatible; Googlebot/2.1; +http://www.google.com/bot.html)"
82.171.57.156 - - [01/Jun/2006:12:39:51 -0800] "GET /gallery/maps/G3200/large/G3200%20%5B1790%5D%20B65.jpg HTTP/1.1" 200 219089 "http://photolab.elmer.uaf.edu/gallery/maps/mapg3200.html" "Mozilla/5.0 (Windows; U; Windows NT 5.1; en-US; rv:1.8.0.3) Gecko/20060426 Firefox/1.5.0.3"
82.171.57.156 - - [01/Jun/2006:12:41:28 -0800] "GET /gallery/maps/G3200/small/G3200%20%5B1774%5D%20S29.jpg HTTP/1.1" 206 3896 "http://photolab.elmer.uaf.edu/gallery/maps/mapg3200.html" "Mozilla/5.0 (Windows; U; Windows NT 5.1; en-US; rv:1.8.0.3) Gecko/20060426 Firefox/1.5.0.3"
82.171.57.156 - - [01/Jun/2006:12:41:31 -0800] "GET /gallery/maps/G3200/small/G3200%20%5B1790%5D%20B65.jpg HTTP/1.1" 200 23966 "http://photolab.elmer.uaf.edu/gallery/maps/mapg3200.html" "Mozilla/5.0 (Windows; U; Windows NT 5.1; en-US; rv:1.8.0.3) Gecko/20060426 Firefox/1.5.0.3"
82.171.57.156 - - [01/Jun/2006:12:41:28 -0800] "GET /gallery/maps/G3200/small/G3200%20%5B1788%5D.jpg HTTP/1.1" 200 23222 "http://photolab.elmer.uaf.edu/gallery/maps/mapg3200.html" "Mozilla/5.0 (Windows; U; Windows NT 5.1; en-US; rv:1.8.0.3) Gecko/20060426 Firefox/1.5.0.3"
82.171.57.156 - - [01/Jun/2006:12:41:35 -0800] "GET /gallery/maps/G3200/large/G3200%20%5B1798%5D%20R622.jpg HTTP/1.1" 206 55316 "http://photolab.elmer.uaf.edu/gallery/maps/mapg3200.html" "Mozilla/5.0 (Windows; U; Windows NT 5.1; en-US; rv:1.8.0.3) Gecko/20060426 Firefox/1.5.0.3"
82.171.57.156 - - [01/Jun/2006:12:42:23 -0800] "GET /gallery/maps/G3200/small/G3200%20%5B1788%5D.jpg HTTP/1.1" 200 23222 "http://photolab.elmer.uaf.edu/gallery/maps/mapg3200.html" "Mozilla/5.0 (Windows; U; Windows NT 5.1; en-US; rv:1.8.0.3) Gecko/20060426 Firefox/1.5.0.3"
82.171.57.156 - - [01/Jun/2006:12:42:36 -0800] "GET /gallery/maps/G3200/small/G3200%20%5B1798%5D%20R622.jpg HTTP/1.1" 200 23785 "http://photolab.elmer.uaf.edu/gallery/maps/mapg3200.html" "Mozilla/5.0 (Windows; U; Windows NT 5.1; en-US; rv:1.8.0.3) Gecko/20060426 Firefox/1.5.0.3"
82.171.57.156 - - [01/Jun/2006:12:42:23 -0800] "GET /gallery/maps/G3200/small/G3200%20%5B1790%5D%20B65.jpg HTTP/1.1" 206 22884 "http://photolab.elmer.uaf.edu/gallery/maps/mapg3200.html" "Mozilla/5.0 (Windows; U; Windows NT 5.1; en-US; rv:1.8.0.3) Gecko/20060426 Firefox/1.5.0.3"
66.249.72.42 - - [01/Jun/2006:12:40:16 -0800] "GET /gallery/bookdoc/usgsbulletin849B.pdf HTTP/1.1" 200 19267433 "-" "Mozilla/5.0 (compatible; Googlebot/2.1; +http://www.google.com/bot.html)"
82.171.57.156 - - [01/Jun/2006:12:42:58 -0800] "GET /gallery/maps/G3200/small/G3200%20%5B1824%5D%20W95.jpg HTTP/1.1" 200 24460 "http://photolab.elmer.uaf.edu/gallery/maps/mapg3200.html" "Mozilla/5.0 (Windows; U; Windows NT 5.1; en-US; rv:1.8.0.3) Gecko/20060426 Firefox/1.5.0.3"
82.171.57.156 - - [01/Jun/2006:12:43:20 -0800] "GET /gallery/maps/G3200/small/G3200%201827%20M3%20v2%20no20.jpg HTTP/1.1" 200 24130 "http://photolab.elmer.uaf.edu/gallery/maps/mapg3200.html" "Mozilla/5.0 (Windows; U; Windows NT 5.1; en-US; rv:1.8.0.3) Gecko/20060426 Firefox/1.5.0.3"
82.171.57.156 - - [01/Jun/2006:12:42:47 -0800] "GET /gallery/maps/G3200/small/G3200%20%5B1814%5D.jpg HTTP/1.1" 200 24721 "http://photolab.elmer.uaf.edu/gallery/maps/mapg3200.html" "Mozilla/5.0 (Windows; U; Windows NT 5.1; en-US; rv:1.8.0.3) Gecko/20060426 Firefox/1.5.0.3"
82.171.57.156 - - [01/Jun/2006:12:43:38 -0800] "GET /gallery/maps/G3200/small/G3200%201827%20M3%20v2%20no39.jpg HTTP/1.1" 200 23798 "http://photolab.elmer.uaf.edu/gallery/maps/mapg3200.html" "Mozilla/5.0 (Windows; U; Windows NT 5.1; en-US; rv:1.8.0.3) Gecko/20060426 Firefox/1.5.0.3"
82.171.57.156 - - [01/Jun/2006:12:43:52 -0800] "GET /gallery/maps/G3200/small/G3200%201827%20M3%20v4%20no5.jpg HTTP/1.1" 200 23291 "http://photolab.elmer.uaf.edu/gallery/maps/mapg3200.html" "Mozilla/5.0 (Windows; U; Windows NT 5.1; en-US; rv:1.8.0.3) Gecko/20060426 Firefox/1.5.0.3"
82.171.57.156 - - [01/Jun/2006:12:44:00 -0800] "GET /gallery/maps/G3200/small/G3200%201827%20M3%20v4%20no13%20c3.jpg HTTP/1.1" 200 24353 "http://photolab.elmer.uaf.edu/gallery/maps/mapg3200.html" "Mozilla/5.0 (Windows; U; Windows NT 5.1; en-US; rv:1.8.0.3) Gecko/20060426 Firefox/1.5.0.3"
82.171.57.156 - - [01/Jun/2006:12:44:05 -0800] "GET /gallery/maps/G3200/small/G3200%201827%20M3%20v4%20no14.jpg HTTP/1.1" 200 24077 "http://photolab.elmer.uaf.edu/gallery/maps/mapg3200.html" "Mozilla/5.0 (Windows; U; Windows NT 5.1; en-US; rv:1.8.0.3) Gecko/20060426 Firefox/1.5.0.3"
82.171.57.156 - - [01/Jun/2006:12:44:07 -0800] "GET /gallery/maps/G3200/small/G3200%201827%20M3%20v4%20no21.jpg HTTP/1.1" 200 23867 "http://photolab.elmer.uaf.edu/gallery/maps/mapg3200.html" "Mozilla/5.0 (Windows; U; Windows NT 5.1; en-US; rv:1.8.0.3) Gecko/20060426 Firefox/1.5.0.3"
82.171.57.156 - - [01/Jun/2006:12:44:12 -0800] "GET /gallery/maps/G3200/small/G3200%201827%20M3%20v4%20no22.jpg HTTP/1.1" 200 23900 "http://photolab.elmer.uaf.edu/gallery/maps/mapg3200.html" "Mozilla/5.0 (Windows; U; Windows NT 5.1; en-US; rv:1.8.0.3) Gecko/20060426 Firefox/1.5.0.3"
82.171.57.156 - - [01/Jun/2006:12:44:23 -0800] "GET /gallery/maps/G3200/small/G3200%201827%20M3%20v4%20no23.jpg HTTP/1.1" 200 24431 "http://photolab.elmer.uaf.edu/gallery/maps/mapg3200.html" "Mozilla/5.0 (Windows; U; Windows NT 5.1; en-US; rv:1.8.0.3) Gecko/20060426 Firefox/1.5.0.3"
82.171.57.156 - - [01/Jun/2006:12:43:36 -0800] "GET /gallery/maps/G3200/small/G3200%201827%20M3%20v2%20no38.jpg HTTP/1.1" 200 23778 "http://photolab.elmer.uaf.edu/gallery/maps/mapg3200.html" "Mozilla/5.0 (Windows; U; Windows NT 5.1; en-US; rv:1.8.0.3) Gecko/20060426 Firefox/1.5.0.3"
82.171.57.156 - - [01/Jun/2006:12:44:25 -0800] "GET /gallery/maps/G3200/small/G3200%201827%20M3%20v4%20no30.jpg HTTP/1.1" 200 23615 "http://photolab.elmer.uaf.edu/gallery/maps/mapg3200.html" "Mozilla/5.0 (Windows; U; Windows NT 5.1; en-US; rv:1.8.0.3) Gecko/20060426 Firefox/1.5.0.3"
82.171.57.156 - - [01/Jun/2006:12:44:38 -0800] "GET /gallery/maps/G3200/small/G3200%201882%20P461.jpg HTTP/1.1" 200 22840 "http://photolab.elmer.uaf.edu/gallery/maps/mapg3200.html" "Mozilla/5.0 (Windows; U; Windows NT 5.1; en-US; rv:1.8.0.3) Gecko/20060426 Firefox/1.5.0.3"
82.171.57.156 - - [01/Jun/2006:12:44:56 -0800] "GET /index_files/bluebear.gif HTTP/1.1" 200 1263 "http://photolab.elmer.uaf.edu/gallery/maps/mapg3200.html" "Mozilla/5.0 (Windows; U; Windows NT 5.1; en-US; rv:1.8.0.3) Gecko/20060426 Firefox/1.5.0.3"
82.171.57.156 - - [01/Jun/2006:12:44:58 -0800] "GET /index_files/sitemap.gif HTTP/1.1" 200 1503 "http://photolab.elmer.uaf.edu/gallery/maps/mapg3200.html" "Mozilla/5.0 (Windows; U; Windows NT 5.1; en-US; rv:1.8.0.3) Gecko/20060426 Firefox/1.5.0.3"
66.249.72.42 - - [01/Jun/2006:12:44:27 -0800] "GET /gallery/bookdoc/usgsbulletin849B.pdf HTTP/1.1" 200 19267433 "-" "Mozilla/5.0 (compatible; Googlebot/2.1; +http://www.google.com/bot.html)"
82.171.57.156 - - [01/Jun/2006:12:44:28 -0800] "GET /gallery/maps/G3200/small/G3200%20%5B1828%5D%20B67.jpg HTTP/1.1" 200 24917 "http://photolab.elmer.uaf.edu/gallery/maps/mapg3200.html" "Mozilla/5.0 (Windows; U; Windows NT 5.1; en-US; rv:1.8.0.3) Gecko/20060426 Firefox/1.5.0.3"
68.142.251.86 - - [01/Jun/2006:12:51:11 -0800] "GET /robots.txt HTTP/1.0" 200 96 "-" "Mozilla/5.0 (compatible; Yahoo! Slurp; http://help.yahoo.com/help/us/ysearch/slurp)"
68.142.250.75 - - [01/Jun/2006:12:51:12 -0800] "GET /gallery/photos/19640042/3/index_2.htm HTTP/1.0" 200 7205 "-" "Mozilla/5.0 (compatible; Yahoo! Slurp; http://help.yahoo.com/help/us/ysearch/slurp)"
66.249.72.42 - - [01/Jun/2006:12:49:26 -0800] "GET /gallery/bookdoc/usgsbulletin849B.pdf HTTP/1.1" 200 19267433 "-" "Mozilla/5.0 (compatible; Googlebot/2.1; +http://www.google.com/bot.html)"
72.30.110.37 - - [01/Jun/2006:12:56:36 -0800] "GET /robots.txt HTTP/1.0" 200 96 "-" "Mozilla/5.0 (compatible; Yahoo! Slurp; http://help.yahoo.com/help/us/ysearch/slurp)"
72.30.129.137 - - [01/Jun/2006:12:56:37 -0800] "GET /digprint.html HTTP/1.0" 200 8876 "-" "Mozilla/5.0 (compatible; Yahoo! Slurp; http://help.yahoo.com/help/us/ysearch/slurp)"
66.249.72.42 - - [01/Jun/2006:12:55:21 -0800] "GET /gallery/bookdoc/usgsbulletin849B.pdf HTTP/1.1" 200 19267433 "-" "Mozilla/5.0 (compatible; Googlebot/2.1; +http://www.google.com/bot.html)"
38.113.234.181 - - [01/Jun/2006:12:58:39 -0800] "GET /gallery/photos/19680041/2/ HTTP/1.0" 200 7059 "-" "voyager/1.0"
66.154.103.41 - - [01/Jun/2006:13:01:00 -0800] "GET /robots.txt HTTP/1.0" 200 96 "-" "Gigabot/2.0; http://www.gigablast.com/spider.html"
82.171.57.156 - - [01/Jun/2006:12:57:42 -0800] "GET /gallery/maps/G3200/large/G3200%20%5B1824%5D%20W95.jpg HTTP/1.1" 200 210282 "http://photolab.elmer.uaf.edu/gallery/maps/mapg3200.html" "Mozilla/5.0 (Windows; U; Windows NT 5.1; en-US; rv:1.8.0.3) Gecko/20060426 Firefox/1.5.0.3"
66.249.72.42 - - [01/Jun/2006:13:02:10 -0800] "GET /gallery/bookdoc/usgsbulletin849B.pdf HTTP/1.1" 200 19267433 "-" "Mozilla/5.0 (compatible; Googlebot/2.1; +http://www.google.com/bot.html)"
160.111.254.11 - - [01/Jun/2006:13:06:28 -0800] "GET /index_files/empty.gif HTTP/1.1" 200 45 "-" "Mozilla/4.0 (compatible;)"
160.111.254.11 - - [01/Jun/2006:13:06:28 -0800] "GET /gallery/maps/mapg3270a.html HTTP/1.1" 200 16030 "http://images.google.com/imgres?imgurl=http://photolab.elmer.uaf.edu/gallery/maps/G3200/large/G3270%2520%255B1613_%255D.jpg&imgrefurl=http://photolab.elmer.uaf.edu/gallery/maps/mapg3270a.html&h=1200&w=764&sz=372&tbnid=7hwJDSY4notcoM:&tbnh=150&tbnw=95&hl=en&start=9&prev=/images%3Fq%3Dmap%2Barctic%2Bhistoric%26svnum%3D100%26hl%3Den%26lr%3D" "Mozilla/4.0 (compatible; MSIE 6.0; Windows NT 5.1; SV1)"
160.111.254.11 - - [01/Jun/2006:13:06:28 -0800] "GET /index_files/dps.ico HTTP/1.1" 200 318 "-" "Mozilla/4.0 (compatible;)"
160.111.254.11 - - [01/Jun/2006:13:06:28 -0800] "GET /index_files/title.jpg HTTP/1.1" 200 5438 "-" "Mozilla/4.0 (compatible;)"
160.111.254.11 - - [01/Jun/2006:13:06:28 -0800] "GET /index_files/apr.jpg HTTP/1.1" 200 6015 "-" "Mozilla/4.0 (compatible;)"
160.111.254.11 - - [01/Jun/2006:13:06:28 -0800] "GET /index_files/lib.css HTTP/1.1" 200 2809 "-" "Mozilla/4.0 (compatible;)"
160.111.254.11 - - [01/Jun/2006:13:06:28 -0800] "GET /index_files/bar.gif HTTP/1.1" 200 342 "-" "Mozilla/4.0 (compatible;)"
160.111.254.11 - - [01/Jun/2006:13:06:28 -0800] "GET /index_files/small.jpg HTTP/1.1" 200 2294 "-" "Mozilla/4.0 (compatible;)"
160.111.254.11 - - [01/Jun/2006:13:06:28 -0800] "GET /index_files/small.dps.jpg HTTP/1.1" 200 5830 "-" "Mozilla/4.0 (compatible;)"
160.111.254.11 - - [01/Jun/2006:13:06:28 -0800] "GET /index_files/bluebear.gif HTTP/1.1" 200 1263 "-" "Mozilla/4.0 (compatible;)"
160.111.254.11 - - [01/Jun/2006:13:06:28 -0800] "GET /gallery/maps/G3200/small/G3270%20%5B1600_%5D%20B87.jpg HTTP/1.1" 200 26705 "-" "Mozilla/4.0 (compatible;)"
160.111.254.11 - - [01/Jun/2006:13:06:28 -0800] "GET /gallery/maps/G3200/small/G3270%201634%20M4.jpg HTTP/1.1" 200 25182 "-" "Mozilla/4.0 (compatible;)"
160.111.254.11 - - [01/Jun/2006:13:06:28 -0800] "GET /index_files/small_003.jpg HTTP/1.1" 200 1521 "-" "Mozilla/4.0 (compatible;)"
160.111.254.11 - - [01/Jun/2006:13:06:28 -0800] "GET /gallery/maps/G3200/small/G3270%20%5B1613_%5D.jpg HTTP/1.1" 200 30300 "-" "Mozilla/4.0 (compatible;)"
160.111.254.11 - - [01/Jun/2006:13:06:28 -0800] "GET /index_files/small_002.jpg HTTP/1.1" 200 1351 "-" "Mozilla/4.0 (compatible;)"
160.111.254.11 - - [01/Jun/2006:13:06:28 -0800] "GET /gallery/maps/G3200/small/G3270%20%5B1662%5D%20B551.jpg HTTP/1.1" 200 27202 "-" "Mozilla/4.0 (compatible;)"
160.111.254.11 - - [01/Jun/2006:13:06:28 -0800] "GET /gallery/maps/G3200/small/G3271%20S12%20%5B1601%5D%20B79.jpg HTTP/1.1" 200 26283 "-" "Mozilla/4.0 (compatible;)"
160.111.254.11 - - [01/Jun/2006:13:06:28 -0800] "GET /gallery/maps/G3200/small/G3270%20%5B1645_%5D%20B551.jpg HTTP/1.1" 200 26149 "-" "Mozilla/4.0 (compatible;)"
160.111.254.11 - - [01/Jun/2006:13:06:28 -0800] "GET /gallery/maps/G3200/small/G3270%20%5B1667_%5D%20B52.jpg HTTP/1.1" 200 26219 "-" "Mozilla/4.0 (compatible;)"
160.111.254.11 - - [01/Jun/2006:13:06:28 -0800] "GET /gallery/maps/G3200/small/G3270%20%5B1693%5D%20M665.jpg HTTP/1.1" 200 24313 "-" "Mozilla/4.0 (compatible;)"
160.111.254.11 - - [01/Jun/2006:13:06:28 -0800] "GET /gallery/maps/G3200/small/G3270%20%5B1720%5D%20B692.jpg HTTP/1.1" 200 26019 "-" "Mozilla/4.0 (compatible;)"
