72.30.102.75 - - [01/Jun/2006:02:00:43 -0800] "GET /gallery/photos/20030129/0/pages/2003-0129-00022.html HTTP/1.0" 200 1768 "-" "Mozilla/5.0 (compatible; Yahoo! Slurp; http://help.yahoo.com/help/us/ysearch/slurp)"
83.29.2.6 - - [01/Jun/2006:02:03:15 -0800] "GET /gallery/maps/mapg3300.html HTTP/1.1" 200 21837 "http://images.google.pl/imgres?imgurl=http://photolab.elmer.uaf.edu/gallery/maps/G3300/large/G3300%25201783%2520R62.jpg&imgrefurl=http://photolab.elmer.uaf.edu/gallery/maps/mapg3300.html&h=895&w=1200&sz=263&tbnid=PavD2ZHbVoQ6LM:&tbnh=111&tbnw=150&hl=pl&start=10&prev=/images%3Fq%3Dnorth%2Bamerica%2Bin%2B1783%26svnum%3D10%26hl%3Dpl%26lr%3D%26client%3Dfirefox-a%26rls%3Dorg.mozilla:pl:official_s%26sa%3DG" "Mozilla/5.0 (Windows; U; Windows NT 5.1; pl; rv:1.8.0.3) Gecko/20060426 Firefox/1.5.0.3"
83.29.2.6 - - [01/Jun/2006:02:03:16 -0800] "GET /index_files/lib.css HTTP/1.1" 200 2809 "http://photolab.elmer.uaf.edu/gallery/maps/mapg3300.html" "Mozilla/5.0 (Windows; U; Windows NT 5.1; pl; rv:1.8.0.3) Gecko/20060426 Firefox/1.5.0.3"
83.29.2.6 - - [01/Jun/2006:02:03:17 -0800] "GET /index_files/title.jpg HTTP/1.1" 200 5438 "http://photolab.elmer.uaf.edu/gallery/maps/mapg3300.html" "Mozilla/5.0 (Windows; U; Windows NT 5.1; pl; rv:1.8.0.3) Gecko/20060426 Firefox/1.5.0.3"
217.212.224.141 - - [01/Jun/2006:02:03:22 -0800] "GET /robots.txt HTTP/1.0" 200 96 "-" "psbot/0.1 (+http://www.picsearch.com/bot.html)"
217.212.224.142 - - [01/Jun/2006:02:03:22 -0800] "GET /gallery/photos/20040093/pages/2004-0093-00025.html HTTP/1.0" 200 1900 "-" "psbot/0.1 (+http://www.picsearch.com/bot.html)"
83.29.2.6 - - [01/Jun/2006:02:03:17 -0800] "GET /gallery/maps/G3300/large/G3300%201783%20R62.jpg HTTP/1.1" 200 225009 "http://images.google.pl/imgres?imgurl=http://photolab.elmer.uaf.edu/gallery/maps/G3300/large/G3300%25201783%2520R62.jpg&imgrefurl=http://photolab.elmer.uaf.edu/gallery/maps/mapg3300.html&h=895&w=1200&sz=263&tbnid=PavD2ZHbVoQ6LM:&tbnh=111&tbnw=150&hl=pl&prev=/images%3Fq%3Dnorth%2Bamerica%2Bin%2B1783%26svnum%3D10%26hl%3Dpl%26lr%3D%26client%3Dfirefox-a%26rls%3Dorg.mozilla:pl:official_s%26sa%3DG&frame=small" "Mozilla/5.0 (Windows; U; Windows NT 5.1; pl; rv:1.8.0.3) Gecko/20060426 Firefox/1.5.0.3"
83.29.2.6 - - [01/Jun/2006:02:03:28 -0800] "GET /gallery/maps/mapg3300.html HTTP/1.1" 206 10164 "http://images.google.pl/imgres?imgurl=http://photolab.elmer.uaf.edu/gallery/maps/G3300/large/G3300%25201783%2520R62.jpg&imgrefurl=http://photolab.elmer.uaf.edu/gallery/maps/mapg3300.html&h=895&w=1200&sz=263&tbnid=PavD2ZHbVoQ6LM:&tbnh=111&tbnw=150&hl=pl&start=10&prev=/images%3Fq%3Dnorth%2Bamerica%2Bin%2B1783%26svnum%3D10%26hl%3Dpl%26lr%3D%26client%3Dfirefox-a%26rls%3Dorg.mozilla:pl:official_s%26sa%3DG" "Mozilla/5.0 (Windows; U; Windows NT 5.1; pl; rv:1.8.0.3) Gecko/20060426 Firefox/1.5.0.3"
83.29.2.6 - - [01/Jun/2006:02:03:29 -0800] "GET /index_files/lib.css HTTP/1.1" 206 1683 "http://photolab.elmer.uaf.edu/gallery/maps/mapg3300.html" "Mozilla/5.0 (Windows; U; Windows NT 5.1; pl; rv:1.8.0.3) Gecko/20060426 Firefox/1.5.0.3"
83.29.2.6 - - [01/Jun/2006:02:03:29 -0800] "GET /index_files/apr.jpg HTTP/1.1" 200 6015 "http://photolab.elmer.uaf.edu/gallery/maps/mapg3300.html" "Mozilla/5.0 (Windows; U; Windows NT 5.1; pl; rv:1.8.0.3) Gecko/20060426 Firefox/1.5.0.3"
83.29.2.6 - - [01/Jun/2006:02:03:30 -0800] "GET /index_files/empty.gif HTTP/1.1" 200 45 "http://photolab.elmer.uaf.edu/gallery/maps/mapg3300.html" "Mozilla/5.0 (Windows; U; Windows NT 5.1; pl; rv:1.8.0.3) Gecko/20060426 Firefox/1.5.0.3"
83.29.2.6 - - [01/Jun/2006:02:03:29 -0800] "GET /index_files/title.jpg HTTP/1.1" 200 5438 "http://photolab.elmer.uaf.edu/gallery/maps/mapg3300.html" "Mozilla/5.0 (Windows; U; Windows NT 5.1; pl; rv:1.8.0.3) Gecko/20060426 Firefox/1.5.0.3"
83.29.2.6 - - [01/Jun/2006:02:03:30 -0800] "GET /index_files/small.dps.jpg HTTP/1.1" 200 5830 "http://photolab.elmer.uaf.edu/gallery/maps/mapg3300.html" "Mozilla/5.0 (Windows; U; Windows NT 5.1; pl; rv:1.8.0.3) Gecko/20060426 Firefox/1.5.0.3"
83.29.2.6 - - [01/Jun/2006:02:03:30 -0800] "GET /index_files/small.jpg HTTP/1.1" 200 2294 "http://photolab.elmer.uaf.edu/gallery/maps/mapg3300.html" "Mozilla/5.0 (Windows; U; Windows NT 5.1; pl; rv:1.8.0.3) Gecko/20060426 Firefox/1.5.0.3"
83.29.2.6 - - [01/Jun/2006:02:03:30 -0800] "GET /index_files/small_002.jpg HTTP/1.1" 200 1351 "http://photolab.elmer.uaf.edu/gallery/maps/mapg3300.html" "Mozilla/5.0 (Windows; U; Windows NT 5.1; pl; rv:1.8.0.3) Gecko/20060426 Firefox/1.5.0.3"
83.29.2.6 - - [01/Jun/2006:02:03:30 -0800] "GET /index_files/small_003.jpg HTTP/1.1" 200 1521 "http://photolab.elmer.uaf.edu/gallery/maps/mapg3300.html" "Mozilla/5.0 (Windows; U; Windows NT 5.1; pl; rv:1.8.0.3) Gecko/20060426 Firefox/1.5.0.3"
83.29.2.6 - - [01/Jun/2006:02:03:31 -0800] "GET /gallery/maps/G3300/small/G3300%20%5B1590%5D%20P67.jpg HTTP/1.1" 200 29022 "http://photolab.elmer.uaf.edu/gallery/maps/mapg3300.html" "Mozilla/5.0 (Windows; U; Windows NT 5.1; pl; rv:1.8.0.3) Gecko/20060426 Firefox/1.5.0.3"
83.29.2.6 - - [01/Jun/2006:02:03:31 -0800] "GET /gallery/maps/G3300/small/G3300%20%5B1625%5D%20E47.jpg HTTP/1.1" 200 25589 "http://photolab.elmer.uaf.edu/gallery/maps/mapg3300.html" "Mozilla/5.0 (Windows; U; Windows NT 5.1; pl; rv:1.8.0.3) Gecko/20060426 Firefox/1.5.0.3"
83.29.2.6 - - [01/Jun/2006:02:03:33 -0800] "GET /gallery/maps/G3300/small/G3300%201755%20B431.jpg HTTP/1.1" 200 23828 "http://photolab.elmer.uaf.edu/gallery/maps/mapg3300.html" "Mozilla/5.0 (Windows; U; Windows NT 5.1; pl; rv:1.8.0.3) Gecko/20060426 Firefox/1.5.0.3"
83.29.2.6 - - [01/Jun/2006:02:03:33 -0800] "GET /gallery/maps/G3300/small/G3300%20%5B1740_%5D.jpg HTTP/1.1" 200 26785 "http://photolab.elmer.uaf.edu/gallery/maps/mapg3300.html" "Mozilla/5.0 (Windows; U; Windows NT 5.1; pl; rv:1.8.0.3) Gecko/20060426 Firefox/1.5.0.3"
83.29.2.6 - - [01/Jun/2006:02:03:35 -0800] "GET /gallery/maps/G3300/small/G3300%201772%20R62.jpg HTTP/1.1" 200 24649 "http://photolab.elmer.uaf.edu/gallery/maps/mapg3300.html" "Mozilla/5.0 (Windows; U; Windows NT 5.1; pl; rv:1.8.0.3) Gecko/20060426 Firefox/1.5.0.3"
217.212.224.165 - - [01/Jun/2006:02:04:02 -0800] "GET /gallery/photos/20040093/pages/2004-0093-00026.html HTTP/1.0" 200 1900 "-" "psbot/0.1 (+http://www.picsearch.com/bot.html)"
217.212.224.165 - - [01/Jun/2006:02:04:44 -0800] "GET /gallery/photos/20040093/pages/2004-0093-00027.html HTTP/1.0" 200 1900 "-" "psbot/0.1 (+http://www.picsearch.com/bot.html)"
217.212.224.142 - - [01/Jun/2006:02:05:25 -0800] "GET /gallery/photos/20040093/pages/2004-0093-00028.html HTTP/1.0" 200 1900 "-" "psbot/0.1 (+http://www.picsearch.com/bot.html)"
72.30.107.159 - - [01/Jun/2006:02:07:18 -0800] "GET /gallery/photos/19640042/0/pages/1964-0042-00014.htm HTTP/1.0" 200 1884 "-" "Mozilla/5.0 (compatible; Yahoo! Slurp; http://help.yahoo.com/help/us/ysearch/slurp)"
68.142.249.40 - - [01/Jun/2006:02:07:35 -0800] "GET /gallery/ HTTP/1.0" 200 7450 "-" "Mozilla/5.0 (compatible; Yahoo! Slurp; http://help.yahoo.com/help/us/ysearch/slurp)"
72.30.132.19 - - [01/Jun/2006:02:07:40 -0800] "GET /gallery/photos/19900080/0/ HTTP/1.0" 200 7070 "-" "Mozilla/5.0 (compatible; Yahoo! Slurp; http://help.yahoo.com/help/us/ysearch/slurp)"
217.212.224.146 - - [01/Jun/2006:02:08:09 -0800] "GET /gallery/photos/20040093/pages/2004-0093-00029.html HTTP/1.0" 200 1900 "-" "psbot/0.1 (+http://www.picsearch.com/bot.html)"
217.212.224.143 - - [01/Jun/2006:02:08:50 -0800] "GET /gallery/photos/20040093/pages/2004-0093-00030.html HTTP/1.0" 200 1900 "-" "psbot/0.1 (+http://www.picsearch.com/bot.html)"
217.212.224.165 - - [01/Jun/2006:02:09:31 -0800] "GET /gallery/photos/20040093/pages/2004-0093-00031.html HTTP/1.0" 200 1900 "-" "psbot/0.1 (+http://www.picsearch.com/bot.html)"
217.212.224.146 - - [01/Jun/2006:02:10:12 -0800] "GET /gallery/photos/20040093/pages/2004-0093-00032.html HTTP/1.0" 200 1900 "-" "psbot/0.1 (+http://www.picsearch.com/bot.html)"
72.30.132.18 - - [01/Jun/2006:02:10:27 -0800] "GET /gallery/photos/19750209/pages/1975-0209-00010.html HTTP/1.0" 200 1875 "-" "Mozilla/5.0 (compatible; Yahoo! Slurp; http://help.yahoo.com/help/us/ysearch/slurp)"
217.212.224.165 - - [01/Jun/2006:02:10:54 -0800] "GET /gallery/photos/20040093/pages/2004-0093-00033.html HTTP/1.0" 200 1900 "-" "psbot/0.1 (+http://www.picsearch.com/bot.html)"
217.212.224.142 - - [01/Jun/2006:02:11:36 -0800] "GET /gallery/photos/20040093/pages/2004-0093-00034.html HTTP/1.0" 200 1900 "-" "psbot/0.1 (+http://www.picsearch.com/bot.html)"
217.212.224.159 - - [01/Jun/2006:02:12:17 -0800] "GET /robots.txt HTTP/1.0" 200 96 "-" "psbot/0.1 (+http://www.picsearch.com/bot.html)"
217.212.224.159 - - [01/Jun/2006:02:12:18 -0800] "GET /gallery/photos/20040093/pages/2004-0093-00035.html HTTP/1.0" 200 1900 "-" "psbot/0.1 (+http://www.picsearch.com/bot.html)"
217.212.224.143 - - [01/Jun/2006:02:12:58 -0800] "GET /gallery/photos/20040093/pages/2004-0093-00036.html HTTP/1.0" 200 1900 "-" "psbot/0.1 (+http://www.picsearch.com/bot.html)"
217.212.224.159 - - [01/Jun/2006:02:14:20 -0800] "GET /gallery/photos/20040093/index_5.html HTTP/1.0" 200 7245 "-" "psbot/0.1 (+http://www.picsearch.com/bot.html)"
217.212.224.143 - - [01/Jun/2006:02:15:03 -0800] "GET /gallery/photos/20040093/pages/2004-0093-00037.html HTTP/1.0" 200 1900 "-" "psbot/0.1 (+http://www.picsearch.com/bot.html)"
217.212.224.142 - - [01/Jun/2006:02:15:43 -0800] "GET /gallery/photos/20040093/pages/2004-0093-00038.html HTTP/1.0" 200 1900 "-" "psbot/0.1 (+http://www.picsearch.com/bot.html)"
217.212.224.165 - - [01/Jun/2006:02:16:25 -0800] "GET /gallery/photos/20040093/pages/2004-0093-00039.html HTTP/1.0" 200 1900 "-" "psbot/0.1 (+http://www.picsearch.com/bot.html)"
217.212.224.142 - - [01/Jun/2006:02:17:06 -0800] "GET /gallery/photos/20040093/pages/2004-0093-00040.html HTTP/1.0" 200 1900 "-" "psbot/0.1 (+http://www.picsearch.com/bot.html)"
217.212.224.142 - - [01/Jun/2006:02:17:48 -0800] "GET /gallery/photos/20040093/pages/2004-0093-00041.html HTTP/1.0" 200 1900 "-" "psbot/0.1 (+http://www.picsearch.com/bot.html)"
72.30.128.142 - - [01/Jun/2006:02:18:13 -0800] "GET /gallery/photos/20030024/1/pages/2003-0024-00101.html HTTP/1.0" 200 1758 "-" "Mozilla/5.0 (compatible; Yahoo! Slurp; http://help.yahoo.com/help/us/ysearch/slurp)"
217.212.224.165 - - [01/Jun/2006:02:18:30 -0800] "GET /gallery/photos/20040093/pages/2004-0093-00042.html HTTP/1.0" 200 1900 "-" "psbot/0.1 (+http://www.picsearch.com/bot.html)"
207.46.98.86 - - [01/Jun/2006:02:19:03 -0800] "GET /gallery/photos/19890199/1/pages/1989-0199-00183.html HTTP/1.0" 200 1878 "-" "msnbot/1.0 (+http://search.msn.com/msnbot.htm)"
72.30.133.138 - - [01/Jun/2006:02:19:03 -0800] "GET /gallery/photos/19690092/5/pages/1969-0092-00506.html HTTP/1.0" 200 1763 "-" "Mozilla/5.0 (compatible; Yahoo! Slurp; http://help.yahoo.com/help/us/ysearch/slurp)"
72.30.102.200 - - [01/Jun/2006:02:19:08 -0800] "GET /gallery/photos/20030109/3/pages/2003-0109-00348.html HTTP/1.0" 200 1756 "-" "Mozilla/5.0 (compatible; Yahoo! Slurp; http://help.yahoo.com/help/us/ysearch/slurp)"
72.30.128.220 - - [01/Jun/2006:02:19:16 -0800] "GET /gallery/photos/20030174/1/pages/2003-0174-00104.html HTTP/1.0" 200 1753 "-" "Mozilla/5.0 (compatible; Yahoo! Slurp; http://help.yahoo.com/help/us/ysearch/slurp)"
207.46.98.86 - - [01/Jun/2006:02:19:19 -0800] "GET /gallery/photos/19690092/7/pages/1969-0092-00764.html HTTP/1.0" 200 1765 "-" "msnbot/1.0 (+http://search.msn.com/msnbot.htm)"
72.30.129.32 - - [01/Jun/2006:02:21:01 -0800] "GET /gallery/photos/20030024/0/pages/2003-0024-00016.html HTTP/1.0" 200 1760 "-" "Mozilla/5.0 (compatible; Yahoo! Slurp; http://help.yahoo.com/help/us/ysearch/slurp)"
68.68.158.148 - - [01/Jun/2006:02:22:43 -0800] "GET /gallery/photos/19640074/pages/1964-0074-00038.html HTTP/1.1" 200 5041 "http://images.search.yahoo.com/search/images/view?back=http%3A%2F%2Fimages.search.yahoo.com%2Fsearch%2Fimages%3Fp%3D1964%26sm%3DYahoo%2521%2BSearch%26toggle%3D1%26ei%3DUTF-8%26fr%3DFP-tab-img-t%26b%3D461&w=1251&h=480&imgurl=photolab.elmer.uaf.edu%2Fgallery%2Fphotos%2F19640074%2Fimages%2F1964-0074-00038.jpg&rurl=http%3A%2F%2Fphotolab.elmer.uaf.edu%2Fgallery%2Fphotos%2F19640074%2Fpages%2F1964-0074-00038.html&size=156.8kB&name=1964-0074-00038.jpg&p=1964&type=jpeg&no=480&tt=848,591&ei=UTF-8" "Mozilla/4.0 (compatible; MSIE 6.0; Windows NT 5.1)"
68.68.158.148 - - [01/Jun/2006:02:22:43 -0800] "GET /gallery/photos/19640074/images/previous.gif HTTP/1.1" 200 271 "http://photolab.elmer.uaf.edu/gallery/photos/19640074/pages/1964-0074-00038.html" "Mozilla/4.0 (compatible; MSIE 6.0; Windows NT 5.1)"
68.68.158.148 - - [01/Jun/2006:02:22:43 -0800] "GET /gallery/photos/19640074/images/home.gif HTTP/1.1" 200 268 "http://photolab.elmer.uaf.edu/gallery/photos/19640074/pages/1964-0074-00038.html" "Mozilla/4.0 (compatible; MSIE 6.0; Windows NT 5.1)"
68.68.158.148 - - [01/Jun/2006:02:22:44 -0800] "GET /gallery/photos/19640074/images/next.gif HTTP/1.1" 200 270 "http://photolab.elmer.uaf.edu/gallery/photos/19640074/pages/1964-0074-00038.html" "Mozilla/4.0 (compatible; MSIE 6.0; Windows NT 5.1)"
68.68.158.148 - - [01/Jun/2006:02:22:43 -0800] "GET /gallery/photos/19640074/images/1964-0074-00038.jpg HTTP/1.1" 200 160518 "http://images.search.yahoo.com/search/images/view?frame=top&back=http%3A%2F%2Fimages.search.yahoo.com%2Fsearch%2Fimages%3Fp%3D1964%26sm%3DYahoo%2521%2BSearch%26toggle%3D1%26ei%3DUTF-8%26fr%3DFP-tab-img-t%26b%3D461&w=1251&h=480&imgurl=photolab.elmer.uaf.edu%2Fgallery%2Fphotos%2F19640074%2Fimages%2F1964-0074-00038.jpg&rurl=http%3A%2F%2Fphotolab.elmer.uaf.edu%2Fgallery%2Fphotos%2F19640074%2Fpages%2F1964-0074-00038.html&size=156.8kB&name=1964-0074-00038.jpg&p=1964&type=jpeg&no=480&tt=848,591&ei=UTF-8" "Mozilla/4.0 (compatible; MSIE 6.0; Windows NT 5.1)"
72.30.111.148 - - [01/Jun/2006:02:26:02 -0800] "GET /robots.txt HTTP/1.0" 200 96 "-" "Mozilla/5.0 (compatible; Yahoo! Slurp; http://help.yahoo.com/help/us/ysearch/slurp)"
72.30.102.218 - - [01/Jun/2006:02:26:06 -0800] "GET /gallery/photos/19890199/0/pages/1989-0199-00030.html HTTP/1.0" 200 1880 "-" "Mozilla/5.0 (compatible; Yahoo! Slurp; http://help.yahoo.com/help/us/ysearch/slurp)"
72.30.110.158 - - [01/Jun/2006:02:26:09 -0800] "GET /gallery/photos/20020087/3/pages/2002-0087-00331.html HTTP/1.0" 200 1767 "-" "Mozilla/5.0 (compatible; Yahoo! Slurp; http://help.yahoo.com/help/us/ysearch/slurp)"
68.142.250.49 - - [01/Jun/2006:02:28:01 -0800] "GET /gallery/photos/20030024/2 HTTP/1.0" 301 362 "-" "Mozilla/5.0 (compatible; Yahoo! Slurp; http://help.yahoo.com/help/us/ysearch/slurp)"
68.142.250.49 - - [01/Jun/2006:02:28:02 -0800] "GET /gallery/photos/20030024/2/ HTTP/1.0" 200 7108 "-" "Mozilla/5.0 (compatible; Yahoo! Slurp; http://help.yahoo.com/help/us/ysearch/slurp)"
72.30.101.136 - - [01/Jun/2006:02:28:33 -0800] "GET /gallery/photos/20040086/0/pages/2004-0086-00046.htm HTTP/1.0" 200 1879 "-" "Mozilla/5.0 (compatible; Yahoo! Slurp; http://help.yahoo.com/help/us/ysearch/slurp)"
68.142.250.97 - - [01/Jun/2006:02:28:34 -0800] "GET /gallery/photos/20040111/03 HTTP/1.0" 301 363 "-" "Mozilla/5.0 (compatible; Yahoo! Slurp; http://help.yahoo.com/help/us/ysearch/slurp)"
68.142.250.97 - - [01/Jun/2006:02:28:34 -0800] "GET /gallery/photos/20040111/03/ HTTP/1.0" 200 7055 "-" "Mozilla/5.0 (compatible; Yahoo! Slurp; http://help.yahoo.com/help/us/ysearch/slurp)"
72.30.129.72 - - [01/Jun/2006:02:31:14 -0800] "GET /gallery/photos/20040086/0/pages/2004-0086-00073.htm HTTP/1.0" 200 1879 "-" "Mozilla/5.0 (compatible; Yahoo! Slurp; http://help.yahoo.com/help/us/ysearch/slurp)"
207.46.98.87 - - [01/Jun/2006:02:32:18 -0800] "GET /gallery/photos/19680041/2/index_2.htm HTTP/1.0" 200 4202 "-" "msnbot/1.0 (+http://search.msn.com/msnbot.htm)"
72.30.102.22 - - [01/Jun/2006:02:33:07 -0800] "GET /gallery/photos/20050115/pages/2005-0115-00004.html HTTP/1.0" 200 2091 "-" "Mozilla/5.0 (compatible; Yahoo! Slurp; http://help.yahoo.com/help/us/ysearch/slurp)"
207.46.98.87 - - [01/Jun/2006:02:33:27 -0800] "GET /gallery/photos/19940070/0/pages/1994-0070-00096.html HTTP/1.0" 200 6003 "-" "msnbot/1.0 (+http://search.msn.com/msnbot.htm)"
207.46.98.87 - - [01/Jun/2006:02:33:28 -0800] "GET /gallery/photos/19940070/0/pages/1994-0070-00094.html HTTP/1.0" 200 6003 "-" "msnbot/1.0 (+http://search.msn.com/msnbot.htm)"
207.46.98.87 - - [01/Jun/2006:02:33:34 -0800] "GET /gallery/photos/19940070/3/pages/1994-0070-00323.html HTTP/1.0" 200 5959 "-" "msnbot/1.0 (+http://search.msn.com/msnbot.htm)"
207.46.98.87 - - [01/Jun/2006:02:33:34 -0800] "GET /gallery/photos/19940070/3/pages/1994-0070-00346.html HTTP/1.0" 200 5959 "-" "msnbot/1.0 (+http://search.msn.com/msnbot.htm)"
207.46.98.87 - - [01/Jun/2006:02:33:35 -0800] "GET /gallery/photos/19940070/3/pages/1994-0070-00302.html HTTP/1.0" 200 5956 "-" "msnbot/1.0 (+http://search.msn.com/msnbot.htm)"
207.46.98.87 - - [01/Jun/2006:02:33:36 -0800] "GET /gallery/photos/19940070/3/pages/1994-0070-00367.html HTTP/1.0" 200 5959 "-" "msnbot/1.0 (+http://search.msn.com/msnbot.htm)"
207.46.98.87 - - [01/Jun/2006:02:33:36 -0800] "GET /gallery/photos/19940070/3/pages/1994-0070-00388.html HTTP/1.0" 200 5959 "-" "msnbot/1.0 (+http://search.msn.com/msnbot.htm)"
207.46.98.87 - - [01/Jun/2006:02:33:39 -0800] "GET /gallery/photos/19940070/3/pages/1994-0070-00344.html HTTP/1.0" 200 5959 "-" "msnbot/1.0 (+http://search.msn.com/msnbot.htm)"
207.46.98.87 - - [01/Jun/2006:02:33:40 -0800] "GET /gallery/photos/19940070/0/pages/1994-0070-00039.html HTTP/1.0" 200 6003 "-" "msnbot/1.0 (+http://search.msn.com/msnbot.htm)"
207.46.98.87 - - [01/Jun/2006:02:33:42 -0800] "GET /gallery/photos/19940070/0/pages/1994-0070-00058.html HTTP/1.0" 200 6003 "-" "msnbot/1.0 (+http://search.msn.com/msnbot.htm)"
207.46.98.87 - - [01/Jun/2006:02:33:44 -0800] "GET /gallery/photos/19940070/0/pages/1994-0070-00079.html HTTP/1.0" 200 6003 "-" "msnbot/1.0 (+http://search.msn.com/msnbot.htm)"
68.142.250.84 - - [01/Jun/2006:02:34:02 -0800] "GET /gallery/photos/19950244/10/pages/1995-0244-01004.html HTTP/1.0" 200 1885 "-" "Mozilla/5.0 (compatible; Yahoo! Slurp; http://help.yahoo.com/help/us/ysearch/slurp)"
217.212.224.146 - - [01/Jun/2006:02:40:46 -0800] "GET /gallery/photos/20040111/07/index_4.htm HTTP/1.0" 200 7208 "-" "psbot/0.1 (+http://www.picsearch.com/bot.html)"
72.30.132.118 - - [01/Jun/2006:02:43:39 -0800] "GET /gallery/photos/19910046/05/ HTTP/1.0" 200 7098 "-" "Mozilla/5.0 (compatible; Yahoo! Slurp; http://help.yahoo.com/help/us/ysearch/slurp)"
207.46.98.87 - - [01/Jun/2006:02:44:52 -0800] "GET /gallery/photos/19940070/3/pages/1994-0070-00365.html HTTP/1.0" 200 5959 "-" "msnbot/1.0 (+http://search.msn.com/msnbot.htm)"
207.46.98.87 - - [01/Jun/2006:02:44:58 -0800] "GET /gallery/photos/19940070/3/pages/1994-0070-00321.html HTTP/1.0" 200 5959 "-" "msnbot/1.0 (+http://search.msn.com/msnbot.htm)"
207.46.98.87 - - [01/Jun/2006:02:45:01 -0800] "GET /gallery/photos/19940070/3/pages/1994-0070-00382.html HTTP/1.0" 200 5959 "-" "msnbot/1.0 (+http://search.msn.com/msnbot.htm)"
207.46.98.87 - - [01/Jun/2006:02:45:06 -0800] "GET /gallery/photos/19940070/0/pages/1994-0070-00014.html HTTP/1.0" 200 6003 "-" "msnbot/1.0 (+http://search.msn.com/msnbot.htm)"
207.46.98.87 - - [01/Jun/2006:02:45:12 -0800] "GET /gallery/photos/19940070/0/pages/1994-0070-00050.html HTTP/1.0" 200 6003 "-" "msnbot/1.0 (+http://search.msn.com/msnbot.htm)"
72.30.104.206 - - [01/Jun/2006:02:45:12 -0800] "GET /gallery/photos/19700058/3/index_2.html HTTP/1.0" 200 7241 "-" "Mozilla/5.0 (compatible; Yahoo! Slurp; http://help.yahoo.com/help/us/ysearch/slurp)"
72.30.107.142 - - [01/Jun/2006:02:45:15 -0800] "GET /gallery/photos/19740130 HTTP/1.0" 301 360 "-" "Mozilla/5.0 (compatible; Yahoo! Slurp; http://help.yahoo.com/help/us/ysearch/slurp)"
72.30.107.142 - - [01/Jun/2006:02:45:16 -0800] "GET /gallery/photos/19740130/ HTTP/1.0" 200 7092 "-" "Mozilla/5.0 (compatible; Yahoo! Slurp; http://help.yahoo.com/help/us/ysearch/slurp)"
72.30.107.134 - - [01/Jun/2006:02:45:51 -0800] "GET /gallery/photos/19690092/0/pages/1969-0092-00023.html HTTP/1.0" 200 1765 "-" "Mozilla/5.0 (compatible; Yahoo! Slurp; http://help.yahoo.com/help/us/ysearch/slurp)"
217.212.224.165 - - [01/Jun/2006:02:46:55 -0800] "GET /gallery/photos/20040111/07/index_5.htm HTTP/1.0" 200 7208 "-" "psbot/0.1 (+http://www.picsearch.com/bot.html)"
72.30.133.202 - - [01/Jun/2006:02:47:02 -0800] "GET /gallery/photos/20020134/pages/2002-0134-00032.html HTTP/1.0" 200 1769 "-" "Mozilla/5.0 (compatible; Yahoo! Slurp; http://help.yahoo.com/help/us/ysearch/slurp)"
217.212.224.165 - - [01/Jun/2006:02:47:36 -0800] "GET /gallery/photos/20040111/07/pages/2004-0111-00753.htm HTTP/1.0" 200 1885 "-" "psbot/0.1 (+http://www.picsearch.com/bot.html)"
207.46.98.87 - - [01/Jun/2006:02:47:43 -0800] "GET /gallery/photos/19640042/3/pages/1964-0042-00389.htm HTTP/1.0" 200 1884 "-" "msnbot/1.0 (+http://search.msn.com/msnbot.htm)"
207.46.98.87 - - [01/Jun/2006:02:47:49 -0800] "GET /gallery/photos/19890199/1/pages/1989-0199-00115.html HTTP/1.0" 200 1878 "-" "msnbot/1.0 (+http://search.msn.com/msnbot.htm)"
207.46.98.87 - - [01/Jun/2006:02:48:13 -0800] "GET /gallery/photos/19950244/12/pages/1995-0244-01257.html HTTP/1.0" 200 1888 "-" "msnbot/1.0 (+http://search.msn.com/msnbot.htm)"
217.212.224.146 - - [01/Jun/2006:02:48:17 -0800] "GET /gallery/photos/20040111/07/pages/2004-0111-00754.htm HTTP/1.0" 200 1885 "-" "psbot/0.1 (+http://www.picsearch.com/bot.html)"
217.212.224.142 - - [01/Jun/2006:02:48:59 -0800] "GET /gallery/photos/20040111/07/pages/2004-0111-00755.htm HTTP/1.0" 200 1885 "-" "psbot/0.1 (+http://www.picsearch.com/bot.html)"
217.212.224.146 - - [01/Jun/2006:02:49:40 -0800] "GET /gallery/photos/20040111/07/pages/2004-0111-00756.htm HTTP/1.0" 200 1885 "-" "psbot/0.1 (+http://www.picsearch.com/bot.html)"
217.212.224.159 - - [01/Jun/2006:02:50:24 -0800] "GET /gallery/photos/20040111/07/pages/2004-0111-00757.htm HTTP/1.0" 200 1885 "-" "psbot/0.1 (+http://www.picsearch.com/bot.html)"
217.212.224.143 - - [01/Jun/2006:02:51:03 -0800] "GET /gallery/photos/20040111/07/pages/2004-0111-00758.htm HTTP/1.0" 200 1885 "-" "psbot/0.1 (+http://www.picsearch.com/bot.html)"
72.30.98.21 - - [01/Jun/2006:02:51:27 -0800] "GET /gallery/photos/19990293/2/pages/1999-0293-00204.html HTTP/1.0" 200 1766 "-" "Mozilla/5.0 (compatible; Yahoo! Slurp; http://help.yahoo.com/help/us/ysearch/slurp)"
72.30.98.21 - - [01/Jun/2006:02:51:29 -0800] "GET /gallery/photos/19890199/0/pages/1989-0199-00059.html HTTP/1.0" 200 1880 "-" "Mozilla/5.0 (compatible; Yahoo! Slurp; http://help.yahoo.com/help/us/ysearch/slurp)"
66.249.72.42 - - [01/Jun/2006:02:50:45 -0800] "GET /gallery/bookdoc/constitution/constitution.pdf HTTP/1.1" 200 3487690 "-" "Mozilla/5.0 (compatible; Googlebot/2.1; +http://www.google.com/bot.html)"
66.249.72.42 - - [01/Jun/2006:02:51:42 -0800] "GET /gallery/photos/20030063/1/pages/2003-0063-00123.html HTTP/1.1" 200 1758 "-" "Mozilla/5.0 (compatible; Googlebot/2.1; +http://www.google.com/bot.html)"
72.30.107.142 - - [01/Jun/2006:02:51:47 -0800] "GET /gallery/photos/19680041/2/pages/1968-0041-00214.htm HTTP/1.0" 200 1889 "-" "Mozilla/5.0 (compatible; Yahoo! Slurp; http://help.yahoo.com/help/us/ysearch/slurp)"
217.212.224.143 - - [01/Jun/2006:02:51:45 -0800] "GET /gallery/photos/20040111/07/pages/2004-0111-00759.htm HTTP/1.0" 200 1885 "-" "psbot/0.1 (+http://www.picsearch.com/bot.html)"
217.212.224.159 - - [01/Jun/2006:02:52:29 -0800] "GET /gallery/photos/20040111/07/pages/2004-0111-00760.htm HTTP/1.0" 200 1885 "-" "psbot/0.1 (+http://www.picsearch.com/bot.html)"
217.212.224.142 - - [01/Jun/2006:02:53:09 -0800] "GET /gallery/photos/20040111/07/pages/2004-0111-00761.htm HTTP/1.0" 200 1885 "-" "psbot/0.1 (+http://www.picsearch.com/bot.html)"
38.113.234.181 - - [01/Jun/2006:02:53:46 -0800] "GET /gallery/photos/19940096/3/ HTTP/1.0" 200 9096 "-" "voyager/1.0"
217.212.224.143 - - [01/Jun/2006:02:53:49 -0800] "GET /gallery/photos/20040111/07/pages/2004-0111-00762.htm HTTP/1.0" 200 1885 "-" "psbot/0.1 (+http://www.picsearch.com/bot.html)"
72.30.132.34 - - [01/Jun/2006:02:53:50 -0800] "GET /robots.txt HTTP/1.0" 200 96 "-" "Mozilla/5.0 (compatible; Yahoo! Slurp; http://help.yahoo.com/help/us/ysearch/slurp)"
72.30.132.157 - - [01/Jun/2006:02:53:51 -0800] "GET /gallery/photos/19880041/2/index.htm HTTP/1.0" 200 7049 "-" "Mozilla/5.0 (compatible; Yahoo! Slurp; http://help.yahoo.com/help/us/ysearch/slurp)"
72.30.133.35 - - [01/Jun/2006:02:54:07 -0800] "GET /robots.txt HTTP/1.0" 200 96 "-" "Mozilla/5.0 (compatible; Yahoo! Slurp; http://help.yahoo.com/help/us/ysearch/slurp)"
72.30.128.208 - - [01/Jun/2006:02:54:08 -0800] "GET /gallery/photos/20040110/10/ HTTP/1.0" 200 7059 "-" "Mozilla/5.0 (compatible; Yahoo! Slurp; http://help.yahoo.com/help/us/ysearch/slurp)"
217.212.224.159 - - [01/Jun/2006:02:54:30 -0800] "GET /gallery/photos/20040111/07/pages/2004-0111-00763.htm HTTP/1.0" 200 1885 "-" "psbot/0.1 (+http://www.picsearch.com/bot.html)"
72.30.128.11 - - [01/Jun/2006:02:54:30 -0800] "GET /gallery/photos/20020134/pages/2002-0134-00035.html HTTP/1.0" 200 1769 "-" "Mozilla/5.0 (compatible; Yahoo! Slurp; http://help.yahoo.com/help/us/ysearch/slurp)"
66.249.72.42 - - [01/Jun/2006:02:51:43 -0800] "GET /gallery/bookdoc/C0022/C0022.pdf HTTP/1.1" 200 13289080 "-" "Mozilla/5.0 (compatible; Googlebot/2.1; +http://www.google.com/bot.html)"
207.46.98.88 - - [01/Jun/2006:02:55:03 -0800] "GET /gallery/photos/20020087/4/pages/2002-0087-00410.html HTTP/1.0" 200 1765 "-" "msnbot/1.0 (+http://search.msn.com/msnbot.htm)"
217.212.224.143 - - [01/Jun/2006:02:55:13 -0800] "GET /gallery/photos/20040111/07/pages/2004-0111-00724.htm HTTP/1.0" 200 1885 "-" "psbot/0.1 (+http://www.picsearch.com/bot.html)"
217.212.224.143 - - [01/Jun/2006:02:55:55 -0800] "GET /gallery/photos/20040111/07/pages/2004-0111-00725.htm HTTP/1.0" 200 1885 "-" "psbot/0.1 (+http://www.picsearch.com/bot.html)"
66.249.72.42 - - [01/Jun/2006:02:56:22 -0800] "GET /gallery/photos/20020134/pages/2002-0134-00114.html HTTP/1.1" 200 1770 "-" "Mozilla/5.0 (compatible; Googlebot/2.1; +http://www.google.com/bot.html)"
66.249.72.42 - - [01/Jun/2006:02:56:24 -0800] "GET /gallery/photos/19900080/0/pages/1990-0080-00111.html HTTP/1.1" 200 1880 "-" "Mozilla/5.0 (compatible; Googlebot/2.1; +http://www.google.com/bot.html)"
217.212.224.165 - - [01/Jun/2006:02:56:39 -0800] "GET /gallery/photos/20040111/07/pages/2004-0111-00726.htm HTTP/1.0" 200 1885 "-" "psbot/0.1 (+http://www.picsearch.com/bot.html)"
72.30.132.214 - - [01/Jun/2006:02:56:46 -0800] "GET /gallery/photos/19950244/06/ HTTP/1.0" 200 7080 "-" "Mozilla/5.0 (compatible; Yahoo! Slurp; http://help.yahoo.com/help/us/ysearch/slurp)"
66.249.72.42 - - [01/Jun/2006:02:56:55 -0800] "GET /gallery/photos/19990204/pages/1999-0204-00111.html HTTP/1.1" 200 1770 "-" "Mozilla/5.0 (compatible; Googlebot/2.1; +http://www.google.com/bot.html)"
217.212.224.143 - - [01/Jun/2006:02:57:19 -0800] "GET /gallery/photos/20040111/07/pages/2004-0111-00727.htm HTTP/1.0" 200 1885 "-" "psbot/0.1 (+http://www.picsearch.com/bot.html)"
66.249.72.42 - - [01/Jun/2006:02:57:25 -0800] "GET /gallery/photos/19900043/09/pages/1990-0043-00993.html HTTP/1.1" 200 1767 "-" "Mozilla/5.0 (compatible; Googlebot/2.1; +http://www.google.com/bot.html)"
66.249.72.42 - - [01/Jun/2006:02:57:55 -0800] "GET /gallery/photos/19740130/pages/1974-0130-00113.html HTTP/1.1" 200 1754 "-" "Mozilla/5.0 (compatible; Googlebot/2.1; +http://www.google.com/bot.html)"
217.212.224.165 - - [01/Jun/2006:02:58:00 -0800] "GET /gallery/photos/20040111/07/pages/2004-0111-00728.htm HTTP/1.0" 200 1885 "-" "psbot/0.1 (+http://www.picsearch.com/bot.html)"
66.249.72.42 - - [01/Jun/2006:02:58:25 -0800] "GET /gallery/photos/19900080/0/pages/1990-0080-00116.html HTTP/1.1" 200 1880 "-" "Mozilla/5.0 (compatible; Googlebot/2.1; +http://www.google.com/bot.html)"
217.212.224.143 - - [01/Jun/2006:02:58:42 -0800] "GET /gallery/photos/20040111/07/pages/2004-0111-00729.htm HTTP/1.0" 200 1885 "-" "psbot/0.1 (+http://www.picsearch.com/bot.html)"
66.249.72.42 - - [01/Jun/2006:02:58:55 -0800] "GET /gallery/photos/19900043/09/pages/1990-0043-00991.html HTTP/1.1" 200 1767 "-" "Mozilla/5.0 (compatible; Googlebot/2.1; +http://www.google.com/bot.html)"
195.146.231.26 - - [01/Jun/2006:02:58:58 -0800] "GET /index_files/lib.css HTTP/1.1" 200 2809 "http://photolab.elmer.uaf.edu/gallery/maps/mapg3200.html" "Mozilla/4.0 (compatible; MSIE 6.0; Windows NT 5.1; SV1; .NET CLR 1.1.4322)"
195.146.231.26 - - [01/Jun/2006:02:58:58 -0800] "GET /gallery/maps/mapg3200.html HTTP/1.1" 200 17235 "http://images.google.fr/imgres?imgurl=http://photolab.elmer.uaf.edu/gallery/maps/G3200/large/G3200%2520%255B1798%255D%2520R622.jpg&imgrefurl=http://photolab.elmer.uaf.edu/gallery/maps/mapg3200.html&h=828&w=1200&sz=160&tbnid=q6RGbR5hHv_uVM:&tbnh=103&tbnw=150&hl=fr&start=33&prev=/images%3Fq%3Dmappemonde%26start%3D20%26imgsz%3Dxxlarge%26svnum%3D10%26hl%3Dfr%26lr%3D%26safe%3Doff%26sa%3DN" "Mozilla/4.0 (compatible; MSIE 6.0; Windows NT 5.1; SV1; .NET CLR 1.1.4322)"
195.146.231.26 - - [01/Jun/2006:02:58:59 -0800] "GET /index_files/apr.jpg HTTP/1.1" 200 6015 "http://photolab.elmer.uaf.edu/gallery/maps/mapg3200.html" "Mozilla/4.0 (compatible; MSIE 6.0; Windows NT 5.1; SV1; .NET CLR 1.1.4322)"
195.146.231.26 - - [01/Jun/2006:02:59:00 -0800] "GET /index_files/empty.gif HTTP/1.1" 200 45 "http://photolab.elmer.uaf.edu/gallery/maps/mapg3200.html" "Mozilla/4.0 (compatible; MSIE 6.0; Windows NT 5.1; SV1; .NET CLR 1.1.4322)"
195.146.231.26 - - [01/Jun/2006:02:58:59 -0800] "GET /index_files/title.jpg HTTP/1.1" 200 5438 "http://photolab.elmer.uaf.edu/gallery/maps/mapg3200.html" "Mozilla/4.0 (compatible; MSIE 6.0; Windows NT 5.1; SV1; .NET CLR 1.1.4322)"
195.146.231.26 - - [01/Jun/2006:02:59:01 -0800] "GET /index_files/bar.gif HTTP/1.1" 200 342 "http://photolab.elmer.uaf.edu/gallery/maps/mapg3200.html" "Mozilla/4.0 (compatible; MSIE 6.0; Windows NT 5.1; SV1; .NET CLR 1.1.4322)"
195.146.231.26 - - [01/Jun/2006:02:59:01 -0800] "GET /gallery/maps/G3200/large/G3200%20%5B1798%5D%20R622.jpg HTTP/1.1" 200 187768 "http://images.google.fr/imgres?imgurl=http://photolab.elmer.uaf.edu/gallery/maps/G3200/large/G3200%2520%255B1798%255D%2520R622.jpg&imgrefurl=http://photolab.elmer.uaf.edu/gallery/maps/mapg3200.html&h=828&w=1200&sz=160&tbnid=q6RGbR5hHv_uVM:&tbnh=103&tbnw=150&hl=fr&prev=/images%3Fq%3Dmappemonde%26start%3D20%26imgsz%3Dxxlarge%26svnum%3D10%26hl%3Dfr%26lr%3D%26safe%3Doff%26sa%3DN&frame=small" "Mozilla/4.0 (compatible; MSIE 6.0; Windows NT 5.1; SV1; .NET CLR 1.1.4322)"
195.146.231.26 - - [01/Jun/2006:02:59:19 -0800] "GET /index_files/title.jpg HTTP/1.1" 206 1342 "http://photolab.elmer.uaf.edu/gallery/maps/mapg3200.html" "Mozilla/4.0 (compatible; MSIE 6.0; Windows NT 5.1; SV1; .NET CLR 1.1.4322)"
195.146.231.26 - - [01/Jun/2006:02:59:20 -0800] "GET /index_files/empty.gif HTTP/1.1" 200 45 "http://photolab.elmer.uaf.edu/gallery/maps/mapg3200.html" "Mozilla/4.0 (compatible; MSIE 6.0; Windows NT 5.1; SV1; .NET CLR 1.1.4322)"
195.146.231.26 - - [01/Jun/2006:02:59:20 -0800] "GET /index_files/small.dps.jpg HTTP/1.1" 200 5830 "http://photolab.elmer.uaf.edu/gallery/maps/mapg3200.html" "Mozilla/4.0 (compatible; MSIE 6.0; Windows NT 5.1; SV1; .NET CLR 1.1.4322)"
195.146.231.26 - - [01/Jun/2006:02:59:20 -0800] "GET /index_files/small_002.jpg HTTP/1.1" 200 1351 "http://photolab.elmer.uaf.edu/gallery/maps/mapg3200.html" "Mozilla/4.0 (compatible; MSIE 6.0; Windows NT 5.1; SV1; .NET CLR 1.1.4322)"
66.249.72.42 - - [01/Jun/2006:02:59:24 -0800] "GET /gallery/photos/19900043/09/pages/1990-0043-00989.html HTTP/1.1" 200 1767 "-" "Mozilla/5.0 (compatible; Googlebot/2.1; +http://www.google.com/bot.html)"
217.212.224.159 - - [01/Jun/2006:02:59:24 -0800] "GET /gallery/photos/20040111/07/pages/2004-0111-00730.htm HTTP/1.0" 200 1885 "-" "psbot/0.1 (+http://www.picsearch.com/bot.html)"
72.30.133.19 - - [01/Jun/2006:02:59:47 -0800] "GET /gallery/photos/20020093/pages/2002-0093-00054.html HTTP/1.0" 200 1775 "-" "Mozilla/5.0 (compatible; Yahoo! Slurp; http://help.yahoo.com/help/us/ysearch/slurp)"
66.249.72.42 - - [01/Jun/2006:02:59:53 -0800] "GET /gallery/photos/19990204/pages/1999-0204-00120.html HTTP/1.1" 200 1770 "-" "Mozilla/5.0 (compatible; Googlebot/2.1; +http://www.google.com/bot.html)"
217.212.224.143 - - [01/Jun/2006:03:00:06 -0800] "GET /gallery/photos/20040111/07/pages/2004-0111-00731.htm HTTP/1.0" 200 1885 "-" "psbot/0.1 (+http://www.picsearch.com/bot.html)"
66.249.72.42 - - [01/Jun/2006:03:00:21 -0800] "GET /gallery/photos/19900080/0/pages/1990-0080-00120.html HTTP/1.1" 200 1880 "-" "Mozilla/5.0 (compatible; Googlebot/2.1; +http://www.google.com/bot.html)"
66.249.72.42 - - [01/Jun/2006:03:00:50 -0800] "GET /gallery/photos/19900007/0/pages/1990-0007-00120.html HTTP/1.1" 200 1757 "-" "Mozilla/5.0 (compatible; Googlebot/2.1; +http://www.google.com/bot.html)"
72.30.102.22 - - [01/Jun/2006:03:01:12 -0800] "GET /gallery/photos/20020032/pages/2002-0032-00011.html HTTP/1.0" 200 1882 "-" "Mozilla/5.0 (compatible; Yahoo! Slurp; http://help.yahoo.com/help/us/ysearch/slurp)"
66.249.72.42 - - [01/Jun/2006:03:01:18 -0800] "GET /gallery/photos/20030129/1/index_11.html HTTP/1.1" 200 7256 "-" "Mozilla/5.0 (compatible; Googlebot/2.1; +http://www.google.com/bot.html)"
72.30.129.23 - - [01/Jun/2006:03:01:28 -0800] "GET /gallery/photos/19940096/0/pages/1994-0096-00006.html HTTP/1.0" 200 1900 "-" "Mozilla/5.0 (compatible; Yahoo! Slurp; http://help.yahoo.com/help/us/ysearch/slurp)"
66.249.72.42 - - [01/Jun/2006:03:01:45 -0800] "GET /gallery/photos/19800068/0/pages/1980-0068-00031.html HTTP/1.1" 200 1860 "-" "Mozilla/5.0 (compatible; Googlebot/2.1; +http://www.google.com/bot.html)"
72.30.111.216 - - [01/Jun/2006:03:03:34 -0800] "GET /gallery/photos/20040145/2/pages/2004-0145-00202.htm HTTP/1.0" 200 1887 "-" "Mozilla/5.0 (compatible; Yahoo! Slurp; http://help.yahoo.com/help/us/ysearch/slurp)"
207.46.98.88 - - [01/Jun/2006:03:04:39 -0800] "GET /gallery/photos/20040086/0/pages/2004-0086-00074.htm HTTP/1.0" 200 1879 "-" "msnbot/1.0 (+http://search.msn.com/msnbot.htm)"
72.30.128.206 - - [01/Jun/2006:03:04:45 -0800] "GET /gallery/photos/20020087/3/pages/2002-0087-00344.html HTTP/1.0" 200 1767 "-" "Mozilla/5.0 (compatible; Yahoo! Slurp; http://help.yahoo.com/help/us/ysearch/slurp)"
66.249.72.42 - - [01/Jun/2006:03:02:13 -0800] "GET /gallery/bookdoc/C0022/C0022.pdf HTTP/1.1" 200 13289080 "-" "Mozilla/5.0 (compatible; Googlebot/2.1; +http://www.google.com/bot.html)"
72.30.128.137 - - [01/Jun/2006:03:05:36 -0800] "GET /gallery/photos/19640042/1/pages/1964-0042-00114.htm HTTP/1.0" 200 1884 "-" "Mozilla/5.0 (compatible; Yahoo! Slurp; http://help.yahoo.com/help/us/ysearch/slurp)"
72.30.128.137 - - [01/Jun/2006:03:05:36 -0800] "GET /gallery/photos/19640042/4/pages/1964-0042-00447.htm HTTP/1.0" 200 1884 "-" "Mozilla/5.0 (compatible; Yahoo! Slurp; http://help.yahoo.com/help/us/ysearch/slurp)"
72.30.98.205 - - [01/Jun/2006:03:07:59 -0800] "GET /gallery/photos/19890199/0/pages/1989-0199-00032.html HTTP/1.0" 200 1880 "-" "Mozilla/5.0 (compatible; Yahoo! Slurp; http://help.yahoo.com/help/us/ysearch/slurp)"
68.142.251.73 - - [01/Jun/2006:03:08:26 -0800] "GET /robots.txt HTTP/1.0" 200 96 "-" "Mozilla/5.0 (compatible; Yahoo! Slurp; http://help.yahoo.com/help/us/ysearch/slurp)"
68.142.249.73 - - [01/Jun/2006:03:08:26 -0800] "GET /gallery/photos/20020134/pages/2002-0134-00032.html HTTP/1.0" 200 1769 "-" "Mozilla/5.0 (compatible; Yahoo! Slurp; http://help.yahoo.com/help/us/ysearch/slurp)"
66.249.72.42 - - [01/Jun/2006:03:07:18 -0800] "GET /gallery/bookdoc/C0022/C0022.pdf HTTP/1.1" 200 13289080 "-" "Mozilla/5.0 (compatible; Googlebot/2.1; +http://www.google.com/bot.html)"
72.30.132.18 - - [01/Jun/2006:03:10:47 -0800] "GET /gallery/photos/19640042/4/pages/1964-0042-00436.htm HTTP/1.0" 200 1884 "-" "Mozilla/5.0 (compatible; Yahoo! Slurp; http://help.yahoo.com/help/us/ysearch/slurp)"
68.142.249.200 - - [01/Jun/2006:03:11:23 -0800] "GET /gallery/photos/19660054 HTTP/1.0" 301 360 "-" "Mozilla/5.0 (compatible; Yahoo! Slurp; http://help.yahoo.com/help/us/ysearch/slurp)"
68.142.249.200 - - [01/Jun/2006:03:11:23 -0800] "GET /gallery/photos/19660054/ HTTP/1.0" 200 954 "-" "Mozilla/5.0 (compatible; Yahoo! Slurp; http://help.yahoo.com/help/us/ysearch/slurp)"
72.30.103.95 - - [01/Jun/2006:03:11:36 -0800] "GET /gallery/photos/19940070/1/pages/1994-0070-00101.html HTTP/1.0" 200 5956 "-" "Mozilla/5.0 (compatible; Yahoo! Slurp; http://help.yahoo.com/help/us/ysearch/slurp)"
72.30.103.95 - - [01/Jun/2006:03:11:56 -0800] "GET /gallery/photos/19900080/0/pages/1990-0080-00027.html HTTP/1.0" 200 1878 "-" "Mozilla/5.0 (compatible; Yahoo! Slurp; http://help.yahoo.com/help/us/ysearch/slurp)"
207.46.98.88 - - [01/Jun/2006:03:14:31 -0800] "GET /gallery/photos/19900080/0/pages/1990-0080-00027.html HTTP/1.0" 200 1878 "-" "msnbot/1.0 (+http://search.msn.com/msnbot.htm)"
72.30.132.16 - - [01/Jun/2006:03:14:32 -0800] "GET /gallery/photos/19700058/3/index.html HTTP/1.0" 200 7097 "-" "Mozilla/5.0 (compatible; Yahoo! Slurp; http://help.yahoo.com/help/us/ysearch/slurp)"
207.46.98.88 - - [01/Jun/2006:03:14:51 -0800] "GET /gallery/photos/19640042/1/pages/1964-0042-00140.htm HTTP/1.0" 200 1884 "-" "msnbot/1.0 (+http://search.msn.com/msnbot.htm)"
207.46.98.88 - - [01/Jun/2006:03:15:25 -0800] "GET /gallery/photos/19810192/pages/1981-0192-00031.html HTTP/1.0" 200 1890 "-" "msnbot/1.0 (+http://search.msn.com/msnbot.htm)"
207.46.98.88 - - [01/Jun/2006:03:15:27 -0800] "GET /gallery/photos/20030163/pages/2003-0163-00026m.html HTTP/1.0" 200 1870 "-" "msnbot/1.0 (+http://search.msn.com/msnbot.htm)"
207.46.98.88 - - [01/Jun/2006:03:15:27 -0800] "GET /gallery/photos/19680069/26/pages/1968-0069-02671.html HTTP/1.0" 200 1769 "-" "msnbot/1.0 (+http://search.msn.com/msnbot.htm)"
207.46.98.88 - - [01/Jun/2006:03:15:27 -0800] "GET /gallery/photos/20030063/0/pages/2003-0063-00064.html HTTP/1.0" 200 1758 "-" "msnbot/1.0 (+http://search.msn.com/msnbot.htm)"
217.212.224.165 - - [01/Jun/2006:03:15:35 -0800] "GET /gallery/photos/20040111/07/pages/2004-0111-00737.htm HTTP/1.0" 200 1885 "-" "psbot/0.1 (+http://www.picsearch.com/bot.html)"
72.30.111.32 - - [01/Jun/2006:03:16:15 -0800] "GET /gallery/photos/19690092/8/pages/1969-0092-00807.html HTTP/1.0" 200 1763 "-" "Mozilla/5.0 (compatible; Yahoo! Slurp; http://help.yahoo.com/help/us/ysearch/slurp)"
66.249.72.42 - - [01/Jun/2006:03:13:30 -0800] "GET /gallery/bookdoc/C0022/C0022.pdf HTTP/1.1" 200 13289080 "-" "Mozilla/5.0 (compatible; Googlebot/2.1; +http://www.google.com/bot.html)"
68.142.249.183 - - [01/Jun/2006:03:16:53 -0800] "GET /gallery/photos/20020155 HTTP/1.0" 301 360 "-" "Mozilla/5.0 (compatible; Yahoo! Slurp; http://help.yahoo.com/help/us/ysearch/slurp)"
68.142.249.183 - - [01/Jun/2006:03:16:53 -0800] "GET /gallery/photos/20020155/ HTTP/1.0" 200 7101 "-" "Mozilla/5.0 (compatible; Yahoo! Slurp; http://help.yahoo.com/help/us/ysearch/slurp)"
72.30.103.33 - - [01/Jun/2006:03:17:13 -0800] "GET /gallery/photos/20040143/0/pages/2004-0143-00012.htm HTTP/1.0" 200 1891 "-" "Mozilla/5.0 (compatible; Yahoo! Slurp; http://help.yahoo.com/help/us/ysearch/slurp)"
72.30.101.210 - - [01/Jun/2006:03:21:55 -0800] "GET /gallery/photos/20040069/pages/2002-0032-00001.html HTTP/1.0" 200 1725 "-" "Mozilla/5.0 (compatible; Yahoo! Slurp; http://help.yahoo.com/help/us/ysearch/slurp)"
72.30.111.19 - - [01/Jun/2006:03:22:02 -0800] "GET /gallery/photos/19680041/2/pages/1968-0041-00204.htm HTTP/1.0" 200 1886 "-" "Mozilla/5.0 (compatible; Yahoo! Slurp; http://help.yahoo.com/help/us/ysearch/slurp)"
72.30.133.100 - - [01/Jun/2006:03:22:56 -0800] "GET /gallery/photos/20040086/1/pages/2004-0086-00113.htm HTTP/1.0" 200 1879 "-" "Mozilla/5.0 (compatible; Yahoo! Slurp; http://help.yahoo.com/help/us/ysearch/slurp)"
66.249.72.42 - - [01/Jun/2006:03:20:46 -0800] "GET /gallery/bookdoc/C0022/C0022.pdf HTTP/1.1" 200 13289080 "-" "Mozilla/5.0 (compatible; Googlebot/2.1; +http://www.google.com/bot.html)"
72.30.133.202 - - [01/Jun/2006:03:23:44 -0800] "GET /gallery/photos/20010129/0/pages/2001-0129-00035.html HTTP/1.0" 200 1762 "-" "Mozilla/5.0 (compatible; Yahoo! Slurp; http://help.yahoo.com/help/us/ysearch/slurp)"
72.30.111.90 - - [01/Jun/2006:03:24:06 -0800] "GET /gallery/photos/19750209/pages/1975-0209-00049.html HTTP/1.0" 200 1877 "-" "Mozilla/5.0 (compatible; Yahoo! Slurp; http://help.yahoo.com/help/us/ysearch/slurp)"
72.30.111.148 - - [01/Jun/2006:03:26:12 -0800] "GET /robots.txt HTTP/1.0" 200 96 "-" "Mozilla/5.0 (compatible; Yahoo! Slurp; http://help.yahoo.com/help/us/ysearch/slurp)"
72.30.111.223 - - [01/Jun/2006:03:26:13 -0800] "GET /gallery/photos/20020087/0/pages/2002-0087-00034.html HTTP/1.0" 200 1767 "-" "Mozilla/5.0 (compatible; Yahoo! Slurp; http://help.yahoo.com/help/us/ysearch/slurp)"
207.46.98.86 - - [01/Jun/2006:03:26:46 -0800] "GET /robots.txt HTTP/1.0" 200 96 "-" "msnbot/1.0 (+http://search.msn.com/msnbot.htm)"
207.46.98.86 - - [01/Jun/2006:03:26:47 -0800] "GET /gallery/photos/19910046/06/pages/1991-0046-00696.html HTTP/1.0" 200 1760 "-" "msnbot/1.0 (+http://search.msn.com/msnbot.htm)"
72.30.103.30 - - [01/Jun/2006:03:27:30 -0800] "GET /gallery/photos/19750178/pages/1975-0178-00019.html HTTP/1.0" 200 1874 "-" "Mozilla/5.0 (compatible; Yahoo! Slurp; http://help.yahoo.com/help/us/ysearch/slurp)"
72.30.98.151 - - [01/Jun/2006:03:28:04 -0800] "GET /gallery/photos/19690092/0/pages/1969-0092-00026.html HTTP/1.0" 200 1765 "-" "Mozilla/5.0 (compatible; Yahoo! Slurp; http://help.yahoo.com/help/us/ysearch/slurp)"
207.46.98.86 - - [01/Jun/2006:03:28:35 -0800] "GET /gallery/photos/19880051/pages/1988-0051-00017.html HTTP/1.0" 200 1860 "-" "msnbot/1.0 (+http://search.msn.com/msnbot.htm)"
66.249.72.42 - - [01/Jun/2006:03:29:01 -0800] "GET /gallery/bookdoc/C0022/C0022.pdf HTTP/1.1" 200 13289080 "-" "Mozilla/5.0 (compatible; Googlebot/2.1; +http://www.google.com/bot.html)"
72.30.129.136 - - [01/Jun/2006:03:33:30 -0800] "GET /gallery/photos/20020093/pages/2002-0093-00058.html HTTP/1.0" 200 1775 "-" "Mozilla/5.0 (compatible; Yahoo! Slurp; http://help.yahoo.com/help/us/ysearch/slurp)"
72.30.101.151 - - [01/Jun/2006:03:34:31 -0800] "GET /gallery/photos/20040109/pages/2004-0109-00023.htm HTTP/1.0" 200 1884 "-" "Mozilla/5.0 (compatible; Yahoo! Slurp; http://help.yahoo.com/help/us/ysearch/slurp)"
207.46.98.87 - - [01/Jun/2006:03:38:24 -0800] "GET /robots.txt HTTP/1.0" 200 96 "-" "msnbot/1.0 (+http://search.msn.com/msnbot.htm)"
207.46.98.87 - - [01/Jun/2006:03:38:24 -0800] "GET /gallery/photos/20030174/3/pages/2003-0174-00339.html HTTP/1.0" 200 1879 "-" "msnbot/1.0 (+http://search.msn.com/msnbot.htm)"
72.30.102.22 - - [01/Jun/2006:03:40:42 -0800] "GET /gallery/photos/19940096/0/index.html HTTP/1.0" 200 9096 "-" "Mozilla/5.0 (compatible; Yahoo! Slurp; http://help.yahoo.com/help/us/ysearch/slurp)"
72.30.107.95 - - [01/Jun/2006:03:44:15 -0800] "GET /gallery/photos/19640042/2/pages/1964-0042-00205.htm HTTP/1.0" 200 1881 "-" "Mozilla/5.0 (compatible; Yahoo! Slurp; http://help.yahoo.com/help/us/ysearch/slurp)"
72.30.133.216 - - [01/Jun/2006:03:45:53 -0800] "GET /gallery/photos/19700058/3/pages/1970-0058-00312.html HTTP/1.0" 200 1759 "-" "Mozilla/5.0 (compatible; Yahoo! Slurp; http://help.yahoo.com/help/us/ysearch/slurp)"
66.194.6.73 - - [01/Jun/2006:03:47:41 -0800] "GET / HTTP/1.1" 200 9427 "-" "Mozilla/5.0 (compatible; Konqueror/3.0-rc1; i686 Linux; 20020206)"
72.30.128.219 - - [01/Jun/2006:03:48:31 -0800] "GET /gallery/photos/19690092/0/index_3.html HTTP/1.0" 200 7249 "-" "Mozilla/5.0 (compatible; Yahoo! Slurp; http://help.yahoo.com/help/us/ysearch/slurp)"
207.46.98.87 - - [01/Jun/2006:03:49:14 -0800] "GET /gallery/photos/20020015/0/index_9.html HTTP/1.0" 200 2637 "-" "msnbot/1.0 (+http://search.msn.com/msnbot.htm)"
207.46.98.87 - - [01/Jun/2006:03:49:21 -0800] "GET /gallery/photos/19940070/0/pages/1994-0070-00073.html HTTP/1.0" 200 6003 "-" "msnbot/1.0 (+http://search.msn.com/msnbot.htm)"
207.46.98.87 - - [01/Jun/2006:03:49:21 -0800] "GET /gallery/photos/19940070/0/pages/1994-0070-00037.html HTTP/1.0" 200 6003 "-" "msnbot/1.0 (+http://search.msn.com/msnbot.htm)"
72.30.107.92 - - [01/Jun/2006:03:50:15 -0800] "GET /gallery/photos/19960190/pages/1996-0190-00020.html HTTP/1.0" 200 1880 "-" "Mozilla/5.0 (compatible; Yahoo! Slurp; http://help.yahoo.com/help/us/ysearch/slurp)"
72.30.107.90 - - [01/Jun/2006:03:53:32 -0800] "GET /gallery/photos/19690092/2/pages/1969-0092-00214.html HTTP/1.0" 200 1763 "-" "Mozilla/5.0 (compatible; Yahoo! Slurp; http://help.yahoo.com/help/us/ysearch/slurp)"
212.152.29.120 - - [01/Jun/2006:03:56:47 -0800] "GET /gallery/maps/mapg3350.html HTTP/1.1" 200 19434 "http://images.google.be/imgres?imgurl=http://photolab.elmer.uaf.edu/gallery/maps/G3300/small/G3350%25201798%2520R622%2520no.17.jpg&imgrefurl=http://photolab.elmer.uaf.edu/gallery/maps/mapg3350.html&h=82&w=100&sz=15&tbnid=U1X-xmrnwrgGzM:&tbnh=63&tbnw=77&hl=fr&start=198&prev=/images%3Fq%3Dfregates%26start%3D180%26svnum%3D10%26hl%3Dfr%26lr%3D%26sa%3DN" "Mozilla/4.0 (compatible; MSIE 6.0; Windows NT 5.1; SV1; FunWebProducts)"
212.152.29.120 - - [01/Jun/2006:03:56:48 -0800] "GET /index_files/lib.css HTTP/1.1" 200 2809 "http://photolab.elmer.uaf.edu/gallery/maps/mapg3350.html" "Mozilla/4.0 (compatible; MSIE 6.0; Windows NT 5.1; SV1; FunWebProducts)"
212.152.29.120 - - [01/Jun/2006:03:56:48 -0800] "GET /index_files/apr.jpg HTTP/1.1" 200 6015 "http://photolab.elmer.uaf.edu/gallery/maps/mapg3350.html" "Mozilla/4.0 (compatible; MSIE 6.0; Windows NT 5.1; SV1; FunWebProducts)"
212.152.29.120 - - [01/Jun/2006:03:56:49 -0800] "GET /index_files/empty.gif HTTP/1.1" 200 45 "http://photolab.elmer.uaf.edu/gallery/maps/mapg3350.html" "Mozilla/4.0 (compatible; MSIE 6.0; Windows NT 5.1; SV1; FunWebProducts)"
212.152.29.120 - - [01/Jun/2006:03:56:49 -0800] "GET /index_files/title.jpg HTTP/1.1" 200 5438 "http://photolab.elmer.uaf.edu/gallery/maps/mapg3350.html" "Mozilla/4.0 (compatible; MSIE 6.0; Windows NT 5.1; SV1; FunWebProducts)"
212.152.29.120 - - [01/Jun/2006:03:56:49 -0800] "GET /index_files/small.dps.jpg HTTP/1.1" 200 5830 "http://photolab.elmer.uaf.edu/gallery/maps/mapg3350.html" "Mozilla/4.0 (compatible; MSIE 6.0; Windows NT 5.1; SV1; FunWebProducts)"
212.152.29.120 - - [01/Jun/2006:03:56:49 -0800] "GET /index_files/small.jpg HTTP/1.1" 200 2294 "http://photolab.elmer.uaf.edu/gallery/maps/mapg3350.html" "Mozilla/4.0 (compatible; MSIE 6.0; Windows NT 5.1; SV1; FunWebProducts)"
212.152.29.120 - - [01/Jun/2006:03:56:49 -0800] "GET /index_files/small_002.jpg HTTP/1.1" 200 1351 "http://photolab.elmer.uaf.edu/gallery/maps/mapg3350.html" "Mozilla/4.0 (compatible; MSIE 6.0; Windows NT 5.1; SV1; FunWebProducts)"
212.152.29.120 - - [01/Jun/2006:03:56:50 -0800] "GET /index_files/small_003.jpg HTTP/1.1" 200 1521 "http://photolab.elmer.uaf.edu/gallery/maps/mapg3350.html" "Mozilla/4.0 (compatible; MSIE 6.0; Windows NT 5.1; SV1; FunWebProducts)"
212.152.29.120 - - [01/Jun/2006:03:56:50 -0800] "GET /gallery/maps/G3300/small/G3350%20%5B1791_%5D%20L3.jpg HTTP/1.1" 200 24067 "http://photolab.elmer.uaf.edu/gallery/maps/mapg3350.html" "Mozilla/4.0 (compatible; MSIE 6.0; Windows NT 5.1; SV1; FunWebProducts)"
212.152.29.120 - - [01/Jun/2006:03:56:50 -0800] "GET /gallery/maps/G3300/small/G3350%201772%20R62.jpg HTTP/1.1" 200 24868 "http://photolab.elmer.uaf.edu/gallery/maps/mapg3350.html" "Mozilla/4.0 (compatible; MSIE 6.0; Windows NT 5.1; SV1; FunWebProducts)"
212.152.29.120 - - [01/Jun/2006:03:56:51 -0800] "GET /gallery/maps/G3300/small/G3351%20S12%20[1793_]%20V36.jpg HTTP/1.1" 200 26840 "http://photolab.elmer.uaf.edu/gallery/maps/mapg3350.html" "Mozilla/4.0 (compatible; MSIE 6.0; Windows NT 5.1; SV1; FunWebProducts)"
212.152.29.120 - - [01/Jun/2006:03:56:51 -0800] "GET /gallery/maps/G3300/small/G3350%20%5B1797%5D%20no.17.jpg HTTP/1.1" 200 23172 "http://photolab.elmer.uaf.edu/gallery/maps/mapg3350.html" "Mozilla/4.0 (compatible; MSIE 6.0; Windows NT 5.1; SV1; FunWebProducts)"
212.152.29.120 - - [01/Jun/2006:03:56:52 -0800] "GET /gallery/maps/G3300/small/G3350%20%5B1797%5D%20no.29.jpg HTTP/1.1" 200 23370 "http://photolab.elmer.uaf.edu/gallery/maps/mapg3350.html" "Mozilla/4.0 (compatible; MSIE 6.0; Windows NT 5.1; SV1; FunWebProducts)"
212.152.29.120 - - [01/Jun/2006:03:56:52 -0800] "GET /gallery/maps/G3300/small/G3350%201798%20R622%20no.16.jpg HTTP/1.1" 200 25236 "http://photolab.elmer.uaf.edu/gallery/maps/mapg3350.html" "Mozilla/4.0 (compatible; MSIE 6.0; Windows NT 5.1; SV1; FunWebProducts)"
212.152.29.120 - - [01/Jun/2006:03:56:53 -0800] "GET /gallery/maps/G3300/small/G3351%20S12%201798%20B34%20front.jpg HTTP/1.1" 200 15123 "http://photolab.elmer.uaf.edu/gallery/maps/mapg3350.html" "Mozilla/4.0 (compatible; MSIE 6.0; Windows NT 5.1; SV1; FunWebProducts)"
212.152.29.120 - - [01/Jun/2006:03:56:54 -0800] "GET /gallery/maps/G3300/small/G3350%201798%20R622%20no.29.jpg HTTP/1.1" 200 23581 "http://photolab.elmer.uaf.edu/gallery/maps/mapg3350.html" "Mozilla/4.0 (compatible; MSIE 6.0; Windows NT 5.1; SV1; FunWebProducts)"
212.152.29.120 - - [01/Jun/2006:03:56:54 -0800] "GET /gallery/maps/G3300/small/G3350%201798%20R622%20no.17.jpg HTTP/1.1" 200 23606 "http://photolab.elmer.uaf.edu/gallery/maps/mapg3350.html" "Mozilla/4.0 (compatible; MSIE 6.0; Windows NT 5.1; SV1; FunWebProducts)"
212.152.29.120 - - [01/Jun/2006:03:56:55 -0800] "GET /gallery/maps/G3300/small/G3351%20S12%201798%20B34%20verso.jpg HTTP/1.1" 200 23593 "http://photolab.elmer.uaf.edu/gallery/maps/mapg3350.html" "Mozilla/4.0 (compatible; MSIE 6.0; Windows NT 5.1; SV1; FunWebProducts)"
212.152.29.120 - - [01/Jun/2006:03:56:55 -0800] "GET /gallery/maps/G3300/small/G3351%20S12%201798%20B342.jpg HTTP/1.1" 200 27471 "http://photolab.elmer.uaf.edu/gallery/maps/mapg3350.html" "Mozilla/4.0 (compatible; MSIE 6.0; Windows NT 5.1; SV1; FunWebProducts)"
212.152.29.120 - - [01/Jun/2006:03:56:56 -0800] "GET /gallery/maps/G3300/small/G3351%20S12%201798%20B342%20verso.jpg HTTP/1.1" 200 23562 "http://photolab.elmer.uaf.edu/gallery/maps/mapg3350.html" "Mozilla/4.0 (compatible; MSIE 6.0; Windows NT 5.1; SV1; FunWebProducts)"
