63.241.61.31 - - [01/May/2006:08:06:32 -0800] "GET /gallery/photos/20030063/1/images/2003-0063-00160.jpg HTTP/1.1" 200 98125 "-" "ConveraMultiMediaCrawler/0.1 (+http://www.authoritativeweb.com/crawl)"
63.241.61.31 - - [01/May/2006:08:06:41 -0800] "GET /gallery/photos/20030063/1/images/2003-0063-00167.jpg HTTP/1.1" 200 71904 "-" "ConveraMultiMediaCrawler/0.1 (+http://www.authoritativeweb.com/crawl)"
63.241.61.31 - - [01/May/2006:08:06:48 -0800] "GET /gallery/photos/20030063/2/images/2003-0063-00229.jpg HTTP/1.1" 200 65007 "-" "ConveraMultiMediaCrawler/0.1 (+http://www.authoritativeweb.com/crawl)"
87.89.192.225 - - [01/May/2006:08:06:52 -0800] "GET /gallery/maps/G9000/large/G9235%20%5B1930_%5D%20R61.jpg HTTP/1.1" 200 72143 "http://photolab.elmer.uaf.edu/gallery/maps/mapg3205.html" "Mozilla/5.0 (Windows; U; Windows NT 5.1; en-US; rv:1.8.0.2) Gecko/20060308 Firefox/1.5.0.2"
63.241.61.31 - - [01/May/2006:08:06:57 -0800] "GET /gallery/photos/20030063/2/images/2003-0063-00233.jpg HTTP/1.1" 200 44778 "-" "ConveraMultiMediaCrawler/0.1 (+http://www.authoritativeweb.com/crawl)"
63.241.61.31 - - [01/May/2006:08:07:04 -0800] "GET /gallery/photos/20030063/2/images/2003-0063-00234.jpg HTTP/1.1" 200 48292 "-" "ConveraMultiMediaCrawler/0.1 (+http://www.authoritativeweb.com/crawl)"
63.241.61.31 - - [01/May/2006:08:07:12 -0800] "GET /gallery/photos/20030063/2/images/2003-0063-00236.jpg HTTP/1.1" 200 43796 "-" "ConveraMultiMediaCrawler/0.1 (+http://www.authoritativeweb.com/crawl)"
87.89.192.225 - - [01/May/2006:08:07:02 -0800] "GET /gallery/maps/G9000/large/G9236%20P5%201895%20U581.jpg HTTP/1.1" 200 188487 "http://photolab.elmer.uaf.edu/gallery/maps/mapg3205.html" "Mozilla/5.0 (Windows; U; Windows NT 5.1; en-US; rv:1.8.0.2) Gecko/20060308 Firefox/1.5.0.2"
64.42.226.87 - - [01/May/2006:08:07:17 -0800] "GET /index_files/lib.css HTTP/1.1" 200 2809 "http://photolab.elmer.uaf.edu/gallery/maps/mapg3510.html" "Mozilla/4.0 (compatible; MSIE 6.0; Windows NT 5.1; SV1; .NET CLR 1.1.4322)"
64.42.226.87 - - [01/May/2006:08:07:17 -0800] "GET /gallery/maps/mapg3510.html HTTP/1.1" 200 12136 "http://images.google.ca/imgres?imgurl=http://photolab.elmer.uaf.edu/gallery/maps/G3500/large/G3511%2520P92%2520%255B186-%255D.jpg&imgrefurl=http://photolab.elmer.uaf.edu/gallery/maps/mapg3510.html&h=1200&w=808&sz=150&tbnid=oLgB4Ycgea5c1M:&tbnh=150&tbnw=101&hl=en&start=7&prev=/images%3Fq%3DAlexander%2Bmackenzie%2BMaps%26svnum%3D10%26hl%3Den%26lr%3D%26safe%3Dactive%26sa%3DG" "Mozilla/4.0 (compatible; MSIE 6.0; Windows NT 5.1; SV1; .NET CLR 1.1.4322)"
64.42.226.87 - - [01/May/2006:08:07:17 -0800] "GET /index_files/empty.gif HTTP/1.1" 200 45 "http://photolab.elmer.uaf.edu/gallery/maps/mapg3510.html" "Mozilla/4.0 (compatible; MSIE 6.0; Windows NT 5.1; SV1; .NET CLR 1.1.4322)"
64.42.226.87 - - [01/May/2006:08:07:17 -0800] "GET /index_files/title.jpg HTTP/1.1" 200 5438 "http://photolab.elmer.uaf.edu/gallery/maps/mapg3510.html" "Mozilla/4.0 (compatible; MSIE 6.0; Windows NT 5.1; SV1; .NET CLR 1.1.4322)"
64.42.226.87 - - [01/May/2006:08:07:17 -0800] "GET /gallery/maps/G3500/large/G3511%20P92%20%5B186-%5D.jpg HTTP/1.1" 200 130349 "http://images.google.ca/imgres?imgurl=http://photolab.elmer.uaf.edu/gallery/maps/G3500/large/G3511%2520P92%2520%255B186-%255D.jpg&imgrefurl=http://photolab.elmer.uaf.edu/gallery/maps/mapg3510.html&h=1200&w=808&sz=150&tbnid=oLgB4Ycgea5c1M:&tbnh=150&tbnw=101&hl=en&prev=/images%3Fq%3DAlexander%2Bmackenzie%2BMaps%26svnum%3D10%26hl%3Den%26lr%3D%26safe%3Dactive%26sa%3DG&frame=small" "Mozilla/4.0 (compatible; MSIE 6.0; Windows NT 5.1; SV1; .NET CLR 1.1.4322)"
63.241.61.31 - - [01/May/2006:08:07:19 -0800] "GET /gallery/photos/20030063/2/images/2003-0063-00242.jpg HTTP/1.1" 200 41029 "-" "ConveraMultiMediaCrawler/0.1 (+http://www.authoritativeweb.com/crawl)"
87.89.192.225 - - [01/May/2006:08:07:19 -0800] "GET /gallery/maps/G9000/large/G9235%201874%20W5%20sheet2.jpg HTTP/1.1" 200 171633 "http://photolab.elmer.uaf.edu/gallery/maps/mapg3205.html" "Mozilla/5.0 (Windows; U; Windows NT 5.1; en-US; rv:1.8.0.2) Gecko/20060308 Firefox/1.5.0.2"
64.42.226.87 - - [01/May/2006:08:07:25 -0800] "GET /index_files/apr.jpg HTTP/1.1" 200 6015 "http://photolab.elmer.uaf.edu/gallery/maps/mapg3510.html" "Mozilla/4.0 (compatible; MSIE 6.0; Windows NT 5.1; SV1; .NET CLR 1.1.4322)"
64.42.226.87 - - [01/May/2006:08:07:25 -0800] "GET /index_files/small.dps.jpg HTTP/1.1" 200 5830 "http://photolab.elmer.uaf.edu/gallery/maps/mapg3510.html" "Mozilla/4.0 (compatible; MSIE 6.0; Windows NT 5.1; SV1; .NET CLR 1.1.4322)"
64.42.226.87 - - [01/May/2006:08:07:25 -0800] "GET /index_files/empty.gif HTTP/1.1" 200 45 "http://photolab.elmer.uaf.edu/gallery/maps/mapg3510.html" "Mozilla/4.0 (compatible; MSIE 6.0; Windows NT 5.1; SV1; .NET CLR 1.1.4322)"
64.42.226.87 - - [01/May/2006:08:07:25 -0800] "GET /index_files/title.jpg HTTP/1.1" 200 5438 "http://photolab.elmer.uaf.edu/gallery/maps/mapg3510.html" "Mozilla/4.0 (compatible; MSIE 6.0; Windows NT 5.1; SV1; .NET CLR 1.1.4322)"
64.42.226.87 - - [01/May/2006:08:07:25 -0800] "GET /index_files/small_003.jpg HTTP/1.1" 200 1521 "http://photolab.elmer.uaf.edu/gallery/maps/mapg3510.html" "Mozilla/4.0 (compatible; MSIE 6.0; Windows NT 5.1; SV1; .NET CLR 1.1.4322)"
64.42.226.87 - - [01/May/2006:08:07:25 -0800] "GET /index_files/small_002.jpg HTTP/1.1" 200 1351 "http://photolab.elmer.uaf.edu/gallery/maps/mapg3510.html" "Mozilla/4.0 (compatible; MSIE 6.0; Windows NT 5.1; SV1; .NET CLR 1.1.4322)"
64.42.226.87 - - [01/May/2006:08:07:25 -0800] "GET /index_files/small.jpg HTTP/1.1" 200 2294 "http://photolab.elmer.uaf.edu/gallery/maps/mapg3510.html" "Mozilla/4.0 (compatible; MSIE 6.0; Windows NT 5.1; SV1; .NET CLR 1.1.4322)"
64.42.226.87 - - [01/May/2006:08:07:25 -0800] "GET /gallery/maps/G3500/small/G3512%20N66%201778%20H63.jpg HTTP/1.1" 200 28216 "http://photolab.elmer.uaf.edu/gallery/maps/mapg3510.html" "Mozilla/4.0 (compatible; MSIE 6.0; Windows NT 5.1; SV1; .NET CLR 1.1.4322)"
64.42.226.87 - - [01/May/2006:08:07:26 -0800] "GET /gallery/maps/G3500/small/G3510%20[18--]%20W47.jpg HTTP/1.1" 200 22584 "http://photolab.elmer.uaf.edu/gallery/maps/mapg3510.html" "Mozilla/4.0 (compatible; MSIE 6.0; Windows NT 5.1; SV1; .NET CLR 1.1.4322)"
64.42.226.87 - - [01/May/2006:08:07:26 -0800] "GET /gallery/maps/G3500/small/G3511%20P92%20%5B186-%5D.jpg HTTP/1.1" 200 26311 "http://photolab.elmer.uaf.edu/gallery/maps/mapg3510.html" "Mozilla/4.0 (compatible; MSIE 6.0; Windows NT 5.1; SV1; .NET CLR 1.1.4322)"
64.42.226.87 - - [01/May/2006:08:07:26 -0800] "GET /gallery/maps/G3500/small/G3511%20E1%201801%20M33.jpg HTTP/1.1" 200 24041 "http://photolab.elmer.uaf.edu/gallery/maps/mapg3510.html" "Mozilla/4.0 (compatible; MSIE 6.0; Windows NT 5.1; SV1; .NET CLR 1.1.4322)"
64.42.226.87 - - [01/May/2006:08:07:26 -0800] "GET /gallery/maps/G3500/small/G3512%20T381%20[18--]%20verso.jpg HTTP/1.1" 200 23671 "http://photolab.elmer.uaf.edu/gallery/maps/mapg3510.html" "Mozilla/4.0 (compatible; MSIE 6.0; Windows NT 5.1; SV1; .NET CLR 1.1.4322)"
63.241.61.31 - - [01/May/2006:08:07:26 -0800] "GET /gallery/photos/20030063/2/images/2003-0063-00247.jpg HTTP/1.1" 200 31979 "-" "ConveraMultiMediaCrawler/0.1 (+http://www.authoritativeweb.com/crawl)"
64.42.226.87 - - [01/May/2006:08:07:26 -0800] "GET /gallery/maps/G3500/small/G3512%20T381%20[18--].jpg HTTP/1.1" 200 23379 "http://photolab.elmer.uaf.edu/gallery/maps/mapg3510.html" "Mozilla/4.0 (compatible; MSIE 6.0; Windows NT 5.1; SV1; .NET CLR 1.1.4322)"
64.42.226.87 - - [01/May/2006:08:07:26 -0800] "GET /gallery/maps/G3500/small/G3511%20P92%20%5B186-%5Da.jpg HTTP/1.1" 200 28613 "http://photolab.elmer.uaf.edu/gallery/maps/mapg3510.html" "Mozilla/4.0 (compatible; MSIE 6.0; Windows NT 5.1; SV1; .NET CLR 1.1.4322)"
64.42.226.87 - - [01/May/2006:08:07:27 -0800] "GET /gallery/maps/G3500/small/G3511%20P92%20%5B186-%5D%20W441.jpg HTTP/1.1" 200 25327 "http://photolab.elmer.uaf.edu/gallery/maps/mapg3510.html" "Mozilla/4.0 (compatible; MSIE 6.0; Windows NT 5.1; SV1; .NET CLR 1.1.4322)"
63.241.61.31 - - [01/May/2006:08:07:34 -0800] "GET /gallery/photos/20030063/3/images/2003-0063-00300.jpg HTTP/1.1" 200 60876 "-" "ConveraMultiMediaCrawler/0.1 (+http://www.authoritativeweb.com/crawl)"
63.241.61.31 - - [01/May/2006:08:07:41 -0800] "GET /gallery/photos/20030063/3/images/2003-0063-00306.jpg HTTP/1.1" 200 55757 "-" "ConveraMultiMediaCrawler/0.1 (+http://www.authoritativeweb.com/crawl)"
63.241.61.31 - - [01/May/2006:08:07:47 -0800] "GET /gallery/photos/20030063/3/images/2003-0063-00307.jpg HTTP/1.1" 200 73017 "-" "ConveraMultiMediaCrawler/0.1 (+http://www.authoritativeweb.com/crawl)"
63.241.61.31 - - [01/May/2006:08:07:55 -0800] "GET /gallery/photos/20030063/3/images/2003-0063-00309.jpg HTTP/1.1" 200 57683 "-" "ConveraMultiMediaCrawler/0.1 (+http://www.authoritativeweb.com/crawl)"
63.241.61.31 - - [01/May/2006:08:08:02 -0800] "GET /gallery/photos/20030136/0/images/2003-0136-00004.jpg HTTP/1.1" 200 69328 "-" "ConveraMultiMediaCrawler/0.1 (+http://www.authoritativeweb.com/crawl)"
63.241.61.31 - - [01/May/2006:08:08:09 -0800] "GET /gallery/photos/20030136/0/images/2003-0136-00005.jpg HTTP/1.1" 200 59902 "-" "ConveraMultiMediaCrawler/0.1 (+http://www.authoritativeweb.com/crawl)"
63.241.61.31 - - [01/May/2006:08:08:16 -0800] "GET /gallery/photos/20030136/0/images/2003-0136-00010.jpg HTTP/1.1" 200 85642 "-" "ConveraMultiMediaCrawler/0.1 (+http://www.authoritativeweb.com/crawl)"
63.241.61.31 - - [01/May/2006:08:08:24 -0800] "GET /gallery/photos/20030136/0/images/2003-0136-00012.jpg HTTP/1.1" 200 67502 "-" "ConveraMultiMediaCrawler/0.1 (+http://www.authoritativeweb.com/crawl)"
63.241.61.31 - - [01/May/2006:08:08:31 -0800] "GET /gallery/photos/20030136/0/images/2003-0136-00017.jpg HTTP/1.1" 200 42361 "-" "ConveraMultiMediaCrawler/0.1 (+http://www.authoritativeweb.com/crawl)"
63.241.61.31 - - [01/May/2006:08:08:38 -0800] "GET /gallery/photos/20030136/0/images/2003-0136-00018.jpg HTTP/1.1" 200 40102 "-" "ConveraMultiMediaCrawler/0.1 (+http://www.authoritativeweb.com/crawl)"
63.241.61.31 - - [01/May/2006:08:08:44 -0800] "GET /gallery/photos/20030136/0/images/2003-0136-00019.jpg HTTP/1.1" 200 56605 "-" "ConveraMultiMediaCrawler/0.1 (+http://www.authoritativeweb.com/crawl)"
72.30.111.74 - - [01/May/2006:08:08:48 -0800] "GET /gallery/photos/19630071/pages/1963-0071-00023.html HTTP/1.0" 200 1882 "-" "Mozilla/5.0 (compatible; Yahoo! Slurp; http://help.yahoo.com/help/us/ysearch/slurp)"
63.241.61.31 - - [01/May/2006:08:08:51 -0800] "GET /gallery/photos/20030136/0/images/2003-0136-00020.jpg HTTP/1.1" 200 80142 "-" "ConveraMultiMediaCrawler/0.1 (+http://www.authoritativeweb.com/crawl)"
63.241.61.31 - - [01/May/2006:08:08:58 -0800] "GET /gallery/photos/20030163/images/2003-0163-00021m.jpg HTTP/1.1" 200 63691 "-" "ConveraMultiMediaCrawler/0.1 (+http://www.authoritativeweb.com/crawl)"
63.241.61.31 - - [01/May/2006:08:09:04 -0800] "GET /gallery/photos/20030163/images/2003-0163-00029m.jpg HTTP/1.1" 200 69484 "-" "ConveraMultiMediaCrawler/0.1 (+http://www.authoritativeweb.com/crawl)"
63.241.61.31 - - [01/May/2006:08:09:12 -0800] "GET /gallery/photos/20030175/images/2003-0175-00015.jpg HTTP/1.1" 200 71566 "-" "ConveraMultiMediaCrawler/0.1 (+http://www.authoritativeweb.com/crawl)"
63.241.61.31 - - [01/May/2006:08:09:19 -0800] "GET /gallery/photos/20040014/2/images/2004-0014-00204.jpg HTTP/1.1" 200 75574 "-" "ConveraMultiMediaCrawler/0.1 (+http://www.authoritativeweb.com/crawl)"
63.241.61.31 - - [01/May/2006:08:09:26 -0800] "GET /gallery/photos/20040014/2/images/2004-0014-00215.jpg HTTP/1.1" 200 58643 "-" "ConveraMultiMediaCrawler/0.1 (+http://www.authoritativeweb.com/crawl)"
63.241.61.31 - - [01/May/2006:08:09:34 -0800] "GET /gallery/photos/20040014/2/images/2004-0014-00220.jpg HTTP/1.1" 200 81128 "-" "ConveraMultiMediaCrawler/0.1 (+http://www.authoritativeweb.com/crawl)"
63.241.61.31 - - [01/May/2006:08:09:42 -0800] "GET /gallery/photos/20040026/images/2004-0026-00035.jpg HTTP/1.1" 200 57766 "-" "ConveraMultiMediaCrawler/0.1 (+http://www.authoritativeweb.com/crawl)"
63.241.61.31 - - [01/May/2006:08:09:49 -0800] "GET /gallery/photos/20040026/images/2004-0026-00037.jpg HTTP/1.1" 200 69182 "-" "ConveraMultiMediaCrawler/0.1 (+http://www.authoritativeweb.com/crawl)"
63.241.61.31 - - [01/May/2006:08:09:56 -0800] "GET /gallery/photos/20040026/images/2004-0026-00059.jpg HTTP/1.1" 200 67725 "-" "ConveraMultiMediaCrawler/0.1 (+http://www.authoritativeweb.com/crawl)"
63.241.61.31 - - [01/May/2006:08:10:03 -0800] "GET /gallery/photos/20040026/images/2004-0026-00062.jpg HTTP/1.1" 200 32920 "-" "ConveraMultiMediaCrawler/0.1 (+http://www.authoritativeweb.com/crawl)"
63.241.61.31 - - [01/May/2006:08:10:10 -0800] "GET /gallery/photos/20040026/images/2004-0026-00065.jpg HTTP/1.1" 200 54291 "-" "ConveraMultiMediaCrawler/0.1 (+http://www.authoritativeweb.com/crawl)"
63.241.61.31 - - [01/May/2006:08:10:18 -0800] "GET /gallery/photos/20040026/images/2004-0026-00069.jpg HTTP/1.1" 200 45293 "-" "ConveraMultiMediaCrawler/0.1 (+http://www.authoritativeweb.com/crawl)"
63.241.61.31 - - [01/May/2006:08:10:24 -0800] "GET /gallery/photos/20040066/0/images/2004-0066-00013.jpg HTTP/1.1" 200 60548 "-" "ConveraMultiMediaCrawler/0.1 (+http://www.authoritativeweb.com/crawl)"
63.241.61.31 - - [01/May/2006:08:10:30 -0800] "GET /gallery/photos/20040066/0/images/2004-0066-00016.jpg HTTP/1.1" 200 49447 "-" "ConveraMultiMediaCrawler/0.1 (+http://www.authoritativeweb.com/crawl)"
63.241.61.31 - - [01/May/2006:08:10:37 -0800] "GET /gallery/photos/20040066/0/images/2004-0066-00024.jpg HTTP/1.1" 200 62118 "-" "ConveraMultiMediaCrawler/0.1 (+http://www.authoritativeweb.com/crawl)"
207.46.98.88 - - [01/May/2006:08:10:43 -0800] "GET /gallery/photos/19950244/09/pages/1995-0244-00905.html HTTP/1.0" 200 1886 "-" "msnbot/1.0 (+http://search.msn.com/msnbot.htm)"
63.241.61.31 - - [01/May/2006:08:10:44 -0800] "GET /gallery/photos/20040066/0/images/2004-0066-00032.jpg HTTP/1.1" 200 57556 "-" "ConveraMultiMediaCrawler/0.1 (+http://www.authoritativeweb.com/crawl)"
207.46.98.88 - - [01/May/2006:08:10:49 -0800] "GET /gallery/photos/19950244/09/pages/1995-0244-00907.html HTTP/1.0" 200 1886 "-" "msnbot/1.0 (+http://search.msn.com/msnbot.htm)"
207.46.98.88 - - [01/May/2006:08:10:51 -0800] "GET /gallery/photos/20030063/3/pages/2003-0063-00336.html HTTP/1.0" 200 1758 "-" "msnbot/1.0 (+http://search.msn.com/msnbot.htm)"
63.241.61.31 - - [01/May/2006:08:10:51 -0800] "GET /gallery/photos/20040066/0/images/2004-0066-00035.jpg HTTP/1.1" 200 73759 "-" "ConveraMultiMediaCrawler/0.1 (+http://www.authoritativeweb.com/crawl)"
207.46.98.88 - - [01/May/2006:08:10:52 -0800] "GET /gallery/photos/19890166/13/pages/1989-0166-01137_postcard.html HTTP/1.0" 200 1976 "-" "msnbot/1.0 (+http://search.msn.com/msnbot.htm)"
207.46.98.88 - - [01/May/2006:08:10:52 -0800] "GET /gallery/photos/19950244/11/pages/1995-0244-01112.html HTTP/1.0" 200 1888 "-" "msnbot/1.0 (+http://search.msn.com/msnbot.htm)"
207.46.98.88 - - [01/May/2006:08:10:55 -0800] "GET /gallery/photos/20040111/12/pages/2004-0111-01223.htm HTTP/1.0" 200 1885 "-" "msnbot/1.0 (+http://search.msn.com/msnbot.htm)"
207.46.98.88 - - [01/May/2006:08:10:56 -0800] "GET /gallery/photos/20040111/12/pages/2004-0111-01219.htm HTTP/1.0" 200 1885 "-" "msnbot/1.0 (+http://search.msn.com/msnbot.htm)"
207.46.98.88 - - [01/May/2006:08:10:56 -0800] "GET /gallery/photos/19950244/11/pages/1995-0244-01116.html HTTP/1.0" 200 1888 "-" "msnbot/1.0 (+http://search.msn.com/msnbot.htm)"
207.46.98.88 - - [01/May/2006:08:10:57 -0800] "GET /gallery/photos/19950244/11/pages/1995-0244-01173.html HTTP/1.0" 200 1888 "-" "msnbot/1.0 (+http://search.msn.com/msnbot.htm)"
207.46.98.88 - - [01/May/2006:08:10:57 -0800] "GET /gallery/photos/19950244/05/pages/1995-0244-00554.html HTTP/1.0" 200 1889 "-" "msnbot/1.0 (+http://search.msn.com/msnbot.htm)"
207.46.98.88 - - [01/May/2006:08:10:58 -0800] "GET /gallery/photos/19950244/09/pages/1995-0244-00966.html HTTP/1.0" 200 1889 "-" "msnbot/1.0 (+http://search.msn.com/msnbot.htm)"
207.46.98.88 - - [01/May/2006:08:10:59 -0800] "GET /gallery/photos/19950244/00/pages/1995-0244-00053.html HTTP/1.0" 200 1888 "-" "msnbot/1.0 (+http://search.msn.com/msnbot.htm)"
63.241.61.31 - - [01/May/2006:08:10:59 -0800] "GET /gallery/photos/20040066/0/images/2004-0066-00037.jpg HTTP/1.1" 200 74565 "-" "ConveraMultiMediaCrawler/0.1 (+http://www.authoritativeweb.com/crawl)"
207.46.98.88 - - [01/May/2006:08:11:00 -0800] "GET /gallery/photos/19950244/14/pages/1995-0244-01472.html HTTP/1.0" 200 1888 "-" "msnbot/1.0 (+http://search.msn.com/msnbot.htm)"
63.241.61.31 - - [01/May/2006:08:11:05 -0800] "GET /gallery/photos/20040066/1/images/2004-0066-00106.jpg HTTP/1.1" 200 56488 "-" "ConveraMultiMediaCrawler/0.1 (+http://www.authoritativeweb.com/crawl)"
207.46.98.88 - - [01/May/2006:08:11:08 -0800] "GET /gallery/photos/19950244/00/pages/1995-0244-00051.html HTTP/1.0" 200 1888 "-" "msnbot/1.0 (+http://search.msn.com/msnbot.htm)"
63.241.61.31 - - [01/May/2006:08:11:13 -0800] "GET /gallery/photos/20040066/1/images/2004-0066-00107.jpg HTTP/1.1" 200 62005 "-" "ConveraMultiMediaCrawler/0.1 (+http://www.authoritativeweb.com/crawl)"
207.46.98.88 - - [01/May/2006:08:11:14 -0800] "GET /gallery/photos/20040069/pages/2002-0032-00061.html HTTP/1.0" 200 1884 "-" "msnbot/1.0 (+http://search.msn.com/msnbot.htm)"
207.46.98.88 - - [01/May/2006:08:11:18 -0800] "GET /gallery/photos/19950244/09/pages/1995-0244-00962.html HTTP/1.0" 200 1889 "-" "msnbot/1.0 (+http://search.msn.com/msnbot.htm)"
63.241.61.31 - - [01/May/2006:08:11:21 -0800] "GET /gallery/photos/20040066/1/images/2004-0066-00108.jpg HTTP/1.1" 200 43048 "-" "ConveraMultiMediaCrawler/0.1 (+http://www.authoritativeweb.com/crawl)"
63.241.61.31 - - [01/May/2006:08:11:27 -0800] "GET /gallery/photos/20040066/1/images/2004-0066-00110.jpg HTTP/1.1" 200 64297 "-" "ConveraMultiMediaCrawler/0.1 (+http://www.authoritativeweb.com/crawl)"
63.241.61.31 - - [01/May/2006:08:11:34 -0800] "GET /gallery/photos/20040066/1/images/2004-0066-00112.jpg HTTP/1.1" 200 73552 "-" "ConveraMultiMediaCrawler/0.1 (+http://www.authoritativeweb.com/crawl)"
63.241.61.31 - - [01/May/2006:08:11:41 -0800] "GET /gallery/photos/20040066/1/images/2004-0066-00115.jpg HTTP/1.1" 200 74287 "-" "ConveraMultiMediaCrawler/0.1 (+http://www.authoritativeweb.com/crawl)"
63.241.61.31 - - [01/May/2006:08:11:50 -0800] "GET /gallery/photos/20040066/1/images/2004-0066-00117.jpg HTTP/1.1" 200 65231 "-" "ConveraMultiMediaCrawler/0.1 (+http://www.authoritativeweb.com/crawl)"
63.241.61.31 - - [01/May/2006:08:11:58 -0800] "GET /gallery/photos/20040066/1/images/2004-0066-00122.jpg HTTP/1.1" 200 46500 "-" "ConveraMultiMediaCrawler/0.1 (+http://www.authoritativeweb.com/crawl)"
63.241.61.31 - - [01/May/2006:08:12:05 -0800] "GET /gallery/photos/20040066/1/images/2004-0066-00123.jpg HTTP/1.1" 200 60858 "-" "ConveraMultiMediaCrawler/0.1 (+http://www.authoritativeweb.com/crawl)"
63.241.61.31 - - [01/May/2006:08:12:12 -0800] "GET /gallery/photos/20040066/pages/images/page-04m.jpg HTTP/1.1" 200 134908 "-" "ConveraMultiMediaCrawler/0.1 (+http://www.authoritativeweb.com/crawl)"
207.46.98.88 - - [01/May/2006:08:12:16 -0800] "GET /gallery/photos/19880041/0/pages/1988-0041-00053.htm HTTP/1.0" 200 1879 "-" "msnbot/1.0 (+http://search.msn.com/msnbot.htm)"
207.46.98.88 - - [01/May/2006:08:12:19 -0800] "GET /gallery/photos/19950244/14/pages/1995-0244-01476.html HTTP/1.0" 200 1888 "-" "msnbot/1.0 (+http://search.msn.com/msnbot.htm)"
207.46.98.88 - - [01/May/2006:08:12:20 -0800] "GET /gallery/photos/19890166/09/pages/1989-0166-00692a_print.html HTTP/1.0" 200 1960 "-" "msnbot/1.0 (+http://search.msn.com/msnbot.htm)"
63.241.61.31 - - [01/May/2006:08:12:19 -0800] "GET /gallery/photos/20040066/pages/images/page-10m.jpg HTTP/1.1" 200 99713 "-" "ConveraMultiMediaCrawler/0.1 (+http://www.authoritativeweb.com/crawl)"
207.46.98.88 - - [01/May/2006:08:12:22 -0800] "GET /gallery/photos/19940096/0/pages/1994-0096-00088.html HTTP/1.0" 200 1904 "-" "msnbot/1.0 (+http://search.msn.com/msnbot.htm)"
63.241.61.31 - - [01/May/2006:08:12:26 -0800] "GET /gallery/photos/20040066/pages/images/page-14m.jpg HTTP/1.1" 200 138239 "-" "ConveraMultiMediaCrawler/0.1 (+http://www.authoritativeweb.com/crawl)"
63.241.61.31 - - [01/May/2006:08:12:34 -0800] "GET /gallery/photos/20040066/pages/images/page-18m.jpg HTTP/1.1" 200 138960 "-" "ConveraMultiMediaCrawler/0.1 (+http://www.authoritativeweb.com/crawl)"
207.46.98.88 - - [01/May/2006:08:12:40 -0800] "GET /gallery/photos/20040084/1157-1288/pages/2004-0084-01199.html HTTP/1.0" 200 1900 "-" "msnbot/1.0 (+http://search.msn.com/msnbot.htm)"
63.241.61.31 - - [01/May/2006:08:12:42 -0800] "GET /gallery/photos/20040066/pages/images/page-22m.jpg HTTP/1.1" 200 155778 "-" "ConveraMultiMediaCrawler/0.1 (+http://www.authoritativeweb.com/crawl)"
207.46.98.88 - - [01/May/2006:08:12:45 -0800] "GET /gallery/photos/20040084/1157-1288/pages/2004-0084-01209.html HTTP/1.0" 200 1900 "-" "msnbot/1.0 (+http://search.msn.com/msnbot.htm)"
63.241.61.31 - - [01/May/2006:08:12:50 -0800] "GET /gallery/photos/20040066/pages/images/page-24m.jpg HTTP/1.1" 200 109956 "-" "ConveraMultiMediaCrawler/0.1 (+http://www.authoritativeweb.com/crawl)"
207.46.98.88 - - [01/May/2006:08:12:52 -0800] "GET /gallery/photos/19940096/0/pages/1994-0096-00065.html HTTP/1.0" 200 1903 "-" "msnbot/1.0 (+http://search.msn.com/msnbot.htm)"
207.46.98.88 - - [01/May/2006:08:12:52 -0800] "GET /gallery/photos/20040084/1157-1288/pages/2004-0084-01228.html HTTP/1.0" 200 1900 "-" "msnbot/1.0 (+http://search.msn.com/msnbot.htm)"
207.46.98.88 - - [01/May/2006:08:12:53 -0800] "GET /gallery/photos/20040084/1157-1288/pages/2004-0084-01249.html HTTP/1.0" 200 1900 "-" "msnbot/1.0 (+http://search.msn.com/msnbot.htm)"
207.46.98.88 - - [01/May/2006:08:12:53 -0800] "GET /gallery/photos/19940096/1/pages/1994-0096-00148.html HTTP/1.0" 200 1903 "-" "msnbot/1.0 (+http://search.msn.com/msnbot.htm)"
207.46.98.88 - - [01/May/2006:08:12:54 -0800] "GET /gallery/photos/20040084/1157-1288/pages/2004-0084-01251.html HTTP/1.0" 200 1900 "-" "msnbot/1.0 (+http://search.msn.com/msnbot.htm)"
207.46.98.88 - - [01/May/2006:08:12:54 -0800] "GET /gallery/photos/19940096/1/pages/1994-0096-00129.html HTTP/1.0" 200 1903 "-" "msnbot/1.0 (+http://search.msn.com/msnbot.htm)"
207.46.98.88 - - [01/May/2006:08:12:54 -0800] "GET /gallery/photos/19890166/07/pages/1989-0166-00773_neg%20nitrate.html HTTP/1.0" 200 2008 "-" "msnbot/1.0 (+http://search.msn.com/msnbot.htm)"
207.46.98.88 - - [01/May/2006:08:12:55 -0800] "GET /gallery/photos/19890166/05/pages/1989-0166-00550_neg%20nitrate.html HTTP/1.0" 200 2008 "-" "msnbot/1.0 (+http://search.msn.com/msnbot.htm)"
207.46.98.88 - - [01/May/2006:08:12:55 -0800] "GET /gallery/photos/19890166/05/pages/1989-0166-00543_neg%20nitrate.html HTTP/1.0" 200 2008 "-" "msnbot/1.0 (+http://search.msn.com/msnbot.htm)"
207.46.98.88 - - [01/May/2006:08:12:55 -0800] "GET /gallery/photos/19890166/12/pages/1989-0166-00967a_print.html HTTP/1.0" 200 1960 "-" "msnbot/1.0 (+http://search.msn.com/msnbot.htm)"
63.241.61.31 - - [01/May/2006:08:12:57 -0800] "GET /gallery/photos/20040066/pages/images/page-25m.jpg HTTP/1.1" 200 108672 "-" "ConveraMultiMediaCrawler/0.1 (+http://www.authoritativeweb.com/crawl)"
207.46.98.88 - - [01/May/2006:08:13:00 -0800] "GET /gallery/photos/19890166/05/pages/1989-0166-00565_neg%20nitrate.html HTTP/1.0" 200 2008 "-" "msnbot/1.0 (+http://search.msn.com/msnbot.htm)"
207.46.98.88 - - [01/May/2006:08:13:00 -0800] "GET /gallery/photos/19890166/03/pages/1989-0166-00358_print.html HTTP/1.0" 200 1952 "-" "msnbot/1.0 (+http://search.msn.com/msnbot.htm)"
207.46.98.88 - - [01/May/2006:08:13:03 -0800] "GET /gallery/photos/19890166/05/pages/1989-0166-00539_neg%20nitrate.html HTTP/1.0" 200 2008 "-" "msnbot/1.0 (+http://search.msn.com/msnbot.htm)"
207.46.98.88 - - [01/May/2006:08:13:03 -0800] "GET /gallery/photos/19890166/13/pages/1989-0166-01090_postcard.html HTTP/1.0" 200 1976 "-" "msnbot/1.0 (+http://search.msn.com/msnbot.htm)"
207.46.98.88 - - [01/May/2006:08:13:03 -0800] "GET /gallery/photos/19890166/12/pages/1989-0166-00958a_print.html HTTP/1.0" 200 1960 "-" "msnbot/1.0 (+http://search.msn.com/msnbot.htm)"
207.46.98.88 - - [01/May/2006:08:13:04 -0800] "GET /gallery/photos/19890166/12/pages/1989-0166-00963a_print.html HTTP/1.0" 200 1960 "-" "msnbot/1.0 (+http://search.msn.com/msnbot.htm)"
207.46.98.88 - - [01/May/2006:08:13:05 -0800] "GET /gallery/photos/20040162/pages/2004-0162-00027.html HTTP/1.0" 200 1894 "-" "msnbot/1.0 (+http://search.msn.com/msnbot.htm)"
63.241.61.31 - - [01/May/2006:08:13:05 -0800] "GET /gallery/photos/20040066/pages/images/page-29m.jpg HTTP/1.1" 200 143359 "-" "ConveraMultiMediaCrawler/0.1 (+http://www.authoritativeweb.com/crawl)"
207.46.98.88 - - [01/May/2006:08:13:07 -0800] "GET /gallery/photos/19890166/12/pages/1989-0166-00989a_print.html HTTP/1.0" 200 1960 "-" "msnbot/1.0 (+http://search.msn.com/msnbot.htm)"
207.46.98.88 - - [01/May/2006:08:13:11 -0800] "GET /gallery/photos/20020164/pages/2002-0164-00089.html HTTP/1.0" 200 1759 "-" "msnbot/1.0 (+http://search.msn.com/msnbot.htm)"
63.241.61.31 - - [01/May/2006:08:13:12 -0800] "GET /gallery/photos/20040066/pages/images/page-39m.jpg HTTP/1.1" 200 100433 "-" "ConveraMultiMediaCrawler/0.1 (+http://www.authoritativeweb.com/crawl)"
207.46.98.88 - - [01/May/2006:08:13:17 -0800] "GET /gallery/photos/19740130/pages/1974-0130-00028.html HTTP/1.0" 200 1753 "-" "msnbot/1.0 (+http://search.msn.com/msnbot.htm)"
63.241.61.31 - - [01/May/2006:08:13:20 -0800] "GET /gallery/photos/20040066/pages/images/page-45m.jpg HTTP/1.1" 200 118397 "-" "ConveraMultiMediaCrawler/0.1 (+http://www.authoritativeweb.com/crawl)"
63.241.61.31 - - [01/May/2006:08:13:27 -0800] "GET /gallery/photos/20040066/pages/images/page-48m.jpg HTTP/1.1" 200 114998 "-" "ConveraMultiMediaCrawler/0.1 (+http://www.authoritativeweb.com/crawl)"
63.241.61.31 - - [01/May/2006:08:13:35 -0800] "GET /gallery/photos/20040066/pages/images/page-49m.jpg HTTP/1.1" 200 130528 "-" "ConveraMultiMediaCrawler/0.1 (+http://www.authoritativeweb.com/crawl)"
63.241.61.31 - - [01/May/2006:08:13:42 -0800] "GET /gallery/photos/20040066/pages/images/page-52m.jpg HTTP/1.1" 200 119435 "-" "ConveraMultiMediaCrawler/0.1 (+http://www.authoritativeweb.com/crawl)"
63.241.61.31 - - [01/May/2006:08:13:51 -0800] "GET /gallery/photos/20040069/images/2002-0032-00002.jpg HTTP/1.1" 200 102893 "-" "ConveraMultiMediaCrawler/0.1 (+http://www.authoritativeweb.com/crawl)"
63.241.61.31 - - [01/May/2006:08:13:58 -0800] "GET /gallery/photos/20040069/images/2002-0032-00005.jpg HTTP/1.1" 200 117557 "-" "ConveraMultiMediaCrawler/0.1 (+http://www.authoritativeweb.com/crawl)"
63.241.61.31 - - [01/May/2006:08:14:05 -0800] "GET /gallery/photos/20040069/images/2002-0032-00007.jpg HTTP/1.1" 200 80193 "-" "ConveraMultiMediaCrawler/0.1 (+http://www.authoritativeweb.com/crawl)"
63.241.61.31 - - [01/May/2006:08:14:12 -0800] "GET /gallery/photos/20040069/images/2002-0032-00011.jpg HTTP/1.1" 200 95427 "-" "ConveraMultiMediaCrawler/0.1 (+http://www.authoritativeweb.com/crawl)"
216.208.8.227 - - [01/May/2006:08:14:18 -0800] "GET /gallery/maps/mapg3510.html HTTP/1.1" 200 12136 "http://images.google.ca/imgres?imgurl=http://photolab.elmer.uaf.edu/gallery/maps/G3500/large/G3511%2520P92%2520%255B186-%255Da.jpg&imgrefurl=http://photolab.elmer.uaf.edu/gallery/maps/mapg3510.html&h=1200&w=688&sz=172&tbnid=bIffkQSeQdP1WM:&tbnh=150&tbnw=86&hl=en&start=2&prev=/images%3Fq%3DRoutes%2Bto%2BBritish%2Bcolumbia%2Bin%2Bthe%2B1860s%26svnum%3D10%26hl%3Den%26lr%3D" "Mozilla/4.0 (compatible; MSIE 6.0; Windows NT 5.1; FunWebProducts; .NET CLR 1.1.4322)"
216.208.8.227 - - [01/May/2006:08:14:18 -0800] "GET /index_files/title.jpg HTTP/1.1" 200 5438 "http://photolab.elmer.uaf.edu/gallery/maps/mapg3510.html" "Mozilla/4.0 (compatible; MSIE 6.0; Windows NT 5.1; FunWebProducts; .NET CLR 1.1.4322)"
216.208.8.227 - - [01/May/2006:08:14:18 -0800] "GET /index_files/lib.css HTTP/1.1" 200 2809 "http://photolab.elmer.uaf.edu/gallery/maps/mapg3510.html" "Mozilla/4.0 (compatible; MSIE 6.0; Windows NT 5.1; FunWebProducts; .NET CLR 1.1.4322)"
63.241.61.31 - - [01/May/2006:08:14:20 -0800] "GET /gallery/photos/20040084/1157-1288/images/2004-0084-01157.jpg HTTP/1.1" 200 45230 "-" "ConveraMultiMediaCrawler/0.1 (+http://www.authoritativeweb.com/crawl)"
216.208.8.227 - - [01/May/2006:08:14:19 -0800] "GET /gallery/maps/G3500/large/G3511%20P92%20%5B186-%5Da.jpg HTTP/1.1" 200 139298 "http://images.google.ca/imgres?imgurl=http://photolab.elmer.uaf.edu/gallery/maps/G3500/large/G3511%2520P92%2520%255B186-%255Da.jpg&imgrefurl=http://photolab.elmer.uaf.edu/gallery/maps/mapg3510.html&h=1200&w=688&sz=172&tbnid=bIffkQSeQdP1WM:&tbnh=150&tbnw=86&hl=en&prev=/images%3Fq%3DRoutes%2Bto%2BBritish%2Bcolumbia%2Bin%2Bthe%2B1860s%26svnum%3D10%26hl%3Den%26lr%3D&frame=small" "Mozilla/4.0 (compatible; MSIE 6.0; Windows NT 5.1; FunWebProducts; .NET CLR 1.1.4322)"
216.208.8.227 - - [01/May/2006:08:14:25 -0800] "GET /index_files/apr.jpg HTTP/1.1" 200 6015 "http://photolab.elmer.uaf.edu/gallery/maps/mapg3510.html" "Mozilla/4.0 (compatible; MSIE 6.0; Windows NT 5.1; FunWebProducts; .NET CLR 1.1.4322)"
216.208.8.227 - - [01/May/2006:08:14:25 -0800] "GET /index_files/empty.gif HTTP/1.1" 200 45 "http://photolab.elmer.uaf.edu/gallery/maps/mapg3510.html" "Mozilla/4.0 (compatible; MSIE 6.0; Windows NT 5.1; FunWebProducts; .NET CLR 1.1.4322)"
216.208.8.227 - - [01/May/2006:08:14:25 -0800] "GET /index_files/title.jpg HTTP/1.1" 200 5438 "http://photolab.elmer.uaf.edu/gallery/maps/mapg3510.html" "Mozilla/4.0 (compatible; MSIE 6.0; Windows NT 5.1; FunWebProducts; .NET CLR 1.1.4322)"
216.208.8.227 - - [01/May/2006:08:14:25 -0800] "GET /index_files/small.dps.jpg HTTP/1.1" 200 5830 "http://photolab.elmer.uaf.edu/gallery/maps/mapg3510.html" "Mozilla/4.0 (compatible; MSIE 6.0; Windows NT 5.1; FunWebProducts; .NET CLR 1.1.4322)"
216.208.8.227 - - [01/May/2006:08:14:25 -0800] "GET /index_files/small.jpg HTTP/1.1" 200 2294 "http://photolab.elmer.uaf.edu/gallery/maps/mapg3510.html" "Mozilla/4.0 (compatible; MSIE 6.0; Windows NT 5.1; FunWebProducts; .NET CLR 1.1.4322)"
216.208.8.227 - - [01/May/2006:08:14:25 -0800] "GET /index_files/small_003.jpg HTTP/1.1" 200 1521 "http://photolab.elmer.uaf.edu/gallery/maps/mapg3510.html" "Mozilla/4.0 (compatible; MSIE 6.0; Windows NT 5.1; FunWebProducts; .NET CLR 1.1.4322)"
216.208.8.227 - - [01/May/2006:08:14:25 -0800] "GET /index_files/small_002.jpg HTTP/1.1" 200 1351 "http://photolab.elmer.uaf.edu/gallery/maps/mapg3510.html" "Mozilla/4.0 (compatible; MSIE 6.0; Windows NT 5.1; FunWebProducts; .NET CLR 1.1.4322)"
216.208.8.227 - - [01/May/2006:08:14:26 -0800] "GET /gallery/maps/G3500/small/G3512%20N66%201778%20H63.jpg HTTP/1.1" 200 28216 "http://photolab.elmer.uaf.edu/gallery/maps/mapg3510.html" "Mozilla/4.0 (compatible; MSIE 6.0; Windows NT 5.1; FunWebProducts; .NET CLR 1.1.4322)"
216.208.8.227 - - [01/May/2006:08:14:26 -0800] "GET /gallery/maps/G3500/small/G3510%20[18--]%20W47.jpg HTTP/1.1" 200 22584 "http://photolab.elmer.uaf.edu/gallery/maps/mapg3510.html" "Mozilla/4.0 (compatible; MSIE 6.0; Windows NT 5.1; FunWebProducts; .NET CLR 1.1.4322)"
216.208.8.227 - - [01/May/2006:08:14:26 -0800] "GET /gallery/maps/G3500/small/G3512%20T381%20[18--].jpg HTTP/1.1" 200 23379 "http://photolab.elmer.uaf.edu/gallery/maps/mapg3510.html" "Mozilla/4.0 (compatible; MSIE 6.0; Windows NT 5.1; FunWebProducts; .NET CLR 1.1.4322)"
216.208.8.227 - - [01/May/2006:08:14:26 -0800] "GET /gallery/maps/G3500/small/G3512%20T381%20[18--]%20verso.jpg HTTP/1.1" 200 23671 "http://photolab.elmer.uaf.edu/gallery/maps/mapg3510.html" "Mozilla/4.0 (compatible; MSIE 6.0; Windows NT 5.1; FunWebProducts; .NET CLR 1.1.4322)"
63.241.61.31 - - [01/May/2006:08:14:27 -0800] "GET /gallery/photos/20040084/1157-1288/images/2004-0084-01162.jpg HTTP/1.1" 200 50642 "-" "ConveraMultiMediaCrawler/0.1 (+http://www.authoritativeweb.com/crawl)"
216.208.8.227 - - [01/May/2006:08:14:27 -0800] "GET /gallery/maps/G3500/small/G3511%20P92%20%5B186-%5D.jpg HTTP/1.1" 200 26311 "http://photolab.elmer.uaf.edu/gallery/maps/mapg3510.html" "Mozilla/4.0 (compatible; MSIE 6.0; Windows NT 5.1; FunWebProducts; .NET CLR 1.1.4322)"
216.208.8.227 - - [01/May/2006:08:14:28 -0800] "GET /gallery/maps/G3500/small/G3511%20P92%20%5B186-%5Da.jpg HTTP/1.1" 200 28613 "http://photolab.elmer.uaf.edu/gallery/maps/mapg3510.html" "Mozilla/4.0 (compatible; MSIE 6.0; Windows NT 5.1; FunWebProducts; .NET CLR 1.1.4322)"
216.208.8.227 - - [01/May/2006:08:14:27 -0800] "GET /gallery/maps/G3500/small/G3511%20E1%201801%20M33.jpg HTTP/1.1" 200 24041 "http://photolab.elmer.uaf.edu/gallery/maps/mapg3510.html" "Mozilla/4.0 (compatible; MSIE 6.0; Windows NT 5.1; FunWebProducts; .NET CLR 1.1.4322)"
216.208.8.227 - - [01/May/2006:08:14:29 -0800] "GET /gallery/maps/G3500/small/G3511%20P3%201899%20S8.jpg HTTP/1.1" 200 24216 "http://photolab.elmer.uaf.edu/gallery/maps/mapg3510.html" "Mozilla/4.0 (compatible; MSIE 6.0; Windows NT 5.1; FunWebProducts; .NET CLR 1.1.4322)"
216.208.8.227 - - [01/May/2006:08:14:29 -0800] "GET /gallery/maps/G3500/small/G3511%20P92%20%5B186-%5D%20W441.jpg HTTP/1.1" 200 25327 "http://photolab.elmer.uaf.edu/gallery/maps/mapg3510.html" "Mozilla/4.0 (compatible; MSIE 6.0; Windows NT 5.1; FunWebProducts; .NET CLR 1.1.4322)"
216.208.8.227 - - [01/May/2006:08:14:29 -0800] "GET /gallery/maps/G3500/small/G3512%20A85%201899%20J65.jpg HTTP/1.1" 200 25809 "http://photolab.elmer.uaf.edu/gallery/maps/mapg3510.html" "Mozilla/4.0 (compatible; MSIE 6.0; Windows NT 5.1; FunWebProducts; .NET CLR 1.1.4322)"
216.208.8.227 - - [01/May/2006:08:14:30 -0800] "GET /index_files/bluebear.gif HTTP/1.1" 200 1263 "http://photolab.elmer.uaf.edu/gallery/maps/mapg3510.html" "Mozilla/4.0 (compatible; MSIE 6.0; Windows NT 5.1; FunWebProducts; .NET CLR 1.1.4322)"
216.208.8.227 - - [01/May/2006:08:14:30 -0800] "GET /index_files/sitemap.gif HTTP/1.1" 200 1503 "http://photolab.elmer.uaf.edu/gallery/maps/mapg3510.html" "Mozilla/4.0 (compatible; MSIE 6.0; Windows NT 5.1; FunWebProducts; .NET CLR 1.1.4322)"
216.208.8.227 - - [01/May/2006:08:14:30 -0800] "GET /gallery/maps/G3500/small/G3511%20P53%201910%20P6.jpg HTTP/1.1" 200 31796 "http://photolab.elmer.uaf.edu/gallery/maps/mapg3510.html" "Mozilla/4.0 (compatible; MSIE 6.0; Windows NT 5.1; FunWebProducts; .NET CLR 1.1.4322)"
216.208.8.227 - - [01/May/2006:08:14:31 -0800] "GET /index_files/bar.gif HTTP/1.1" 200 342 "http://photolab.elmer.uaf.edu/gallery/maps/mapg3510.html" "Mozilla/4.0 (compatible; MSIE 6.0; Windows NT 5.1; FunWebProducts; .NET CLR 1.1.4322)"
63.241.61.31 - - [01/May/2006:08:14:34 -0800] "GET /gallery/photos/20040084/1157-1288/images/2004-0084-01164.jpg HTTP/1.1" 200 54838 "-" "ConveraMultiMediaCrawler/0.1 (+http://www.authoritativeweb.com/crawl)"
207.46.98.88 - - [01/May/2006:08:14:37 -0800] "GET /gallery/photos/20020164/pages/2002-0164-00062.html HTTP/1.0" 200 1759 "-" "msnbot/1.0 (+http://search.msn.com/msnbot.htm)"
207.46.98.88 - - [01/May/2006:08:14:38 -0800] "GET /gallery/photos/20020164/pages/2002-0164-00060.html HTTP/1.0" 200 1759 "-" "msnbot/1.0 (+http://search.msn.com/msnbot.htm)"
207.46.98.88 - - [01/May/2006:08:14:38 -0800] "GET /gallery/photos/20020015/3/pages/2002-0015-00348m.html HTTP/1.0" 200 1770 "-" "msnbot/1.0 (+http://search.msn.com/msnbot.htm)"
207.46.98.88 - - [01/May/2006:08:14:38 -0800] "GET /gallery/photos/19910046/05/pages/1991-0046-00560.html HTTP/1.0" 200 1760 "-" "msnbot/1.0 (+http://search.msn.com/msnbot.htm)"
207.46.98.88 - - [01/May/2006:08:14:39 -0800] "GET /gallery/photos/19910046/05/pages/1991-0046-00562.html HTTP/1.0" 200 1760 "-" "msnbot/1.0 (+http://search.msn.com/msnbot.htm)"
207.46.98.88 - - [01/May/2006:08:14:40 -0800] "GET /gallery/photos/19690092/1/pages/1969-0092-00159.html HTTP/1.0" 200 1765 "-" "msnbot/1.0 (+http://search.msn.com/msnbot.htm)"
207.46.98.88 - - [01/May/2006:08:14:41 -0800] "GET /gallery/photos/19690092/3/pages/1969-0092-00349.html HTTP/1.0" 200 1765 "-" "msnbot/1.0 (+http://search.msn.com/msnbot.htm)"
63.241.61.31 - - [01/May/2006:08:14:41 -0800] "GET /gallery/photos/20040084/1157-1288/images/2004-0084-01179.jpg HTTP/1.1" 200 41847 "-" "ConveraMultiMediaCrawler/0.1 (+http://www.authoritativeweb.com/crawl)"
207.46.98.88 - - [01/May/2006:08:14:41 -0800] "GET /gallery/photos/19690092/5/pages/1969-0092-00533.html HTTP/1.0" 200 1765 "-" "msnbot/1.0 (+http://search.msn.com/msnbot.htm)"
207.46.98.88 - - [01/May/2006:08:14:44 -0800] "GET /gallery/photos/19690092/5/pages/1969-0092-00554.html HTTP/1.0" 200 1765 "-" "msnbot/1.0 (+http://search.msn.com/msnbot.htm)"
207.46.98.88 - - [01/May/2006:08:14:46 -0800] "GET /gallery/photos/20020087/4/pages/2002-0087-00452.html HTTP/1.0" 200 1767 "-" "msnbot/1.0 (+http://search.msn.com/msnbot.htm)"
207.46.98.88 - - [01/May/2006:08:14:47 -0800] "GET /gallery/photos/19850072/pages/1985-0072-00068.html HTTP/1.0" 200 1769 "-" "msnbot/1.0 (+http://search.msn.com/msnbot.htm)"
207.46.98.88 - - [01/May/2006:08:14:47 -0800] "GET /gallery/photos/19950244/14/pages/1995-0244-01499.html HTTP/1.0" 200 1741 "-" "msnbot/1.0 (+http://search.msn.com/msnbot.htm)"
63.241.61.31 - - [01/May/2006:08:14:48 -0800] "GET /gallery/photos/20040084/1157-1288/images/2004-0084-01187.jpg HTTP/1.1" 200 45434 "-" "ConveraMultiMediaCrawler/0.1 (+http://www.authoritativeweb.com/crawl)"
63.241.61.31 - - [01/May/2006:08:14:55 -0800] "GET /gallery/photos/20040084/1157-1288/images/2004-0084-01189.jpg HTTP/1.1" 200 47268 "-" "ConveraMultiMediaCrawler/0.1 (+http://www.authoritativeweb.com/crawl)"
63.241.61.31 - - [01/May/2006:08:15:02 -0800] "GET /gallery/photos/20040084/1157-1288/images/2004-0084-01191.jpg HTTP/1.1" 200 30115 "-" "ConveraMultiMediaCrawler/0.1 (+http://www.authoritativeweb.com/crawl)"
63.241.61.31 - - [01/May/2006:08:15:08 -0800] "GET /gallery/photos/20040084/1157-1288/images/2004-0084-01193.jpg HTTP/1.1" 200 25886 "-" "ConveraMultiMediaCrawler/0.1 (+http://www.authoritativeweb.com/crawl)"
207.46.98.89 - - [01/May/2006:08:15:13 -0800] "GET /robots.txt HTTP/1.0" 200 96 "-" "msnbot/1.0 (+http://search.msn.com/msnbot.htm)"
207.46.98.89 - - [01/May/2006:08:15:14 -0800] "GET /gallery/photos/19680041/2/pages/1968-0041-00207.htm HTTP/1.0" 200 1886 "-" "msnbot/1.0 (+http://search.msn.com/msnbot.htm)"
207.46.98.89 - - [01/May/2006:08:15:14 -0800] "GET /gallery/photos/19890199/1/pages/1989-0199-00125.html HTTP/1.0" 200 1878 "-" "msnbot/1.0 (+http://search.msn.com/msnbot.htm)"
63.241.61.31 - - [01/May/2006:08:15:14 -0800] "GET /gallery/photos/20040084/1157-1288/images/2004-0084-01196.jpg HTTP/1.1" 200 53067 "-" "ConveraMultiMediaCrawler/0.1 (+http://www.authoritativeweb.com/crawl)"
207.46.98.89 - - [01/May/2006:08:15:15 -0800] "GET /gallery/photos/19950244/06/pages/1995-0244-00642.html HTTP/1.0" 200 1889 "-" "msnbot/1.0 (+http://search.msn.com/msnbot.htm)"
207.46.98.89 - - [01/May/2006:08:15:15 -0800] "GET /gallery/photos/20040069/pages/2002-0032-00029.html HTTP/1.0" 200 1884 "-" "msnbot/1.0 (+http://search.msn.com/msnbot.htm)"
207.46.98.89 - - [01/May/2006:08:15:16 -0800] "GET /gallery/photos/19581026/22/pages/1958-1026-02237.html HTTP/1.0" 200 2092 "-" "msnbot/1.0 (+http://search.msn.com/msnbot.htm)"
207.46.98.89 - - [01/May/2006:08:15:16 -0800] "GET /gallery/photos/20040014/0/pages/2004-0014-00034.html HTTP/1.0" 200 1866 "-" "msnbot/1.0 (+http://search.msn.com/msnbot.htm)"
207.46.98.89 - - [01/May/2006:08:15:16 -0800] "GET /gallery/photos/20040111/01/pages/2004-0111-00134.htm HTTP/1.0" 200 1885 "-" "msnbot/1.0 (+http://search.msn.com/msnbot.htm)"
63.241.61.31 - - [01/May/2006:08:15:21 -0800] "GET /gallery/photos/20040085/images/2004-0085-00002.jpg HTTP/1.1" 200 66795 "-" "ConveraMultiMediaCrawler/0.1 (+http://www.authoritativeweb.com/crawl)"
63.241.61.31 - - [01/May/2006:08:15:28 -0800] "GET /gallery/photos/20040085/images/2004-0085-00005.jpg HTTP/1.1" 200 65349 "-" "ConveraMultiMediaCrawler/0.1 (+http://www.authoritativeweb.com/crawl)"
63.241.61.31 - - [01/May/2006:08:15:35 -0800] "GET /gallery/photos/20040085/images/2004-0085-00007.jpg HTTP/1.1" 200 34966 "-" "ConveraMultiMediaCrawler/0.1 (+http://www.authoritativeweb.com/crawl)"
63.241.61.31 - - [01/May/2006:08:15:41 -0800] "GET /gallery/photos/20040085/images/2004-0085-00011.jpg HTTP/1.1" 200 37594 "-" "ConveraMultiMediaCrawler/0.1 (+http://www.authoritativeweb.com/crawl)"
63.241.61.31 - - [01/May/2006:08:15:47 -0800] "GET /gallery/photos/20040085/images/2004-0085-00016.jpg HTTP/1.1" 200 54306 "-" "ConveraMultiMediaCrawler/0.1 (+http://www.authoritativeweb.com/crawl)"
63.241.61.31 - - [01/May/2006:08:15:54 -0800] "GET /gallery/photos/20040085/images/2004-0085-00017.jpg HTTP/1.1" 200 56113 "-" "ConveraMultiMediaCrawler/0.1 (+http://www.authoritativeweb.com/crawl)"
72.30.102.209 - - [01/May/2006:08:15:55 -0800] "GET /gallery/photos/19640074/pages/1964-0074-00103.html HTTP/1.0" 200 5044 "-" "Mozilla/5.0 (compatible; Yahoo! Slurp; http://help.yahoo.com/help/us/ysearch/slurp)"
63.241.61.31 - - [01/May/2006:08:16:01 -0800] "GET /gallery/photos/20040085/images/2004-0085-00018.jpg HTTP/1.1" 200 63875 "-" "ConveraMultiMediaCrawler/0.1 (+http://www.authoritativeweb.com/crawl)"
63.241.61.31 - - [01/May/2006:08:16:08 -0800] "GET /gallery/photos/20040086/1/images/2004-0086-00105.jpg HTTP/1.1" 200 93102 "-" "ConveraMultiMediaCrawler/0.1 (+http://www.authoritativeweb.com/crawl)"
63.241.61.31 - - [01/May/2006:08:16:15 -0800] "GET /gallery/photos/20040086/1/images/2004-0086-00107.jpg HTTP/1.1" 200 36549 "-" "ConveraMultiMediaCrawler/0.1 (+http://www.authoritativeweb.com/crawl)"
63.241.61.31 - - [01/May/2006:08:16:22 -0800] "GET /gallery/photos/20040086/1/images/2004-0086-00109.jpg HTTP/1.1" 200 45149 "-" "ConveraMultiMediaCrawler/0.1 (+http://www.authoritativeweb.com/crawl)"
207.46.98.89 - - [01/May/2006:08:16:32 -0800] "GET /gallery/photos/19690092/4/pages/1969-0092-00412.html HTTP/1.0" 200 1763 "-" "msnbot/1.0 (+http://search.msn.com/msnbot.htm)"
63.241.61.31 - - [01/May/2006:08:16:31 -0800] "GET /gallery/photos/20040093/images/2004-0093-00002.jpg HTTP/1.1" 200 36132 "-" "ConveraMultiMediaCrawler/0.1 (+http://www.authoritativeweb.com/crawl)"
207.46.98.89 - - [01/May/2006:08:16:33 -0800] "GET /gallery/photos/20030109/0/pages/2003-0109-00034.html HTTP/1.0" 200 1756 "-" "msnbot/1.0 (+http://search.msn.com/msnbot.htm)"
207.46.98.89 - - [01/May/2006:08:16:33 -0800] "GET /gallery/photos/20020087/3/pages/2002-0087-00357.html HTTP/1.0" 200 1767 "-" "msnbot/1.0 (+http://search.msn.com/msnbot.htm)"
207.46.98.89 - - [01/May/2006:08:16:34 -0800] "GET /gallery/photos/19700058/2/pages/1970-0058-00234.html HTTP/1.0" 200 1759 "-" "msnbot/1.0 (+http://search.msn.com/msnbot.htm)"
63.241.61.31 - - [01/May/2006:08:16:39 -0800] "GET /gallery/photos/20040093/images/2004-0093-00007.jpg HTTP/1.1" 200 66920 "-" "ConveraMultiMediaCrawler/0.1 (+http://www.authoritativeweb.com/crawl)"
63.241.61.31 - - [01/May/2006:08:16:45 -0800] "GET /gallery/photos/20040093/images/2004-0093-00008.jpg HTTP/1.1" 200 65626 "-" "ConveraMultiMediaCrawler/0.1 (+http://www.authoritativeweb.com/crawl)"
63.241.61.31 - - [01/May/2006:08:16:52 -0800] "GET /gallery/photos/20040093/images/2004-0093-00009.jpg HTTP/1.1" 200 54879 "-" "ConveraMultiMediaCrawler/0.1 (+http://www.authoritativeweb.com/crawl)"
207.46.98.88 - - [01/May/2006:08:16:54 -0800] "GET /gallery/photos/20020015/0/pages/2002-0015-00001m.html HTTP/1.0" 200 1610 "-" "msnbot/1.0 (+http://search.msn.com/msnbot.htm)"
63.241.61.31 - - [01/May/2006:08:16:58 -0800] "GET /gallery/photos/20040093/images/2004-0093-00012.jpg HTTP/1.1" 200 54041 "-" "ConveraMultiMediaCrawler/0.1 (+http://www.authoritativeweb.com/crawl)"
63.241.61.31 - - [01/May/2006:08:17:05 -0800] "GET /gallery/photos/20040093/images/2004-0093-00014.jpg HTTP/1.1" 200 56628 "-" "ConveraMultiMediaCrawler/0.1 (+http://www.authoritativeweb.com/crawl)"
63.241.61.31 - - [01/May/2006:08:17:12 -0800] "GET /gallery/photos/20040093/images/2004-0093-00018.jpg HTTP/1.1" 200 40019 "-" "ConveraMultiMediaCrawler/0.1 (+http://www.authoritativeweb.com/crawl)"
63.241.61.31 - - [01/May/2006:08:17:19 -0800] "GET /gallery/photos/20040093/images/2004-0093-00031.jpg HTTP/1.1" 200 71579 "-" "ConveraMultiMediaCrawler/0.1 (+http://www.authoritativeweb.com/crawl)"
63.241.61.31 - - [01/May/2006:08:17:25 -0800] "GET /gallery/photos/20040093/images/2004-0093-00036.jpg HTTP/1.1" 200 56625 "-" "ConveraMultiMediaCrawler/0.1 (+http://www.authoritativeweb.com/crawl)"
63.241.61.31 - - [01/May/2006:08:17:32 -0800] "GET /gallery/photos/20040093/images/2004-0093-00037.jpg HTTP/1.1" 200 58921 "-" "ConveraMultiMediaCrawler/0.1 (+http://www.authoritativeweb.com/crawl)"
63.241.61.31 - - [01/May/2006:08:17:39 -0800] "GET /gallery/photos/20040093/images/2004-0093-00047.jpg HTTP/1.1" 200 64250 "-" "ConveraMultiMediaCrawler/0.1 (+http://www.authoritativeweb.com/crawl)"
63.241.61.31 - - [01/May/2006:08:17:46 -0800] "GET /gallery/photos/20040093/images/2004-0093-00048.jpg HTTP/1.1" 200 49256 "-" "ConveraMultiMediaCrawler/0.1 (+http://www.authoritativeweb.com/crawl)"
63.241.61.31 - - [01/May/2006:08:17:52 -0800] "GET /gallery/photos/20040093/images/2004-0093-00052.jpg HTTP/1.1" 200 56879 "-" "ConveraMultiMediaCrawler/0.1 (+http://www.authoritativeweb.com/crawl)"
63.241.61.31 - - [01/May/2006:08:17:59 -0800] "GET /gallery/photos/20040093/images/2004-0093-00055.jpg HTTP/1.1" 200 43917 "-" "ConveraMultiMediaCrawler/0.1 (+http://www.authoritativeweb.com/crawl)"
63.241.61.31 - - [01/May/2006:08:18:05 -0800] "GET /gallery/photos/20040093/images/2004-0093-00057.jpg HTTP/1.1" 200 79484 "-" "ConveraMultiMediaCrawler/0.1 (+http://www.authoritativeweb.com/crawl)"
72.30.132.222 - - [01/May/2006:08:18:13 -0800] "GET /robots.txt HTTP/1.0" 200 96 "-" "Mozilla/5.0 (compatible; Yahoo! Slurp; http://help.yahoo.com/help/us/ysearch/slurp)"
63.241.61.31 - - [01/May/2006:08:18:12 -0800] "GET /gallery/photos/20040109/images/2004-0109-00005.jpg HTTP/1.1" 200 94336 "-" "ConveraMultiMediaCrawler/0.1 (+http://www.authoritativeweb.com/crawl)"
72.30.111.22 - - [01/May/2006:08:18:26 -0800] "GET /gallery/photos/19700071/pages/1970-0071-00009.html HTTP/1.0" 200 1881 "-" "Mozilla/5.0 (compatible; Yahoo! Slurp; http://help.yahoo.com/help/us/ysearch/slurp)"
68.142.251.156 - - [01/May/2006:08:19:51 -0800] "GET /aboutus.html HTTP/1.0" 200 13011 "-" "Mozilla/5.0 (compatible; Yahoo! Slurp; http://help.yahoo.com/help/us/ysearch/slurp)"
72.30.128.204 - - [01/May/2006:08:25:33 -0800] "GET /gallery/photos/19810192/pages/1981-0192-00021.html HTTP/1.0" 200 1890 "-" "Mozilla/5.0 (compatible; Yahoo! Slurp; http://help.yahoo.com/help/us/ysearch/slurp)"
68.0.181.122 - - [01/May/2006:08:25:58 -0800] "GET /gallery/photos/19640074/images/1964-0074-00152.jpg HTTP/1.1" 200 80706 "-" "Mozilla/5.0 (Windows; U; Windows NT 5.1; en-US; rv:1.8.0.2) Gecko/20060308 Firefox/1.5.0.2"
72.30.128.204 - - [01/May/2006:08:27:49 -0800] "GET /gallery/photos/19810192/pages/1981-0192-00019.html HTTP/1.0" 200 1890 "-" "Mozilla/5.0 (compatible; Yahoo! Slurp; http://help.yahoo.com/help/us/ysearch/slurp)"
72.30.129.138 - - [01/May/2006:08:29:08 -0800] "GET /gallery/photos/19640074/pages/1964-0074-00164.html HTTP/1.0" 200 5044 "-" "Mozilla/5.0 (compatible; Yahoo! Slurp; http://help.yahoo.com/help/us/ysearch/slurp)"
72.30.102.215 - - [01/May/2006:08:29:26 -0800] "GET /gallery/photos/20010147/pages/2001-0147-00024.html HTTP/1.0" 200 1759 "-" "Mozilla/5.0 (compatible; Yahoo! Slurp; http://help.yahoo.com/help/us/ysearch/slurp)"
207.46.98.87 - - [01/May/2006:08:30:21 -0800] "GET /gallery/photos/19890166/07/index.html HTTP/1.0" 200 12550 "-" "msnbot/1.0 (+http://search.msn.com/msnbot.htm)"
207.46.98.87 - - [01/May/2006:08:30:21 -0800] "GET /gallery/photos/20030109/0/index_8.html HTTP/1.0" 200 7240 "-" "msnbot/1.0 (+http://search.msn.com/msnbot.htm)"
207.46.98.87 - - [01/May/2006:08:30:22 -0800] "GET /gallery/photos/20030129/1/index_14.html HTTP/1.0" 200 7256 "-" "msnbot/1.0 (+http://search.msn.com/msnbot.htm)"
207.46.98.87 - - [01/May/2006:08:30:22 -0800] "GET /gallery/photos/19680041/1/index_4.htm HTTP/1.0" 200 7212 "-" "msnbot/1.0 (+http://search.msn.com/msnbot.htm)"
207.46.98.87 - - [01/May/2006:08:34:19 -0800] "GET /gallery/photos/20040086/0/index_6.htm HTTP/1.0" 200 7202 "-" "msnbot/1.0 (+http://search.msn.com/msnbot.htm)"
66.249.72.51 - - [01/May/2006:08:34:46 -0800] "GET /robots.txt HTTP/1.1" 200 96 "-" "Mozilla/5.0 (compatible; Googlebot/2.1; +http://www.google.com/bot.html)"
66.249.72.51 - - [01/May/2006:08:34:46 -0800] "GET /gallery/photos/19581026/20/pages/1958-1026-02041.html HTTP/1.1" 200 2089 "-" "Mozilla/5.0 (compatible; Googlebot/2.1; +http://www.google.com/bot.html)"
207.46.98.88 - - [01/May/2006:08:36:26 -0800] "GET /gallery/photos/19880041/0/pages/1988-0041-00049.htm HTTP/1.0" 200 1879 "-" "msnbot/1.0 (+http://search.msn.com/msnbot.htm)"
207.46.98.88 - - [01/May/2006:08:37:00 -0800] "GET /gallery/photos/20040086/1/pages/2004-0086-00126.htm HTTP/1.0" 200 1879 "-" "msnbot/1.0 (+http://search.msn.com/msnbot.htm)"
207.46.98.88 - - [01/May/2006:08:37:14 -0800] "GET /gallery/photos/19950244/14/pages/1995-0244-01474.html HTTP/1.0" 200 1888 "-" "msnbot/1.0 (+http://search.msn.com/msnbot.htm)"
207.46.98.88 - - [01/May/2006:08:37:21 -0800] "GET /gallery/photos/19950244/05/pages/1995-0244-00556.html HTTP/1.0" 200 1889 "-" "msnbot/1.0 (+http://search.msn.com/msnbot.htm)"
207.46.98.88 - - [01/May/2006:08:37:22 -0800] "GET /gallery/photos/19800068/0/pages/1980-0068-00028.html HTTP/1.0" 200 1860 "-" "msnbot/1.0 (+http://search.msn.com/msnbot.htm)"
207.46.98.88 - - [01/May/2006:08:37:27 -0800] "GET /gallery/photos/19800068/1/pages/1980-0068-00120.html HTTP/1.0" 200 1860 "-" "msnbot/1.0 (+http://search.msn.com/msnbot.htm)"
207.46.98.88 - - [01/May/2006:08:37:40 -0800] "GET /gallery/photos/19940096/0/pages/1994-0096-00067.html HTTP/1.0" 200 1903 "-" "msnbot/1.0 (+http://search.msn.com/msnbot.htm)"
207.46.98.88 - - [01/May/2006:08:37:50 -0800] "GET /gallery/photos/19890166/07/pages/1989-0166-00721b_neg%20nitrate.html HTTP/1.0" 200 2014 "-" "msnbot/1.0 (+http://search.msn.com/msnbot.htm)"
