207.46.98.88 - - [01/May/2006:12:33:29 -0800] "GET /gallery/photos/20040145/1/pages/2004-0145-00158.htm HTTP/1.0" 200 1890 "-" "msnbot/1.0 (+http://search.msn.com/msnbot.htm)"
207.46.98.88 - - [01/May/2006:12:33:31 -0800] "GET /gallery/photos/19680041/1/pages/1968-0041-00147.htm HTTP/1.0" 200 1889 "-" "msnbot/1.0 (+http://search.msn.com/msnbot.htm)"
207.46.98.88 - - [01/May/2006:12:33:31 -0800] "GET /gallery/photos/20040014/0/pages/2004-0014-00072.html HTTP/1.0" 200 1868 "-" "msnbot/1.0 (+http://search.msn.com/msnbot.htm)"
207.46.98.88 - - [01/May/2006:12:33:32 -0800] "GET /gallery/photos/19890166/08/pages/1989-0166-00513a_print.html HTTP/1.0" 200 1960 "-" "msnbot/1.0 (+http://search.msn.com/msnbot.htm)"
207.46.98.88 - - [01/May/2006:12:33:32 -0800] "GET /gallery/photos/19890166/08/pages/1989-0166-00520a_print.html HTTP/1.0" 200 1960 "-" "msnbot/1.0 (+http://search.msn.com/msnbot.htm)"
207.46.98.88 - - [01/May/2006:12:33:33 -0800] "GET /gallery/photos/19890166/05/pages/1989-0166-00542_neg%20nitrate.html HTTP/1.0" 200 2008 "-" "msnbot/1.0 (+http://search.msn.com/msnbot.htm)"
207.46.98.88 - - [01/May/2006:12:33:33 -0800] "GET /gallery/photos/19890166/08/pages/1989-0166-00528a_print.html HTTP/1.0" 200 1960 "-" "msnbot/1.0 (+http://search.msn.com/msnbot.htm)"
207.46.98.88 - - [01/May/2006:12:33:33 -0800] "GET /gallery/photos/20040162/pages/2004-0162-00023.html HTTP/1.0" 200 1894 "-" "msnbot/1.0 (+http://search.msn.com/msnbot.htm)"
207.46.98.88 - - [01/May/2006:12:33:34 -0800] "GET /gallery/photos/20020015/6/pages/2002-0015-00627m.html HTTP/1.0" 200 1770 "-" "msnbot/1.0 (+http://search.msn.com/msnbot.htm)"
207.46.98.88 - - [01/May/2006:12:33:34 -0800] "GET /gallery/photos/20030120/1/pages/2003-0120-00109.html HTTP/1.0" 200 1869 "-" "msnbot/1.0 (+http://search.msn.com/msnbot.htm)"
207.46.98.88 - - [01/May/2006:12:33:35 -0800] "GET /gallery/photos/19581026/21/pages/1958-1026-02108.html HTTP/1.0" 200 2089 "-" "msnbot/1.0 (+http://search.msn.com/msnbot.htm)"
207.46.98.88 - - [01/May/2006:12:33:35 -0800] "GET /gallery/photos/20030063/0/pages/2003-0063-00003.html HTTP/1.0" 200 1756 "-" "msnbot/1.0 (+http://search.msn.com/msnbot.htm)"
207.46.98.88 - - [01/May/2006:12:33:35 -0800] "GET /gallery/photos/19660054/02/pages/1966-0054-00203.html HTTP/1.0" 200 1758 "-" "msnbot/1.0 (+http://search.msn.com/msnbot.htm)"
207.46.98.88 - - [01/May/2006:12:34:39 -0800] "GET /gallery/photos/20020093/pages/2002-0093-00047.html HTTP/1.0" 200 1773 "-" "msnbot/1.0 (+http://search.msn.com/msnbot.htm)"
207.46.98.88 - - [01/May/2006:12:34:39 -0800] "GET /gallery/photos/20020087/1/pages/2002-0087-00107.html HTTP/1.0" 200 1765 "-" "msnbot/1.0 (+http://search.msn.com/msnbot.htm)"
207.46.98.88 - - [01/May/2006:12:34:40 -0800] "GET /gallery/photos/19690092/1/pages/1969-0092-00117.html HTTP/1.0" 200 1763 "-" "msnbot/1.0 (+http://search.msn.com/msnbot.htm)"
207.46.98.88 - - [01/May/2006:12:34:40 -0800] "GET /gallery/photos/20020015/5/pages/2002-0015-00511m.html HTTP/1.0" 200 1768 "-" "msnbot/1.0 (+http://search.msn.com/msnbot.htm)"
207.46.98.88 - - [01/May/2006:12:34:41 -0800] "GET /gallery/photos/19700058/4/pages/1970-0058-00484.html HTTP/1.0" 200 1759 "-" "msnbot/1.0 (+http://search.msn.com/msnbot.htm)"
207.46.98.88 - - [01/May/2006:12:34:41 -0800] "GET /gallery/photos/19910046/06/pages/1991-0046-00613.html HTTP/1.0" 200 1760 "-" "msnbot/1.0 (+http://search.msn.com/msnbot.htm)"
207.46.98.88 - - [01/May/2006:12:34:42 -0800] "GET /gallery/photos/20010129/0/pages/2001-0129-00014.html HTTP/1.0" 200 1762 "-" "msnbot/1.0 (+http://search.msn.com/msnbot.htm)"
207.46.98.88 - - [01/May/2006:12:34:43 -0800] "GET /gallery/photos/20020015/0/pages/2002-0015-00015m.html HTTP/1.0" 200 1770 "-" "msnbot/1.0 (+http://search.msn.com/msnbot.htm)"
207.46.98.88 - - [01/May/2006:12:34:43 -0800] "GET /gallery/photos/20030129/2/pages/2003-0129-00214.html HTTP/1.0" 200 1768 "-" "msnbot/1.0 (+http://search.msn.com/msnbot.htm)"
207.46.98.88 - - [01/May/2006:12:34:44 -0800] "GET /gallery/photos/19680069/26/pages/1968-0069-02616.html HTTP/1.0" 200 1769 "-" "msnbot/1.0 (+http://search.msn.com/msnbot.htm)"
207.46.98.88 - - [01/May/2006:12:34:44 -0800] "GET /gallery/photos/19680069/26/pages/1968-0069-02614.html HTTP/1.0" 200 1769 "-" "msnbot/1.0 (+http://search.msn.com/msnbot.htm)"
207.46.98.88 - - [01/May/2006:12:34:45 -0800] "GET /gallery/photos/20020015/3/pages/2002-0015-00323m.html HTTP/1.0" 200 1770 "-" "msnbot/1.0 (+http://search.msn.com/msnbot.htm)"
207.46.98.88 - - [01/May/2006:12:34:46 -0800] "GET /gallery/photos/19690092/1/pages/1969-0092-00136.html HTTP/1.0" 200 1765 "-" "msnbot/1.0 (+http://search.msn.com/msnbot.htm)"
207.46.98.88 - - [01/May/2006:12:34:46 -0800] "GET /gallery/photos/19700058/2/pages/1970-0058-00215.html HTTP/1.0" 200 1759 "-" "msnbot/1.0 (+http://search.msn.com/msnbot.htm)"
207.46.98.88 - - [01/May/2006:12:34:47 -0800] "GET /gallery/photos/19660054/02/pages/1966-0054-00220.html HTTP/1.0" 200 1761 "-" "msnbot/1.0 (+http://search.msn.com/msnbot.htm)"
207.46.98.88 - - [01/May/2006:12:34:47 -0800] "GET /gallery/photos/20010129/0/pages/2001-0129-00035.html HTTP/1.0" 200 1762 "-" "msnbot/1.0 (+http://search.msn.com/msnbot.htm)"
207.46.98.88 - - [01/May/2006:12:34:47 -0800] "GET /gallery/photos/20020087/1/pages/2002-0087-00143.html HTTP/1.0" 200 1767 "-" "msnbot/1.0 (+http://search.msn.com/msnbot.htm)"
207.46.98.88 - - [01/May/2006:12:34:49 -0800] "GET /gallery/photos/20010129/3/pages/2001-0129-00329.html HTTP/1.0" 200 1762 "-" "msnbot/1.0 (+http://search.msn.com/msnbot.htm)"
207.46.98.88 - - [01/May/2006:12:34:52 -0800] "GET /gallery/photos/20020087/3/pages/2002-0087-00332.html HTTP/1.0" 200 1767 "-" "msnbot/1.0 (+http://search.msn.com/msnbot.htm)"
207.46.98.88 - - [01/May/2006:12:34:52 -0800] "GET /gallery/photos/19700058/2/pages/1970-0058-00251.html HTTP/1.0" 200 1759 "-" "msnbot/1.0 (+http://search.msn.com/msnbot.htm)"
207.46.98.88 - - [01/May/2006:12:34:52 -0800] "GET /gallery/photos/19990293/0/pages/1999-0293-00057.html HTTP/1.0" 200 1768 "-" "msnbot/1.0 (+http://search.msn.com/msnbot.htm)"
207.46.98.88 - - [01/May/2006:12:34:54 -0800] "GET /gallery/photos/20030024/0/pages/2003-0024-00030.html HTTP/1.0" 200 1760 "-" "msnbot/1.0 (+http://search.msn.com/msnbot.htm)"
207.46.98.88 - - [01/May/2006:12:34:56 -0800] "GET /gallery/photos/20030109/3/pages/2003-0109-00328.html HTTP/1.0" 200 1756 "-" "msnbot/1.0 (+http://search.msn.com/msnbot.htm)"
207.46.98.88 - - [01/May/2006:12:34:56 -0800] "GET /gallery/photos/19700058/2/pages/1970-0058-00272.html HTTP/1.0" 200 1759 "-" "msnbot/1.0 (+http://search.msn.com/msnbot.htm)"
207.46.98.88 - - [01/May/2006:12:34:57 -0800] "GET /gallery/photos/19900080/0/pages/1990-0080-00004.html HTTP/1.0" 200 1875 "-" "msnbot/1.0 (+http://search.msn.com/msnbot.htm)"
207.46.98.88 - - [01/May/2006:12:34:58 -0800] "GET /gallery/photos/19740130/pages/1974-0130-00055.html HTTP/1.0" 200 1753 "-" "msnbot/1.0 (+http://search.msn.com/msnbot.htm)"
72.30.102.204 - - [01/May/2006:12:35:57 -0800] "GET /gallery/documentgallery.html HTTP/1.0" 404 324 "-" "Mozilla/5.0 (compatible; Yahoo! Slurp; http://help.yahoo.com/help/us/ysearch/slurp)"
207.46.98.88 - - [01/May/2006:12:38:43 -0800] "GET /gallery/photos/19660054/01/pages/1966-0054-00174.html HTTP/1.0" 200 1760 "-" "msnbot/1.0 (+http://search.msn.com/msnbot.htm)"
207.46.98.88 - - [01/May/2006:12:38:44 -0800] "GET /gallery/photos/19740130/pages/1974-0130-00057.html HTTP/1.0" 200 1753 "-" "msnbot/1.0 (+http://search.msn.com/msnbot.htm)"
207.46.98.88 - - [01/May/2006:12:38:44 -0800] "GET /gallery/photos/20040066/1/pages/2004-0066-00148.html HTTP/1.0" 200 1884 "-" "msnbot/1.0 (+http://search.msn.com/msnbot.htm)"
12.220.241.161 - - [01/May/2006:12:39:27 -0800] "GET /index_files/aprbrown.jpg HTTP/1.1" 200 5509 "http://www.alaska.net/~johnd/urban/" "Mozilla/4.0 (compatible; MSIE 6.0; Windows NT 5.1; SV1; .NET CLR 1.1.4322; .NET CLR 2.0.50727)"
72.30.111.28 - - [01/May/2006:12:43:01 -0800] "GET /robots.txt HTTP/1.0" 200 96 "-" "Mozilla/5.0 (compatible; Yahoo! Slurp; http://help.yahoo.com/help/us/ysearch/slurp)"
72.30.98.145 - - [01/May/2006:12:43:02 -0800] "GET /gallery/photos/19940070/2/pages/1994-0070-00254.html HTTP/1.0" 200 5917 "-" "Mozilla/5.0 (compatible; Yahoo! Slurp; http://help.yahoo.com/help/us/ysearch/slurp)"
72.30.107.146 - - [01/May/2006:12:43:48 -0800] "GET /gallery/photos/19890228/0/pages/1989-0228-00023.html HTTP/1.0" 200 1878 "-" "Mozilla/5.0 (compatible; Yahoo! Slurp; http://help.yahoo.com/help/us/ysearch/slurp)"
207.46.98.89 - - [01/May/2006:12:45:48 -0800] "GET /gallery/photos/19690092/6/pages/1969-0092-00688.html HTTP/1.0" 200 1765 "-" "msnbot/1.0 (+http://search.msn.com/msnbot.htm)"
207.46.98.87 - - [01/May/2006:12:49:02 -0800] "GET /gallery/photos/20020087/4/index_5.html HTTP/1.0" 200 7251 "-" "msnbot/1.0 (+http://search.msn.com/msnbot.htm)"
207.46.98.87 - - [01/May/2006:12:49:03 -0800] "GET /gallery/photos/20030120/0/index_6.html HTTP/1.0" 200 6963 "-" "msnbot/1.0 (+http://search.msn.com/msnbot.htm)"
12.215.249.93 - - [01/May/2006:12:53:37 -0800] "GET /gallery/maps/G3200/large/G3200%201882%20P461.jpg HTTP/1.1" 200 199700 "http://www.xanga.com/Angel_Girl_Annie" "Mozilla/4.0 (compatible; MSIE 6.0; Windows NT 5.1; SV1; .NET CLR 1.0.3705)"
207.46.98.88 - - [01/May/2006:12:57:57 -0800] "GET /gallery/photos/20030063/3/index_4.html HTTP/1.0" 200 3786 "-" "msnbot/1.0 (+http://search.msn.com/msnbot.htm)"
207.46.98.87 - - [01/May/2006:12:58:57 -0800] "GET /gallery/photos/19940096/3/pages/1994-0096-00351.html HTTP/1.0" 200 1903 "-" "msnbot/1.0 (+http://search.msn.com/msnbot.htm)"
195.93.102.8 - - [01/May/2006:13:05:24 -0800] "HEAD /gallery/maps/mapg3200.html HTTP/1.0" 200 - "-" "-"
195.93.102.8 - - [01/May/2006:13:05:24 -0800] "HEAD /gallery/maps/mapg3200.html HTTP/1.0" 200 - "-" "-"
72.30.134.22 - - [01/May/2006:13:08:48 -0800] "GET /gallery/photos/20040111/00/pages/2004-0111-00009.htm HTTP/1.0" 200 1882 "-" "Mozilla/5.0 (compatible; Yahoo! Slurp; http://help.yahoo.com/help/us/ysearch/slurp)"
65.67.165.164 - - [01/May/2006:13:12:04 -0800] "GET http://www.yahoo.com/ HTTP/1.1" 200 8969 "-" "Mozilla/4.0 (compatible; MSIE 4.01; Windows 95)"
72.30.129.107 - - [01/May/2006:13:13:26 -0800] "GET /gallery/photos/19940070/4/pages/1994-0070-00932.html HTTP/1.0" 200 4277 "-" "Mozilla/5.0 (compatible; Yahoo! Slurp; http://help.yahoo.com/help/us/ysearch/slurp)"
66.194.6.80 - - [01/May/2006:13:15:32 -0800] "GET /store/maps.html HTTP/1.1" 301 349 "-" "Mozilla/4.0 (compatible; MSIE 6.0; Windows NT 5.1; Q312462)"
72.30.97.219 - - [01/May/2006:13:17:46 -0800] "GET /gallery/photos/20020015/6/pages/2002-0015-00624m.html HTTP/1.0" 200 1770 "-" "Mozilla/5.0 (compatible; Yahoo! Slurp; http://help.yahoo.com/help/us/ysearch/slurp)"
74.227.29.200 - - [01/May/2006:13:19:45 -0800] "GET /index_files/aprbrown.jpg HTTP/1.1" 304 - "-" "Mozilla/4.0 (compatible; MSIE 6.0; Windows NT 5.1; SV1)"
207.46.98.89 - - [01/May/2006:13:23:48 -0800] "GET /robots.txt HTTP/1.0" 200 96 "-" "msnbot/1.0 (+http://search.msn.com/msnbot.htm)"
207.46.98.89 - - [01/May/2006:13:23:48 -0800] "GET /gallery/photos/19640042/1/pages/1964-0042-00157.htm HTTP/1.0" 200 1884 "-" "msnbot/1.0 (+http://search.msn.com/msnbot.htm)"
72.30.98.208 - - [01/May/2006:13:27:00 -0800] "GET /gallery/photos/19700058/4/index.html HTTP/1.0" 200 7097 "-" "Mozilla/5.0 (compatible; Yahoo! Slurp; http://help.yahoo.com/help/us/ysearch/slurp)"
72.30.129.14 - - [01/May/2006:13:28:35 -0800] "GET /gallery/photos/19750209/pages/1975-0209-00004.html HTTP/1.0" 200 1874 "-" "Mozilla/5.0 (compatible; Yahoo! Slurp; http://help.yahoo.com/help/us/ysearch/slurp)"
64.124.85.79 - - [01/May/2006:13:33:16 -0800] "GET /robots.txt HTTP/1.1" 200 96 "-" "Mozilla/5.0 (compatible; BecomeBot/3.0; MSIE 6.0 compatible; +http://www.become.com/site_owners.html)"
72.30.102.223 - - [01/May/2006:13:34:02 -0800] "GET /gallery/photos/20040153/3/pages/2004-0153-00308.html HTTP/1.0" 200 2085 "-" "Mozilla/5.0 (compatible; Yahoo! Slurp; http://help.yahoo.com/help/us/ysearch/slurp)"
207.46.98.88 - - [01/May/2006:13:36:12 -0800] "GET /robots.txt HTTP/1.0" 200 96 "-" "msnbot/1.0 (+http://search.msn.com/msnbot.htm)"
207.46.98.88 - - [01/May/2006:13:36:12 -0800] "GET /gallery/photos/19640042/0/pages/1964-0042-00037.htm HTTP/1.0" 200 1884 "-" "msnbot/1.0 (+http://search.msn.com/msnbot.htm)"
207.46.98.88 - - [01/May/2006:13:36:13 -0800] "GET /gallery/photos/19581026/14/pages/1958-1026-01454.html HTTP/1.0" 200 2092 "-" "msnbot/1.0 (+http://search.msn.com/msnbot.htm)"
207.46.98.88 - - [01/May/2006:13:36:17 -0800] "GET /gallery/photos/19581026/14/pages/1958-1026-01456.html HTTP/1.0" 200 2092 "-" "msnbot/1.0 (+http://search.msn.com/msnbot.htm)"
64.124.85.79 - - [01/May/2006:13:36:18 -0800] "GET /gallery/photos/19750084/04/pages/1975-0084-00403.html HTTP/1.1" 200 2083 "" "Mozilla/5.0 (compatible; BecomeBot/3.0; MSIE 6.0 compatible; +http://www.become.com/site_owners.html)"
207.46.98.88 - - [01/May/2006:13:36:19 -0800] "GET /gallery/photos/20040066/1/pages/2004-0066-00125.html HTTP/1.0" 200 1884 "-" "msnbot/1.0 (+http://search.msn.com/msnbot.htm)"
207.46.98.88 - - [01/May/2006:13:36:21 -0800] "GET /gallery/photos/20040066/1/pages/2004-0066-00127.html HTTP/1.0" 200 1884 "-" "msnbot/1.0 (+http://search.msn.com/msnbot.htm)"
207.46.98.88 - - [01/May/2006:13:36:23 -0800] "GET /gallery/photos/20040111/01/pages/2004-0111-00114.htm HTTP/1.0" 200 1885 "-" "msnbot/1.0 (+http://search.msn.com/msnbot.htm)"
207.46.98.88 - - [01/May/2006:13:36:26 -0800] "GET /gallery/photos/19890166/09/pages/1989-0166-00616a_print.html HTTP/1.0" 200 1958 "-" "msnbot/1.0 (+http://search.msn.com/msnbot.htm)"
207.46.98.88 - - [01/May/2006:13:36:28 -0800] "GET /gallery/photos/19890166/09/pages/1989-0166-00631a_print.html HTTP/1.0" 200 1960 "-" "msnbot/1.0 (+http://search.msn.com/msnbot.htm)"
207.46.98.88 - - [01/May/2006:13:36:32 -0800] "GET /gallery/photos/19890166/07/pages/1989-0166-00760_neg%20nitrate.html HTTP/1.0" 200 2008 "-" "msnbot/1.0 (+http://search.msn.com/msnbot.htm)"
207.46.98.88 - - [01/May/2006:13:36:40 -0800] "GET /gallery/photos/19890166/12/pages/1989-0166-00950a_print.html HTTP/1.0" 200 1960 "-" "msnbot/1.0 (+http://search.msn.com/msnbot.htm)"
207.46.98.88 - - [01/May/2006:13:36:43 -0800] "GET /gallery/photos/19890166/08/pages/1989-0166-00534a_print.html HTTP/1.0" 200 1960 "-" "msnbot/1.0 (+http://search.msn.com/msnbot.htm)"
207.46.98.88 - - [01/May/2006:13:36:43 -0800] "GET /gallery/photos/19890166/12/pages/1989-0166-00940a_print.html HTTP/1.0" 200 1960 "-" "msnbot/1.0 (+http://search.msn.com/msnbot.htm)"
207.46.98.88 - - [01/May/2006:13:36:45 -0800] "GET /gallery/photos/19890166/12/pages/1989-0166-00977a_print.html HTTP/1.0" 200 1960 "-" "msnbot/1.0 (+http://search.msn.com/msnbot.htm)"
72.30.133.38 - - [01/May/2006:13:37:05 -0800] "GET /gallery/photos/19940096/4/pages/1994-0096-00407.html HTTP/1.0" 200 1900 "-" "Mozilla/5.0 (compatible; Yahoo! Slurp; http://help.yahoo.com/help/us/ysearch/slurp)"
202.66.88.252 - - [01/May/2006:13:37:33 -0800] "POST /_vti_bin/_vti_aut/fp30reg.dll HTTP/1.1" 404 316 "-" "-"
207.46.98.88 - - [01/May/2006:13:38:25 -0800] "GET /gallery/photos/19890166/12/pages/1989-0166-00939a_print.html HTTP/1.0" 200 1960 "-" "msnbot/1.0 (+http://search.msn.com/msnbot.htm)"
207.46.98.88 - - [01/May/2006:13:38:26 -0800] "GET /gallery/photos/20040162/pages/2004-0162-00042.html HTTP/1.0" 200 1894 "-" "msnbot/1.0 (+http://search.msn.com/msnbot.htm)"
207.46.98.88 - - [01/May/2006:13:38:26 -0800] "GET /gallery/photos/19581026/14/pages/1958-1026-01498.html HTTP/1.0" 200 2092 "-" "msnbot/1.0 (+http://search.msn.com/msnbot.htm)"
207.46.98.88 - - [01/May/2006:13:38:27 -0800] "GET /gallery/photos/19890166/08/pages/1989-0166-00551a_print.html HTTP/1.0" 200 1960 "-" "msnbot/1.0 (+http://search.msn.com/msnbot.htm)"
207.46.98.88 - - [01/May/2006:13:38:27 -0800] "GET /gallery/photos/19660054/00/pages/1966-0054-00007.html HTTP/1.0" 200 1758 "-" "msnbot/1.0 (+http://search.msn.com/msnbot.htm)"
207.46.98.88 - - [01/May/2006:13:38:29 -0800] "GET /gallery/photos/19890166/12/pages/1989-0166-00925a_print.html HTTP/1.0" 200 1958 "-" "msnbot/1.0 (+http://search.msn.com/msnbot.htm)"
207.46.98.88 - - [01/May/2006:13:38:32 -0800] "GET /gallery/photos/20030129/2/pages/2003-0129-00210.html HTTP/1.0" 200 1768 "-" "msnbot/1.0 (+http://search.msn.com/msnbot.htm)"
207.46.98.88 - - [01/May/2006:13:38:32 -0800] "GET /gallery/photos/19690092/3/pages/1969-0092-00322.html HTTP/1.0" 200 1765 "-" "msnbot/1.0 (+http://search.msn.com/msnbot.htm)"
207.46.98.88 - - [01/May/2006:13:38:33 -0800] "GET /gallery/photos/19910046/04/pages/1991-0046-00438.html HTTP/1.0" 200 1760 "-" "msnbot/1.0 (+http://search.msn.com/msnbot.htm)"
207.46.98.88 - - [01/May/2006:13:38:34 -0800] "GET /gallery/photos/20020015/5/pages/2002-0015-00542m.html HTTP/1.0" 200 1770 "-" "msnbot/1.0 (+http://search.msn.com/msnbot.htm)"
207.46.98.88 - - [01/May/2006:13:38:34 -0800] "GET /gallery/photos/20030137/pages/2003-0137-00072.html HTTP/1.0" 200 1770 "-" "msnbot/1.0 (+http://search.msn.com/msnbot.htm)"
207.46.98.88 - - [01/May/2006:13:38:35 -0800] "GET /gallery/photos/19740130/pages/1974-0130-00043.html HTTP/1.0" 200 1753 "-" "msnbot/1.0 (+http://search.msn.com/msnbot.htm)"
207.46.98.88 - - [01/May/2006:13:38:37 -0800] "GET /gallery/photos/20040162/pages/2004-0162-00061.html HTTP/1.0" 200 1894 "-" "msnbot/1.0 (+http://search.msn.com/msnbot.htm)"
207.46.98.88 - - [01/May/2006:13:38:37 -0800] "GET /gallery/photos/20040086/0/pages/2004-0086-00094.htm HTTP/1.0" 200 1879 "-" "msnbot/1.0 (+http://search.msn.com/msnbot.htm)"
64.124.85.79 - - [01/May/2006:13:39:27 -0800] "GET /gallery/photos/19890166/05/pages/1989-0166-00501_neg%20nitrate.html HTTP/1.1" 200 2005 "" "Mozilla/5.0 (compatible; BecomeBot/3.0; MSIE 6.0 compatible; +http://www.become.com/site_owners.html)"
207.46.98.88 - - [01/May/2006:13:44:25 -0800] "GET /gallery/photos/20040111/04/pages/2004-0111-00400.htm HTTP/1.0" 200 1727 "-" "msnbot/1.0 (+http://search.msn.com/msnbot.htm)"
72.30.111.28 - - [01/May/2006:13:49:14 -0800] "GET /robots.txt HTTP/1.0" 200 96 "-" "Mozilla/5.0 (compatible; Yahoo! Slurp; http://help.yahoo.com/help/us/ysearch/slurp)"
72.30.107.138 - - [01/May/2006:13:49:15 -0800] "GET /gallery/photos/19940070/2/pages/1994-0070-00238.html HTTP/1.0" 200 5917 "-" "Mozilla/5.0 (compatible; Yahoo! Slurp; http://help.yahoo.com/help/us/ysearch/slurp)"
72.30.104.202 - - [01/May/2006:13:49:59 -0800] "GET /gallery/photos/20020155/pages/2002-0155-00022.html HTTP/1.0" 200 1763 "-" "Mozilla/5.0 (compatible; Yahoo! Slurp; http://help.yahoo.com/help/us/ysearch/slurp)"
72.30.110.20 - - [01/May/2006:13:51:24 -0800] "GET /gallery/photos/20020134/pages/2002-0134-00033.html HTTP/1.0" 200 1769 "-" "Mozilla/5.0 (compatible; Yahoo! Slurp; http://help.yahoo.com/help/us/ysearch/slurp)"
72.30.133.33 - - [01/May/2006:13:54:14 -0800] "GET /gallery/photos/19750084/03/pages/1975-0084-00308.html HTTP/1.0" 200 2083 "-" "Mozilla/5.0 (compatible; Yahoo! Slurp; http://help.yahoo.com/help/us/ysearch/slurp)"
66.249.72.51 - - [01/May/2006:13:59:34 -0800] "GET /gallery/photos/19750084/07/pages/1975-0084-00710.html HTTP/1.1" 200 2084 "-" "Mozilla/5.0 (compatible; Googlebot/2.1; +http://www.google.com/bot.html)"
207.46.98.88 - - [01/May/2006:14:00:38 -0800] "GET /gallery/photos/19870175/index_3.html HTTP/1.0" 200 7229 "-" "msnbot/1.0 (+http://search.msn.com/msnbot.htm)"
207.46.98.87 - - [01/May/2006:14:03:12 -0800] "GET /robots.txt HTTP/1.0" 200 96 "-" "msnbot/1.0 (+http://search.msn.com/msnbot.htm)"
207.46.98.87 - - [01/May/2006:14:03:12 -0800] "GET /gallery/photos/20040111/04/index_7.htm HTTP/1.0" 200 7208 "-" "msnbot/1.0 (+http://search.msn.com/msnbot.htm)"
72.30.98.148 - - [01/May/2006:14:06:56 -0800] "GET /gallery/photos/19800068/1/pages/1980-0068-00102.html HTTP/1.0" 200 1857 "-" "Mozilla/5.0 (compatible; Yahoo! Slurp; http://help.yahoo.com/help/us/ysearch/slurp)"
72.30.98.148 - - [01/May/2006:14:06:58 -0800] "GET /gallery/photos/20030174/3/index.html HTTP/1.0" 200 7080 "-" "Mozilla/5.0 (compatible; Yahoo! Slurp; http://help.yahoo.com/help/us/ysearch/slurp)"
207.46.98.87 - - [01/May/2006:14:19:52 -0800] "GET /gallery/photos/20040111/11/pages/2004-0111-01198.htm HTTP/1.0" 200 1885 "-" "msnbot/1.0 (+http://search.msn.com/msnbot.htm)"
207.46.98.87 - - [01/May/2006:14:19:54 -0800] "GET /gallery/photos/19810192/pages/1981-0192-00003.html HTTP/1.0" 200 1887 "-" "msnbot/1.0 (+http://search.msn.com/msnbot.htm)"
207.46.98.87 - - [01/May/2006:14:19:55 -0800] "GET /gallery/photos/19700071/pages/1970-0071-00019.html HTTP/1.0" 200 1884 "-" "msnbot/1.0 (+http://search.msn.com/msnbot.htm)"
207.46.98.87 - - [01/May/2006:14:19:56 -0800] "GET /gallery/photos/19890207/0/pages/1989-0207-00080.html HTTP/1.0" 200 1878 "-" "msnbot/1.0 (+http://search.msn.com/msnbot.htm)"
207.46.98.87 - - [01/May/2006:14:19:56 -0800] "GET /gallery/photos/19890199/1/pages/1989-0199-00164.html HTTP/1.0" 200 1878 "-" "msnbot/1.0 (+http://search.msn.com/msnbot.htm)"
207.46.98.87 - - [01/May/2006:14:19:57 -0800] "GET /gallery/photos/19890199/1/pages/1989-0199-00166.html HTTP/1.0" 200 1878 "-" "msnbot/1.0 (+http://search.msn.com/msnbot.htm)"
207.46.98.87 - - [01/May/2006:14:19:59 -0800] "GET /gallery/photos/20030120/0/pages/2003-0120-00021.html HTTP/1.0" 200 1871 "-" "msnbot/1.0 (+http://search.msn.com/msnbot.htm)"
207.46.98.87 - - [01/May/2006:14:20:00 -0800] "GET /gallery/photos/19890166/08/pages/1989-0166-00512a_print.html HTTP/1.0" 200 1960 "-" "msnbot/1.0 (+http://search.msn.com/msnbot.htm)"
207.46.98.87 - - [01/May/2006:14:20:01 -0800] "GET /gallery/photos/19890166/08/pages/1989-0166-00511a_print.html HTTP/1.0" 200 1960 "-" "msnbot/1.0 (+http://search.msn.com/msnbot.htm)"
207.46.98.87 - - [01/May/2006:14:20:01 -0800] "GET /gallery/photos/20030040/0/pages/2003-0040-00079.html HTTP/1.0" 200 1758 "-" "msnbot/1.0 (+http://search.msn.com/msnbot.htm)"
207.46.98.87 - - [01/May/2006:14:20:04 -0800] "GET /gallery/photos/19680069/26/pages/1968-0069-02643.html HTTP/1.0" 200 1769 "-" "msnbot/1.0 (+http://search.msn.com/msnbot.htm)"
207.46.98.87 - - [01/May/2006:14:22:17 -0800] "GET /gallery/photos/20030063/0/pages/2003-0063-00063.html HTTP/1.0" 200 1758 "-" "msnbot/1.0 (+http://search.msn.com/msnbot.htm)"
207.46.98.87 - - [01/May/2006:14:25:19 -0800] "GET /gallery/photos/20040111/01/pages/2004-0111-00173.htm HTTP/1.0" 200 1885 "-" "msnbot/1.0 (+http://search.msn.com/msnbot.htm)"
72.30.128.158 - - [01/May/2006:14:25:32 -0800] "GET /gallery/photos/20020015/2/pages/2002-0015-00222m.html HTTP/1.0" 200 1770 "-" "Mozilla/5.0 (compatible; Yahoo! Slurp; http://help.yahoo.com/help/us/ysearch/slurp)"
207.46.98.87 - - [01/May/2006:14:25:48 -0800] "GET /gallery/photos/20040111/01/pages/2004-0111-00173.htm HTTP/1.0" 200 1885 "-" "msnbot/1.0 (+http://search.msn.com/msnbot.htm)"
207.46.98.87 - - [01/May/2006:14:22:22 -0800] "GET /gallery/photos/19800068/3/pages/1980-0068-00348.html HTTP/1.0" 200 1712 "-" "msnbot/1.0 (+http://search.msn.com/msnbot.htm)"
69.76.175.152 - - [01/May/2006:14:26:48 -0800] "GET /gallery/maps/G3300/large/G3300%201755%20B431.jpg HTTP/1.1" 200 207500 "http://images.google.com/imgres?imgurl=http://photolab.elmer.uaf.edu/gallery/maps/G3300/large/G3300%25201755%2520B431.jpg&imgrefurl=http://photolab.elmer.uaf.edu/gallery/maps/mapg3300.html&h=801&w=1200&sz=243&tbnid=3ypGA_cRbaUAnM:&tbnh=100&tbnw=150&hl=en&prev=/images%3Fq%3Dnelson%2Briver%26start%3D60%26svnum%3D10%26hl%3Den%26lr%3D%26rls%3DGSPA,GSPA:2006-06,GSPA:en%26sa%3DN&frame=small" "Mozilla/4.0 (compatible; MSIE 6.0; Windows NT 5.1; SV1)"
72.30.98.75 - - [01/May/2006:14:27:57 -0800] "GET /gallery/photos/19850072/index_2.html HTTP/1.0" 200 7252 "-" "Mozilla/5.0 (compatible; Yahoo! Slurp; http://help.yahoo.com/help/us/ysearch/slurp)"
151.169.1.28 - - [01/May/2006:14:30:10 -0800] "GET /gallery/photogallery.html HTTP/1.1" 304 - "-" "Mozilla/4.0 (compatible; MSIE 6.0; Windows NT 5.1; SV1; .NET CLR 1.1.4322)"
151.169.1.28 - - [01/May/2006:14:30:11 -0800] "GET /index_files/lib.css HTTP/1.1" 304 - "http://photolab.elmer.uaf.edu/gallery/photogallery.html" "Mozilla/4.0 (compatible; MSIE 6.0; Windows NT 5.1; SV1; .NET CLR 1.1.4322)"
151.169.1.28 - - [01/May/2006:14:30:11 -0800] "GET /index_files/small.dps.jpg HTTP/1.1" 304 - "http://photolab.elmer.uaf.edu/gallery/photogallery.html" "Mozilla/4.0 (compatible; MSIE 6.0; Windows NT 5.1; SV1; .NET CLR 1.1.4322)"
151.169.1.28 - - [01/May/2006:14:30:11 -0800] "GET /index_files/title.jpg HTTP/1.1" 304 - "http://photolab.elmer.uaf.edu/gallery/photogallery.html" "Mozilla/4.0 (compatible; MSIE 6.0; Windows NT 5.1; SV1; .NET CLR 1.1.4322)"
151.169.1.28 - - [01/May/2006:14:30:11 -0800] "GET /index_files/small_002.jpg HTTP/1.1" 304 - "http://photolab.elmer.uaf.edu/gallery/photogallery.html" "Mozilla/4.0 (compatible; MSIE 6.0; Windows NT 5.1; SV1; .NET CLR 1.1.4322)"
151.169.1.28 - - [01/May/2006:14:30:11 -0800] "GET /index_files/empty.gif HTTP/1.1" 304 - "http://photolab.elmer.uaf.edu/gallery/photogallery.html" "Mozilla/4.0 (compatible; MSIE 6.0; Windows NT 5.1; SV1; .NET CLR 1.1.4322)"
151.169.1.28 - - [01/May/2006:14:30:11 -0800] "GET /index_files/inform.gif HTTP/1.1" 304 - "http://photolab.elmer.uaf.edu/gallery/photogallery.html" "Mozilla/4.0 (compatible; MSIE 6.0; Windows NT 5.1; SV1; .NET CLR 1.1.4322)"
151.169.1.28 - - [01/May/2006:14:30:11 -0800] "GET /index_files/small_003.jpg HTTP/1.1" 304 - "http://photolab.elmer.uaf.edu/gallery/photogallery.html" "Mozilla/4.0 (compatible; MSIE 6.0; Windows NT 5.1; SV1; .NET CLR 1.1.4322)"
151.169.1.28 - - [01/May/2006:14:30:11 -0800] "GET /index_files/bluebear.gif HTTP/1.1" 304 - "http://photolab.elmer.uaf.edu/gallery/photogallery.html" "Mozilla/4.0 (compatible; MSIE 6.0; Windows NT 5.1; SV1; .NET CLR 1.1.4322)"
151.169.1.28 - - [01/May/2006:14:30:11 -0800] "GET /index_files/new01.gif HTTP/1.1" 304 - "http://photolab.elmer.uaf.edu/gallery/photogallery.html" "Mozilla/4.0 (compatible; MSIE 6.0; Windows NT 5.1; SV1; .NET CLR 1.1.4322)"
151.169.1.28 - - [01/May/2006:14:30:11 -0800] "GET /index_files/sitemap.gif HTTP/1.1" 304 - "http://photolab.elmer.uaf.edu/gallery/photogallery.html" "Mozilla/4.0 (compatible; MSIE 6.0; Windows NT 5.1; SV1; .NET CLR 1.1.4322)"
151.169.1.28 - - [01/May/2006:14:30:12 -0800] "GET /index_files/apr.jpg HTTP/1.1" 304 - "http://photolab.elmer.uaf.edu/gallery/photogallery.html" "Mozilla/4.0 (compatible; MSIE 6.0; Windows NT 5.1; SV1; .NET CLR 1.1.4322)"
151.169.1.28 - - [01/May/2006:14:30:12 -0800] "GET /index_files/small.jpg HTTP/1.1" 304 - "http://photolab.elmer.uaf.edu/gallery/photogallery.html" "Mozilla/4.0 (compatible; MSIE 6.0; Windows NT 5.1; SV1; .NET CLR 1.1.4322)"
151.169.1.28 - - [01/May/2006:14:30:13 -0800] "GET /index_files/bar.gif HTTP/1.1" 304 - "http://photolab.elmer.uaf.edu/gallery/photogallery.html" "Mozilla/4.0 (compatible; MSIE 6.0; Windows NT 5.1; SV1; .NET CLR 1.1.4322)"
69.76.175.152 - - [01/May/2006:14:27:06 -0800] "GET /gallery/maps/mapg3300.html HTTP/1.1" 200 21837 "http://images.google.com/imgres?imgurl=http://photolab.elmer.uaf.edu/gallery/maps/G3300/large/G3300%25201755%2520B431.jpg&imgrefurl=http://photolab.elmer.uaf.edu/gallery/maps/mapg3300.html&h=801&w=1200&sz=243&tbnid=3ypGA_cRbaUAnM:&tbnh=100&tbnw=150&hl=en&start=71&prev=/images%3Fq%3Dnelson%2Briver%26start%3D60%26svnum%3D10%26hl%3Den%26lr%3D%26rls%3DGSPA,GSPA:2006-06,GSPA:en%26sa%3DN" "Mozilla/4.0 (compatible; MSIE 6.0; Windows NT 5.1; SV1)"
151.169.1.28 - - [01/May/2006:14:30:17 -0800] "GET /gallery/photos/19750084/05/index.html HTTP/1.1" 200 7277 "http://photolab.elmer.uaf.edu/gallery/photogallery.html" "Mozilla/4.0 (compatible; MSIE 6.0; Windows NT 5.1; SV1; .NET CLR 1.1.4322)"
151.169.1.28 - - [01/May/2006:14:30:21 -0800] "GET /gallery/photos/19750084/05/index.html HTTP/1.1" 200 7277 "http://photolab.elmer.uaf.edu/gallery/photogallery.html" "Mozilla/4.0 (compatible; MSIE 6.0; Windows NT 5.1; SV1; .NET CLR 1.1.4322)"
151.169.1.28 - - [01/May/2006:14:30:24 -0800] "GET /gallery/photos/19750084/05/index.html HTTP/1.1" 200 7277 "http://photolab.elmer.uaf.edu/gallery/photogallery.html" "Mozilla/4.0 (compatible; MSIE 6.0; Windows NT 5.1; SV1; .NET CLR 1.1.4322)"
151.169.1.28 - - [01/May/2006:14:30:31 -0800] "GET /index_files/lib.css HTTP/1.1" 304 - "http://photolab.elmer.uaf.edu/gallery/photos/19750084/05/index.html" "Mozilla/4.0 (compatible; MSIE 6.0; Windows NT 5.1; SV1; .NET CLR 1.1.4322)"
151.169.1.28 - - [01/May/2006:14:30:31 -0800] "GET /gallery/photos/19750084/05/thumbnails/1975-0084-00501.jpg HTTP/1.1" 200 7821 "http://photolab.elmer.uaf.edu/gallery/photos/19750084/05/index.html" "Mozilla/4.0 (compatible; MSIE 6.0; Windows NT 5.1; SV1; .NET CLR 1.1.4322)"
151.169.1.28 - - [01/May/2006:14:30:32 -0800] "GET /gallery/photos/19750084/05/thumbnails/1975-0084-00502.jpg HTTP/1.1" 200 5790 "http://photolab.elmer.uaf.edu/gallery/photos/19750084/05/index.html" "Mozilla/4.0 (compatible; MSIE 6.0; Windows NT 5.1; SV1; .NET CLR 1.1.4322)"
151.169.1.28 - - [01/May/2006:14:30:32 -0800] "GET /gallery/photos/19750084/05/thumbnails/1975-0084-00500.jpg HTTP/1.1" 200 8080 "http://photolab.elmer.uaf.edu/gallery/photos/19750084/05/index.html" "Mozilla/4.0 (compatible; MSIE 6.0; Windows NT 5.1; SV1; .NET CLR 1.1.4322)"
151.169.1.28 - - [01/May/2006:14:30:32 -0800] "GET /gallery/photos/19750084/05/images/next.gif HTTP/1.1" 200 270 "http://photolab.elmer.uaf.edu/gallery/photos/19750084/05/index.html" "Mozilla/4.0 (compatible; MSIE 6.0; Windows NT 5.1; SV1; .NET CLR 1.1.4322)"
151.169.1.28 - - [01/May/2006:14:30:37 -0800] "GET /gallery/photos/19750084/05/thumbnails/1975-0084-00503.jpg HTTP/1.1" 200 5922 "http://photolab.elmer.uaf.edu/gallery/photos/19750084/05/index.html" "Mozilla/4.0 (compatible; MSIE 6.0; Windows NT 5.1; SV1; .NET CLR 1.1.4322)"
151.169.1.28 - - [01/May/2006:14:30:37 -0800] "GET /gallery/photos/19750084/05/thumbnails/1975-0084-00504.jpg HTTP/1.1" 200 6746 "http://photolab.elmer.uaf.edu/gallery/photos/19750084/05/index.html" "Mozilla/4.0 (compatible; MSIE 6.0; Windows NT 5.1; SV1; .NET CLR 1.1.4322)"
151.169.1.28 - - [01/May/2006:14:30:38 -0800] "GET /gallery/photos/19750084/05/thumbnails/1975-0084-00506.jpg HTTP/1.1" 200 7266 "http://photolab.elmer.uaf.edu/gallery/photos/19750084/05/index.html" "Mozilla/4.0 (compatible; MSIE 6.0; Windows NT 5.1; SV1; .NET CLR 1.1.4322)"
151.169.1.28 - - [01/May/2006:14:30:40 -0800] "GET /gallery/photos/19750084/05/thumbnails/1975-0084-00505.jpg HTTP/1.1" 200 5618 "http://photolab.elmer.uaf.edu/gallery/photos/19750084/05/index.html" "Mozilla/4.0 (compatible; MSIE 6.0; Windows NT 5.1; SV1; .NET CLR 1.1.4322)"
207.46.98.88 - - [01/May/2006:14:30:21 -0800] "GET /gallery/photos/19740130/pages/1974-0130-00059.html HTTP/1.0" 200 1753 "-" "msnbot/1.0 (+http://search.msn.com/msnbot.htm)"
151.169.1.28 - - [01/May/2006:14:30:45 -0800] "GET /gallery/photos/19750084/05/thumbnails/1975-0084-00508.jpg HTTP/1.1" 200 8261 "http://photolab.elmer.uaf.edu/gallery/photos/19750084/05/index.html" "Mozilla/4.0 (compatible; MSIE 6.0; Windows NT 5.1; SV1; .NET CLR 1.1.4322)"
151.169.1.28 - - [01/May/2006:14:30:48 -0800] "GET /gallery/photos/19750084/05/thumbnails/1975-0084-00511.jpg HTTP/1.1" 200 8571 "http://photolab.elmer.uaf.edu/gallery/photos/19750084/05/index.html" "Mozilla/4.0 (compatible; MSIE 6.0; Windows NT 5.1; SV1; .NET CLR 1.1.4322)"
151.169.1.28 - - [01/May/2006:14:30:48 -0800] "GET /gallery/photos/19750084/05/thumbnails/1975-0084-00510.jpg HTTP/1.1" 200 7568 "http://photolab.elmer.uaf.edu/gallery/photos/19750084/05/index.html" "Mozilla/4.0 (compatible; MSIE 6.0; Windows NT 5.1; SV1; .NET CLR 1.1.4322)"
207.46.98.87 - - [01/May/2006:14:30:50 -0800] "GET /gallery/photos/20020087/0/pages/2002-0087-00073.html HTTP/1.0" 200 1767 "-" "msnbot/1.0 (+http://search.msn.com/msnbot.htm)"
151.169.1.28 - - [01/May/2006:14:30:52 -0800] "GET /gallery/photos/19750084/05/thumbnails/1975-0084-00507.jpg HTTP/1.1" 200 3279 "http://photolab.elmer.uaf.edu/gallery/photos/19750084/05/index.html" "Mozilla/4.0 (compatible; MSIE 6.0; Windows NT 5.1; SV1; .NET CLR 1.1.4322)"
151.169.1.28 - - [01/May/2006:14:30:49 -0800] "GET /gallery/photos/19750084/05/thumbnails/1975-0084-00509.jpg HTTP/1.1" 200 4754 "http://photolab.elmer.uaf.edu/gallery/photos/19750084/05/index.html" "Mozilla/4.0 (compatible; MSIE 6.0; Windows NT 5.1; SV1; .NET CLR 1.1.4322)"
151.169.1.28 - - [01/May/2006:14:31:23 -0800] "GET /gallery/photos/19750084/05/pages/1975-0084-00509.html HTTP/1.1" 200 2084 "http://photolab.elmer.uaf.edu/gallery/photos/19750084/05/index.html" "Mozilla/4.0 (compatible; MSIE 6.0; Windows NT 5.1; SV1; .NET CLR 1.1.4322)"
151.169.1.28 - - [01/May/2006:14:31:23 -0800] "GET /index_files/lib.css HTTP/1.1" 304 - "http://photolab.elmer.uaf.edu/gallery/photos/19750084/05/pages/1975-0084-00509.html" "Mozilla/4.0 (compatible; MSIE 6.0; Windows NT 5.1; SV1; .NET CLR 1.1.4322)"
151.169.1.28 - - [01/May/2006:14:31:23 -0800] "GET /gallery/photos/19750084/05/images/home.gif HTTP/1.1" 200 268 "http://photolab.elmer.uaf.edu/gallery/photos/19750084/05/pages/1975-0084-00509.html" "Mozilla/4.0 (compatible; MSIE 6.0; Windows NT 5.1; SV1; .NET CLR 1.1.4322)"
151.169.1.28 - - [01/May/2006:14:31:24 -0800] "GET /gallery/photos/19750084/05/images/1975-0084-00509.jpg HTTP/1.1" 200 38307 "http://photolab.elmer.uaf.edu/gallery/photos/19750084/05/pages/1975-0084-00509.html" "Mozilla/4.0 (compatible; MSIE 6.0; Windows NT 5.1; SV1; .NET CLR 1.1.4322)"
207.46.98.87 - - [01/May/2006:14:31:26 -0800] "GET /gallery/photos/19690092/6/pages/1969-0092-00689.html HTTP/1.0" 200 1765 "-" "msnbot/1.0 (+http://search.msn.com/msnbot.htm)"
151.169.1.28 - - [01/May/2006:14:31:29 -0800] "GET /gallery/photos/19750084/05/images/previous.gif HTTP/1.1" 200 271 "http://photolab.elmer.uaf.edu/gallery/photos/19750084/05/pages/1975-0084-00509.html" "Mozilla/4.0 (compatible; MSIE 6.0; Windows NT 5.1; SV1; .NET CLR 1.1.4322)"
151.169.1.28 - - [01/May/2006:14:31:42 -0800] "GET /gallery/photos/19750084/05/pages/1975-0084-00511.html HTTP/1.1" 200 2084 "http://photolab.elmer.uaf.edu/gallery/photos/19750084/05/index.html" "Mozilla/4.0 (compatible; MSIE 6.0; Windows NT 5.1; SV1; .NET CLR 1.1.4322)"
151.169.1.28 - - [01/May/2006:14:31:48 -0800] "GET /index_files/lib.css HTTP/1.1" 304 - "http://photolab.elmer.uaf.edu/gallery/photos/19750084/05/pages/1975-0084-00511.html" "Mozilla/4.0 (compatible; MSIE 6.0; Windows NT 5.1; SV1; .NET CLR 1.1.4322)"
66.249.72.51 - - [01/May/2006:14:32:52 -0800] "GET /gallery/photos/19750084/06/pages/1975-0084-00611.html HTTP/1.1" 200 2084 "-" "Mozilla/5.0 (compatible; Googlebot/2.1; +http://www.google.com/bot.html)"
207.46.98.87 - - [01/May/2006:14:34:39 -0800] "GET /gallery/photos/20020087/0/pages/2002-0087-00082.html HTTP/1.0" 200 1767 "-" "msnbot/1.0 (+http://search.msn.com/msnbot.htm)"
151.169.1.28 - - [01/May/2006:14:31:54 -0800] "GET /gallery/photos/19750084/05/images/1975-0084-00511.jpg HTTP/1.1" 200 52335 "http://photolab.elmer.uaf.edu/gallery/photos/19750084/05/pages/1975-0084-00511.html" "Mozilla/4.0 (compatible; MSIE 6.0; Windows NT 5.1; SV1; .NET CLR 1.1.4322)"
68.80.208.178 - - [01/May/2006:14:37:43 -0800] "GET / HTTP/1.1" 200 8969 "-" "Java/1.5.0_06"
68.80.208.178 - - [01/May/2006:14:38:00 -0800] "GET /aboutus.html HTTP/1.1" 200 13011 "-" "Java/1.5.0_06"
68.80.208.178 - - [01/May/2006:14:38:11 -0800] "GET /contact.html HTTP/1.1" 200 6369 "-" "Java/1.5.0_06"
68.80.208.178 - - [01/May/2006:14:38:12 -0800] "GET /hours.html HTTP/1.1" 200 5909 "-" "Java/1.5.0_06"
68.80.208.178 - - [01/May/2006:14:38:13 -0800] "GET /index.html HTTP/1.1" 200 8969 "-" "Java/1.5.0_06"
68.80.208.178 - - [01/May/2006:14:38:13 -0800] "GET /photosales.html HTTP/1.1" 200 5880 "-" "Java/1.5.0_06"
68.80.208.178 - - [01/May/2006:14:38:13 -0800] "GET /resources.html HTTP/1.1" 200 8449 "-" "Java/1.5.0_06"
68.80.208.178 - - [01/May/2006:14:38:14 -0800] "GET /services.html HTTP/1.1" 200 5901 "-" "Java/1.5.0_06"
68.80.208.178 - - [01/May/2006:14:38:14 -0800] "GET /digprint.html HTTP/1.1" 200 8876 "-" "Java/1.5.0_06"
68.80.208.178 - - [01/May/2006:14:38:14 -0800] "GET /passport.html HTTP/1.1" 200 5529 "-" "Java/1.5.0_06"
68.80.208.178 - - [01/May/2006:14:38:15 -0800] "GET /scanning.html HTTP/1.1" 200 9010 "-" "Java/1.5.0_06"
68.80.208.178 - - [01/May/2006:14:38:15 -0800] "GET /paper.html HTTP/1.1" 200 7753 "-" "Java/1.5.0_06"
68.80.208.178 - - [01/May/2006:14:38:17 -0800] "GET /gallery/index.html HTTP/1.1" 200 7268 "-" "Java/1.5.0_06"
68.80.208.178 - - [01/May/2006:14:38:17 -0800] "GET /gallery/panogallery.html HTTP/1.1" 200 8645 "-" "Java/1.5.0_06"
68.80.208.178 - - [01/May/2006:14:38:18 -0800] "GET /store/index.html HTTP/1.1" 301 350 "-" "Java/1.5.0_06"
68.80.208.178 - - [01/May/2006:14:38:19 -0800] "GET /Templates/pricing.htm HTTP/1.1" 404 317 "-" "Java/1.5.0_06"
207.46.98.87 - - [01/May/2006:14:38:33 -0800] "GET /gallery/photos/20020087/0/pages/2002-0087-00084.html HTTP/1.0" 200 1767 "-" "msnbot/1.0 (+http://search.msn.com/msnbot.htm)"
68.80.208.178 - - [01/May/2006:14:38:29 -0800] "GET /gallery/bookgallery.html HTTP/1.1" 200 9817 "-" "Java/1.5.0_06"
68.80.208.178 - - [01/May/2006:14:40:16 -0800] "GET /gallery/mapgallery.html HTTP/1.1" 200 11702 "-" "Java/1.5.0_06"
207.46.98.88 - - [01/May/2006:14:42:11 -0800] "GET /gallery/photos/19640074/pages/1964-0074-00065.html HTTP/1.0" 200 5041 "-" "msnbot/1.0 (+http://search.msn.com/msnbot.htm)"
68.80.208.178 - - [01/May/2006:14:40:41 -0800] "GET /gallery/photogallery.html HTTP/1.1" 200 44975 "-" "Java/1.5.0_06"
72.30.128.209 - - [01/May/2006:14:44:33 -0800] "GET /gallery/photos/19890166/00/ HTTP/1.0" 200 11725 "-" "Mozilla/5.0 (compatible; Yahoo! Slurp; http://help.yahoo.com/help/us/ysearch/slurp)"
68.80.208.178 - - [01/May/2006:14:45:55 -0800] "GET /store/bestsellers.html HTTP/1.1" 301 356 "-" "Java/1.5.0_06"
68.80.208.178 - - [01/May/2006:14:46:08 -0800] "GET /store/info.html HTTP/1.1" 301 349 "-" "Java/1.5.0_06"
68.80.208.178 - - [01/May/2006:14:46:14 -0800] "GET /store/notecardsets.html HTTP/1.1" 301 357 "-" "Java/1.5.0_06"
207.46.98.88 - - [01/May/2006:14:44:32 -0800] "GET /gallery/photos/19940070/0/pages/1994-0070-00020.html HTTP/1.0" 200 6003 "-" "msnbot/1.0 (+http://search.msn.com/msnbot.htm)"
72.30.132.104 - - [01/May/2006:14:47:58 -0800] "GET /gallery/photos/20040109/pages/2004-0109-00017.htm HTTP/1.0" 200 1884 "-" "Mozilla/5.0 (compatible; Yahoo! Slurp; http://help.yahoo.com/help/us/ysearch/slurp)"
68.80.208.178 - - [01/May/2006:14:50:18 -0800] "GET /store/people.html HTTP/1.1" 301 351 "-" "Java/1.5.0_06"
68.80.208.178 - - [01/May/2006:14:50:19 -0800] "GET /store/photographs.html HTTP/1.1" 301 356 "-" "Java/1.5.0_06"
207.46.98.88 - - [01/May/2006:14:50:19 -0800] "GET /gallery/photos/19940070/0/pages/1994-0070-00022.html HTTP/1.0" 200 6003 "-" "msnbot/1.0 (+http://search.msn.com/msnbot.htm)"
68.80.208.178 - - [01/May/2006:14:50:21 -0800] "GET /store/places.html HTTP/1.1" 301 351 "-" "Java/1.5.0_06"
68.80.208.178 - - [01/May/2006:14:50:23 -0800] "GET /store/posters.html HTTP/1.1" 301 352 "-" "Java/1.5.0_06"
207.46.98.88 - - [01/May/2006:14:50:23 -0800] "GET /gallery/photos/19680041/2/pages/1968-0041-00213.htm HTTP/1.0" 200 1889 "-" "msnbot/1.0 (+http://search.msn.com/msnbot.htm)"
68.80.208.178 - - [01/May/2006:14:50:24 -0800] "GET /store/privacypolicy.html HTTP/1.1" 301 358 "-" "Java/1.5.0_06"
68.80.208.178 - - [01/May/2006:14:50:25 -0800] "GET /store/raremaps.html HTTP/1.1" 301 353 "-" "Java/1.5.0_06"
207.46.98.88 - - [01/May/2006:14:50:25 -0800] "GET /gallery/photos/19940096/0/pages/1994-0096-00002.html HTTP/1.0" 200 1900 "-" "msnbot/1.0 (+http://search.msn.com/msnbot.htm)"
68.80.208.178 - - [01/May/2006:14:50:26 -0800] "GET /store/sizes.html HTTP/1.1" 301 350 "-" "Java/1.5.0_06"
68.80.208.178 - - [01/May/2006:14:50:26 -0800] "GET /store/transportation1.html HTTP/1.1" 301 360 "-" "Java/1.5.0_06"
207.46.98.88 - - [01/May/2006:14:50:27 -0800] "GET /gallery/photos/20040111/12/pages/2004-0111-01234.htm HTTP/1.0" 200 1885 "-" "msnbot/1.0 (+http://search.msn.com/msnbot.htm)"
68.80.208.178 - - [01/May/2006:14:50:27 -0800] "GET /store/map002.html HTTP/1.1" 301 351 "-" "Java/1.5.0_06"
68.80.208.178 - - [01/May/2006:14:50:28 -0800] "GET /store/p001.html HTTP/1.1" 301 349 "-" "Java/1.5.0_06"
68.80.208.178 - - [01/May/2006:14:50:29 -0800] "GET /store/p006.html HTTP/1.1" 301 349 "-" "Java/1.5.0_06"
207.46.98.88 - - [01/May/2006:14:50:29 -0800] "GET /gallery/photos/19890107/pages/1989-0107-00031.html HTTP/1.0" 200 1877 "-" "msnbot/1.0 (+http://search.msn.com/msnbot.htm)"
207.46.98.88 - - [01/May/2006:14:50:29 -0800] "GET /gallery/photos/20040111/12/pages/2004-0111-01214.htm HTTP/1.0" 200 1885 "-" "msnbot/1.0 (+http://search.msn.com/msnbot.htm)"
68.80.208.178 - - [01/May/2006:14:50:30 -0800] "GET /store/p007.html HTTP/1.1" 301 349 "-" "Java/1.5.0_06"
207.46.98.88 - - [01/May/2006:14:50:31 -0800] "GET /gallery/photos/20030120/2/pages/2003-0120-00219.html HTTP/1.0" 200 1871 "-" "msnbot/1.0 (+http://search.msn.com/msnbot.htm)"
68.80.208.178 - - [01/May/2006:14:50:31 -0800] "GET /store/p009.html HTTP/1.1" 301 349 "-" "Java/1.5.0_06"
68.80.208.178 - - [01/May/2006:14:50:32 -0800] "GET /store/p024.html HTTP/1.1" 301 349 "-" "Java/1.5.0_06"
207.46.98.88 - - [01/May/2006:14:50:32 -0800] "GET /gallery/photos/19950244/00/pages/1995-0244-00076.html HTTP/1.0" 200 1888 "-" "msnbot/1.0 (+http://search.msn.com/msnbot.htm)"
68.80.208.178 - - [01/May/2006:14:50:33 -0800] "GET /store/p029.html HTTP/1.1" 301 349 "-" "Java/1.5.0_06"
68.80.208.178 - - [01/May/2006:14:50:33 -0800] "GET /store/p031.html HTTP/1.1" 301 349 "-" "Java/1.5.0_06"
207.46.98.88 - - [01/May/2006:14:50:33 -0800] "GET /gallery/photos/19950244/14/pages/1995-0244-01434.html HTTP/1.0" 200 1888 "-" "msnbot/1.0 (+http://search.msn.com/msnbot.htm)"
68.80.208.178 - - [01/May/2006:14:50:34 -0800] "GET /store/p034.html HTTP/1.1" 301 349 "-" "Java/1.5.0_06"
207.46.98.88 - - [01/May/2006:14:50:35 -0800] "GET /gallery/photos/19800068/1/pages/1980-0068-00166.html HTTP/1.0" 200 1860 "-" "msnbot/1.0 (+http://search.msn.com/msnbot.htm)"
68.80.208.178 - - [01/May/2006:14:50:36 -0800] "GET /store/p049.html HTTP/1.1" 301 349 "-" "Java/1.5.0_06"
207.46.98.88 - - [01/May/2006:14:50:36 -0800] "GET /gallery/photos/19880041/0/pages/1988-0041-00069.htm HTTP/1.0" 200 1879 "-" "msnbot/1.0 (+http://search.msn.com/msnbot.htm)"
68.80.208.178 - - [01/May/2006:14:50:37 -0800] "GET /store/p052.html HTTP/1.1" 301 349 "-" "Java/1.5.0_06"
207.46.98.88 - - [01/May/2006:14:50:37 -0800] "GET /gallery/photos/19581026/21/pages/1958-1026-02142.html HTTP/1.0" 200 2092 "-" "msnbot/1.0 (+http://search.msn.com/msnbot.htm)"
68.80.208.178 - - [01/May/2006:14:50:38 -0800] "GET /store/p057.html HTTP/1.1" 301 349 "-" "Java/1.5.0_06"
68.80.208.178 - - [01/May/2006:14:50:38 -0800] "GET /store/p081.html HTTP/1.1" 301 349 "-" "Java/1.5.0_06"
68.80.208.178 - - [01/May/2006:14:50:41 -0800] "GET /store/pan011.html HTTP/1.1" 301 351 "-" "Java/1.5.0_06"
207.46.98.88 - - [01/May/2006:14:50:47 -0800] "GET /gallery/photos/19950244/11/pages/1995-0244-01133.html HTTP/1.0" 200 1888 "-" "msnbot/1.0 (+http://search.msn.com/msnbot.htm)"
68.80.208.178 - - [01/May/2006:14:50:58 -0800] "GET /store/pan012.html HTTP/1.1" 301 351 "-" "Java/1.5.0_06"
68.80.208.178 - - [01/May/2006:14:50:58 -0800] "GET /store/pan013.html HTTP/1.1" 301 351 "-" "Java/1.5.0_06"
68.80.208.178 - - [01/May/2006:14:51:02 -0800] "GET /store/ncset01.html HTTP/1.1" 301 352 "-" "Java/1.5.0_06"
68.80.208.178 - - [01/May/2006:14:51:03 -0800] "GET /store/ncset02.html HTTP/1.1" 301 352 "-" "Java/1.5.0_06"
68.80.208.178 - - [01/May/2006:14:51:03 -0800] "GET /store/ncset03.html HTTP/1.1" 301 352 "-" "Java/1.5.0_06"
68.142.251.155 - - [01/May/2006:14:53:35 -0800] "GET /robots.txt HTTP/1.0" 200 96 "-" "Mozilla/5.0 (compatible; Yahoo! Slurp; http://help.yahoo.com/help/us/ysearch/slurp)"
68.142.251.148 - - [01/May/2006:14:53:36 -0800] "GET /gallery/photos/20020087/0/index_2.html HTTP/1.0" 200 7249 "-" "Mozilla/5.0 (compatible; Yahoo! Slurp; http://help.yahoo.com/help/us/ysearch/slurp)"
207.46.98.88 - - [01/May/2006:14:54:36 -0800] "GET /gallery/photos/19800068/1/pages/1980-0068-00162.html HTTP/1.0" 200 1860 "-" "msnbot/1.0 (+http://search.msn.com/msnbot.htm)"
207.46.98.88 - - [01/May/2006:14:54:36 -0800] "GET /gallery/photos/19930194/1/pages/1993-0194-00157.htm HTTP/1.0" 200 1885 "-" "msnbot/1.0 (+http://search.msn.com/msnbot.htm)"
207.46.98.88 - - [01/May/2006:14:54:37 -0800] "GET /gallery/photos/20040066/0/pages/2004-0066-00029.html HTTP/1.0" 200 1884 "-" "msnbot/1.0 (+http://search.msn.com/msnbot.htm)"
207.46.98.88 - - [01/May/2006:14:54:37 -0800] "GET /gallery/photos/20040111/04/pages/2004-0111-00439.htm HTTP/1.0" 200 1885 "-" "msnbot/1.0 (+http://search.msn.com/msnbot.htm)"
207.46.98.88 - - [01/May/2006:14:54:38 -0800] "GET /gallery/photos/19930194/0/pages/1993-0194-00020.htm HTTP/1.0" 200 1885 "-" "msnbot/1.0 (+http://search.msn.com/msnbot.htm)"
207.46.98.88 - - [01/May/2006:14:54:38 -0800] "GET /gallery/photos/19940096/0/pages/1994-0096-00027.html HTTP/1.0" 200 1903 "-" "msnbot/1.0 (+http://search.msn.com/msnbot.htm)"
207.46.98.88 - - [01/May/2006:14:54:38 -0800] "GET /gallery/photos/19890166/07/pages/1989-0166-00748_neg%20nitrate.html HTTP/1.0" 200 2008 "-" "msnbot/1.0 (+http://search.msn.com/msnbot.htm)"
207.46.98.88 - - [01/May/2006:14:54:39 -0800] "GET /gallery/photos/19890166/09/pages/1989-0166-00625a_print.html HTTP/1.0" 200 1958 "-" "msnbot/1.0 (+http://search.msn.com/msnbot.htm)"
207.46.98.88 - - [01/May/2006:14:54:39 -0800] "GET /gallery/photos/19890166/07/pages/1989-0166-00754_neg%20nitrate.html HTTP/1.0" 200 2008 "-" "msnbot/1.0 (+http://search.msn.com/msnbot.htm)"
207.46.98.88 - - [01/May/2006:14:54:39 -0800] "GET /gallery/photos/19890166/08/pages/1989-0166-00538a_print.html HTTP/1.0" 200 1960 "-" "msnbot/1.0 (+http://search.msn.com/msnbot.htm)"
207.46.98.88 - - [01/May/2006:14:54:40 -0800] "GET /gallery/photos/19890166/08/pages/1989-0166-00549a_print.html HTTP/1.0" 200 1960 "-" "msnbot/1.0 (+http://search.msn.com/msnbot.htm)"
207.46.98.88 - - [01/May/2006:14:54:40 -0800] "GET /gallery/photos/19890166/08/pages/1989-0166-00555a_print.html HTTP/1.0" 200 1960 "-" "msnbot/1.0 (+http://search.msn.com/msnbot.htm)"
207.46.98.88 - - [01/May/2006:14:54:40 -0800] "GET /gallery/photos/19900043/10/pages/1990-0043-01011.html HTTP/1.0" 200 1764 "-" "msnbot/1.0 (+http://search.msn.com/msnbot.htm)"
207.46.98.88 - - [01/May/2006:14:54:41 -0800] "GET /gallery/photos/19690092/8/pages/1969-0092-00887.html HTTP/1.0" 200 1765 "-" "msnbot/1.0 (+http://search.msn.com/msnbot.htm)"
207.46.98.88 - - [01/May/2006:14:54:41 -0800] "GET /gallery/photos/20020015/3/pages/2002-0015-00312m.html HTTP/1.0" 200 1770 "-" "msnbot/1.0 (+http://search.msn.com/msnbot.htm)"
207.46.98.88 - - [01/May/2006:14:54:41 -0800] "GET /gallery/photos/20030063/3/pages/2003-0063-00313.html HTTP/1.0" 200 1758 "-" "msnbot/1.0 (+http://search.msn.com/msnbot.htm)"
207.46.98.88 - - [01/May/2006:14:54:42 -0800] "GET /gallery/photos/20030109/3/pages/2003-0109-00366.html HTTP/1.0" 200 1756 "-" "msnbot/1.0 (+http://search.msn.com/msnbot.htm)"
207.46.98.88 - - [01/May/2006:14:54:42 -0800] "GET /gallery/photos/20030137/pages/2003-0137-00053.html HTTP/1.0" 200 1770 "-" "msnbot/1.0 (+http://search.msn.com/msnbot.htm)"
207.46.98.88 - - [01/May/2006:14:54:43 -0800] "GET /gallery/photos/20030137/pages/2003-0137-00070.html HTTP/1.0" 200 1770 "-" "msnbot/1.0 (+http://search.msn.com/msnbot.htm)"
207.46.98.88 - - [01/May/2006:14:54:43 -0800] "GET /gallery/photos/20030137/pages/2003-0137-00055.html HTTP/1.0" 200 1770 "-" "msnbot/1.0 (+http://search.msn.com/msnbot.htm)"
207.46.98.88 - - [01/May/2006:14:54:43 -0800] "GET /gallery/photos/20030040/0/pages/2003-0040-00070.html HTTP/1.0" 200 1758 "-" "msnbot/1.0 (+http://search.msn.com/msnbot.htm)"
207.46.98.88 - - [01/May/2006:14:54:43 -0800] "GET /gallery/photos/19910046/05/pages/1991-0046-00524.html HTTP/1.0" 200 1760 "-" "msnbot/1.0 (+http://search.msn.com/msnbot.htm)"
207.46.98.88 - - [01/May/2006:14:54:44 -0800] "GET /gallery/photos/20010129/1/pages/2001-0129-00125.html HTTP/1.0" 200 1762 "-" "msnbot/1.0 (+http://search.msn.com/msnbot.htm)"
207.46.98.88 - - [01/May/2006:14:54:45 -0800] "GET /gallery/photos/20030137/pages/2003-0137-00057.html HTTP/1.0" 200 1770 "-" "msnbot/1.0 (+http://search.msn.com/msnbot.htm)"
207.46.98.88 - - [01/May/2006:14:54:45 -0800] "GET /gallery/photos/20030137/pages/2003-0137-00074.html HTTP/1.0" 200 1770 "-" "msnbot/1.0 (+http://search.msn.com/msnbot.htm)"
72.30.128.137 - - [01/May/2006:14:59:51 -0800] "GET /robots.txt HTTP/1.0" 200 96 "-" "Mozilla/5.0 (compatible; Yahoo! Slurp; http://help.yahoo.com/help/us/ysearch/slurp)"
72.30.102.86 - - [01/May/2006:14:59:52 -0800] "GET /gallery/photos/20020093/pages/2002-0093-00051.html HTTP/1.0" 200 1773 "-" "Mozilla/5.0 (compatible; Yahoo! Slurp; http://help.yahoo.com/help/us/ysearch/slurp)"
72.30.110.11 - - [01/May/2006:15:00:01 -0800] "GET /gallery/photos/19940070/4/pages/1994-0070-00924.html HTTP/1.0" 200 4277 "-" "Mozilla/5.0 (compatible; Yahoo! Slurp; http://help.yahoo.com/help/us/ysearch/slurp)"
72.30.133.214 - - [01/May/2006:15:00:28 -0800] "GET /gallery/photos/19581026/20/pages/1958-1026-02049.html HTTP/1.0" 200 2092 "-" "Mozilla/5.0 (compatible; Yahoo! Slurp; http://help.yahoo.com/help/us/ysearch/slurp)"
66.249.72.51 - - [01/May/2006:15:02:28 -0800] "GET /gallery/photos/19750084/02/pages/1975-0084-00207.html HTTP/1.1" 200 2083 "-" "Mozilla/5.0 (compatible; Googlebot/2.1; +http://www.google.com/bot.html)"
207.46.98.88 - - [01/May/2006:15:04:02 -0800] "GET /gallery/photos/19640074/pages/1964-0074-00129.html HTTP/1.0" 200 5044 "-" "msnbot/1.0 (+http://search.msn.com/msnbot.htm)"
207.46.98.88 - - [01/May/2006:15:04:03 -0800] "GET /gallery/photos/19940070/0/pages/1994-0070-00089.html HTTP/1.0" 200 6003 "-" "msnbot/1.0 (+http://search.msn.com/msnbot.htm)"
207.46.98.88 - - [01/May/2006:15:04:04 -0800] "GET /gallery/photos/19940070/0/pages/1994-0070-00083A.html HTTP/1.0" 200 6007 "-" "msnbot/1.0 (+http://search.msn.com/msnbot.htm)"
