133.205.171.80 - - [16/Apr/2006:02:43:00 -0800] "GET /gallery/maps/mapg3300.html HTTP/1.1" 304 - "http://www.worldmapfinder.com/Map_Detail.php?MAP=541&FN=G3300%20%5B1822%5D%20F55.jpg&MW=1200&MH=959&FS=374&FT=jpg&WO=0&CE=4&CO=0&CI=0&IT=0&LC=3&PG=1&CS=iso-8859-1&FU=http://photolab.elmer.uaf.edu/gallery/maps/G3300/large/G3300%20%5B1822%5D%20F55.jpg&SU=http://photolab.elmer.uaf.edu/gallery/maps/mapg3300.html" "Mozilla/4.0 (compatible; MSIE 6.0; Windows NT 5.1; SV1; .NET CLR 1.1.4322)"
133.205.171.80 - - [16/Apr/2006:02:43:00 -0800] "GET /index_files/lib.css HTTP/1.1" 304 - "http://photolab.elmer.uaf.edu/gallery/maps/mapg3300.html" "Mozilla/4.0 (compatible; MSIE 6.0; Windows NT 5.1; SV1; .NET CLR 1.1.4322)"
133.205.171.80 - - [16/Apr/2006:02:43:01 -0800] "GET /index_files/apr.jpg HTTP/1.1" 304 - "http://photolab.elmer.uaf.edu/gallery/maps/mapg3300.html" "Mozilla/4.0 (compatible; MSIE 6.0; Windows NT 5.1; SV1; .NET CLR 1.1.4322)"
133.205.171.80 - - [16/Apr/2006:02:43:01 -0800] "GET /index_files/title.jpg HTTP/1.1" 304 - "http://photolab.elmer.uaf.edu/gallery/maps/mapg3300.html" "Mozilla/4.0 (compatible; MSIE 6.0; Windows NT 5.1; SV1; .NET CLR 1.1.4322)"
133.205.171.80 - - [16/Apr/2006:02:43:01 -0800] "GET /index_files/empty.gif HTTP/1.1" 304 - "http://photolab.elmer.uaf.edu/gallery/maps/mapg3300.html" "Mozilla/4.0 (compatible; MSIE 6.0; Windows NT 5.1; SV1; .NET CLR 1.1.4322)"
133.205.171.80 - - [16/Apr/2006:02:43:01 -0800] "GET /index_files/small.dps.jpg HTTP/1.1" 304 - "http://photolab.elmer.uaf.edu/gallery/maps/mapg3300.html" "Mozilla/4.0 (compatible; MSIE 6.0; Windows NT 5.1; SV1; .NET CLR 1.1.4322)"
133.205.171.80 - - [16/Apr/2006:02:43:01 -0800] "GET /index_files/small.jpg HTTP/1.1" 304 - "http://photolab.elmer.uaf.edu/gallery/maps/mapg3300.html" "Mozilla/4.0 (compatible; MSIE 6.0; Windows NT 5.1; SV1; .NET CLR 1.1.4322)"
133.205.171.80 - - [16/Apr/2006:02:43:01 -0800] "GET /index_files/small_002.jpg HTTP/1.1" 304 - "http://photolab.elmer.uaf.edu/gallery/maps/mapg3300.html" "Mozilla/4.0 (compatible; MSIE 6.0; Windows NT 5.1; SV1; .NET CLR 1.1.4322)"
133.205.171.80 - - [16/Apr/2006:02:43:02 -0800] "GET /index_files/small_003.jpg HTTP/1.1" 304 - "http://photolab.elmer.uaf.edu/gallery/maps/mapg3300.html" "Mozilla/4.0 (compatible; MSIE 6.0; Windows NT 5.1; SV1; .NET CLR 1.1.4322)"
133.205.171.80 - - [16/Apr/2006:02:43:02 -0800] "GET /gallery/maps/G3300/small/G3300%20%5B1590%5D%20P67.jpg HTTP/1.1" 304 - "http://photolab.elmer.uaf.edu/gallery/maps/mapg3300.html" "Mozilla/4.0 (compatible; MSIE 6.0; Windows NT 5.1; SV1; .NET CLR 1.1.4322)"
133.205.171.80 - - [16/Apr/2006:02:43:02 -0800] "GET /gallery/maps/G3300/small/G3300%20%5B1625%5D%20E47.jpg HTTP/1.1" 304 - "http://photolab.elmer.uaf.edu/gallery/maps/mapg3300.html" "Mozilla/4.0 (compatible; MSIE 6.0; Windows NT 5.1; SV1; .NET CLR 1.1.4322)"
133.205.171.80 - - [16/Apr/2006:02:43:02 -0800] "GET /gallery/maps/G3300/small/G3300%20%5B1740_%5D.jpg HTTP/1.1" 304 - "http://photolab.elmer.uaf.edu/gallery/maps/mapg3300.html" "Mozilla/4.0 (compatible; MSIE 6.0; Windows NT 5.1; SV1; .NET CLR 1.1.4322)"
133.205.171.80 - - [16/Apr/2006:02:43:02 -0800] "GET /gallery/maps/G3300/small/G3300%201755%20B431.jpg HTTP/1.1" 304 - "http://photolab.elmer.uaf.edu/gallery/maps/mapg3300.html" "Mozilla/4.0 (compatible; MSIE 6.0; Windows NT 5.1; SV1; .NET CLR 1.1.4322)"
133.205.171.80 - - [16/Apr/2006:02:43:02 -0800] "GET /gallery/maps/G3300/small/G3300%201772%20R62.jpg HTTP/1.1" 304 - "http://photolab.elmer.uaf.edu/gallery/maps/mapg3300.html" "Mozilla/4.0 (compatible; MSIE 6.0; Windows NT 5.1; SV1; .NET CLR 1.1.4322)"
133.205.171.80 - - [16/Apr/2006:02:43:03 -0800] "GET /gallery/maps/G3300/small/G3300%201774%20D861.jpg HTTP/1.1" 304 - "http://photolab.elmer.uaf.edu/gallery/maps/mapg3300.html" "Mozilla/4.0 (compatible; MSIE 6.0; Windows NT 5.1; SV1; .NET CLR 1.1.4322)"
133.205.171.80 - - [16/Apr/2006:02:43:03 -0800] "GET /gallery/maps/G3300/small/G3300%201775%20R621.jpg HTTP/1.1" 304 - "http://photolab.elmer.uaf.edu/gallery/maps/mapg3300.html" "Mozilla/4.0 (compatible; MSIE 6.0; Windows NT 5.1; SV1; .NET CLR 1.1.4322)"
133.205.171.80 - - [16/Apr/2006:02:43:03 -0800] "GET /gallery/maps/G3300/small/G3300%20%5B1779%5D%20C662.jpg HTTP/1.1" 304 - "http://photolab.elmer.uaf.edu/gallery/maps/mapg3300.html" "Mozilla/4.0 (compatible; MSIE 6.0; Windows NT 5.1; SV1; .NET CLR 1.1.4322)"
133.205.171.80 - - [16/Apr/2006:02:43:03 -0800] "GET /gallery/maps/G3300/small/G3300%20%5B1780%5D%20C66.jpg HTTP/1.1" 304 - "http://photolab.elmer.uaf.edu/gallery/maps/mapg3300.html" "Mozilla/4.0 (compatible; MSIE 6.0; Windows NT 5.1; SV1; .NET CLR 1.1.4322)"
133.205.171.80 - - [16/Apr/2006:02:43:03 -0800] "GET /gallery/maps/G3300/small/G3300%20%5B1780_%5D%20C66a.jpg HTTP/1.1" 304 - "http://photolab.elmer.uaf.edu/gallery/maps/mapg3300.html" "Mozilla/4.0 (compatible; MSIE 6.0; Windows NT 5.1; SV1; .NET CLR 1.1.4322)"
133.205.171.80 - - [16/Apr/2006:02:43:03 -0800] "GET /gallery/maps/G3300/small/G3300%201783%20R62.jpg HTTP/1.1" 304 - "http://photolab.elmer.uaf.edu/gallery/maps/mapg3300.html" "Mozilla/4.0 (compatible; MSIE 6.0; Windows NT 5.1; SV1; .NET CLR 1.1.4322)"
133.205.171.80 - - [16/Apr/2006:02:43:04 -0800] "GET /gallery/maps/G3300/large/G3300%20[1822]%20F55.jpg HTTP/1.1" 200 347734 "http://www.worldmapfinder.com/Map_Detail.php?MAP=541&FN=G3300 [1822] F55.jpg&FU=http://photolab.elmer.uaf.edu/gallery/maps/G3300/large/G3300 [1822] F55.jpg&MW=1200&MH=959&FS=374&FT=jpg&SU=http://photolab.elmer.uaf.edu/gallery/maps/mapg3300.html&WO=0&CE=4&CO=0&CI=0&IT=0&LC=3&PG=1&CS=&FM=1" "Mozilla/4.0 (compatible; MSIE 6.0; Windows NT 5.1; SV1; .NET CLR 1.1.4322)"
133.205.171.80 - - [16/Apr/2006:02:43:35 -0800] "GET /gallery/maps/G3300/small/G3300%20%5B1780_%5D%20C66a.jpg HTTP/1.1" 304 - "http://photolab.elmer.uaf.edu/gallery/maps/mapg3300.html" "Mozilla/4.0 (compatible; MSIE 6.0; Windows NT 5.1; SV1; .NET CLR 1.1.4322)"
133.205.171.80 - - [16/Apr/2006:02:43:35 -0800] "GET /gallery/maps/G3300/small/G3300%201783%20R62.jpg HTTP/1.1" 304 - "http://photolab.elmer.uaf.edu/gallery/maps/mapg3300.html" "Mozilla/4.0 (compatible; MSIE 6.0; Windows NT 5.1; SV1; .NET CLR 1.1.4322)"
133.205.171.80 - - [16/Apr/2006:02:43:36 -0800] "GET /gallery/maps/G3300/small/G3300%20%5B1786_%5D%20B691.jpg HTTP/1.1" 304 - "http://photolab.elmer.uaf.edu/gallery/maps/mapg3300.html" "Mozilla/4.0 (compatible; MSIE 6.0; Windows NT 5.1; SV1; .NET CLR 1.1.4322)"
133.205.171.80 - - [16/Apr/2006:02:43:36 -0800] "GET /gallery/maps/G3300/small/G3300%20%5B1787%5D%20B66.jpg HTTP/1.1" 304 - "http://photolab.elmer.uaf.edu/gallery/maps/mapg3300.html" "Mozilla/4.0 (compatible; MSIE 6.0; Windows NT 5.1; SV1; .NET CLR 1.1.4322)"
133.205.171.80 - - [16/Apr/2006:02:43:36 -0800] "GET /index_files/bar.gif HTTP/1.1" 304 - "http://photolab.elmer.uaf.edu/gallery/maps/mapg3300.html" "Mozilla/4.0 (compatible; MSIE 6.0; Windows NT 5.1; SV1; .NET CLR 1.1.4322)"
133.205.171.80 - - [16/Apr/2006:02:43:36 -0800] "GET /gallery/maps/G3300/small/G3300%201797%20N43.jpg HTTP/1.1" 304 - "http://photolab.elmer.uaf.edu/gallery/maps/mapg3300.html" "Mozilla/4.0 (compatible; MSIE 6.0; Windows NT 5.1; SV1; .NET CLR 1.1.4322)"
133.205.171.80 - - [16/Apr/2006:02:43:36 -0800] "GET /gallery/maps/G3300/small/G3300%20%5B1822%5D%20F55.jpg HTTP/1.1" 304 - "http://photolab.elmer.uaf.edu/gallery/maps/mapg3300.html" "Mozilla/4.0 (compatible; MSIE 6.0; Windows NT 5.1; SV1; .NET CLR 1.1.4322)"
209.191.65.223 - - [16/Apr/2006:02:43:37 -0800] "GET /store/maps/large%20jpegs/(023)%20G3200%20%5b1562_%5d%20V34.jpg HTTP/1.0" 301 396 "-" "Yahoo-MMCrawler/3.x (mms dash mmcrawler dash support at yahoo dash inc dot com)"
133.205.171.80 - - [16/Apr/2006:02:43:37 -0800] "GET /gallery/maps/G3300/small/G3300%201841%20S75.jpg HTTP/1.1" 200 25984 "http://photolab.elmer.uaf.edu/gallery/maps/mapg3300.html" "Mozilla/4.0 (compatible; MSIE 6.0; Windows NT 5.1; SV1; .NET CLR 1.1.4322)"
133.205.171.80 - - [16/Apr/2006:02:43:36 -0800] "GET /gallery/maps/G3300/small/G3300%20%5B1848_%5D%20C61.jpg HTTP/1.1" 200 24890 "http://photolab.elmer.uaf.edu/gallery/maps/mapg3300.html" "Mozilla/4.0 (compatible; MSIE 6.0; Windows NT 5.1; SV1; .NET CLR 1.1.4322)"
209.191.65.223 - - [16/Apr/2006:02:44:21 -0800] "GET /store/maps/large%20jpegs/(005)%20G3210%20%5b1740_%5d%20T57.jpg HTTP/1.0" 301 396 "-" "Yahoo-MMCrawler/3.x (mms dash mmcrawler dash support at yahoo dash inc dot com)"
209.191.65.223 - - [16/Apr/2006:02:45:03 -0800] "GET /store/maps/large%20jpegs/(013)%20G3270%20%5b1862_%5d%20F81.jpg HTTP/1.0" 301 396 "-" "Yahoo-MMCrawler/3.x (mms dash mmcrawler dash support at yahoo dash inc dot com)"
209.191.65.223 - - [16/Apr/2006:02:45:49 -0800] "GET /store/maps/large%20jpegs/(012)%20G3270%20%5b1662%5d%20B551.jpg HTTP/1.0" 301 396 "-" "Yahoo-MMCrawler/3.x (mms dash mmcrawler dash support at yahoo dash inc dot com)"
209.191.65.223 - - [16/Apr/2006:02:46:29 -0800] "GET /store/maps/large%20jpegs/(017)%20G3290%20%5b1710%5d%20D361.jpg HTTP/1.0" 301 396 "-" "Yahoo-MMCrawler/3.x (mms dash mmcrawler dash support at yahoo dash inc dot com)"
209.191.65.223 - - [16/Apr/2006:02:47:10 -0800] "GET /store/maps/large%20jpegs/(018)%20G3290%20%5b1790_%5d%20B741.jpg HTTP/1.0" 301 397 "-" "Yahoo-MMCrawler/3.x (mms dash mmcrawler dash support at yahoo dash inc dot com)"
209.191.65.223 - - [16/Apr/2006:02:47:32 -0800] "GET /store/maps/large%20jpegs/(002)%20G4370%20%5b1862_%5d%20C631.jpg HTTP/1.0" 301 397 "-" "Yahoo-MMCrawler/3.x (mms dash mmcrawler dash support at yahoo dash inc dot com)"
65.214.44.171 - - [16/Apr/2006:02:47:44 -0800] "GET /gallery/photos/19640042/2/pages/1964-0042-00205.htm HTTP/1.0" 304 - "-" "Mozilla/2.0 (compatible; Ask Jeeves/Teoma; +http://sp.ask.com/docs/about/tech_crawling.html)"
209.191.65.223 - - [16/Apr/2006:02:48:12 -0800] "GET /store/maps/small%20jpegs/(009)%20G3200%20%5b1652_%5d%20V571.jpg HTTP/1.0" 301 397 "-" "Yahoo-MMCrawler/3.x (mms dash mmcrawler dash support at yahoo dash inc dot com)"
209.191.65.223 - - [16/Apr/2006:02:48:54 -0800] "GET /store/maps/large%20jpegs/(009)%20G3200%20%5b1652_%5d%20V571.jpg HTTP/1.0" 301 397 "-" "Yahoo-MMCrawler/3.x (mms dash mmcrawler dash support at yahoo dash inc dot com)"
209.191.65.223 - - [16/Apr/2006:02:49:35 -0800] "GET /gallery/photos/19970213/images/1997-0213-00005.jpg HTTP/1.0" 304 - "-" "Yahoo-MMCrawler/3.x (mms dash mmcrawler dash support at yahoo dash inc dot com)"
209.191.65.223 - - [16/Apr/2006:02:50:36 -0800] "GET /gallery/photos/19640074/images/1964-0074-00135.jpg HTTP/1.0" 304 - "-" "Yahoo-MMCrawler/3.x (mms dash mmcrawler dash support at yahoo dash inc dot com)"
65.74.43.38 - - [16/Apr/2006:02:51:50 -0800] "GET /gallery/Panorama/ HTTP/1.1" 404 313 "-" "Mozilla/4.0 (compatible; MSIE 6.0; Windows NT 5.1; SV1; .NET CLR 1.0.3705; .NET CLR 1.1.4322; Media Center PC 4.0)"
209.191.65.223 - - [16/Apr/2006:02:52:01 -0800] "GET /gallery/photos/19640074/images/1964-0074-00147.jpg HTTP/1.0" 304 - "-" "Yahoo-MMCrawler/3.x (mms dash mmcrawler dash support at yahoo dash inc dot com)"
209.191.65.223 - - [16/Apr/2006:02:53:25 -0800] "GET /gallery/photos/19640074/images/1964-0074-00132.jpg HTTP/1.0" 304 - "-" "Yahoo-MMCrawler/3.x (mms dash mmcrawler dash support at yahoo dash inc dot com)"
209.191.65.223 - - [16/Apr/2006:02:54:06 -0800] "GET /gallery/photos/19640074/images/1964-0074-00159.jpg HTTP/1.0" 304 - "-" "Yahoo-MMCrawler/3.x (mms dash mmcrawler dash support at yahoo dash inc dot com)"
207.46.98.87 - - [16/Apr/2006:02:55:14 -0800] "GET /robots.txt HTTP/1.0" 200 96 "-" "msnbot/1.0 (+http://search.msn.com/msnbot.htm)"
207.46.98.87 - - [16/Apr/2006:02:55:14 -0800] "GET /gallery/photos/19930194/0/pages/1993-0194-00046.htm HTTP/1.0" 200 1886 "-" "msnbot/1.0 (+http://search.msn.com/msnbot.htm)"
65.214.44.171 - - [16/Apr/2006:02:55:48 -0800] "GET /gallery/photos/20040066/1/pages/2004-0066-00119.html HTTP/1.0" 200 1884 "-" "Mozilla/2.0 (compatible; Ask Jeeves/Teoma; +http://sp.ask.com/docs/about/tech_crawling.html)"
209.191.65.223 - - [16/Apr/2006:02:57:08 -0800] "GET /gallery/photos/19640074/images/1964-0074-00038.jpg HTTP/1.0" 304 - "-" "Yahoo-MMCrawler/3.x (mms dash mmcrawler dash support at yahoo dash inc dot com)"
209.191.65.223 - - [16/Apr/2006:02:58:35 -0800] "GET /gallery/photos/19640074/images/1964-0074-00154.jpg HTTP/1.0" 304 - "-" "Yahoo-MMCrawler/3.x (mms dash mmcrawler dash support at yahoo dash inc dot com)"
209.191.65.223 - - [16/Apr/2006:02:59:18 -0800] "GET /gallery/photos/19640074/images/1964-0074-00134.jpg HTTP/1.0" 304 - "-" "Yahoo-MMCrawler/3.x (mms dash mmcrawler dash support at yahoo dash inc dot com)"
65.214.44.81 - - [16/Apr/2006:03:00:13 -0800] "GET /robots.txt HTTP/1.0" 200 96 "-" "Mozilla/2.0 (compatible; Ask Jeeves/Teoma; +http://sp.ask.com/docs/about/tech_crawling.html)"
65.214.44.81 - - [16/Apr/2006:03:00:26 -0800] "GET /gallery/maps/mapg3200.html HTTP/1.0" 200 17235 "-" "Mozilla/2.0 (compatible; Ask Jeeves/Teoma; +http://sp.ask.com/docs/about/tech_crawling.html)"
209.191.65.223 - - [16/Apr/2006:03:01:03 -0800] "GET /gallery/photos/19640074/images/1964-0074-00004.jpg HTTP/1.0" 304 - "-" "Yahoo-MMCrawler/3.x (mms dash mmcrawler dash support at yahoo dash inc dot com)"
209.191.65.223 - - [16/Apr/2006:03:03:38 -0800] "GET /gallery/photos/19640074/images/1964-0074-00146.jpg HTTP/1.0" 304 - "-" "Yahoo-MMCrawler/3.x (mms dash mmcrawler dash support at yahoo dash inc dot com)"
65.214.44.171 - - [16/Apr/2006:03:03:47 -0800] "GET /gallery/photos/19680041/2/pages/1968-0041-00207.htm HTTP/1.0" 304 - "-" "Mozilla/2.0 (compatible; Ask Jeeves/Teoma; +http://sp.ask.com/docs/about/tech_crawling.html)"
209.191.65.223 - - [16/Apr/2006:03:06:16 -0800] "GET /gallery/photos/19640074/images/1964-0074-00162.jpg HTTP/1.0" 304 - "-" "Yahoo-MMCrawler/3.x (mms dash mmcrawler dash support at yahoo dash inc dot com)"
209.191.65.223 - - [16/Apr/2006:03:07:20 -0800] "GET /gallery/photos/19640074/images/1964-0074-00151.jpg HTTP/1.0" 304 - "-" "Yahoo-MMCrawler/3.x (mms dash mmcrawler dash support at yahoo dash inc dot com)"
209.191.65.223 - - [16/Apr/2006:03:07:41 -0800] "GET /gallery/photos/19640074/images/1964-0074-00129.jpg HTTP/1.0" 304 - "-" "Yahoo-MMCrawler/3.x (mms dash mmcrawler dash support at yahoo dash inc dot com)"
209.191.65.223 - - [16/Apr/2006:03:08:24 -0800] "GET /gallery/photos/19640074/images/1964-0074-00137.jpg HTTP/1.0" 304 - "-" "Yahoo-MMCrawler/3.x (mms dash mmcrawler dash support at yahoo dash inc dot com)"
209.191.65.223 - - [16/Apr/2006:03:09:25 -0800] "GET /gallery/photos/19640074/images/1964-0074-00015.jpg HTTP/1.0" 304 - "-" "Yahoo-MMCrawler/3.x (mms dash mmcrawler dash support at yahoo dash inc dot com)"
209.191.65.223 - - [16/Apr/2006:03:10:07 -0800] "GET /gallery/photos/19640074/images/1964-0074-00155.jpg HTTP/1.0" 304 - "-" "Yahoo-MMCrawler/3.x (mms dash mmcrawler dash support at yahoo dash inc dot com)"
209.191.65.223 - - [16/Apr/2006:03:12:36 -0800] "GET /gallery/photos/19640074/images/1964-0074-00036.jpg HTTP/1.0" 304 - "-" "Yahoo-MMCrawler/3.x (mms dash mmcrawler dash support at yahoo dash inc dot com)"
209.191.65.223 - - [16/Apr/2006:03:14:37 -0800] "GET /gallery/photos/19640074/images/1964-0074-00065.jpg HTTP/1.0" 304 - "-" "Yahoo-MMCrawler/3.x (mms dash mmcrawler dash support at yahoo dash inc dot com)"
207.46.98.87 - - [16/Apr/2006:03:15:16 -0800] "GET /gallery/photos/19870175/pages/1987-0175-00823.html HTTP/1.0" 200 1884 "-" "msnbot/1.0 (+http://search.msn.com/msnbot.htm)"
207.46.98.87 - - [16/Apr/2006:03:15:27 -0800] "GET /gallery/photos/20020032/pages/2002-0032-00100.html HTTP/1.0" 200 1885 "-" "msnbot/1.0 (+http://search.msn.com/msnbot.htm)"
209.191.65.223 - - [16/Apr/2006:03:19:30 -0800] "GET /gallery/photos/19640074/images/1964-0074-00104.jpg HTTP/1.0" 304 - "-" "Yahoo-MMCrawler/3.x (mms dash mmcrawler dash support at yahoo dash inc dot com)"
209.191.65.223 - - [16/Apr/2006:03:20:18 -0800] "GET /gallery/photos/19640074/images/1964-0074-00166.jpg HTTP/1.0" 304 - "-" "Yahoo-MMCrawler/3.x (mms dash mmcrawler dash support at yahoo dash inc dot com)"
209.191.65.223 - - [16/Apr/2006:03:20:56 -0800] "GET /gallery/photos/19640074/images/1964-0074-00110.jpg HTTP/1.0" 304 - "-" "Yahoo-MMCrawler/3.x (mms dash mmcrawler dash support at yahoo dash inc dot com)"
207.46.98.89 - - [16/Apr/2006:03:22:15 -0800] "GET /robots.txt HTTP/1.0" 200 96 "-" "msnbot/1.0 (+http://search.msn.com/msnbot.htm)"
207.46.98.89 - - [16/Apr/2006:03:22:15 -0800] "GET /gallery/photos/19890166/13/index_4.html HTTP/1.0" 200 12158 "-" "msnbot/1.0 (+http://search.msn.com/msnbot.htm)"
209.191.65.223 - - [16/Apr/2006:03:22:42 -0800] "GET /gallery/photos/19640074/images/1964-0074-00170.jpg HTTP/1.0" 304 - "-" "Yahoo-MMCrawler/3.x (mms dash mmcrawler dash support at yahoo dash inc dot com)"
209.191.65.223 - - [16/Apr/2006:03:23:04 -0800] "GET /gallery/photos/19640074/images/1964-0074-00165.jpg HTTP/1.0" 304 - "-" "Yahoo-MMCrawler/3.x (mms dash mmcrawler dash support at yahoo dash inc dot com)"
209.191.65.223 - - [16/Apr/2006:03:25:11 -0800] "GET /gallery/photos/19640074/images/1964-0074-00075.jpg HTTP/1.0" 304 - "-" "Yahoo-MMCrawler/3.x (mms dash mmcrawler dash support at yahoo dash inc dot com)"
209.191.65.223 - - [16/Apr/2006:03:26:15 -0800] "GET /gallery/photos/19640074/images/1964-0074-00035.jpg HTTP/1.0" 304 - "-" "Yahoo-MMCrawler/3.x (mms dash mmcrawler dash support at yahoo dash inc dot com)"
207.46.98.87 - - [16/Apr/2006:03:27:00 -0800] "GET /gallery/photos/20040111/12/pages/2004-0111-01207.htm HTTP/1.0" 200 1882 "-" "msnbot/1.0 (+http://search.msn.com/msnbot.htm)"
207.46.98.87 - - [16/Apr/2006:03:27:00 -0800] "GET /gallery/photos/19940096/5/pages/1994-0096-00614.html HTTP/1.0" 200 1903 "-" "msnbot/1.0 (+http://search.msn.com/msnbot.htm)"
207.46.98.87 - - [16/Apr/2006:03:27:01 -0800] "GET /gallery/photos/20020032/pages/2002-0032-00104.html HTTP/1.0" 200 1885 "-" "msnbot/1.0 (+http://search.msn.com/msnbot.htm)"
207.46.98.87 - - [16/Apr/2006:03:27:01 -0800] "GET /gallery/photos/19650030/pages/1965-0030-00059.htm HTTP/1.0" 200 1889 "-" "msnbot/1.0 (+http://search.msn.com/msnbot.htm)"
207.46.98.87 - - [16/Apr/2006:03:27:03 -0800] "GET /gallery/photos/19640042/1/pages/1964-0042-00127.htm HTTP/1.0" 200 1884 "-" "msnbot/1.0 (+http://search.msn.com/msnbot.htm)"
207.46.98.87 - - [16/Apr/2006:03:27:03 -0800] "GET /gallery/photos/19940096/5/pages/1994-0096-00584.html HTTP/1.0" 200 1903 "-" "msnbot/1.0 (+http://search.msn.com/msnbot.htm)"
207.46.98.87 - - [16/Apr/2006:03:27:04 -0800] "GET /gallery/photos/20020087/5/pages/2002-0087-00528.html HTTP/1.0" 200 1767 "-" "msnbot/1.0 (+http://search.msn.com/msnbot.htm)"
209.191.65.223 - - [16/Apr/2006:03:27:17 -0800] "GET /gallery/photos/19640074/images/1964-0074-00112.jpg HTTP/1.0" 304 - "-" "Yahoo-MMCrawler/3.x (mms dash mmcrawler dash support at yahoo dash inc dot com)"
209.191.65.223 - - [16/Apr/2006:03:27:55 -0800] "GET /gallery/photos/19640074/images/1964-0074-00114.jpg HTTP/1.0" 304 - "-" "Yahoo-MMCrawler/3.x (mms dash mmcrawler dash support at yahoo dash inc dot com)"
209.191.65.223 - - [16/Apr/2006:03:29:40 -0800] "GET /gallery/photos/19640074/images/1964-0074-00119.jpg HTTP/1.0" 304 - "-" "Yahoo-MMCrawler/3.x (mms dash mmcrawler dash support at yahoo dash inc dot com)"
209.191.65.223 - - [16/Apr/2006:03:32:22 -0800] "GET /store/maps/large%20jpegs/(007)%20G7820%201626%20S67%20detail.jpg HTTP/1.0" 301 398 "-" "Yahoo-MMCrawler/3.x (mms dash mmcrawler dash support at yahoo dash inc dot com)"
65.214.44.171 - - [16/Apr/2006:03:33:07 -0800] "GET /gallery/photos/19940070/3/pages/1994-0070-00394.html HTTP/1.0" 200 5959 "-" "Mozilla/2.0 (compatible; Ask Jeeves/Teoma; +http://sp.ask.com/docs/about/tech_crawling.html)"
68.142.251.150 - - [16/Apr/2006:03:33:34 -0800] "GET /robots.txt HTTP/1.0" 200 96 "-" "Mozilla/5.0 (compatible; Yahoo! Slurp; http://help.yahoo.com/help/us/ysearch/slurp)"
68.142.250.114 - - [16/Apr/2006:03:33:35 -0800] "GET /gallery/photos/19940070/1/pages/1994-0070-00126.html HTTP/1.0" 200 5959 "-" "Mozilla/5.0 (compatible; Yahoo! Slurp; http://help.yahoo.com/help/us/ysearch/slurp)"
209.191.65.223 - - [16/Apr/2006:03:33:49 -0800] "GET /gallery/photos/20030163/images/2003-0163-00011m.jpg HTTP/1.0" 304 - "-" "Yahoo-MMCrawler/3.x (mms dash mmcrawler dash support at yahoo dash inc dot com)"
209.191.65.223 - - [16/Apr/2006:03:34:30 -0800] "GET /store/maps/large%20jpegs/(006)%20G4371%20S1%20%5b1593_%5d%20D4.jpg HTTP/1.0" 301 400 "-" "Yahoo-MMCrawler/3.x (mms dash mmcrawler dash support at yahoo dash inc dot com)"
209.191.65.223 - - [16/Apr/2006:03:34:52 -0800] "GET /store/maps/small%20jpegs/(014)%20G3271%20S12%20%5b1601%5d%20B79.jpg HTTP/1.0" 301 401 "-" "Yahoo-MMCrawler/3.x (mms dash mmcrawler dash support at yahoo dash inc dot com)"
68.142.250.90 - - [16/Apr/2006:03:35:22 -0800] "GET /gallery/photos/19880041/1/index_3.htm HTTP/1.0" 304 - "-" "Mozilla/5.0 (compatible; Yahoo! Slurp; http://help.yahoo.com/help/us/ysearch/slurp)"
209.191.65.223 - - [16/Apr/2006:03:35:36 -0800] "GET /store/maps/large%20jpegs/(014)%20G3271%20S12%20%5b1601%5d%20B79.jpg HTTP/1.0" 301 401 "-" "Yahoo-MMCrawler/3.x (mms dash mmcrawler dash support at yahoo dash inc dot com)"
209.191.65.223 - - [16/Apr/2006:03:36:16 -0800] "GET /gallery/photos/19700011/thumbnails/1970-0011-00049.jpg HTTP/1.0" 304 - "-" "Yahoo-MMCrawler/3.x (mms dash mmcrawler dash support at yahoo dash inc dot com)"
207.46.98.86 - - [16/Apr/2006:03:36:28 -0800] "GET /robots.txt HTTP/1.0" 200 96 "-" "msnbot/1.0 (+http://search.msn.com/msnbot.htm)"
207.46.98.86 - - [16/Apr/2006:03:36:29 -0800] "GET /gallery/photos/19700058/4/pages/1970-0058-00447.html HTTP/1.0" 200 1759 "-" "msnbot/1.0 (+http://search.msn.com/msnbot.htm)"
209.191.65.223 - - [16/Apr/2006:03:36:37 -0800] "GET /gallery/maps/G3300/large/G3300%20%5b1786_%5d%20B691.jpg HTTP/1.0" 304 - "-" "Yahoo-MMCrawler/3.x (mms dash mmcrawler dash support at yahoo dash inc dot com)"
209.191.65.223 - - [16/Apr/2006:03:37:18 -0800] "GET /store/maps/large%20jpegs/(012)%20G3270%20%5b1662%5d%20B551%20detail.jpg HTTP/1.0" 301 405 "-" "Yahoo-MMCrawler/3.x (mms dash mmcrawler dash support at yahoo dash inc dot com)"
209.191.65.223 - - [16/Apr/2006:03:39:23 -0800] "GET /store/maps/large%20jpegs/(023)%20G3200%20%5b1562_%5d%20V34%20vs.jpg HTTP/1.0" 301 401 "-" "Yahoo-MMCrawler/3.x (mms dash mmcrawler dash support at yahoo dash inc dot com)"
209.191.65.223 - - [16/Apr/2006:03:39:44 -0800] "GET /store/maps/large%20jpegs/(003)%20G7290%20%5b1584_%5d%20O71%20vs.jpg HTTP/1.0" 301 401 "-" "Yahoo-MMCrawler/3.x (mms dash mmcrawler dash support at yahoo dash inc dot com)"
209.191.65.223 - - [16/Apr/2006:03:40:10 -0800] "GET /gallery/photos/19700011/thumbnails/1970-0011-00048.jpg HTTP/1.0" 304 - "-" "Yahoo-MMCrawler/3.x (mms dash mmcrawler dash support at yahoo dash inc dot com)"
207.46.98.86 - - [16/Apr/2006:03:41:13 -0800] "GET /gallery/photos/19940096/0/pages/1994-0096-00020.html HTTP/1.0" 200 1903 "-" "msnbot/1.0 (+http://search.msn.com/msnbot.htm)"
68.142.249.55 - - [16/Apr/2006:03:41:16 -0800] "GET /gallery/photos/19690092/0/pages/1969-0092-00003.html HTTP/1.0" 304 - "-" "Mozilla/5.0 (compatible; Yahoo! Slurp; http://help.yahoo.com/help/us/ysearch/slurp)"
207.46.98.86 - - [16/Apr/2006:03:41:29 -0800] "GET /gallery/photos/20020015/3/pages/2002-0015-00394m.html HTTP/1.0" 200 1770 "-" "msnbot/1.0 (+http://search.msn.com/msnbot.htm)"
207.46.98.86 - - [16/Apr/2006:03:41:29 -0800] "GET /gallery/photos/20040110/10/pages/2004-0110-01052.htm HTTP/1.0" 200 1889 "-" "msnbot/1.0 (+http://search.msn.com/msnbot.htm)"
207.46.98.87 - - [16/Apr/2006:03:42:49 -0800] "GET /gallery/photos/19870175/pages/1987-0175-00827.html HTTP/1.0" 200 1884 "-" "msnbot/1.0 (+http://search.msn.com/msnbot.htm)"
207.46.98.87 - - [16/Apr/2006:03:42:49 -0800] "GET /gallery/photos/19950244/06/pages/1995-0244-00603.html HTTP/1.0" 200 1886 "-" "msnbot/1.0 (+http://search.msn.com/msnbot.htm)"
207.46.98.87 - - [16/Apr/2006:03:42:50 -0800] "GET /gallery/photos/19950244/11/pages/1995-0244-01103.html HTTP/1.0" 200 1885 "-" "msnbot/1.0 (+http://search.msn.com/msnbot.htm)"
207.46.98.87 - - [16/Apr/2006:03:42:50 -0800] "GET /gallery/photos/19950244/05/pages/1995-0244-00505.html HTTP/1.0" 200 1886 "-" "msnbot/1.0 (+http://search.msn.com/msnbot.htm)"
207.46.98.87 - - [16/Apr/2006:03:42:51 -0800] "GET /gallery/photos/19950244/11/pages/1995-0244-01107.html HTTP/1.0" 200 1885 "-" "msnbot/1.0 (+http://search.msn.com/msnbot.htm)"
207.46.98.87 - - [16/Apr/2006:03:42:51 -0800] "GET /gallery/photos/19950244/09/pages/1995-0244-00910.html HTTP/1.0" 200 1887 "-" "msnbot/1.0 (+http://search.msn.com/msnbot.htm)"
207.46.98.87 - - [16/Apr/2006:03:42:52 -0800] "GET /gallery/photos/20040086/0/pages/2004-0086-00033.htm HTTP/1.0" 200 1876 "-" "msnbot/1.0 (+http://search.msn.com/msnbot.htm)"
207.46.98.87 - - [16/Apr/2006:03:42:54 -0800] "GET /gallery/photos/19950190/pages/1995-0190-00010.html HTTP/1.0" 200 1875 "-" "msnbot/1.0 (+http://search.msn.com/msnbot.htm)"
207.46.98.87 - - [16/Apr/2006:03:42:56 -0800] "GET /gallery/photos/20020032/pages/2002-0032-00110.html HTTP/1.0" 200 1886 "-" "msnbot/1.0 (+http://search.msn.com/msnbot.htm)"
207.46.98.87 - - [16/Apr/2006:03:42:57 -0800] "GET /gallery/photos/19950190/pages/1995-0190-00012.html HTTP/1.0" 200 1875 "-" "msnbot/1.0 (+http://search.msn.com/msnbot.htm)"
207.46.98.87 - - [16/Apr/2006:03:42:57 -0800] "GET /gallery/photos/20040111/12/pages/2004-0111-01230.htm HTTP/1.0" 200 1885 "-" "msnbot/1.0 (+http://search.msn.com/msnbot.htm)"
207.46.98.87 - - [16/Apr/2006:03:42:57 -0800] "GET /gallery/photos/19810192/pages/1981-0192-00064.html HTTP/1.0" 200 1890 "-" "msnbot/1.0 (+http://search.msn.com/msnbot.htm)"
207.46.98.87 - - [16/Apr/2006:03:42:58 -0800] "GET /gallery/photos/19950244/11/pages/1995-0244-01185.html HTTP/1.0" 200 1888 "-" "msnbot/1.0 (+http://search.msn.com/msnbot.htm)"
207.46.98.87 - - [16/Apr/2006:03:42:58 -0800] "GET /gallery/photos/19870175/pages/1987-0175-00772.html HTTP/1.0" 200 1884 "-" "msnbot/1.0 (+http://search.msn.com/msnbot.htm)"
207.46.98.87 - - [16/Apr/2006:03:42:58 -0800] "GET /gallery/photos/20040111/11/pages/2004-0111-01115.htm HTTP/1.0" 200 1885 "-" "msnbot/1.0 (+http://search.msn.com/msnbot.htm)"
207.46.98.87 - - [16/Apr/2006:03:42:59 -0800] "GET /gallery/photos/20020032/pages/2002-0032-00106.html HTTP/1.0" 200 1885 "-" "msnbot/1.0 (+http://search.msn.com/msnbot.htm)"
209.191.65.223 - - [16/Apr/2006:03:43:05 -0800] "GET /gallery/photos/19700011/thumbnails/1970-0011-00059.jpg HTTP/1.0" 304 - "-" "Yahoo-MMCrawler/3.x (mms dash mmcrawler dash support at yahoo dash inc dot com)"
209.191.65.223 - - [16/Apr/2006:03:43:13 -0800] "GET /gallery/photos/19740130/thumbnails/1974-0130-00019.jpg HTTP/1.0" 304 - "-" "Yahoo-MMCrawler/3.x (mms dash mmcrawler dash support at yahoo dash inc dot com)"
207.46.98.87 - - [16/Apr/2006:03:43:24 -0800] "GET /gallery/photos/19950244/12/pages/1995-0244-01219.html HTTP/1.0" 200 1888 "-" "msnbot/1.0 (+http://search.msn.com/msnbot.htm)"
209.191.65.223 - - [16/Apr/2006:03:43:52 -0800] "GET /gallery/photos/19700011/thumbnails/1970-0011-00058.jpg HTTP/1.0" 304 - "-" "Yahoo-MMCrawler/3.x (mms dash mmcrawler dash support at yahoo dash inc dot com)"
207.46.98.87 - - [16/Apr/2006:03:44:00 -0800] "GET /gallery/photos/20040086/0/pages/2004-0086-00049.htm HTTP/1.0" 200 1879 "-" "msnbot/1.0 (+http://search.msn.com/msnbot.htm)"
207.46.98.87 - - [16/Apr/2006:03:44:01 -0800] "GET /gallery/photos/19950244/06/pages/1995-0244-00617.html HTTP/1.0" 200 1889 "-" "msnbot/1.0 (+http://search.msn.com/msnbot.htm)"
207.46.98.87 - - [16/Apr/2006:03:44:01 -0800] "GET /gallery/photos/20020032/pages/2002-0032-00016.html HTTP/1.0" 200 1884 "-" "msnbot/1.0 (+http://search.msn.com/msnbot.htm)"
207.46.98.87 - - [16/Apr/2006:03:44:01 -0800] "GET /gallery/photos/19950244/00/pages/1995-0244-00021.html HTTP/1.0" 200 1888 "-" "msnbot/1.0 (+http://search.msn.com/msnbot.htm)"
207.46.98.87 - - [16/Apr/2006:03:44:02 -0800] "GET /gallery/photos/19950244/09/pages/1995-0244-00973.html HTTP/1.0" 200 1889 "-" "msnbot/1.0 (+http://search.msn.com/msnbot.htm)"
207.46.98.87 - - [16/Apr/2006:03:44:02 -0800] "GET /gallery/photos/20030120/2/pages/2003-0120-00231.html HTTP/1.0" 200 1871 "-" "msnbot/1.0 (+http://search.msn.com/msnbot.htm)"
207.46.98.87 - - [16/Apr/2006:03:44:05 -0800] "GET /gallery/photos/19950244/14/pages/1995-0244-01423.html HTTP/1.0" 200 1888 "-" "msnbot/1.0 (+http://search.msn.com/msnbot.htm)"
207.46.98.87 - - [16/Apr/2006:03:44:07 -0800] "GET /gallery/photos/19650030/pages/1965-0030-00025.htm HTTP/1.0" 200 1889 "-" "msnbot/1.0 (+http://search.msn.com/msnbot.htm)"
207.46.98.87 - - [16/Apr/2006:03:44:07 -0800] "GET /gallery/photos/19940096/5/pages/1994-0096-00612.html HTTP/1.0" 200 1903 "-" "msnbot/1.0 (+http://search.msn.com/msnbot.htm)"
207.46.98.87 - - [16/Apr/2006:03:44:08 -0800] "GET /gallery/photos/19950244/14/pages/1995-0244-01427.html HTTP/1.0" 200 1888 "-" "msnbot/1.0 (+http://search.msn.com/msnbot.htm)"
207.46.98.87 - - [16/Apr/2006:03:44:11 -0800] "GET /gallery/photos/19640042/3/pages/1964-0042-00350.htm HTTP/1.0" 200 1884 "-" "msnbot/1.0 (+http://search.msn.com/msnbot.htm)"
207.46.98.87 - - [16/Apr/2006:03:44:13 -0800] "GET /gallery/photos/19581026/21/pages/1958-1026-02153.html HTTP/1.0" 200 2092 "-" "msnbot/1.0 (+http://search.msn.com/msnbot.htm)"
209.191.65.223 - - [16/Apr/2006:03:44:13 -0800] "GET /gallery/photos/19740130/thumbnails/1974-0130-00018.jpg HTTP/1.0" 304 - "-" "Yahoo-MMCrawler/3.x (mms dash mmcrawler dash support at yahoo dash inc dot com)"
207.46.98.87 - - [16/Apr/2006:03:44:13 -0800] "GET /gallery/photos/19581026/21/pages/1958-1026-02174.html HTTP/1.0" 200 2092 "-" "msnbot/1.0 (+http://search.msn.com/msnbot.htm)"
207.46.98.87 - - [16/Apr/2006:03:44:13 -0800] "GET /gallery/photos/19940096/5/pages/1994-0096-00606.html HTTP/1.0" 200 1903 "-" "msnbot/1.0 (+http://search.msn.com/msnbot.htm)"
207.46.98.87 - - [16/Apr/2006:03:44:14 -0800] "GET /gallery/photos/19940096/5/pages/1994-0096-00533.html HTTP/1.0" 200 1900 "-" "msnbot/1.0 (+http://search.msn.com/msnbot.htm)"
207.46.98.87 - - [16/Apr/2006:03:44:17 -0800] "GET /gallery/photos/19890207/0/pages/1989-0207-00035.html HTTP/1.0" 200 1878 "-" "msnbot/1.0 (+http://search.msn.com/msnbot.htm)"
207.46.98.87 - - [16/Apr/2006:03:44:20 -0800] "GET /gallery/photos/19581026/22/pages/1958-1026-02232.html HTTP/1.0" 200 2092 "-" "msnbot/1.0 (+http://search.msn.com/msnbot.htm)"
207.46.98.87 - - [16/Apr/2006:03:44:20 -0800] "GET /gallery/photos/19581026/21/pages/1958-1026-02130.html HTTP/1.0" 200 2092 "-" "msnbot/1.0 (+http://search.msn.com/msnbot.htm)"
207.46.98.87 - - [16/Apr/2006:03:44:20 -0800] "GET /gallery/photos/20020032/pages/2002-0032-00069.html HTTP/1.0" 200 1884 "-" "msnbot/1.0 (+http://search.msn.com/msnbot.htm)"
207.46.98.87 - - [16/Apr/2006:03:44:24 -0800] "GET /gallery/photos/20020032/pages/2002-0032-00056.html HTTP/1.0" 200 1884 "-" "msnbot/1.0 (+http://search.msn.com/msnbot.htm)"
207.46.98.87 - - [16/Apr/2006:03:44:25 -0800] "GET /gallery/photos/19640042/3/pages/1964-0042-00370.htm HTTP/1.0" 200 1884 "-" "msnbot/1.0 (+http://search.msn.com/msnbot.htm)"
207.46.98.87 - - [16/Apr/2006:03:44:25 -0800] "GET /gallery/photos/19581026/21/pages/1958-1026-02134.html HTTP/1.0" 200 2092 "-" "msnbot/1.0 (+http://search.msn.com/msnbot.htm)"
207.46.98.87 - - [16/Apr/2006:03:44:25 -0800] "GET /gallery/photos/20020032/pages/2002-0032-00052.html HTTP/1.0" 200 1884 "-" "msnbot/1.0 (+http://search.msn.com/msnbot.htm)"
207.46.98.87 - - [16/Apr/2006:03:44:26 -0800] "GET /gallery/photos/19581026/22/pages/1958-1026-02230.html HTTP/1.0" 200 2092 "-" "msnbot/1.0 (+http://search.msn.com/msnbot.htm)"
207.46.98.87 - - [16/Apr/2006:03:44:26 -0800] "GET /gallery/photos/20040110/10/pages/2004-0110-00986.htm HTTP/1.0" 200 1888 "-" "msnbot/1.0 (+http://search.msn.com/msnbot.htm)"
207.46.98.87 - - [16/Apr/2006:03:44:26 -0800] "GET /gallery/photos/19640042/0/pages/1964-0042-00067.htm HTTP/1.0" 200 1884 "-" "msnbot/1.0 (+http://search.msn.com/msnbot.htm)"
207.46.98.87 - - [16/Apr/2006:03:44:27 -0800] "GET /gallery/photos/19890207/0/pages/1989-0207-00031.html HTTP/1.0" 200 1878 "-" "msnbot/1.0 (+http://search.msn.com/msnbot.htm)"
207.46.98.87 - - [16/Apr/2006:03:44:27 -0800] "GET /gallery/photos/19800068/1/pages/1980-0068-00133.html HTTP/1.0" 200 1860 "-" "msnbot/1.0 (+http://search.msn.com/msnbot.htm)"
207.46.98.87 - - [16/Apr/2006:03:44:28 -0800] "GET /gallery/photos/19581026/21/pages/1958-1026-02170.html HTTP/1.0" 200 2092 "-" "msnbot/1.0 (+http://search.msn.com/msnbot.htm)"
207.46.98.87 - - [16/Apr/2006:03:44:28 -0800] "GET /gallery/photos/19640042/3/pages/1964-0042-00378.htm HTTP/1.0" 200 1884 "-" "msnbot/1.0 (+http://search.msn.com/msnbot.htm)"
207.46.98.87 - - [16/Apr/2006:03:44:29 -0800] "GET /gallery/photos/19640042/3/pages/1964-0042-00381.htm HTTP/1.0" 200 1884 "-" "msnbot/1.0 (+http://search.msn.com/msnbot.htm)"
209.191.65.223 - - [16/Apr/2006:03:44:54 -0800] "GET /store/maps/large%20jpegs/(006)%20G4371%20S1%20%5b1593_%5d%20D4%20vs.jpg HTTP/1.0" 301 405 "-" "Yahoo-MMCrawler/3.x (mms dash mmcrawler dash support at yahoo dash inc dot com)"
207.46.98.89 - - [16/Apr/2006:03:45:28 -0800] "GET /gallery/photos/20030109/0/pages/2003-0109-00013.html HTTP/1.0" 200 1756 "-" "msnbot/1.0 (+http://search.msn.com/msnbot.htm)"
64.71.167.76 - - [16/Apr/2006:03:45:31 -0800] "GET /gallery/maps/mapg3210.html HTTP/1.0" 200 11399 "-" "Mozilla/4.0 (compatible; MSIE 6.0; Windows NT 5.0; .NET CLR 1.1.4322)"
64.71.167.76 - - [16/Apr/2006:03:45:31 -0800] "GET /gallery/maps/mapg3270a.html HTTP/1.0" 200 16030 "-" "Mozilla/4.0 (compatible; MSIE 6.0; Windows NT 5.0; .NET CLR 1.1.4322)"
207.46.98.86 - - [16/Apr/2006:03:45:42 -0800] "GET /gallery/photos/19890207/0/pages/1989-0207-00086.html HTTP/1.0" 200 1878 "-" "msnbot/1.0 (+http://search.msn.com/msnbot.htm)"
207.46.98.89 - - [16/Apr/2006:03:45:51 -0800] "GET /gallery/photos/20030109/0/pages/2003-0109-00017.html HTTP/1.0" 200 1756 "-" "msnbot/1.0 (+http://search.msn.com/msnbot.htm)"
207.46.98.87 - - [16/Apr/2006:03:46:13 -0800] "GET /gallery/photos/19640042/1/pages/1964-0042-00118.htm HTTP/1.0" 200 1884 "-" "msnbot/1.0 (+http://search.msn.com/msnbot.htm)"
207.46.98.87 - - [16/Apr/2006:03:46:15 -0800] "GET /gallery/photos/19581026/21/pages/1958-1026-02117.html HTTP/1.0" 200 2092 "-" "msnbot/1.0 (+http://search.msn.com/msnbot.htm)"
207.46.98.87 - - [16/Apr/2006:03:46:16 -0800] "GET /gallery/photos/19640042/1/pages/1964-0042-00130.htm HTTP/1.0" 200 1884 "-" "msnbot/1.0 (+http://search.msn.com/msnbot.htm)"
207.46.98.87 - - [16/Apr/2006:03:46:16 -0800] "GET /gallery/photos/20030120/1/pages/2003-0120-00116.html HTTP/1.0" 200 1871 "-" "msnbot/1.0 (+http://search.msn.com/msnbot.htm)"
207.46.98.87 - - [16/Apr/2006:03:46:16 -0800] "GET /gallery/photos/19581026/17/pages/1958-1026-01715.html HTTP/1.0" 200 2092 "-" "msnbot/1.0 (+http://search.msn.com/msnbot.htm)"
207.46.98.87 - - [16/Apr/2006:03:46:17 -0800] "GET /gallery/photos/19581026/21/pages/1958-1026-02115.html HTTP/1.0" 200 2092 "-" "msnbot/1.0 (+http://search.msn.com/msnbot.htm)"
207.46.98.87 - - [16/Apr/2006:03:46:17 -0800] "GET /gallery/photos/19930194/0/pages/1993-0194-00021.htm HTTP/1.0" 200 1885 "-" "msnbot/1.0 (+http://search.msn.com/msnbot.htm)"
207.46.98.87 - - [16/Apr/2006:03:46:18 -0800] "GET /gallery/photos/19810192/pages/1981-0192-00051.html HTTP/1.0" 200 1890 "-" "msnbot/1.0 (+http://search.msn.com/msnbot.htm)"
207.46.98.87 - - [16/Apr/2006:03:46:19 -0800] "GET /gallery/photos/19810192/pages/1981-0192-00053.html HTTP/1.0" 200 1890 "-" "msnbot/1.0 (+http://search.msn.com/msnbot.htm)"
207.46.98.87 - - [16/Apr/2006:03:46:19 -0800] "GET /gallery/photos/19940096/0/pages/1994-0096-00017.html HTTP/1.0" 200 1903 "-" "msnbot/1.0 (+http://search.msn.com/msnbot.htm)"
207.46.98.87 - - [16/Apr/2006:03:46:20 -0800] "GET /gallery/photos/20040111/01/pages/2004-0111-00113.htm HTTP/1.0" 200 1885 "-" "msnbot/1.0 (+http://search.msn.com/msnbot.htm)"
207.46.98.87 - - [16/Apr/2006:03:46:20 -0800] "GET /gallery/photos/20040110/10/pages/2004-0110-00991.htm HTTP/1.0" 200 1888 "-" "msnbot/1.0 (+http://search.msn.com/msnbot.htm)"
207.46.98.87 - - [16/Apr/2006:03:46:21 -0800] "GET /gallery/photos/19890166/14/pages/1989-0166-01146_postcard.html HTTP/1.0" 200 1973 "-" "msnbot/1.0 (+http://search.msn.com/msnbot.htm)"
207.46.98.87 - - [16/Apr/2006:03:46:21 -0800] "GET /gallery/photos/19940096/5/pages/1994-0096-00554.html HTTP/1.0" 200 1903 "-" "msnbot/1.0 (+http://search.msn.com/msnbot.htm)"
207.46.98.87 - - [16/Apr/2006:03:46:22 -0800] "GET /gallery/photos/19940096/5/pages/1994-0096-00550.html HTTP/1.0" 200 1903 "-" "msnbot/1.0 (+http://search.msn.com/msnbot.htm)"
207.46.98.87 - - [16/Apr/2006:03:46:22 -0800] "GET /gallery/photos/19940096/5/pages/1994-0096-00580.html HTTP/1.0" 200 1903 "-" "msnbot/1.0 (+http://search.msn.com/msnbot.htm)"
207.46.98.87 - - [16/Apr/2006:03:46:22 -0800] "GET /gallery/photos/19940096/5/pages/1994-0096-00579.html HTTP/1.0" 200 1903 "-" "msnbot/1.0 (+http://search.msn.com/msnbot.htm)"
207.46.98.87 - - [16/Apr/2006:03:46:23 -0800] "GET /gallery/photos/19940096/5/pages/1994-0096-00582.html HTTP/1.0" 200 1903 "-" "msnbot/1.0 (+http://search.msn.com/msnbot.htm)"
207.46.98.87 - - [16/Apr/2006:03:46:23 -0800] "GET /gallery/photos/19940096/0/pages/1994-0096-00034.html HTTP/1.0" 200 1903 "-" "msnbot/1.0 (+http://search.msn.com/msnbot.htm)"
207.46.98.87 - - [16/Apr/2006:03:46:23 -0800] "GET /gallery/photos/20030040/0/pages/2003-0040-00002.html HTTP/1.0" 200 1756 "-" "msnbot/1.0 (+http://search.msn.com/msnbot.htm)"
207.46.98.87 - - [16/Apr/2006:03:46:24 -0800] "GET /gallery/photos/19690092/0/pages/1969-0092-00002.html HTTP/1.0" 200 1763 "-" "msnbot/1.0 (+http://search.msn.com/msnbot.htm)"
207.46.98.87 - - [16/Apr/2006:03:46:24 -0800] "GET /gallery/photos/20030137/pages/2003-0137-00002.html HTTP/1.0" 200 1768 "-" "msnbot/1.0 (+http://search.msn.com/msnbot.htm)"
207.46.98.87 - - [16/Apr/2006:03:46:24 -0800] "GET /gallery/photos/19890166/05/pages/1989-0166-00521_neg%20nitrate.html HTTP/1.0" 200 2008 "-" "msnbot/1.0 (+http://search.msn.com/msnbot.htm)"
207.46.98.87 - - [16/Apr/2006:03:46:26 -0800] "GET /gallery/photos/19890166/05/pages/1989-0166-00532_neg%20nitrate.html HTTP/1.0" 200 2008 "-" "msnbot/1.0 (+http://search.msn.com/msnbot.htm)"
207.46.98.87 - - [16/Apr/2006:03:46:26 -0800] "GET /gallery/photos/19890166/09/pages/1989-0166-00630a_print.html HTTP/1.0" 200 1960 "-" "msnbot/1.0 (+http://search.msn.com/msnbot.htm)"
207.46.98.87 - - [16/Apr/2006:03:46:27 -0800] "GET /gallery/photos/20020087/6/pages/2002-0087-00609.html HTTP/1.0" 200 1765 "-" "msnbot/1.0 (+http://search.msn.com/msnbot.htm)"
207.46.98.87 - - [16/Apr/2006:03:46:27 -0800] "GET /gallery/photos/20020015/6/pages/2002-0015-00628m.html HTTP/1.0" 200 1770 "-" "msnbot/1.0 (+http://search.msn.com/msnbot.htm)"
207.46.98.87 - - [16/Apr/2006:03:46:28 -0800] "GET /gallery/photos/19581026/17/pages/1958-1026-01711.html HTTP/1.0" 200 2090 "-" "msnbot/1.0 (+http://search.msn.com/msnbot.htm)"
207.46.98.87 - - [16/Apr/2006:03:46:29 -0800] "GET /gallery/photos/20030063/3/pages/2003-0063-00302.html HTTP/1.0" 200 1756 "-" "msnbot/1.0 (+http://search.msn.com/msnbot.htm)"
207.46.98.87 - - [16/Apr/2006:03:46:29 -0800] "GET /gallery/photos/20040084/1157-1288/pages/2004-0084-01165.html HTTP/1.0" 200 1897 "-" "msnbot/1.0 (+http://search.msn.com/msnbot.htm)"
207.46.98.87 - - [16/Apr/2006:03:46:30 -0800] "GET /gallery/photos/19880041/0/pages/1988-0041-00006.htm HTTP/1.0" 200 1876 "-" "msnbot/1.0 (+http://search.msn.com/msnbot.htm)"
207.46.98.87 - - [16/Apr/2006:03:46:30 -0800] "GET /gallery/photos/20040084/1157-1288/pages/2004-0084-01167.html HTTP/1.0" 200 1898 "-" "msnbot/1.0 (+http://search.msn.com/msnbot.htm)"
207.46.98.87 - - [16/Apr/2006:03:46:31 -0800] "GET /gallery/photos/19900043/10/pages/1990-0043-01004.html HTTP/1.0" 200 1764 "-" "msnbot/1.0 (+http://search.msn.com/msnbot.htm)"
207.46.98.87 - - [16/Apr/2006:03:46:31 -0800] "GET /gallery/photos/19910046/06/pages/1991-0046-00608.html HTTP/1.0" 200 1758 "-" "msnbot/1.0 (+http://search.msn.com/msnbot.htm)"
207.46.98.87 - - [16/Apr/2006:03:46:31 -0800] "GET /gallery/photos/20010164/pages/2001-0164-00010.html HTTP/1.0" 200 1767 "-" "msnbot/1.0 (+http://search.msn.com/msnbot.htm)"
207.46.98.87 - - [16/Apr/2006:03:46:32 -0800] "GET /gallery/photos/20030040/0/pages/2003-0040-00006.html HTTP/1.0" 200 1756 "-" "msnbot/1.0 (+http://search.msn.com/msnbot.htm)"
207.46.98.87 - - [16/Apr/2006:03:46:32 -0800] "GET /gallery/photos/20030063/3/pages/2003-0063-00306.html HTTP/1.0" 200 1756 "-" "msnbot/1.0 (+http://search.msn.com/msnbot.htm)"
207.46.98.87 - - [16/Apr/2006:03:46:33 -0800] "GET /gallery/photos/19680069/26/pages/1968-0069-02609.html HTTP/1.0" 200 1767 "-" "msnbot/1.0 (+http://search.msn.com/msnbot.htm)"
209.191.65.223 - - [16/Apr/2006:03:47:19 -0800] "GET /gallery/photos/20030024/2/images/2003-0024-00204.jpg HTTP/1.0" 304 - "-" "Yahoo-MMCrawler/3.x (mms dash mmcrawler dash support at yahoo dash inc dot com)"
209.191.65.223 - - [16/Apr/2006:03:47:28 -0800] "GET /gallery/photos/20020087/4/images/2002-0087-00406.jpg HTTP/1.0" 304 - "-" "Yahoo-MMCrawler/3.x (mms dash mmcrawler dash support at yahoo dash inc dot com)"
207.46.98.87 - - [16/Apr/2006:03:47:53 -0800] "GET /gallery/photos/20020087/0/pages/2002-0087-00010.html HTTP/1.0" 200 1765 "-" "msnbot/1.0 (+http://search.msn.com/msnbot.htm)"
207.46.98.87 - - [16/Apr/2006:03:47:54 -0800] "GET /gallery/photos/20020164/pages/2002-0164-00010.html HTTP/1.0" 200 1757 "-" "msnbot/1.0 (+http://search.msn.com/msnbot.htm)"
207.46.98.87 - - [16/Apr/2006:03:47:55 -0800] "GET /gallery/photos/20030109/0/pages/2003-0109-00008.html HTTP/1.0" 200 1754 "-" "msnbot/1.0 (+http://search.msn.com/msnbot.htm)"
207.46.98.87 - - [16/Apr/2006:03:47:55 -0800] "GET /gallery/photos/19900043/08/pages/1990-0043-00817.html HTTP/1.0" 200 1764 "-" "msnbot/1.0 (+http://search.msn.com/msnbot.htm)"
207.46.98.87 - - [16/Apr/2006:03:47:55 -0800] "GET /gallery/photos/19700058/2/pages/1970-0058-00210.html HTTP/1.0" 200 1757 "-" "msnbot/1.0 (+http://search.msn.com/msnbot.htm)"
207.46.98.87 - - [16/Apr/2006:03:47:56 -0800] "GET /gallery/photos/20040162/pages/2004-0162-00009.html HTTP/1.0" 200 1891 "-" "msnbot/1.0 (+http://search.msn.com/msnbot.htm)"
207.46.98.87 - - [16/Apr/2006:03:47:56 -0800] "GET /gallery/photos/19690092/7/pages/1969-0092-00711.html HTTP/1.0" 200 1763 "-" "msnbot/1.0 (+http://search.msn.com/msnbot.htm)"
207.46.98.87 - - [16/Apr/2006:03:47:56 -0800] "GET /gallery/photos/20020015/6/pages/2002-0015-00611m.html HTTP/1.0" 200 1768 "-" "msnbot/1.0 (+http://search.msn.com/msnbot.htm)"
207.46.98.87 - - [16/Apr/2006:03:47:57 -0800] "GET /gallery/photos/20020015/3/pages/2002-0015-00311m.html HTTP/1.0" 200 1768 "-" "msnbot/1.0 (+http://search.msn.com/msnbot.htm)"
207.46.98.87 - - [16/Apr/2006:03:47:57 -0800] "GET /gallery/photos/20020087/0/pages/2002-0087-00014.html HTTP/1.0" 200 1767 "-" "msnbot/1.0 (+http://search.msn.com/msnbot.htm)"
207.46.98.87 - - [16/Apr/2006:03:47:57 -0800] "GET /gallery/photos/20010129/3/pages/2001-0129-00315.html HTTP/1.0" 200 1762 "-" "msnbot/1.0 (+http://search.msn.com/msnbot.htm)"
207.46.98.87 - - [16/Apr/2006:03:47:58 -0800] "GET /gallery/photos/20020087/1/pages/2002-0087-00118.html HTTP/1.0" 200 1767 "-" "msnbot/1.0 (+http://search.msn.com/msnbot.htm)"
207.46.98.87 - - [16/Apr/2006:03:48:00 -0800] "GET /gallery/photos/19690092/0/pages/1969-0092-00023.html HTTP/1.0" 200 1765 "-" "msnbot/1.0 (+http://search.msn.com/msnbot.htm)"
207.46.98.87 - - [16/Apr/2006:03:48:01 -0800] "GET /gallery/photos/19660054/01/pages/1966-0054-00121.html HTTP/1.0" 200 1760 "-" "msnbot/1.0 (+http://search.msn.com/msnbot.htm)"
207.46.98.87 - - [16/Apr/2006:03:48:01 -0800] "GET /gallery/photos/19690092/0/pages/1969-0092-00027.html HTTP/1.0" 200 1765 "-" "msnbot/1.0 (+http://search.msn.com/msnbot.htm)"
207.46.98.87 - - [16/Apr/2006:03:48:02 -0800] "GET /gallery/photos/20030137/pages/2003-0137-00018.html HTTP/1.0" 200 1770 "-" "msnbot/1.0 (+http://search.msn.com/msnbot.htm)"
207.46.98.87 - - [16/Apr/2006:03:48:02 -0800] "GET /gallery/photos/20020164/pages/2002-0164-00014.html HTTP/1.0" 200 1759 "-" "msnbot/1.0 (+http://search.msn.com/msnbot.htm)"
207.46.98.87 - - [16/Apr/2006:03:48:02 -0800] "GET /gallery/photos/20020015/0/pages/2002-0015-00023m.html HTTP/1.0" 200 1770 "-" "msnbot/1.0 (+http://search.msn.com/msnbot.htm)"
207.46.98.87 - - [16/Apr/2006:03:48:03 -0800] "GET /gallery/photos/20030109/3/pages/2003-0109-00314.html HTTP/1.0" 200 1756 "-" "msnbot/1.0 (+http://search.msn.com/msnbot.htm)"
207.46.98.87 - - [16/Apr/2006:03:48:03 -0800] "GET /gallery/photos/20030063/0/pages/2003-0063-00018.html HTTP/1.0" 200 1758 "-" "msnbot/1.0 (+http://search.msn.com/msnbot.htm)"
207.46.98.87 - - [16/Apr/2006:03:48:04 -0800] "GET /gallery/photos/20010164/pages/2001-0164-00033.html HTTP/1.0" 200 1769 "-" "msnbot/1.0 (+http://search.msn.com/msnbot.htm)"
207.46.98.87 - - [16/Apr/2006:03:48:05 -0800] "GET /gallery/photos/20030109/3/pages/2003-0109-00333.html HTTP/1.0" 200 1756 "-" "msnbot/1.0 (+http://search.msn.com/msnbot.htm)"
207.46.98.87 - - [16/Apr/2006:03:48:06 -0800] "GET /gallery/photos/19990293/0/pages/1999-0293-00048.html HTTP/1.0" 200 1768 "-" "msnbot/1.0 (+http://search.msn.com/msnbot.htm)"
207.46.98.87 - - [16/Apr/2006:03:48:06 -0800] "GET /gallery/photos/19700058/4/pages/1970-0058-00430.html HTTP/1.0" 200 1759 "-" "msnbot/1.0 (+http://search.msn.com/msnbot.htm)"
207.46.98.87 - - [16/Apr/2006:03:48:06 -0800] "GET /gallery/photos/20020015/3/pages/2002-0015-00328m.html HTTP/1.0" 200 1770 "-" "msnbot/1.0 (+http://search.msn.com/msnbot.htm)"
207.46.98.87 - - [16/Apr/2006:03:48:07 -0800] "GET /gallery/photos/20030109/3/pages/2003-0109-00337.html HTTP/1.0" 200 1756 "-" "msnbot/1.0 (+http://search.msn.com/msnbot.htm)"
207.46.98.87 - - [16/Apr/2006:03:48:07 -0800] "GET /gallery/photos/19700058/4/pages/1970-0058-00434.html HTTP/1.0" 200 1759 "-" "msnbot/1.0 (+http://search.msn.com/msnbot.htm)"
207.46.98.87 - - [16/Apr/2006:03:48:07 -0800] "GET /gallery/photos/20030129/1/pages/1999-0293-00133.html HTTP/1.0" 200 1768 "-" "msnbot/1.0 (+http://search.msn.com/msnbot.htm)"
207.46.98.87 - - [16/Apr/2006:03:48:08 -0800] "GET /gallery/photos/19910046/07/pages/1991-0046-00758.html HTTP/1.0" 200 1760 "-" "msnbot/1.0 (+http://search.msn.com/msnbot.htm)"
207.46.98.87 - - [16/Apr/2006:03:48:08 -0800] "GET /gallery/photos/19910046/05/pages/1991-0046-00533.html HTTP/1.0" 200 1760 "-" "msnbot/1.0 (+http://search.msn.com/msnbot.htm)"
207.46.98.87 - - [16/Apr/2006:03:48:08 -0800] "GET /gallery/photos/19660054/01/pages/1966-0054-00125.html HTTP/1.0" 200 1760 "-" "msnbot/1.0 (+http://search.msn.com/msnbot.htm)"
207.46.98.87 - - [16/Apr/2006:03:48:08 -0800] "GET /gallery/photos/20020015/3/pages/2002-0015-00363m.html HTTP/1.0" 200 1770 "-" "msnbot/1.0 (+http://search.msn.com/msnbot.htm)"
207.46.98.87 - - [16/Apr/2006:03:48:09 -0800] "GET /gallery/photos/20010164/pages/2001-0164-00050.html HTTP/1.0" 200 1769 "-" "msnbot/1.0 (+http://search.msn.com/msnbot.htm)"
207.46.98.87 - - [16/Apr/2006:03:48:09 -0800] "GET /gallery/photos/19910046/05/pages/1991-0046-00531.html HTTP/1.0" 200 1760 "-" "msnbot/1.0 (+http://search.msn.com/msnbot.htm)"
207.46.98.87 - - [16/Apr/2006:03:48:09 -0800] "GET /gallery/photos/20020087/5/pages/2002-0087-00517.html HTTP/1.0" 200 1767 "-" "msnbot/1.0 (+http://search.msn.com/msnbot.htm)"
207.46.98.87 - - [16/Apr/2006:03:48:10 -0800] "GET /gallery/photos/20010164/pages/2001-0164-00054.html HTTP/1.0" 200 1769 "-" "msnbot/1.0 (+http://search.msn.com/msnbot.htm)"
209.191.65.223 - - [16/Apr/2006:03:48:30 -0800] "GET /gallery/photos/20010129/1/images/2001-0129-00109.jpg HTTP/1.0" 304 - "-" "Yahoo-MMCrawler/3.x (mms dash mmcrawler dash support at yahoo dash inc dot com)"
207.46.98.87 - - [16/Apr/2006:03:49:14 -0800] "GET /gallery/photos/20030129/1/pages/1999-0293-00154.html HTTP/1.0" 200 1768 "-" "msnbot/1.0 (+http://search.msn.com/msnbot.htm)"
207.46.98.87 - - [16/Apr/2006:03:49:16 -0800] "GET /gallery/photos/20030129/2/pages/2003-0129-00205.html HTTP/1.0" 200 1768 "-" "msnbot/1.0 (+http://search.msn.com/msnbot.htm)"
207.46.98.87 - - [16/Apr/2006:03:49:17 -0800] "GET /gallery/photos/20030109/3/pages/2003-0109-00350.html HTTP/1.0" 200 1756 "-" "msnbot/1.0 (+http://search.msn.com/msnbot.htm)"
207.46.98.87 - - [16/Apr/2006:03:49:17 -0800] "GET /gallery/photos/20030129/2/pages/2003-0129-00201.html HTTP/1.0" 200 1768 "-" "msnbot/1.0 (+http://search.msn.com/msnbot.htm)"
207.46.98.87 - - [16/Apr/2006:03:49:17 -0800] "GET /gallery/photos/20030040/0/pages/2003-0040-00027.html HTTP/1.0" 200 1758 "-" "msnbot/1.0 (+http://search.msn.com/msnbot.htm)"
207.46.98.87 - - [16/Apr/2006:03:49:18 -0800] "GET /gallery/photos/19690092/7/pages/1969-0092-00715.html HTTP/1.0" 200 1765 "-" "msnbot/1.0 (+http://search.msn.com/msnbot.htm)"
207.46.98.87 - - [16/Apr/2006:03:49:18 -0800] "GET /gallery/photos/19900043/08/pages/1990-0043-00830.html HTTP/1.0" 200 1766 "-" "msnbot/1.0 (+http://search.msn.com/msnbot.htm)"
207.46.98.87 - - [16/Apr/2006:03:49:18 -0800] "GET /gallery/photos/20010129/3/pages/2001-0129-00338.html HTTP/1.0" 200 1762 "-" "msnbot/1.0 (+http://search.msn.com/msnbot.htm)"
207.46.98.87 - - [16/Apr/2006:03:49:19 -0800] "GET /gallery/photos/19900043/08/pages/1990-0043-00853.html HTTP/1.0" 200 1768 "-" "msnbot/1.0 (+http://search.msn.com/msnbot.htm)"
207.46.98.87 - - [16/Apr/2006:03:49:19 -0800] "GET /gallery/photos/20020087/5/pages/2002-0087-00568.html HTTP/1.0" 200 1767 "-" "msnbot/1.0 (+http://search.msn.com/msnbot.htm)"
207.46.98.87 - - [16/Apr/2006:03:49:19 -0800] "GET /gallery/photos/19900043/08/pages/1990-0043-00834.html HTTP/1.0" 200 1766 "-" "msnbot/1.0 (+http://search.msn.com/msnbot.htm)"
207.46.98.87 - - [16/Apr/2006:03:49:20 -0800] "GET /gallery/photos/20020087/5/pages/2002-0087-00549.html HTTP/1.0" 200 1767 "-" "msnbot/1.0 (+http://search.msn.com/msnbot.htm)"
207.46.98.87 - - [16/Apr/2006:03:49:20 -0800] "GET /gallery/photos/20040110/10/pages/2004-0110-01006.htm HTTP/1.0" 200 1888 "-" "msnbot/1.0 (+http://search.msn.com/msnbot.htm)"
