218.38.160.231 - - [16/Apr/2006:01:08:15 -0800] "GET /gallery/maps/G3300/small/G3300%20%5B1780_%5D%20C66a.jpg HTTP/1.1" 200 24203 "http://photolab.elmer.uaf.edu/gallery/maps/mapg3300.html" "Mozilla/4.0 (compatible; MSIE 6.0; Windows NT 5.1; SV1)"
218.38.160.231 - - [16/Apr/2006:01:08:15 -0800] "GET /gallery/maps/G3300/small/G3300%201783%20R62.jpg HTTP/1.1" 200 24343 "http://photolab.elmer.uaf.edu/gallery/maps/mapg3300.html" "Mozilla/4.0 (compatible; MSIE 6.0; Windows NT 5.1; SV1)"
218.38.160.231 - - [16/Apr/2006:01:08:15 -0800] "GET /gallery/maps/G3300/small/G3300%201797%20N43.jpg HTTP/1.1" 200 29069 "http://photolab.elmer.uaf.edu/gallery/maps/mapg3300.html" "Mozilla/4.0 (compatible; MSIE 6.0; Windows NT 5.1; SV1)"
218.38.160.231 - - [16/Apr/2006:01:08:15 -0800] "GET /gallery/maps/G3300/small/G3300%201841%20S75.jpg HTTP/1.1" 200 25984 "http://photolab.elmer.uaf.edu/gallery/maps/mapg3300.html" "Mozilla/4.0 (compatible; MSIE 6.0; Windows NT 5.1; SV1)"
218.38.160.231 - - [16/Apr/2006:01:08:15 -0800] "GET /gallery/maps/G3300/small/G3300%20%5B184-_%5D%20L681.jpg HTTP/1.1" 200 27450 "http://photolab.elmer.uaf.edu/gallery/maps/mapg3300.html" "Mozilla/4.0 (compatible; MSIE 6.0; Windows NT 5.1; SV1)"
218.38.160.231 - - [16/Apr/2006:01:08:15 -0800] "GET /gallery/maps/G3300/small/G3300%20%5B1851%5D%20R36.jpg HTTP/1.1" 200 28916 "http://photolab.elmer.uaf.edu/gallery/maps/mapg3300.html" "Mozilla/4.0 (compatible; MSIE 6.0; Windows NT 5.1; SV1)"
218.38.160.231 - - [16/Apr/2006:01:08:15 -0800] "GET /gallery/maps/G3300/small/G3321%20P5%201852%20G73.jpg HTTP/1.1" 200 25852 "http://photolab.elmer.uaf.edu/gallery/maps/mapg3300.html" "Mozilla/4.0 (compatible; MSIE 6.0; Windows NT 5.1; SV1)"
218.38.160.231 - - [16/Apr/2006:01:08:15 -0800] "GET /gallery/maps/G3300/small/G3300%201855%20C64.jpg HTTP/1.1" 200 27603 "http://photolab.elmer.uaf.edu/gallery/maps/mapg3300.html" "Mozilla/4.0 (compatible; MSIE 6.0; Windows NT 5.1; SV1)"
218.38.160.231 - - [16/Apr/2006:01:08:15 -0800] "GET /gallery/maps/G3300/small/G3300%20%5B1855_%5D%20C641.jpg HTTP/1.1" 200 25719 "http://photolab.elmer.uaf.edu/gallery/maps/mapg3300.html" "Mozilla/4.0 (compatible; MSIE 6.0; Windows NT 5.1; SV1)"
218.38.160.231 - - [16/Apr/2006:01:08:15 -0800] "GET /gallery/maps/G3300/small/G3300%20%5B1857_%5D%20B36.jpg HTTP/1.1" 200 24393 "http://photolab.elmer.uaf.edu/gallery/maps/mapg3300.html" "Mozilla/4.0 (compatible; MSIE 6.0; Windows NT 5.1; SV1)"
218.38.160.231 - - [16/Apr/2006:01:08:15 -0800] "GET /gallery/maps/G3300/small/G3300%20%5B1858%5D%20B361.jpg HTTP/1.1" 200 23885 "http://photolab.elmer.uaf.edu/gallery/maps/mapg3300.html" "Mozilla/4.0 (compatible; MSIE 6.0; Windows NT 5.1; SV1)"
218.38.160.231 - - [16/Apr/2006:01:08:15 -0800] "GET /gallery/maps/G3300/small/G3300%20%5B1864%5D%20J61.jpg HTTP/1.1" 200 28901 "http://photolab.elmer.uaf.edu/gallery/maps/mapg3300.html" "Mozilla/4.0 (compatible; MSIE 6.0; Windows NT 5.1; SV1)"
218.38.160.231 - - [16/Apr/2006:01:08:15 -0800] "GET /gallery/maps/G3300/small/G3300%201872%20W51.jpg HTTP/1.1" 200 29785 "http://photolab.elmer.uaf.edu/gallery/maps/mapg3300.html" "Mozilla/4.0 (compatible; MSIE 6.0; Windows NT 5.1; SV1)"
218.38.160.231 - - [16/Apr/2006:01:08:15 -0800] "GET /gallery/maps/G3300/small/G3300%20%5B1822%5D%20F55.jpg HTTP/1.1" 200 25059 "http://photolab.elmer.uaf.edu/gallery/maps/mapg3300.html" "Mozilla/4.0 (compatible; MSIE 6.0; Windows NT 5.1; SV1)"
218.38.160.231 - - [16/Apr/2006:01:08:15 -0800] "GET /gallery/maps/G3300/small/G3300%20%5B1862_%5D%20B36.jpg HTTP/1.1" 200 23441 "http://photolab.elmer.uaf.edu/gallery/maps/mapg3300.html" "Mozilla/4.0 (compatible; MSIE 6.0; Windows NT 5.1; SV1)"
218.38.160.231 - - [16/Apr/2006:01:08:15 -0800] "GET /gallery/maps/G3300/small/G3300%201849%20R321.jpg HTTP/1.1" 200 25413 "http://photolab.elmer.uaf.edu/gallery/maps/mapg3300.html" "Mozilla/4.0 (compatible; MSIE 6.0; Windows NT 5.1; SV1)"
218.38.160.231 - - [16/Apr/2006:01:08:15 -0800] "GET /gallery/maps/G3300/small/G3300%20%5B1854_%5D%20B36.jpg HTTP/1.1" 200 23666 "http://photolab.elmer.uaf.edu/gallery/maps/mapg3300.html" "Mozilla/4.0 (compatible; MSIE 6.0; Windows NT 5.1; SV1)"
218.38.160.231 - - [16/Apr/2006:01:08:15 -0800] "GET /gallery/maps/G3300/small/G3312%20Y81%20%5B1898_%5D%20D5.jpg HTTP/1.1" 200 24841 "http://photolab.elmer.uaf.edu/gallery/maps/mapg3300.html" "Mozilla/4.0 (compatible; MSIE 6.0; Windows NT 5.1; SV1)"
218.38.160.231 - - [16/Apr/2006:01:08:15 -0800] "GET /gallery/maps/G3300/small/G3300%20[1868_]%20C671.jpg HTTP/1.1" 200 24346 "http://photolab.elmer.uaf.edu/gallery/maps/mapg3300.html" "Mozilla/4.0 (compatible; MSIE 6.0; Windows NT 5.1; SV1)"
218.38.160.231 - - [16/Apr/2006:01:08:21 -0800] "GET /gallery/maps/G3300/large/G3300%20%5B1780%5D%20C66.jpg HTTP/1.1" 200 224153 "http://photolab.elmer.uaf.edu/gallery/maps/mapg3300.html" "Mozilla/4.0 (compatible; MSIE 6.0; Windows NT 5.1; SV1)"
207.46.98.87 - - [16/Apr/2006:01:08:30 -0800] "GET /gallery/photos/19890199/1/pages/1989-0199-00101.html HTTP/1.0" 200 1875 "-" "msnbot/1.0 (+http://search.msn.com/msnbot.htm)"
207.46.98.87 - - [16/Apr/2006:01:08:30 -0800] "GET /gallery/photos/19950244/06/pages/1995-0244-00601.html HTTP/1.0" 200 1886 "-" "msnbot/1.0 (+http://search.msn.com/msnbot.htm)"
207.46.98.87 - - [16/Apr/2006:01:08:31 -0800] "GET /gallery/photos/19950244/09/pages/1995-0244-00996.html HTTP/1.0" 200 1889 "-" "msnbot/1.0 (+http://search.msn.com/msnbot.htm)"
207.46.98.87 - - [16/Apr/2006:01:08:36 -0800] "GET /gallery/photos/19650030/pages/1965-0030-00082.htm HTTP/1.0" 200 1889 "-" "msnbot/1.0 (+http://search.msn.com/msnbot.htm)"
207.46.98.87 - - [16/Apr/2006:01:08:39 -0800] "GET /gallery/photos/20020015/3/pages/2002-0015-00395m.html HTTP/1.0" 200 1770 "-" "msnbot/1.0 (+http://search.msn.com/msnbot.htm)"
207.46.98.87 - - [16/Apr/2006:01:08:39 -0800] "GET /gallery/photos/19640042/1/pages/1964-0042-00138.htm HTTP/1.0" 200 1884 "-" "msnbot/1.0 (+http://search.msn.com/msnbot.htm)"
207.46.98.87 - - [16/Apr/2006:01:08:41 -0800] "GET /gallery/photos/20020015/3/pages/2002-0015-00390m.html HTTP/1.0" 200 1770 "-" "msnbot/1.0 (+http://search.msn.com/msnbot.htm)"
207.46.98.87 - - [16/Apr/2006:01:08:47 -0800] "GET /gallery/photos/19910046/04/pages/1991-0046-00434.html HTTP/1.0" 200 1760 "-" "msnbot/1.0 (+http://search.msn.com/msnbot.htm)"
207.46.98.87 - - [16/Apr/2006:01:08:51 -0800] "GET /gallery/photos/19850072/pages/1985-0072-00034.html HTTP/1.0" 200 1769 "-" "msnbot/1.0 (+http://search.msn.com/msnbot.htm)"
207.46.98.87 - - [16/Apr/2006:01:08:57 -0800] "GET /gallery/photos/20030137/pages/2003-0137-00068.html HTTP/1.0" 200 1770 "-" "msnbot/1.0 (+http://search.msn.com/msnbot.htm)"
207.46.98.87 - - [16/Apr/2006:01:09:07 -0800] "GET /gallery/photos/19690092/5/pages/1969-0092-00529.html HTTP/1.0" 200 1765 "-" "msnbot/1.0 (+http://search.msn.com/msnbot.htm)"
207.46.98.87 - - [16/Apr/2006:01:09:07 -0800] "GET /gallery/photos/20020087/1/pages/2002-0087-00135.html HTTP/1.0" 200 1767 "-" "msnbot/1.0 (+http://search.msn.com/msnbot.htm)"
207.46.98.88 - - [16/Apr/2006:01:10:41 -0800] "GET /gallery/photos/19890166/08/pages/1989-0166-00566a_print.html HTTP/1.0" 200 1960 "-" "msnbot/1.0 (+http://search.msn.com/msnbot.htm)"
65.214.44.171 - - [16/Apr/2006:01:12:18 -0800] "GET /gallery/photos/19700058/5/pages/1970-0058-00510.html HTTP/1.0" 200 1757 "-" "Mozilla/2.0 (compatible; Ask Jeeves/Teoma; +http://sp.ask.com/docs/about/tech_crawling.html)"
65.214.44.171 - - [16/Apr/2006:01:20:09 -0800] "GET /gallery/photos/19690092/6/pages/1969-0092-00618.html HTTP/1.0" 200 1765 "-" "Mozilla/2.0 (compatible; Ask Jeeves/Teoma; +http://sp.ask.com/docs/about/tech_crawling.html)"
209.191.65.223 - - [16/Apr/2006:01:21:37 -0800] "GET /store/photos/largejpegs/(088)1989-0166-00496a.jpg HTTP/1.0" 301 383 "-" "Yahoo-MMCrawler/3.x (mms dash mmcrawler dash support at yahoo dash inc dot com)"
68.142.251.150 - - [16/Apr/2006:01:21:59 -0800] "GET /robots.txt HTTP/1.0" 200 96 "-" "Mozilla/5.0 (compatible; Yahoo! Slurp; http://help.yahoo.com/help/us/ysearch/slurp)"
68.142.249.168 - - [16/Apr/2006:01:21:59 -0800] "GET /gallery/photos/19910046/06/pages/1991-0046-00605.html HTTP/1.0" 200 1758 "-" "Mozilla/5.0 (compatible; Yahoo! Slurp; http://help.yahoo.com/help/us/ysearch/slurp)"
209.191.65.223 - - [16/Apr/2006:01:22:25 -0800] "GET /store/photos/smalljpegs/(105)1989-0166-00522a.jpg HTTP/1.0" 301 383 "-" "Yahoo-MMCrawler/3.x (mms dash mmcrawler dash support at yahoo dash inc dot com)"
209.191.65.223 - - [16/Apr/2006:01:23:28 -0800] "GET /store/photos/largejpegs/(152)1989-0166-00582a.jpg HTTP/1.0" 301 383 "-" "Yahoo-MMCrawler/3.x (mms dash mmcrawler dash support at yahoo dash inc dot com)"
68.142.249.14 - - [16/Apr/2006:01:23:33 -0800] "GET /gallery/photos/19700011/pages/1970-0011-00060.html HTTP/1.0" 200 6322 "-" "Mozilla/5.0 (compatible; Yahoo! Slurp; http://help.yahoo.com/help/us/ysearch/slurp)"
209.191.65.223 - - [16/Apr/2006:01:24:43 -0800] "GET /store/photos/smalljpegs/(152)1989-0166-00582a.jpg HTTP/1.0" 301 383 "-" "Yahoo-MMCrawler/3.x (mms dash mmcrawler dash support at yahoo dash inc dot com)"
209.191.65.223 - - [16/Apr/2006:01:25:55 -0800] "GET /store/photos/smalljpegs/(073)2000-0176-00106a.jpg HTTP/1.0" 301 383 "-" "Yahoo-MMCrawler/3.x (mms dash mmcrawler dash support at yahoo dash inc dot com)"
209.191.65.223 - - [16/Apr/2006:01:26:35 -0800] "GET /store/photos/smalljpegs/(088)1989-0166-00496a.jpg HTTP/1.0" 301 383 "-" "Yahoo-MMCrawler/3.x (mms dash mmcrawler dash support at yahoo dash inc dot com)"
209.191.65.223 - - [16/Apr/2006:01:27:19 -0800] "GET /store/photos/largejpegs/(054)1989-0166-00161a.jpg HTTP/1.0" 301 383 "-" "Yahoo-MMCrawler/3.x (mms dash mmcrawler dash support at yahoo dash inc dot com)"
209.191.65.223 - - [16/Apr/2006:01:27:41 -0800] "GET /store/photos/largejpegs/(073)2000-0176-00106a.jpg HTTP/1.0" 301 383 "-" "Yahoo-MMCrawler/3.x (mms dash mmcrawler dash support at yahoo dash inc dot com)"
65.214.44.171 - - [16/Apr/2006:01:27:58 -0800] "GET /gallery/photos/19680069/25/pages/1968-0069-02528.html HTTP/1.0" 304 - "-" "Mozilla/2.0 (compatible; Ask Jeeves/Teoma; +http://sp.ask.com/docs/about/tech_crawling.html)"
209.191.65.223 - - [16/Apr/2006:01:29:01 -0800] "GET /store/maps/large%20jpegs/(004)%20G3350%201898%20S4.jpg HTTP/1.0" 301 388 "-" "Yahoo-MMCrawler/3.x (mms dash mmcrawler dash support at yahoo dash inc dot com)"
66.154.103.41 - - [16/Apr/2006:01:30:04 -0800] "GET /robots.txt HTTP/1.0" 200 96 "-" "Gigabot/2.0/gigablast.com/spider.html"
209.191.65.223 - - [16/Apr/2006:01:30:31 -0800] "GET /store/maps/large%20jpegs/(011)%20G3270%201634%20M4.jpg HTTP/1.0" 301 388 "-" "Yahoo-MMCrawler/3.x (mms dash mmcrawler dash support at yahoo dash inc dot com)"
209.191.65.223 - - [16/Apr/2006:01:31:17 -0800] "GET /store/maps/large%20jpegs/(007)%20G7820%201626%20S67.jpg HTTP/1.0" 301 389 "-" "Yahoo-MMCrawler/3.x (mms dash mmcrawler dash support at yahoo dash inc dot com)"
68.142.251.191 - - [16/Apr/2006:01:32:29 -0800] "GET /gallery/photos/20040143/0/index_3.htm HTTP/1.0" 304 - "-" "Mozilla/5.0 (compatible; Yahoo! Slurp; http://help.yahoo.com/help/us/ysearch/slurp)"
209.191.65.223 - - [16/Apr/2006:01:33:36 -0800] "GET /store/maps/large%20jpegs/(021)%20G3210%201816%20B93.jpg HTTP/1.0" 301 389 "-" "Yahoo-MMCrawler/3.x (mms dash mmcrawler dash support at yahoo dash inc dot com)"
65.214.44.171 - - [16/Apr/2006:01:35:49 -0800] "GET /gallery/photos/19940070/2/pages/1994-0070-00283.html HTTP/1.0" 200 5917 "-" "Mozilla/2.0 (compatible; Ask Jeeves/Teoma; +http://sp.ask.com/docs/about/tech_crawling.html)"
209.191.65.223 - - [16/Apr/2006:01:36:38 -0800] "GET /store/maps/small%20jpegs/(010)%20G3200%20%5b1700%5d.jpg HTTP/1.0" 301 389 "-" "Yahoo-MMCrawler/3.x (mms dash mmcrawler dash support at yahoo dash inc dot com)"
209.191.65.223 - - [16/Apr/2006:01:36:56 -0800] "GET /store/maps/large%20jpegs/(010)%20G3200%20%5b1700%5d.jpg HTTP/1.0" 301 389 "-" "Yahoo-MMCrawler/3.x (mms dash mmcrawler dash support at yahoo dash inc dot com)"
209.191.65.223 - - [16/Apr/2006:01:37:43 -0800] "GET /store/maps/large%20jpegs/(019)%20G3270%201882%20P461.jpg HTTP/1.0" 301 390 "-" "Yahoo-MMCrawler/3.x (mms dash mmcrawler dash support at yahoo dash inc dot com)"
207.46.98.88 - - [16/Apr/2006:01:38:13 -0800] "GET /gallery/photos/20030120/0/index_5.html HTTP/1.0" 200 6963 "-" "msnbot/1.0 (+http://search.msn.com/msnbot.htm)"
209.191.65.223 - - [16/Apr/2006:01:38:26 -0800] "GET /store/maps/large%20jpegs/(016)%20G3300%20%5b1740_%5d.jpg HTTP/1.0" 301 390 "-" "Yahoo-MMCrawler/3.x (mms dash mmcrawler dash support at yahoo dash inc dot com)"
68.142.249.97 - - [16/Apr/2006:01:39:01 -0800] "GET /gallery/photos/0728 HTTP/1.0" 301 356 "-" "Mozilla/5.0 (compatible; Yahoo! Slurp; http://help.yahoo.com/help/us/ysearch/slurp)"
68.142.249.97 - - [16/Apr/2006:01:39:02 -0800] "GET /gallery/photos/0728/ HTTP/1.0" 200 6598 "-" "Mozilla/5.0 (compatible; Yahoo! Slurp; http://help.yahoo.com/help/us/ysearch/slurp)"
209.191.65.223 - - [16/Apr/2006:01:39:07 -0800] "GET /store/maps/small%20jpegs/(016)%20G3300%20%5b1740_%5d.jpg HTTP/1.0" 301 390 "-" "Yahoo-MMCrawler/3.x (mms dash mmcrawler dash support at yahoo dash inc dot com)"
209.191.65.223 - - [16/Apr/2006:01:40:53 -0800] "GET /store/maps/large%20jpegs/(008)%20G3205%20%5b1757%5da.jpg HTTP/1.0" 301 390 "-" "Yahoo-MMCrawler/3.x (mms dash mmcrawler dash support at yahoo dash inc dot com)"
209.191.65.223 - - [16/Apr/2006:01:42:23 -0800] "GET /store/maps/small%20jpegs/(022)%20G3270%20%5b1613_%5d.jpg HTTP/1.0" 301 390 "-" "Yahoo-MMCrawler/3.x (mms dash mmcrawler dash support at yahoo dash inc dot com)"
209.191.65.223 - - [16/Apr/2006:01:43:25 -0800] "GET /store/maps/large%20jpegs/(022)%20G3270%20%5b1613_%5d.jpg HTTP/1.0" 301 390 "-" "Yahoo-MMCrawler/3.x (mms dash mmcrawler dash support at yahoo dash inc dot com)"
65.214.44.171 - - [16/Apr/2006:01:43:43 -0800] "GET /gallery/photos/19950244/10/pages/1995-0244-01023.html HTTP/1.0" 304 - "-" "Mozilla/2.0 (compatible; Ask Jeeves/Teoma; +http://sp.ask.com/docs/about/tech_crawling.html)"
68.142.250.16 - - [16/Apr/2006:01:45:16 -0800] "GET /gallery/photos/19640074 HTTP/1.0" 301 360 "-" "Mozilla/5.0 (compatible; Yahoo! Slurp; http://help.yahoo.com/help/us/ysearch/slurp)"
68.142.250.16 - - [16/Apr/2006:01:45:16 -0800] "GET /gallery/photos/19640074/ HTTP/1.0" 200 5284 "-" "Mozilla/5.0 (compatible; Yahoo! Slurp; http://help.yahoo.com/help/us/ysearch/slurp)"
207.46.98.87 - - [16/Apr/2006:01:46:29 -0800] "GET /gallery/photos/19950244/11/pages/1995-0244-01197.html HTTP/1.0" 200 1888 "-" "msnbot/1.0 (+http://search.msn.com/msnbot.htm)"
207.46.98.87 - - [16/Apr/2006:01:46:52 -0800] "GET /gallery/photos/20040111/12/pages/2004-0111-01210.htm HTTP/1.0" 200 1883 "-" "msnbot/1.0 (+http://search.msn.com/msnbot.htm)"
207.46.98.87 - - [16/Apr/2006:01:46:55 -0800] "GET /gallery/photos/20040111/11/pages/2004-0111-01107.htm HTTP/1.0" 200 1882 "-" "msnbot/1.0 (+http://search.msn.com/msnbot.htm)"
207.46.98.87 - - [16/Apr/2006:01:46:56 -0800] "GET /gallery/photos/19890199/1/pages/1989-0199-00107.html HTTP/1.0" 200 1875 "-" "msnbot/1.0 (+http://search.msn.com/msnbot.htm)"
207.46.98.87 - - [16/Apr/2006:01:46:59 -0800] "GET /gallery/photos/19950244/06/pages/1995-0244-00607.html HTTP/1.0" 200 1886 "-" "msnbot/1.0 (+http://search.msn.com/msnbot.htm)"
207.46.98.87 - - [16/Apr/2006:01:47:05 -0800] "GET /gallery/photos/19950244/11/pages/1995-0244-01193.html HTTP/1.0" 200 1888 "-" "msnbot/1.0 (+http://search.msn.com/msnbot.htm)"
207.46.98.87 - - [16/Apr/2006:01:47:08 -0800] "GET /gallery/photos/19950244/11/pages/1995-0244-01191.html HTTP/1.0" 200 1888 "-" "msnbot/1.0 (+http://search.msn.com/msnbot.htm)"
207.46.98.87 - - [16/Apr/2006:01:47:13 -0800] "GET /gallery/photos/19950244/06/pages/1995-0244-00615.html HTTP/1.0" 200 1889 "-" "msnbot/1.0 (+http://search.msn.com/msnbot.htm)"
207.46.98.87 - - [16/Apr/2006:01:47:19 -0800] "GET /gallery/photos/19940096/5/pages/1994-0096-00610.html HTTP/1.0" 200 1903 "-" "msnbot/1.0 (+http://search.msn.com/msnbot.htm)"
207.46.98.87 - - [16/Apr/2006:01:47:22 -0800] "GET /gallery/photos/20040014/0/pages/2004-0014-00075.html HTTP/1.0" 200 1866 "-" "msnbot/1.0 (+http://search.msn.com/msnbot.htm)"
207.46.98.87 - - [16/Apr/2006:01:47:26 -0800] "GET /gallery/photos/19930194/1/pages/1993-0194-00121.htm HTTP/1.0" 200 1886 "-" "msnbot/1.0 (+http://search.msn.com/msnbot.htm)"
207.46.98.87 - - [16/Apr/2006:01:47:29 -0800] "GET /gallery/photos/19930194/1/pages/1993-0194-00120a.htm HTTP/1.0" 200 1890 "-" "msnbot/1.0 (+http://search.msn.com/msnbot.htm)"
207.46.98.87 - - [16/Apr/2006:01:47:30 -0800] "GET /gallery/photos/19930194/1/pages/1993-0194-00113.htm HTTP/1.0" 200 1885 "-" "msnbot/1.0 (+http://search.msn.com/msnbot.htm)"
207.46.98.87 - - [16/Apr/2006:01:47:30 -0800] "GET /gallery/photos/20040111/01/pages/2004-0111-00109.htm HTTP/1.0" 200 1883 "-" "msnbot/1.0 (+http://search.msn.com/msnbot.htm)"
207.46.98.87 - - [16/Apr/2006:01:47:31 -0800] "GET /gallery/photos/20040066/0/pages/2004-0066-00007.html HTTP/1.0" 200 1881 "-" "msnbot/1.0 (+http://search.msn.com/msnbot.htm)"
207.46.98.87 - - [16/Apr/2006:01:47:33 -0800] "GET /gallery/photos/19890166/09/pages/1989-0166-00617a_print.html HTTP/1.0" 200 1958 "-" "msnbot/1.0 (+http://search.msn.com/msnbot.htm)"
207.46.98.87 - - [16/Apr/2006:01:47:34 -0800] "GET /gallery/photos/20030129/1/pages/1999-0293-00108.html HTTP/1.0" 200 1766 "-" "msnbot/1.0 (+http://search.msn.com/msnbot.htm)"
207.46.98.87 - - [16/Apr/2006:01:48:01 -0800] "GET /gallery/photos/20040110/10/pages/2004-0110-01051.htm HTTP/1.0" 200 1889 "-" "msnbot/1.0 (+http://search.msn.com/msnbot.htm)"
207.46.98.87 - - [16/Apr/2006:01:48:04 -0800] "GET /gallery/photos/19890166/09/pages/1989-0166-00614a_print.html HTTP/1.0" 200 1958 "-" "msnbot/1.0 (+http://search.msn.com/msnbot.htm)"
207.46.98.87 - - [16/Apr/2006:01:48:04 -0800] "GET /gallery/photos/19890166/12/pages/1989-0166-00924a_print.html HTTP/1.0" 200 1958 "-" "msnbot/1.0 (+http://search.msn.com/msnbot.htm)"
207.46.98.87 - - [16/Apr/2006:01:48:07 -0800] "GET /gallery/photos/19890166/09/pages/1989-0166-00610a_print.html HTTP/1.0" 200 1958 "-" "msnbot/1.0 (+http://search.msn.com/msnbot.htm)"
207.46.98.87 - - [16/Apr/2006:01:48:10 -0800] "GET /gallery/photos/19890166/12/pages/1989-0166-00927a_print.html HTTP/1.0" 200 1958 "-" "msnbot/1.0 (+http://search.msn.com/msnbot.htm)"
207.46.98.87 - - [16/Apr/2006:01:48:10 -0800] "GET /gallery/photos/19890166/09/pages/1989-0166-00608a_print.html HTTP/1.0" 200 1957 "-" "msnbot/1.0 (+http://search.msn.com/msnbot.htm)"
207.46.98.87 - - [16/Apr/2006:01:48:10 -0800] "GET /gallery/photos/19890166/08/pages/1989-0166-00478a_print.html HTTP/1.0" 200 1958 "-" "msnbot/1.0 (+http://search.msn.com/msnbot.htm)"
207.46.98.87 - - [16/Apr/2006:01:48:11 -0800] "GET /gallery/photos/19890166/12/pages/1989-0166-00923a_print.html HTTP/1.0" 200 1958 "-" "msnbot/1.0 (+http://search.msn.com/msnbot.htm)"
207.46.98.87 - - [16/Apr/2006:01:48:12 -0800] "GET /gallery/photos/20030109/0/pages/2003-0109-00012.html HTTP/1.0" 200 1754 "-" "msnbot/1.0 (+http://search.msn.com/msnbot.htm)"
207.46.98.87 - - [16/Apr/2006:01:48:12 -0800] "GET /gallery/photos/20030063/3/pages/2003-0063-00318.html HTTP/1.0" 200 1758 "-" "msnbot/1.0 (+http://search.msn.com/msnbot.htm)"
207.46.98.87 - - [16/Apr/2006:01:48:13 -0800] "GET /gallery/photos/20020015/3/pages/2002-0015-00318m.html HTTP/1.0" 200 1770 "-" "msnbot/1.0 (+http://search.msn.com/msnbot.htm)"
207.46.98.87 - - [16/Apr/2006:01:48:16 -0800] "GET /gallery/photos/19910046/07/pages/1991-0046-00729.html HTTP/1.0" 200 1760 "-" "msnbot/1.0 (+http://search.msn.com/msnbot.htm)"
207.46.98.87 - - [16/Apr/2006:01:48:18 -0800] "GET /gallery/photos/19990293/0/pages/1999-0293-00033.html HTTP/1.0" 200 1768 "-" "msnbot/1.0 (+http://search.msn.com/msnbot.htm)"
207.46.98.87 - - [16/Apr/2006:01:48:20 -0800] "GET /gallery/photos/19910046/05/pages/1991-0046-00558.html HTTP/1.0" 200 1760 "-" "msnbot/1.0 (+http://search.msn.com/msnbot.htm)"
207.46.98.87 - - [16/Apr/2006:01:48:24 -0800] "GET /gallery/photos/20020087/1/pages/2002-0087-00140.html HTTP/1.0" 200 1767 "-" "msnbot/1.0 (+http://search.msn.com/msnbot.htm)"
207.46.98.87 - - [16/Apr/2006:01:48:24 -0800] "GET /gallery/photos/19640042/1/pages/1964-0042-00147.htm HTTP/1.0" 200 1884 "-" "msnbot/1.0 (+http://search.msn.com/msnbot.htm)"
207.46.98.88 - - [16/Apr/2006:01:48:42 -0800] "GET /gallery/photos/19950244/05/pages/1995-0244-00584.html HTTP/1.0" 200 1889 "-" "msnbot/1.0 (+http://search.msn.com/msnbot.htm)"
207.46.98.88 - - [16/Apr/2006:01:49:51 -0800] "GET /gallery/photos/19950244/12/pages/1995-0244-01273.html HTTP/1.0" 200 1888 "-" "msnbot/1.0 (+http://search.msn.com/msnbot.htm)"
207.46.98.88 - - [16/Apr/2006:01:49:53 -0800] "GET /gallery/photos/20030120/0/pages/2003-0120-00034.html HTTP/1.0" 200 1871 "-" "msnbot/1.0 (+http://search.msn.com/msnbot.htm)"
207.46.98.88 - - [16/Apr/2006:01:49:54 -0800] "GET /gallery/photos/19950244/12/pages/1995-0244-01235.html HTTP/1.0" 200 1888 "-" "msnbot/1.0 (+http://search.msn.com/msnbot.htm)"
207.46.98.88 - - [16/Apr/2006:01:49:55 -0800] "GET /gallery/photos/20040069/pages/2002-0032-00079.html HTTP/1.0" 200 1884 "-" "msnbot/1.0 (+http://search.msn.com/msnbot.htm)"
207.46.98.88 - - [16/Apr/2006:01:49:56 -0800] "GET /gallery/photos/19800068/0/pages/1980-0068-00015.html HTTP/1.0" 200 1860 "-" "msnbot/1.0 (+http://search.msn.com/msnbot.htm)"
207.46.98.88 - - [16/Apr/2006:01:49:56 -0800] "GET /gallery/photos/19890166/14/pages/1989-0166-01186_postcard.html HTTP/1.0" 200 1976 "-" "msnbot/1.0 (+http://search.msn.com/msnbot.htm)"
207.46.98.88 - - [16/Apr/2006:01:49:57 -0800] "GET /gallery/photos/19940096/1/pages/1994-0096-00116.html HTTP/1.0" 200 1903 "-" "msnbot/1.0 (+http://search.msn.com/msnbot.htm)"
207.46.98.88 - - [16/Apr/2006:01:49:58 -0800] "GET /gallery/photos/19900043/08/pages/1990-0043-00889A.html HTTP/1.0" 200 1773 "-" "msnbot/1.0 (+http://search.msn.com/msnbot.htm)"
207.46.98.88 - - [16/Apr/2006:01:49:58 -0800] "GET /gallery/photos/20030040/0/pages/2003-0040-00087.html HTTP/1.0" 200 1758 "-" "msnbot/1.0 (+http://search.msn.com/msnbot.htm)"
207.46.98.88 - - [16/Apr/2006:01:49:59 -0800] "GET /gallery/photos/19850072/pages/1985-0072-00013.html HTTP/1.0" 200 1769 "-" "msnbot/1.0 (+http://search.msn.com/msnbot.htm)"
207.46.98.88 - - [16/Apr/2006:01:49:59 -0800] "GET /gallery/photos/19690092/8/pages/1969-0092-00874.html HTTP/1.0" 200 1765 "-" "msnbot/1.0 (+http://search.msn.com/msnbot.htm)"
207.46.98.88 - - [16/Apr/2006:01:49:59 -0800] "GET /gallery/photos/20020087/4/pages/2002-0087-00414.html HTTP/1.0" 200 1767 "-" "msnbot/1.0 (+http://search.msn.com/msnbot.htm)"
207.46.98.88 - - [16/Apr/2006:01:50:00 -0800] "GET /gallery/photos/19850072/pages/1985-0072-00030.html HTTP/1.0" 200 1769 "-" "msnbot/1.0 (+http://search.msn.com/msnbot.htm)"
207.46.98.88 - - [16/Apr/2006:01:50:00 -0800] "GET /gallery/photos/19850072/pages/1985-0072-00032.html HTTP/1.0" 200 1769 "-" "msnbot/1.0 (+http://search.msn.com/msnbot.htm)"
207.46.98.88 - - [16/Apr/2006:01:50:01 -0800] "GET /gallery/photos/19690092/6/pages/1969-0092-00633.html HTTP/1.0" 200 1765 "-" "msnbot/1.0 (+http://search.msn.com/msnbot.htm)"
207.46.98.88 - - [16/Apr/2006:01:50:01 -0800] "GET /gallery/photos/20010129/1/pages/2001-0129-00129.html HTTP/1.0" 200 1762 "-" "msnbot/1.0 (+http://search.msn.com/msnbot.htm)"
207.46.98.88 - - [16/Apr/2006:01:50:02 -0800] "GET /gallery/photos/19581026/22/pages/1958-1026-02200.html HTTP/1.0" 200 1933 "-" "msnbot/1.0 (+http://search.msn.com/msnbot.htm)"
209.191.65.223 - - [16/Apr/2006:01:50:40 -0800] "GET /store/maps/small%20jpegs/(008)%20G3205%20%5b1757%5da.jpg HTTP/1.0" 301 390 "-" "Yahoo-MMCrawler/3.x (mms dash mmcrawler dash support at yahoo dash inc dot com)"
65.214.44.171 - - [16/Apr/2006:01:52:28 -0800] "GET /gallery/photos/19950244/08/pages/1995-0244-00819.html HTTP/1.0" 304 - "-" "Mozilla/2.0 (compatible; Ask Jeeves/Teoma; +http://sp.ask.com/docs/about/tech_crawling.html)"
38.113.234.181 - - [16/Apr/2006:01:52:47 -0800] "GET /gallery/photos/19700058/0/ HTTP/1.0" 200 7097 "-" "voyager/1.0"
207.46.98.86 - - [16/Apr/2006:01:54:57 -0800] "GET /gallery/photos/19940070/3/index_9.html HTTP/1.0" 200 3106 "-" "msnbot/1.0 (+http://search.msn.com/msnbot.htm)"
83.217.190.55 - - [16/Apr/2006:01:58:35 -0800] "GET /robots.txt HTTP/1.1" 200 96 "-" "Mozilla/5.0 (Windows; U; Windows NT 5.1; en-GB; rv:1.7.12) Gecko/20050919 Firefox/1.0.7"
83.217.190.55 - - [16/Apr/2006:01:59:19 -0800] "GET /aboutus.html HTTP/1.1" 200 13011 "http://www.google.co.uk/search?hl=en&q=convert+designjet+to+dye+ink&btnG=Search&meta=" "Mozilla/5.0 (Windows; U; Windows NT 5.1; en-GB; rv:1.7.12) Gecko/20050919 Firefox/1.0.7"
65.214.44.171 - - [16/Apr/2006:02:00:26 -0800] "GET /gallery/photos/19950244/15/pages/1995-0244-01505.html HTTP/1.0" 304 - "-" "Mozilla/2.0 (compatible; Ask Jeeves/Teoma; +http://sp.ask.com/docs/about/tech_crawling.html)"
133.205.171.80 - - [16/Apr/2006:02:00:34 -0800] "GET /gallery/maps/mapg3300.html HTTP/1.1" 304 - "http://www.worldmapfinder.com/Map_Detail.php?MAP=549&FN=G3300%20%5B1780%5D%20C66.jpg&MW=1200&MH=896&FS=242&FT=jpg&WO=0&CE=4&CO=0&CI=0&IT=0&LC=3&PG=1&CS=iso-8859-1&FU=http://photolab.elmer.uaf.edu/gallery/maps/G3300/large/G3300%20%5B1780%5D%20C66.jpg&SU=http://photolab.elmer.uaf.edu/gallery/maps/mapg3300.html" "Mozilla/4.0 (compatible; MSIE 6.0; Windows NT 5.1; SV1; .NET CLR 1.1.4322)"
133.205.171.80 - - [16/Apr/2006:02:00:34 -0800] "GET /index_files/lib.css HTTP/1.1" 304 - "http://photolab.elmer.uaf.edu/gallery/maps/mapg3300.html" "Mozilla/4.0 (compatible; MSIE 6.0; Windows NT 5.1; SV1; .NET CLR 1.1.4322)"
133.205.171.80 - - [16/Apr/2006:02:00:34 -0800] "GET /index_files/apr.jpg HTTP/1.1" 304 - "http://photolab.elmer.uaf.edu/gallery/maps/mapg3300.html" "Mozilla/4.0 (compatible; MSIE 6.0; Windows NT 5.1; SV1; .NET CLR 1.1.4322)"
133.205.171.80 - - [16/Apr/2006:02:00:34 -0800] "GET /index_files/title.jpg HTTP/1.1" 304 - "http://photolab.elmer.uaf.edu/gallery/maps/mapg3300.html" "Mozilla/4.0 (compatible; MSIE 6.0; Windows NT 5.1; SV1; .NET CLR 1.1.4322)"
133.205.171.80 - - [16/Apr/2006:02:00:35 -0800] "GET /index_files/empty.gif HTTP/1.1" 304 - "http://photolab.elmer.uaf.edu/gallery/maps/mapg3300.html" "Mozilla/4.0 (compatible; MSIE 6.0; Windows NT 5.1; SV1; .NET CLR 1.1.4322)"
133.205.171.80 - - [16/Apr/2006:02:00:35 -0800] "GET /index_files/small.dps.jpg HTTP/1.1" 304 - "http://photolab.elmer.uaf.edu/gallery/maps/mapg3300.html" "Mozilla/4.0 (compatible; MSIE 6.0; Windows NT 5.1; SV1; .NET CLR 1.1.4322)"
133.205.171.80 - - [16/Apr/2006:02:00:35 -0800] "GET /index_files/small.jpg HTTP/1.1" 304 - "http://photolab.elmer.uaf.edu/gallery/maps/mapg3300.html" "Mozilla/4.0 (compatible; MSIE 6.0; Windows NT 5.1; SV1; .NET CLR 1.1.4322)"
133.205.171.80 - - [16/Apr/2006:02:00:35 -0800] "GET /index_files/small_002.jpg HTTP/1.1" 304 - "http://photolab.elmer.uaf.edu/gallery/maps/mapg3300.html" "Mozilla/4.0 (compatible; MSIE 6.0; Windows NT 5.1; SV1; .NET CLR 1.1.4322)"
133.205.171.80 - - [16/Apr/2006:02:00:35 -0800] "GET /index_files/small_003.jpg HTTP/1.1" 304 - "http://photolab.elmer.uaf.edu/gallery/maps/mapg3300.html" "Mozilla/4.0 (compatible; MSIE 6.0; Windows NT 5.1; SV1; .NET CLR 1.1.4322)"
133.205.171.80 - - [16/Apr/2006:02:00:35 -0800] "GET /gallery/maps/G3300/small/G3300%20%5B1590%5D%20P67.jpg HTTP/1.1" 304 - "http://photolab.elmer.uaf.edu/gallery/maps/mapg3300.html" "Mozilla/4.0 (compatible; MSIE 6.0; Windows NT 5.1; SV1; .NET CLR 1.1.4322)"
133.205.171.80 - - [16/Apr/2006:02:00:35 -0800] "GET /gallery/maps/G3300/small/G3300%20%5B1625%5D%20E47.jpg HTTP/1.1" 304 - "http://photolab.elmer.uaf.edu/gallery/maps/mapg3300.html" "Mozilla/4.0 (compatible; MSIE 6.0; Windows NT 5.1; SV1; .NET CLR 1.1.4322)"
133.205.171.80 - - [16/Apr/2006:02:00:36 -0800] "GET /gallery/maps/G3300/small/G3300%20%5B1740_%5D.jpg HTTP/1.1" 304 - "http://photolab.elmer.uaf.edu/gallery/maps/mapg3300.html" "Mozilla/4.0 (compatible; MSIE 6.0; Windows NT 5.1; SV1; .NET CLR 1.1.4322)"
133.205.171.80 - - [16/Apr/2006:02:00:36 -0800] "GET /gallery/maps/G3300/small/G3300%201755%20B431.jpg HTTP/1.1" 304 - "http://photolab.elmer.uaf.edu/gallery/maps/mapg3300.html" "Mozilla/4.0 (compatible; MSIE 6.0; Windows NT 5.1; SV1; .NET CLR 1.1.4322)"
133.205.171.80 - - [16/Apr/2006:02:00:36 -0800] "GET /gallery/maps/G3300/small/G3300%201772%20R62.jpg HTTP/1.1" 304 - "http://photolab.elmer.uaf.edu/gallery/maps/mapg3300.html" "Mozilla/4.0 (compatible; MSIE 6.0; Windows NT 5.1; SV1; .NET CLR 1.1.4322)"
133.205.171.80 - - [16/Apr/2006:02:00:36 -0800] "GET /gallery/maps/G3300/small/G3300%201774%20D861.jpg HTTP/1.1" 304 - "http://photolab.elmer.uaf.edu/gallery/maps/mapg3300.html" "Mozilla/4.0 (compatible; MSIE 6.0; Windows NT 5.1; SV1; .NET CLR 1.1.4322)"
133.205.171.80 - - [16/Apr/2006:02:00:36 -0800] "GET /gallery/maps/G3300/small/G3300%201775%20R621.jpg HTTP/1.1" 304 - "http://photolab.elmer.uaf.edu/gallery/maps/mapg3300.html" "Mozilla/4.0 (compatible; MSIE 6.0; Windows NT 5.1; SV1; .NET CLR 1.1.4322)"
133.205.171.80 - - [16/Apr/2006:02:00:36 -0800] "GET /gallery/maps/G3300/small/G3300%20%5B1779%5D%20C662.jpg HTTP/1.1" 304 - "http://photolab.elmer.uaf.edu/gallery/maps/mapg3300.html" "Mozilla/4.0 (compatible; MSIE 6.0; Windows NT 5.1; SV1; .NET CLR 1.1.4322)"
133.205.171.80 - - [16/Apr/2006:02:00:36 -0800] "GET /gallery/maps/G3300/small/G3300%20%5B1780%5D%20C66.jpg HTTP/1.1" 304 - "http://photolab.elmer.uaf.edu/gallery/maps/mapg3300.html" "Mozilla/4.0 (compatible; MSIE 6.0; Windows NT 5.1; SV1; .NET CLR 1.1.4322)"
133.205.171.80 - - [16/Apr/2006:02:00:37 -0800] "GET /gallery/maps/G3300/small/G3300%201783%20R62.jpg HTTP/1.1" 304 - "http://photolab.elmer.uaf.edu/gallery/maps/mapg3300.html" "Mozilla/4.0 (compatible; MSIE 6.0; Windows NT 5.1; SV1; .NET CLR 1.1.4322)"
133.205.171.80 - - [16/Apr/2006:02:00:37 -0800] "GET /gallery/maps/G3300/small/G3300%20%5B1780_%5D%20C66a.jpg HTTP/1.1" 206 7819 "http://photolab.elmer.uaf.edu/gallery/maps/mapg3300.html" "Mozilla/4.0 (compatible; MSIE 6.0; Windows NT 5.1; SV1; .NET CLR 1.1.4322)"
133.205.171.80 - - [16/Apr/2006:02:00:37 -0800] "GET /gallery/maps/G3300/small/G3300%20%5B1787%5D%20B66.jpg HTTP/1.1" 206 14706 "http://photolab.elmer.uaf.edu/gallery/maps/mapg3300.html" "Mozilla/4.0 (compatible; MSIE 6.0; Windows NT 5.1; SV1; .NET CLR 1.1.4322)"
133.205.171.80 - - [16/Apr/2006:02:00:37 -0800] "GET /gallery/maps/G3300/small/G3300%20%5B1786_%5D%20B691.jpg HTTP/1.1" 200 25395 "http://photolab.elmer.uaf.edu/gallery/maps/mapg3300.html" "Mozilla/4.0 (compatible; MSIE 6.0; Windows NT 5.1; SV1; .NET CLR 1.1.4322)"
133.205.171.80 - - [16/Apr/2006:02:00:38 -0800] "GET /gallery/maps/G3300/small/G3300%201797%20N43.jpg HTTP/1.1" 200 29069 "http://photolab.elmer.uaf.edu/gallery/maps/mapg3300.html" "Mozilla/4.0 (compatible; MSIE 6.0; Windows NT 5.1; SV1; .NET CLR 1.1.4322)"
133.205.171.80 - - [16/Apr/2006:02:00:39 -0800] "GET /gallery/maps/G3300/large/G3300%20[1780]%20C66.jpg HTTP/1.1" 200 224153 "http://www.worldmapfinder.com/Map_Detail.php?MAP=549&FN=G3300 [1780] C66.jpg&FU=http://photolab.elmer.uaf.edu/gallery/maps/G3300/large/G3300 [1780] C66.jpg&MW=1200&MH=896&FS=242&FT=jpg&SU=http://photolab.elmer.uaf.edu/gallery/maps/mapg3300.html&WO=0&CE=4&CO=0&CI=0&IT=0&LC=3&PG=1&CS=&FM=1" "Mozilla/4.0 (compatible; MSIE 6.0; Windows NT 5.1; SV1; .NET CLR 1.1.4322)"
133.205.171.80 - - [16/Apr/2006:02:00:50 -0800] "GET /index_files/bar.gif HTTP/1.1" 200 342 "http://photolab.elmer.uaf.edu/gallery/maps/mapg3300.html" "Mozilla/4.0 (compatible; MSIE 6.0; Windows NT 5.1; SV1; .NET CLR 1.1.4322)"
133.205.171.80 - - [16/Apr/2006:02:00:51 -0800] "GET /gallery/maps/G3300/small/G3300%20%5B1786_%5D%20B691.jpg HTTP/1.1" 206 819 "http://photolab.elmer.uaf.edu/gallery/maps/mapg3300.html" "Mozilla/4.0 (compatible; MSIE 6.0; Windows NT 5.1; SV1; .NET CLR 1.1.4322)"
133.205.171.80 - - [16/Apr/2006:02:00:51 -0800] "GET /gallery/maps/G3300/small/G3300%201797%20N43.jpg HTTP/1.1" 206 20877 "http://photolab.elmer.uaf.edu/gallery/maps/mapg3300.html" "Mozilla/4.0 (compatible; MSIE 6.0; Windows NT 5.1; SV1; .NET CLR 1.1.4322)"
133.205.171.80 - - [16/Apr/2006:02:00:51 -0800] "GET /gallery/maps/G3300/small/G3300%20%5B1822%5D%20F55.jpg HTTP/1.1" 200 25059 "http://photolab.elmer.uaf.edu/gallery/maps/mapg3300.html" "Mozilla/4.0 (compatible; MSIE 6.0; Windows NT 5.1; SV1; .NET CLR 1.1.4322)"
133.205.171.80 - - [16/Apr/2006:02:00:52 -0800] "GET /gallery/maps/G3300/small/G3300%201841%20S75.jpg HTTP/1.1" 200 25984 "http://photolab.elmer.uaf.edu/gallery/maps/mapg3300.html" "Mozilla/4.0 (compatible; MSIE 6.0; Windows NT 5.1; SV1; .NET CLR 1.1.4322)"
133.205.171.80 - - [16/Apr/2006:02:00:53 -0800] "GET /gallery/maps/G3300/small/G3300%201849%20R321.jpg HTTP/1.1" 200 25413 "http://photolab.elmer.uaf.edu/gallery/maps/mapg3300.html" "Mozilla/4.0 (compatible; MSIE 6.0; Windows NT 5.1; SV1; .NET CLR 1.1.4322)"
65.214.44.171 - - [16/Apr/2006:02:08:15 -0800] "GET /gallery/photos/20020087/1/pages/2002-0087-00114.html HTTP/1.0" 200 1767 "-" "Mozilla/2.0 (compatible; Ask Jeeves/Teoma; +http://sp.ask.com/docs/about/tech_crawling.html)"
83.217.190.55 - - [16/Apr/2006:02:08:40 -0800] "GET /index_files/dps.ico HTTP/1.1" 200 318 "-" "Mozilla/5.0 (Windows; U; Windows NT 5.1; en-GB; rv:1.7.12) Gecko/20050919 Firefox/1.0.7"
83.217.190.55 - - [16/Apr/2006:02:08:40 -0800] "GET /index_files/lib.css HTTP/1.1" 200 2809 "http://photolab.elmer.uaf.edu/aboutus.html" "Mozilla/5.0 (Windows; U; Windows NT 5.1; en-GB; rv:1.7.12) Gecko/20050919 Firefox/1.0.7"
83.217.190.55 - - [16/Apr/2006:02:08:42 -0800] "GET /index_files/empty.gif HTTP/1.1" 200 45 "http://photolab.elmer.uaf.edu/aboutus.html" "Mozilla/5.0 (Windows; U; Windows NT 5.1; en-GB; rv:1.7.12) Gecko/20050919 Firefox/1.0.7"
83.217.190.55 - - [16/Apr/2006:02:08:41 -0800] "GET /index_files/title.jpg HTTP/1.1" 200 5438 "http://photolab.elmer.uaf.edu/aboutus.html" "Mozilla/5.0 (Windows; U; Windows NT 5.1; en-GB; rv:1.7.12) Gecko/20050919 Firefox/1.0.7"
83.217.190.55 - - [16/Apr/2006:02:08:41 -0800] "GET /index_files/apr.jpg HTTP/1.1" 200 6015 "http://photolab.elmer.uaf.edu/aboutus.html" "Mozilla/5.0 (Windows; U; Windows NT 5.1; en-GB; rv:1.7.12) Gecko/20050919 Firefox/1.0.7"
83.217.190.55 - - [16/Apr/2006:02:08:43 -0800] "GET /index_files/small_002.jpg HTTP/1.1" 200 1351 "http://photolab.elmer.uaf.edu/aboutus.html" "Mozilla/5.0 (Windows; U; Windows NT 5.1; en-GB; rv:1.7.12) Gecko/20050919 Firefox/1.0.7"
83.217.190.55 - - [16/Apr/2006:02:08:42 -0800] "GET /index_files/bar.gif HTTP/1.1" 200 342 "http://photolab.elmer.uaf.edu/aboutus.html" "Mozilla/5.0 (Windows; U; Windows NT 5.1; en-GB; rv:1.7.12) Gecko/20050919 Firefox/1.0.7"
83.217.190.55 - - [16/Apr/2006:02:08:43 -0800] "GET /index_files/small.dps.jpg HTTP/1.1" 200 5830 "http://photolab.elmer.uaf.edu/aboutus.html" "Mozilla/5.0 (Windows; U; Windows NT 5.1; en-GB; rv:1.7.12) Gecko/20050919 Firefox/1.0.7"
83.217.190.55 - - [16/Apr/2006:02:08:43 -0800] "GET /index_files/small.jpg HTTP/1.1" 200 2294 "http://photolab.elmer.uaf.edu/aboutus.html" "Mozilla/5.0 (Windows; U; Windows NT 5.1; en-GB; rv:1.7.12) Gecko/20050919 Firefox/1.0.7"
83.217.190.55 - - [16/Apr/2006:02:08:43 -0800] "GET /index_files/small_003.jpg HTTP/1.1" 200 1521 "http://photolab.elmer.uaf.edu/aboutus.html" "Mozilla/5.0 (Windows; U; Windows NT 5.1; en-GB; rv:1.7.12) Gecko/20050919 Firefox/1.0.7"
83.217.190.55 - - [16/Apr/2006:02:08:47 -0800] "GET /index_files/bluebear.gif HTTP/1.1" 200 1263 "http://photolab.elmer.uaf.edu/aboutus.html" "Mozilla/5.0 (Windows; U; Windows NT 5.1; en-GB; rv:1.7.12) Gecko/20050919 Firefox/1.0.7"
83.217.190.55 - - [16/Apr/2006:02:08:51 -0800] "GET /index_files/sitemap.gif HTTP/1.1" 200 1503 "http://photolab.elmer.uaf.edu/aboutus.html" "Mozilla/5.0 (Windows; U; Windows NT 5.1; en-GB; rv:1.7.12) Gecko/20050919 Firefox/1.0.7"
83.217.190.55 - - [16/Apr/2006:02:08:52 -0800] "GET /index.html HTTP/1.1" 200 8969 "http://photolab.elmer.uaf.edu/aboutus.html" "Mozilla/5.0 (Windows; U; Windows NT 5.1; en-GB; rv:1.7.12) Gecko/20050919 Firefox/1.0.7"
83.217.190.55 - - [16/Apr/2006:02:08:53 -0800] "GET /services.html HTTP/1.1" 200 5901 "http://photolab.elmer.uaf.edu/aboutus.html" "Mozilla/5.0 (Windows; U; Windows NT 5.1; en-GB; rv:1.7.12) Gecko/20050919 Firefox/1.0.7"
83.217.190.55 - - [16/Apr/2006:02:08:53 -0800] "GET /store/index.html HTTP/1.1" 301 350 "http://photolab.elmer.uaf.edu/aboutus.html" "Mozilla/5.0 (Windows; U; Windows NT 5.1; en-GB; rv:1.7.12) Gecko/20050919 Firefox/1.0.7"
83.217.190.55 - - [16/Apr/2006:02:08:54 -0800] "GET /gallery/index.html HTTP/1.1" 200 7268 "http://photolab.elmer.uaf.edu/aboutus.html" "Mozilla/5.0 (Windows; U; Windows NT 5.1; en-GB; rv:1.7.12) Gecko/20050919 Firefox/1.0.7"
83.217.190.55 - - [16/Apr/2006:02:08:55 -0800] "GET /resources.html HTTP/1.1" 200 8449 "http://photolab.elmer.uaf.edu/aboutus.html" "Mozilla/5.0 (Windows; U; Windows NT 5.1; en-GB; rv:1.7.12) Gecko/20050919 Firefox/1.0.7"
83.217.190.55 - - [16/Apr/2006:02:08:56 -0800] "GET /hours.html HTTP/1.1" 200 5909 "http://photolab.elmer.uaf.edu/aboutus.html" "Mozilla/5.0 (Windows; U; Windows NT 5.1; en-GB; rv:1.7.12) Gecko/20050919 Firefox/1.0.7"
83.217.190.55 - - [16/Apr/2006:02:08:56 -0800] "GET /contact.html HTTP/1.1" 200 6369 "http://photolab.elmer.uaf.edu/aboutus.html" "Mozilla/5.0 (Windows; U; Windows NT 5.1; en-GB; rv:1.7.12) Gecko/20050919 Firefox/1.0.7"
207.46.98.88 - - [16/Apr/2006:02:09:05 -0800] "GET /gallery/photos/19640042/0/pages/1964-0042-00034.htm HTTP/1.0" 200 1884 "-" "msnbot/1.0 (+http://search.msn.com/msnbot.htm)"
207.46.98.88 - - [16/Apr/2006:02:09:06 -0800] "GET /gallery/photos/19800068/1/pages/1980-0068-00126.html HTTP/1.0" 200 1860 "-" "msnbot/1.0 (+http://search.msn.com/msnbot.htm)"
207.46.98.88 - - [16/Apr/2006:02:09:07 -0800] "GET /gallery/photos/19581026/21/pages/1958-1026-02161.html HTTP/1.0" 200 2092 "-" "msnbot/1.0 (+http://search.msn.com/msnbot.htm)"
207.46.98.88 - - [16/Apr/2006:02:09:09 -0800] "GET /gallery/photos/19581026/21/pages/1958-1026-02165.html HTTP/1.0" 200 2092 "-" "msnbot/1.0 (+http://search.msn.com/msnbot.htm)"
207.46.98.88 - - [16/Apr/2006:02:09:11 -0800] "GET /gallery/photos/19900080/0/pages/1990-0080-00029.html HTTP/1.0" 200 1878 "-" "msnbot/1.0 (+http://search.msn.com/msnbot.htm)"
207.46.98.88 - - [16/Apr/2006:02:09:12 -0800] "GET /gallery/photos/19581026/14/pages/1958-1026-01439.html HTTP/1.0" 200 2092 "-" "msnbot/1.0 (+http://search.msn.com/msnbot.htm)"
207.46.98.88 - - [16/Apr/2006:02:09:13 -0800] "GET /gallery/photos/19890166/09/pages/1989-0166-00673a_print.html HTTP/1.0" 200 1960 "-" "msnbot/1.0 (+http://search.msn.com/msnbot.htm)"
207.46.98.88 - - [16/Apr/2006:02:09:14 -0800] "GET /gallery/photos/19700058/4/pages/1970-0058-00440.html HTTP/1.0" 200 1759 "-" "msnbot/1.0 (+http://search.msn.com/msnbot.htm)"
207.46.98.88 - - [16/Apr/2006:02:09:15 -0800] "GET /gallery/photos/19700058/4/pages/1970-0058-00442.html HTTP/1.0" 200 1759 "-" "msnbot/1.0 (+http://search.msn.com/msnbot.htm)"
38.113.234.181 - - [16/Apr/2006:02:11:49 -0800] "GET /gallery/photos/19890107/ HTTP/1.0" 200 7073 "-" "voyager/1.0"
65.214.44.171 - - [16/Apr/2006:02:16:08 -0800] "GET /gallery/photos/19640042/2/pages/1964-0042-00206.htm HTTP/1.0" 304 - "-" "Mozilla/2.0 (compatible; Ask Jeeves/Teoma; +http://sp.ask.com/docs/about/tech_crawling.html)"
207.46.98.86 - - [16/Apr/2006:02:20:05 -0800] "GET /gallery/photos/19810192/pages/1981-0192-00059.html HTTP/1.0" 200 1890 "-" "msnbot/1.0 (+http://search.msn.com/msnbot.htm)"
207.46.98.86 - - [16/Apr/2006:02:20:06 -0800] "GET /gallery/photos/20030024/3/pages/2003-0024-00302.html HTTP/1.0" 200 1758 "-" "msnbot/1.0 (+http://search.msn.com/msnbot.htm)"
207.46.98.86 - - [16/Apr/2006:02:20:06 -0800] "GET /gallery/photos/19910046/07/pages/1991-0046-00737.html HTTP/1.0" 200 1760 "-" "msnbot/1.0 (+http://search.msn.com/msnbot.htm)"
207.46.98.86 - - [16/Apr/2006:02:21:24 -0800] "GET /gallery/photos/20040110/10/pages/2004-0110-01008.htm HTTP/1.0" 200 1888 "-" "msnbot/1.0 (+http://search.msn.com/msnbot.htm)"
65.214.44.171 - - [16/Apr/2006:02:23:58 -0800] "GET /gallery/photos/20040145/1/pages/2004-0145-00122.htm HTTP/1.0" 304 - "-" "Mozilla/2.0 (compatible; Ask Jeeves/Teoma; +http://sp.ask.com/docs/about/tech_crawling.html)"
207.46.98.86 - - [16/Apr/2006:02:26:28 -0800] "GET /gallery/photos/19650030/pages/1965-0030-00060.htm HTTP/1.0" 200 1889 "-" "msnbot/1.0 (+http://search.msn.com/msnbot.htm)"
207.46.98.86 - - [16/Apr/2006:02:26:31 -0800] "GET /gallery/photos/20040111/12/pages/2004-0111-01229.htm HTTP/1.0" 200 1885 "-" "msnbot/1.0 (+http://search.msn.com/msnbot.htm)"
218.57.243.35 - - [16/Apr/2006:02:26:31 -0800] "HEAD / HTTP/1.1" 200 - "-" "-"
207.46.98.87 - - [16/Apr/2006:02:28:16 -0800] "GET /gallery/photos/20040111/01/pages/2004-0111-00121.htm HTTP/1.0" 200 1885 "-" "msnbot/1.0 (+http://search.msn.com/msnbot.htm)"
207.46.98.86 - - [16/Apr/2006:02:29:18 -0800] "GET /gallery/photos/20020032/pages/2002-0032-00065.html HTTP/1.0" 200 1884 "-" "msnbot/1.0 (+http://search.msn.com/msnbot.htm)"
207.46.98.86 - - [16/Apr/2006:02:29:38 -0800] "GET /gallery/photos/19640042/1/pages/1964-0042-00133.htm HTTP/1.0" 200 1884 "-" "msnbot/1.0 (+http://search.msn.com/msnbot.htm)"
207.46.98.86 - - [16/Apr/2006:02:29:41 -0800] "GET /gallery/photos/20030137/pages/2003-0137-00016.html HTTP/1.0" 200 1770 "-" "msnbot/1.0 (+http://search.msn.com/msnbot.htm)"
207.46.98.86 - - [16/Apr/2006:02:30:16 -0800] "GET /gallery/photos/20020032/pages/2002-0032-00108.html HTTP/1.0" 200 1885 "-" "msnbot/1.0 (+http://search.msn.com/msnbot.htm)"
207.46.98.86 - - [16/Apr/2006:02:30:18 -0800] "GET /gallery/photos/19870175/pages/1987-0175-00808.html HTTP/1.0" 200 1884 "-" "msnbot/1.0 (+http://search.msn.com/msnbot.htm)"
207.46.98.86 - - [16/Apr/2006:02:30:19 -0800] "GET /gallery/photos/19950244/00/pages/1995-0244-00016.html HTTP/1.0" 200 1888 "-" "msnbot/1.0 (+http://search.msn.com/msnbot.htm)"
207.46.98.86 - - [16/Apr/2006:02:30:30 -0800] "GET /gallery/photos/19910046/07/pages/1991-0046-00733.html HTTP/1.0" 200 1760 "-" "msnbot/1.0 (+http://search.msn.com/msnbot.htm)"
65.214.44.171 - - [16/Apr/2006:02:31:56 -0800] "GET /gallery/photos/19680041/1/pages/1968-0041-00123.htm HTTP/1.0" 304 - "-" "Mozilla/2.0 (compatible; Ask Jeeves/Teoma; +http://sp.ask.com/docs/about/tech_crawling.html)"
207.46.98.86 - - [16/Apr/2006:02:31:59 -0800] "GET /gallery/photos/20040162/pages/2004-0162-00007.html HTTP/1.0" 200 1891 "-" "msnbot/1.0 (+http://search.msn.com/msnbot.htm)"
207.46.98.86 - - [16/Apr/2006:02:32:02 -0800] "GET /gallery/photos/19680041/1/pages/1968-0041-00163.htm HTTP/1.0" 200 1889 "-" "msnbot/1.0 (+http://search.msn.com/msnbot.htm)"
207.46.98.86 - - [16/Apr/2006:02:32:04 -0800] "GET /gallery/photos/19910046/07/pages/1991-0046-00754.html HTTP/1.0" 200 1760 "-" "msnbot/1.0 (+http://search.msn.com/msnbot.htm)"
207.46.98.86 - - [16/Apr/2006:02:34:25 -0800] "GET /gallery/photos/19680041/1/pages/1968-0041-00194.htm HTTP/1.0" 200 1889 "-" "msnbot/1.0 (+http://search.msn.com/msnbot.htm)"
207.46.98.87 - - [16/Apr/2006:02:35:09 -0800] "GET /gallery/photos/20030120/1/pages/2003-0120-00175.html HTTP/1.0" 200 1871 "-" "msnbot/1.0 (+http://search.msn.com/msnbot.htm)"
207.46.98.86 - - [16/Apr/2006:02:35:18 -0800] "GET /gallery/photos/19890199/1/pages/1989-0199-00105.html HTTP/1.0" 200 1875 "-" "msnbot/1.0 (+http://search.msn.com/msnbot.htm)"
207.46.98.86 - - [16/Apr/2006:02:35:19 -0800] "GET /gallery/photos/20040111/11/pages/2004-0111-01110.htm HTTP/1.0" 200 1883 "-" "msnbot/1.0 (+http://search.msn.com/msnbot.htm)"
207.46.98.86 - - [16/Apr/2006:02:35:19 -0800] "GET /gallery/photos/20020032/pages/2002-0032-00008.html HTTP/1.0" 200 1881 "-" "msnbot/1.0 (+http://search.msn.com/msnbot.htm)"
207.46.98.86 - - [16/Apr/2006:02:35:19 -0800] "GET /gallery/photos/19870175/pages/1987-0175-00774.html HTTP/1.0" 200 1884 "-" "msnbot/1.0 (+http://search.msn.com/msnbot.htm)"
207.46.98.86 - - [16/Apr/2006:02:35:20 -0800] "GET /gallery/photos/19940096/5/pages/1994-0096-00616.html HTTP/1.0" 200 1903 "-" "msnbot/1.0 (+http://search.msn.com/msnbot.htm)"
207.46.98.86 - - [16/Apr/2006:02:35:20 -0800] "GET /gallery/photos/19950244/06/pages/1995-0244-00624.html HTTP/1.0" 200 1889 "-" "msnbot/1.0 (+http://search.msn.com/msnbot.htm)"
207.46.98.86 - - [16/Apr/2006:02:35:20 -0800] "GET /gallery/photos/19950244/06/pages/1995-0244-00626.html HTTP/1.0" 200 1889 "-" "msnbot/1.0 (+http://search.msn.com/msnbot.htm)"
207.46.98.86 - - [16/Apr/2006:02:35:21 -0800] "GET /gallery/photos/20040026/pages/2004-0026-00028.html HTTP/1.0" 200 1862 "-" "msnbot/1.0 (+http://search.msn.com/msnbot.htm)"
207.46.98.86 - - [16/Apr/2006:02:35:21 -0800] "GET /gallery/photos/19890199/1/pages/1989-0199-00126.html HTTP/1.0" 200 1878 "-" "msnbot/1.0 (+http://search.msn.com/msnbot.htm)"
207.46.98.86 - - [16/Apr/2006:02:35:22 -0800] "GET /gallery/photos/20040014/0/pages/2004-0014-00073B.html HTTP/1.0" 200 1872 "-" "msnbot/1.0 (+http://search.msn.com/msnbot.htm)"
207.46.98.86 - - [16/Apr/2006:02:35:23 -0800] "GET /gallery/photos/20020032/pages/2002-0032-00102.html HTTP/1.0" 200 1885 "-" "msnbot/1.0 (+http://search.msn.com/msnbot.htm)"
207.46.98.86 - - [16/Apr/2006:02:35:24 -0800] "GET /gallery/photos/19640042/3/pages/1964-0042-00353.htm HTTP/1.0" 200 1884 "-" "msnbot/1.0 (+http://search.msn.com/msnbot.htm)"
207.46.98.86 - - [16/Apr/2006:02:35:24 -0800] "GET /gallery/photos/19640042/0/pages/1964-0042-00070.htm HTTP/1.0" 200 1884 "-" "msnbot/1.0 (+http://search.msn.com/msnbot.htm)"
207.46.98.86 - - [16/Apr/2006:02:35:25 -0800] "GET /gallery/photos/19640042/3/pages/1964-0042-00367.htm HTTP/1.0" 200 1884 "-" "msnbot/1.0 (+http://search.msn.com/msnbot.htm)"
207.46.98.86 - - [16/Apr/2006:02:35:26 -0800] "GET /gallery/photos/20020032/pages/2002-0032-00088.html HTTP/1.0" 200 1884 "-" "msnbot/1.0 (+http://search.msn.com/msnbot.htm)"
207.46.98.86 - - [16/Apr/2006:02:35:26 -0800] "GET /gallery/photos/19640042/3/pages/1964-0042-00373.htm HTTP/1.0" 200 1884 "-" "msnbot/1.0 (+http://search.msn.com/msnbot.htm)"
207.46.98.86 - - [16/Apr/2006:02:35:26 -0800] "GET /gallery/photos/19640042/1/pages/1964-0042-00129.htm HTTP/1.0" 200 1884 "-" "msnbot/1.0 (+http://search.msn.com/msnbot.htm)"
207.46.98.86 - - [16/Apr/2006:02:35:27 -0800] "GET /gallery/photos/19810192/pages/1981-0192-00055.html HTTP/1.0" 200 1890 "-" "msnbot/1.0 (+http://search.msn.com/msnbot.htm)"
207.46.98.86 - - [16/Apr/2006:02:35:27 -0800] "GET /gallery/photos/19810192/pages/1981-0192-00057.html HTTP/1.0" 200 1890 "-" "msnbot/1.0 (+http://search.msn.com/msnbot.htm)"
207.46.98.86 - - [16/Apr/2006:02:35:27 -0800] "GET /gallery/photos/19640042/1/pages/1964-0042-00144.htm HTTP/1.0" 200 1884 "-" "msnbot/1.0 (+http://search.msn.com/msnbot.htm)"
207.46.98.86 - - [16/Apr/2006:02:35:27 -0800] "GET /gallery/photos/20040162/pages/2004-0162-00005.html HTTP/1.0" 200 1891 "-" "msnbot/1.0 (+http://search.msn.com/msnbot.htm)"
207.46.98.86 - - [16/Apr/2006:02:35:28 -0800] "GET /gallery/photos/20030137/pages/2003-0137-00014.html HTTP/1.0" 200 1770 "-" "msnbot/1.0 (+http://search.msn.com/msnbot.htm)"
207.46.98.86 - - [16/Apr/2006:02:35:28 -0800] "GET /gallery/photos/20020015/3/pages/2002-0015-00377m.html HTTP/1.0" 200 1770 "-" "msnbot/1.0 (+http://search.msn.com/msnbot.htm)"
207.46.98.86 - - [16/Apr/2006:02:35:28 -0800] "GET /gallery/photos/19910046/07/pages/1991-0046-00756.html HTTP/1.0" 200 1760 "-" "msnbot/1.0 (+http://search.msn.com/msnbot.htm)"
207.46.98.86 - - [16/Apr/2006:02:35:29 -0800] "GET /gallery/photos/20020015/3/pages/2002-0015-00367m.html HTTP/1.0" 200 1770 "-" "msnbot/1.0 (+http://search.msn.com/msnbot.htm)"
207.46.98.86 - - [16/Apr/2006:02:35:29 -0800] "GET /gallery/photos/19910046/07/pages/1991-0046-00739.html HTTP/1.0" 200 1760 "-" "msnbot/1.0 (+http://search.msn.com/msnbot.htm)"
207.46.98.86 - - [16/Apr/2006:02:35:31 -0800] "GET /gallery/photos/20030063/0/pages/2003-0063-00082.html HTTP/1.0" 200 1758 "-" "msnbot/1.0 (+http://search.msn.com/msnbot.htm)"
207.46.98.87 - - [16/Apr/2006:02:37:21 -0800] "GET /gallery/photos/20010129/2/pages/2001-0129-00254.html HTTP/1.0" 200 1762 "-" "msnbot/1.0 (+http://search.msn.com/msnbot.htm)"
65.214.44.171 - - [16/Apr/2006:02:39:53 -0800] "GET /gallery/photos/19690092/9/pages/1969-0092-00920.html HTTP/1.0" 200 1765 "-" "Mozilla/2.0 (compatible; Ask Jeeves/Teoma; +http://sp.ask.com/docs/about/tech_crawling.html)"
209.191.65.223 - - [16/Apr/2006:02:40:27 -0800] "GET /store/maps/large%20jpegs/(011)%20G3270%201634%20M4%20vs.jpg HTTP/1.0" 301 393 "-" "Yahoo-MMCrawler/3.x (mms dash mmcrawler dash support at yahoo dash inc dot com)"
209.191.65.223 - - [16/Apr/2006:02:40:56 -0800] "GET /store/maps/large%20jpegs/(007)%20G7820%201626%20S67%20vs.jpg HTTP/1.0" 301 394 "-" "Yahoo-MMCrawler/3.x (mms dash mmcrawler dash support at yahoo dash inc dot com)"
209.191.65.223 - - [16/Apr/2006:02:41:08 -0800] "GET /store/maps/large%20jpegs/(020)%20G9236%20S12%201798%20C3.jpg HTTP/1.0" 301 394 "-" "Yahoo-MMCrawler/3.x (mms dash mmcrawler dash support at yahoo dash inc dot com)"
209.191.65.223 - - [16/Apr/2006:02:41:28 -0800] "GET /store/maps/large%20jpegs/(001)%20G3300%20%5b1780%5d%20C66.jpg HTTP/1.0" 301 395 "-" "Yahoo-MMCrawler/3.x (mms dash mmcrawler dash support at yahoo dash inc dot com)"
209.191.65.223 - - [16/Apr/2006:02:42:02 -0800] "GET /store/maps/large%20jpegs/(015)%20G3290%20%5b1851%5d%20R36.jpg HTTP/1.0" 301 395 "-" "Yahoo-MMCrawler/3.x (mms dash mmcrawler dash support at yahoo dash inc dot com)"
209.191.65.223 - - [16/Apr/2006:02:42:35 -0800] "GET /store/maps/large%20jpegs/(024)%20G3351%20H2%201897%20L361.jpg HTTP/1.0" 301 395 "-" "Yahoo-MMCrawler/3.x (mms dash mmcrawler dash support at yahoo dash inc dot com)"
