24.222.188.66 - - [16/Apr/2006:09:26:24 -0800] "GET /gallery/maps/G3500/large/G3521%20C5%201898%20C4.jpg HTTP/1.1" 200 112569 "http://photolab.elmer.uaf.edu/gallery/maps/mapg3520.html" "Mozilla/4.0 (compatible; MSIE 5.5; Windows 98; Win 9x 4.90; FunWebProducts)"
24.222.188.66 - - [16/Apr/2006:09:26:34 -0800] "GET /gallery/maps/G3500/large/G3522%20K5%20H2%201897%20R53.jpg HTTP/1.1" 200 299152 "http://photolab.elmer.uaf.edu/gallery/maps/mapg3520.html" "Mozilla/4.0 (compatible; MSIE 5.5; Windows 98; Win 9x 4.90; FunWebProducts)"
207.46.98.88 - - [16/Apr/2006:09:26:44 -0800] "GET /gallery/photos/20040145/2/pages/2004-0145-00298.htm HTTP/1.0" 200 1890 "-" "msnbot/1.0 (+http://search.msn.com/msnbot.htm)"
24.222.188.66 - - [16/Apr/2006:09:27:19 -0800] "GET /gallery/maps/G3500/large/G3522%20K5%20H2%201898%20L695%20c2.jpg HTTP/1.1" 200 201027 "http://photolab.elmer.uaf.edu/gallery/maps/mapg3520.html" "Mozilla/4.0 (compatible; MSIE 5.5; Windows 98; Win 9x 4.90; FunWebProducts)"
68.142.250.155 - - [16/Apr/2006:09:27:27 -0800] "GET /gallery/photos/19640042/3 HTTP/1.0" 301 362 "-" "Mozilla/5.0 (compatible; Yahoo! Slurp; http://help.yahoo.com/help/us/ysearch/slurp)"
68.142.250.155 - - [16/Apr/2006:09:27:28 -0800] "GET /gallery/photos/19640042/3/ HTTP/1.0" 200 7054 "-" "Mozilla/5.0 (compatible; Yahoo! Slurp; http://help.yahoo.com/help/us/ysearch/slurp)"
24.222.188.66 - - [16/Apr/2006:09:27:48 -0800] "GET /gallery/maps/G3500/small/G3522%20K5%20H2%201898%20L695%20C.2.jpg HTTP/1.1" 404 350 "http://images.google.ca/imgres?imgurl=http://photolab.elmer.uaf.edu/gallery/maps/G3500/small/G3522%2520K5%2520H2%25201898%2520L695%2520C.2.jpg&imgrefurl=http://photolab.elmer.uaf.edu/gallery/maps/mapg3520.html&h=70&w=100&sz=15&tbnid=NPPjhL7tpXvP4M:&tbnh=53&tbnw=77&hl=en&prev=/images%3Fq%3Dmap%2Bof%2Bthe%2Bklondike%2B1898%26svnum%3D10%26hl%3Den%26lr%3D&frame=small" "Mozilla/4.0 (compatible; MSIE 5.5; Windows 98; Win 9x 4.90; FunWebProducts)"
24.222.188.66 - - [16/Apr/2006:09:30:39 -0800] "GET /gallery/index.html HTTP/1.1" 200 7268 "http://photolab.elmer.uaf.edu/gallery/maps/mapg3520.html" "Mozilla/4.0 (compatible; MSIE 5.5; Windows 98; Win 9x 4.90; FunWebProducts)"
24.222.188.66 - - [16/Apr/2006:09:30:47 -0800] "GET /gallery/mapgallery.html HTTP/1.1" 200 11702 "http://photolab.elmer.uaf.edu/gallery/index.html" "Mozilla/4.0 (compatible; MSIE 5.5; Windows 98; Win 9x 4.90; FunWebProducts)"
24.222.188.66 - - [16/Apr/2006:09:30:47 -0800] "GET /index_files/new01.gif HTTP/1.1" 200 1016 "http://photolab.elmer.uaf.edu/gallery/mapgallery.html" "Mozilla/4.0 (compatible; MSIE 5.5; Windows 98; Win 9x 4.90; FunWebProducts)"
207.46.98.88 - - [16/Apr/2006:09:30:48 -0800] "GET /gallery/photos/20040026/pages/2004-0026-00044.html HTTP/1.0" 200 1862 "-" "msnbot/1.0 (+http://search.msn.com/msnbot.htm)"
207.46.98.88 - - [16/Apr/2006:09:30:51 -0800] "GET /gallery/photos/20040026/pages/2004-0026-00046.html HTTP/1.0" 200 1862 "-" "msnbot/1.0 (+http://search.msn.com/msnbot.htm)"
207.46.98.88 - - [16/Apr/2006:09:30:56 -0800] "GET /gallery/photos/20030063/1/pages/2003-0063-00128.html HTTP/1.0" 200 1758 "-" "msnbot/1.0 (+http://search.msn.com/msnbot.htm)"
207.46.98.88 - - [16/Apr/2006:09:30:59 -0800] "GET /gallery/photos/19680069/26/pages/1968-0069-02652.html HTTP/1.0" 200 1769 "-" "msnbot/1.0 (+http://search.msn.com/msnbot.htm)"
207.46.98.88 - - [16/Apr/2006:09:31:02 -0800] "GET /gallery/photos/20020015/5/pages/2002-0015-00557m.html HTTP/1.0" 200 1770 "-" "msnbot/1.0 (+http://search.msn.com/msnbot.htm)"
207.46.98.88 - - [16/Apr/2006:09:31:09 -0800] "GET /gallery/photos/19690092/6/pages/1969-0092-00640.html HTTP/1.0" 200 1765 "-" "msnbot/1.0 (+http://search.msn.com/msnbot.htm)"
207.46.98.88 - - [16/Apr/2006:09:31:14 -0800] "GET /gallery/photos/19690092/6/pages/1969-0092-00642.html HTTP/1.0" 200 1765 "-" "msnbot/1.0 (+http://search.msn.com/msnbot.htm)"
65.214.44.171 - - [16/Apr/2006:09:31:06 -0800] "GET /gallery/photos/19690092/6/pages/1969-0092-00626.html HTTP/1.0" 200 1765 "-" "Mozilla/2.0 (compatible; Ask Jeeves/Teoma; +http://sp.ask.com/docs/about/tech_crawling.html)"
24.222.188.66 - - [16/Apr/2006:09:31:20 -0800] "GET /gallery/maps/G3500/large/G3532%20G731%20%5B1827%5D%20V36.jpg HTTP/1.1" 200 153122 "http://photolab.elmer.uaf.edu/gallery/maps/mapg3520.html" "Mozilla/4.0 (compatible; MSIE 5.5; Windows 98; Win 9x 4.90; FunWebProducts)"
62.253.32.5 - - [16/Apr/2006:09:33:16 -0800] "GET /gallery/Panorama/ HTTP/1.1" 404 313 "-" "Mozilla/4.0 (compatible; MSIE 6.0; Windows NT 5.1; SV1; .NET CLR 1.0.3705; .NET CLR 1.1.4322)"
62.253.32.5 - - [16/Apr/2006:09:33:16 -0800] "GET /gallery/photos/19640074/images/1964-0074-00147.jpg HTTP/1.1" 200 99736 "-" "Mozilla/4.0 (compatible; MSIE 6.0; Windows NT 5.1; SV1; .NET CLR 1.0.3705; .NET CLR 1.1.4322)"
62.253.32.5 - - [16/Apr/2006:09:33:43 -0800] "GET /gallery/Panorama/ HTTP/1.1" 404 313 "-" "Mozilla/4.0 (compatible; MSIE 6.0; Windows NT 5.1; SV1; .NET CLR 1.0.3705; .NET CLR 1.1.4322)"
62.253.32.5 - - [16/Apr/2006:09:33:43 -0800] "GET /gallery/Panorama/ HTTP/1.1" 404 313 "-" "Mozilla/4.0 (compatible; MSIE 6.0; Windows NT 5.1; SV1; .NET CLR 1.0.3705; .NET CLR 1.1.4322)"
65.214.44.171 - - [16/Apr/2006:09:39:33 -0800] "GET /gallery/photos/20040145/1/pages/2004-0145-00119.htm HTTP/1.0" 304 - "-" "Mozilla/2.0 (compatible; Ask Jeeves/Teoma; +http://sp.ask.com/docs/about/tech_crawling.html)"
207.46.98.86 - - [16/Apr/2006:09:40:29 -0800] "GET /gallery/photos/19740130/index_2.html HTTP/1.0" 200 7236 "-" "msnbot/1.0 (+http://search.msn.com/msnbot.htm)"
207.46.98.86 - - [16/Apr/2006:09:40:29 -0800] "GET /gallery/photos/20020015/3/index_3.html HTTP/1.0" 200 7307 "-" "msnbot/1.0 (+http://search.msn.com/msnbot.htm)"
207.46.98.86 - - [16/Apr/2006:09:40:30 -0800] "GET /gallery/photos/20030129/1/index_7.html HTTP/1.0" 200 7253 "-" "msnbot/1.0 (+http://search.msn.com/msnbot.htm)"
207.46.98.86 - - [16/Apr/2006:09:40:30 -0800] "GET /gallery/photos/20020087/0/index.html HTTP/1.0" 200 7105 "-" "msnbot/1.0 (+http://search.msn.com/msnbot.htm)"
207.46.98.86 - - [16/Apr/2006:09:40:30 -0800] "GET /gallery/photos/20030063/3/index.html HTTP/1.0" 200 7096 "-" "msnbot/1.0 (+http://search.msn.com/msnbot.htm)"
207.46.98.86 - - [16/Apr/2006:09:40:31 -0800] "GET /gallery/photos/19660054/02/index_2.html HTTP/1.0" 200 7252 "-" "msnbot/1.0 (+http://search.msn.com/msnbot.htm)"
207.46.98.86 - - [16/Apr/2006:09:40:31 -0800] "GET /gallery/photos/19950190/index_2.html HTTP/1.0" 200 7220 "-" "msnbot/1.0 (+http://search.msn.com/msnbot.htm)"
207.46.98.86 - - [16/Apr/2006:09:40:32 -0800] "GET /gallery/photos/20040145/2/index_7.htm HTTP/1.0" 200 7213 "-" "msnbot/1.0 (+http://search.msn.com/msnbot.htm)"
207.46.98.86 - - [16/Apr/2006:09:40:32 -0800] "GET /gallery/photos/19950244/06/index_4.html HTTP/1.0" 200 7233 "-" "msnbot/1.0 (+http://search.msn.com/msnbot.htm)"
207.46.98.86 - - [16/Apr/2006:09:40:32 -0800] "GET /gallery/photos/19930194/1/index_4.htm HTTP/1.0" 200 7208 "-" "msnbot/1.0 (+http://search.msn.com/msnbot.htm)"
207.46.98.86 - - [16/Apr/2006:09:41:17 -0800] "GET /gallery/photos/19800068/1/index_2.html HTTP/1.0" 200 6950 "-" "msnbot/1.0 (+http://search.msn.com/msnbot.htm)"
207.46.98.86 - - [16/Apr/2006:09:41:17 -0800] "GET /gallery/photos/19800068/0/index_2.html HTTP/1.0" 200 6950 "-" "msnbot/1.0 (+http://search.msn.com/msnbot.htm)"
207.46.98.86 - - [16/Apr/2006:09:41:21 -0800] "GET /gallery/photos/19900080/0/index.html HTTP/1.0" 200 7070 "-" "msnbot/1.0 (+http://search.msn.com/msnbot.htm)"
64.124.85.211 - - [16/Apr/2006:09:43:27 -0800] "GET /robots.txt HTTP/1.1" 200 96 "-" "Mozilla/5.0 (compatible; BecomeBot/2.3; MSIE 6.0 compatible; +http://www.become.com/site_owners.html)"
65.203.231.36 - - [16/Apr/2006:09:45:46 -0800] "GET /gallery/ HTTP/1.0" 304 - "-" "Everest-Vulcan Inc./0.1 (R&D project; host=e-1-15; http://everest.vulcan.com/crawlerhelp)"
64.124.85.211 - - [16/Apr/2006:09:46:28 -0800] "GET /gallery/maps/mapg3300.html HTTP/1.1" 200 21837 "http://www.worldmapfinder.com/Map_Detail.php?MAP=541&FN=G3300%20%5B1822%5D%20F55.jpg&MW=1200&MH=959&FS=374&FT=jpg&WO=0&CE=4&CO=0&CI=0&IT=0&LC=3&PG=1&CS=iso-8859-1&FU=http://photolab.elmer.uaf.edu/gallery/maps/G3300/large/G3300%20%5B1822%5D%20F55.jpg&SU=http://photolab.elmer.uaf.edu/gallery/maps/mapg3300.html" "Mozilla/5.0 (compatible; BecomeBot/2.3; MSIE 6.0 compatible; +http://www.become.com/site_owners.html)"
207.46.98.89 - - [16/Apr/2006:09:47:30 -0800] "GET /robots.txt HTTP/1.0" 200 96 "-" "msnbot/1.0 (+http://search.msn.com/msnbot.htm)"
207.46.98.89 - - [16/Apr/2006:09:47:30 -0800] "GET /gallery/photos/19950244/09/pages/1995-0244-00985.html HTTP/1.0" 200 1889 "-" "msnbot/1.0 (+http://search.msn.com/msnbot.htm)"
207.46.98.89 - - [16/Apr/2006:09:47:31 -0800] "GET /gallery/photos/19800068/1/pages/1980-0068-00149.html HTTP/1.0" 200 1860 "-" "msnbot/1.0 (+http://search.msn.com/msnbot.htm)"
207.46.98.89 - - [16/Apr/2006:09:47:31 -0800] "GET /gallery/photos/20030174/0/pages/2003-0174-00028.html HTTP/1.0" 200 1880 "-" "msnbot/1.0 (+http://search.msn.com/msnbot.htm)"
65.214.44.171 - - [16/Apr/2006:09:47:47 -0800] "GET /gallery/photos/19900043/08/pages/1990-0043-00814.html HTTP/1.0" 304 - "-" "Mozilla/2.0 (compatible; Ask Jeeves/Teoma; +http://sp.ask.com/docs/about/tech_crawling.html)"
207.46.98.89 - - [16/Apr/2006:09:48:16 -0800] "GET /gallery/photos/19700058/4/pages/1970-0058-00482.html HTTP/1.0" 200 1759 "-" "msnbot/1.0 (+http://search.msn.com/msnbot.htm)"
84.43.90.129 - - [16/Apr/2006:09:51:01 -0800] "GET /gallery/maps/mapg3200.html HTTP/1.1" 200 17235 "http://images.google.com/imgres?imgurl=http://photolab.elmer.uaf.edu/gallery/maps/G3200/large/G3200%25201882%2520P461.jpg&imgrefurl=http://photolab.elmer.uaf.edu/gallery/maps/mapg3200.html&h=762&w=1200&sz=206&tbnid=exTIRUoY6xYRXM:&tbnh=95&tbnw=150&hl=en&start=40&prev=/images%3Fq%3Dmaps%2Bof%2Bthe%2Bworld%26start%3D20%26svnum%3D10%26hl%3Den%26lr%3D%26client%3Dsafari%26rls%3Den%26sa%3DN" "Mozilla/5.0 (Macintosh; U; PPC Mac OS X; en) AppleWebKit/417.9 (KHTML, like Gecko) Safari/417.9.2"
84.43.90.129 - - [16/Apr/2006:09:51:02 -0800] "GET /index_files/empty.gif HTTP/1.1" 200 45 "http://photolab.elmer.uaf.edu/gallery/maps/mapg3200.html" "Mozilla/5.0 (Macintosh; U; PPC Mac OS X; en) AppleWebKit/417.9 (KHTML, like Gecko) Safari/417.9.2"
84.43.90.129 - - [16/Apr/2006:09:51:01 -0800] "GET /index_files/title.jpg HTTP/1.1" 200 5438 "http://photolab.elmer.uaf.edu/gallery/maps/mapg3200.html" "Mozilla/5.0 (Macintosh; U; PPC Mac OS X; en) AppleWebKit/417.9 (KHTML, like Gecko) Safari/417.9.2"
84.43.90.129 - - [16/Apr/2006:09:51:01 -0800] "GET /index_files/apr.jpg HTTP/1.1" 200 6015 "http://photolab.elmer.uaf.edu/gallery/maps/mapg3200.html" "Mozilla/5.0 (Macintosh; U; PPC Mac OS X; en) AppleWebKit/417.9 (KHTML, like Gecko) Safari/417.9.2"
84.43.90.129 - - [16/Apr/2006:09:51:01 -0800] "GET /index_files/lib.css HTTP/1.1" 200 2809 "http://photolab.elmer.uaf.edu/gallery/maps/mapg3200.html" "Mozilla/5.0 (Macintosh; U; PPC Mac OS X; en) AppleWebKit/417.9 (KHTML, like Gecko) Safari/417.9.2"
84.43.90.129 - - [16/Apr/2006:09:51:03 -0800] "GET /gallery/maps/G3200/large/G3200%201882%20P461.jpg HTTP/1.1" 200 199700 "http://images.google.com/imgres?imgurl=http://photolab.elmer.uaf.edu/gallery/maps/G3200/large/G3200%25201882%2520P461.jpg&imgrefurl=http://photolab.elmer.uaf.edu/gallery/maps/mapg3200.html&h=762&w=1200&sz=206&tbnid=exTIRUoY6xYRXM:&tbnh=95&tbnw=150&hl=en&prev=/images%3Fq%3Dmaps%2Bof%2Bthe%2Bworld%26start%3D20%26svnum%3D10%26hl%3Den%26lr%3D%26client%3Dsafari%26rls%3Den%26sa%3DN&frame=small" "Mozilla/5.0 (Macintosh; U; PPC Mac OS X; en) AppleWebKit/417.9 (KHTML, like Gecko) Safari/417.9.2"
84.43.90.129 - - [16/Apr/2006:09:51:14 -0800] "GET /favicon.ico HTTP/1.1" 404 307 "-" "Mozilla/5.0 (Macintosh; U; PPC Mac OS X; en) AppleWebKit/417.9 (KHTML, like Gecko) Safari/417.9.2"
84.43.90.129 - - [16/Apr/2006:09:51:23 -0800] "GET /index_files/lib.css HTTP/1.1" 200 2809 "http://photolab.elmer.uaf.edu/gallery/maps/mapg3200.html" "Mozilla/5.0 (Macintosh; U; PPC Mac OS X; en) AppleWebKit/417.9 (KHTML, like Gecko) Safari/417.9.2"
84.43.90.129 - - [16/Apr/2006:09:51:23 -0800] "GET /index_files/empty.gif HTTP/1.1" 200 45 "http://photolab.elmer.uaf.edu/gallery/maps/mapg3200.html" "Mozilla/5.0 (Macintosh; U; PPC Mac OS X; en) AppleWebKit/417.9 (KHTML, like Gecko) Safari/417.9.2"
84.43.90.129 - - [16/Apr/2006:09:51:23 -0800] "GET /index_files/small.dps.jpg HTTP/1.1" 200 5830 "http://photolab.elmer.uaf.edu/gallery/maps/mapg3200.html" "Mozilla/5.0 (Macintosh; U; PPC Mac OS X; en) AppleWebKit/417.9 (KHTML, like Gecko) Safari/417.9.2"
84.43.90.129 - - [16/Apr/2006:09:51:23 -0800] "GET /index_files/title.jpg HTTP/1.1" 200 5438 "http://photolab.elmer.uaf.edu/gallery/maps/mapg3200.html" "Mozilla/5.0 (Macintosh; U; PPC Mac OS X; en) AppleWebKit/417.9 (KHTML, like Gecko) Safari/417.9.2"
84.43.90.129 - - [16/Apr/2006:09:51:23 -0800] "GET /index_files/apr.jpg HTTP/1.1" 200 6015 "http://photolab.elmer.uaf.edu/gallery/maps/mapg3200.html" "Mozilla/5.0 (Macintosh; U; PPC Mac OS X; en) AppleWebKit/417.9 (KHTML, like Gecko) Safari/417.9.2"
84.43.90.129 - - [16/Apr/2006:09:51:23 -0800] "GET /index_files/small_003.jpg HTTP/1.1" 200 1521 "http://photolab.elmer.uaf.edu/gallery/maps/mapg3200.html" "Mozilla/5.0 (Macintosh; U; PPC Mac OS X; en) AppleWebKit/417.9 (KHTML, like Gecko) Safari/417.9.2"
84.43.90.129 - - [16/Apr/2006:09:51:23 -0800] "GET /gallery/maps/G3200/small/G3200%20%5B1562_%5D%20V34.jpg HTTP/1.1" 200 24443 "http://photolab.elmer.uaf.edu/gallery/maps/mapg3200.html" "Mozilla/5.0 (Macintosh; U; PPC Mac OS X; en) AppleWebKit/417.9 (KHTML, like Gecko) Safari/417.9.2"
84.43.90.129 - - [16/Apr/2006:09:51:24 -0800] "GET /index_files/small.jpg HTTP/1.1" 200 2294 "http://photolab.elmer.uaf.edu/gallery/maps/mapg3200.html" "Mozilla/5.0 (Macintosh; U; PPC Mac OS X; en) AppleWebKit/417.9 (KHTML, like Gecko) Safari/417.9.2"
84.43.90.129 - - [16/Apr/2006:09:51:24 -0800] "GET /index_files/small_002.jpg HTTP/1.1" 200 1351 "http://photolab.elmer.uaf.edu/gallery/maps/mapg3200.html" "Mozilla/5.0 (Macintosh; U; PPC Mac OS X; en) AppleWebKit/417.9 (KHTML, like Gecko) Safari/417.9.2"
66.94.238.51 - - [16/Apr/2006:09:55:00 -0800] "GET /robots.txt HTTP/1.0" 200 96 "-" "Scooter/3.3"
66.94.238.51 - - [16/Apr/2006:09:55:00 -0800] "GET /gallery/maps/G3300/large/G3300%20[1848_]%20C61.jpg HTTP/1.1" 206 2 "-" "Scooter/3.3"
66.94.238.51 - - [16/Apr/2006:09:55:00 -0800] "GET /gallery/maps/mapg3300.html HTTP/1.1" 206 2 "-" "Scooter/3.3"
66.94.238.51 - - [16/Apr/2006:09:55:00 -0800] "GET /gallery/photos/19640074/images/1964-0074-00038.jpg HTTP/1.1" 206 2 "-" "Scooter/3.3"
66.94.238.51 - - [16/Apr/2006:09:55:00 -0800] "GET /gallery/photos/19640074/images/1964-0074-00132.jpg HTTP/1.1" 206 2 "-" "Scooter/3.3"
66.94.238.51 - - [16/Apr/2006:09:55:00 -0800] "GET /gallery/photos/19640074/images/1964-0074-00146.jpg HTTP/1.1" 206 2 "-" "Scooter/3.3"
66.94.238.51 - - [16/Apr/2006:09:55:00 -0800] "GET /gallery/photos/19640074/pages/1964-0074-00038.html HTTP/1.1" 206 2 "-" "Scooter/3.3"
66.94.238.51 - - [16/Apr/2006:09:55:01 -0800] "GET /gallery/photos/19640074/pages/1964-0074-00132.html HTTP/1.1" 206 2 "-" "Scooter/3.3"
66.94.238.51 - - [16/Apr/2006:09:55:01 -0800] "GET /gallery/photos/19640074/pages/1964-0074-00146.html HTTP/1.1" 206 2 "-" "Scooter/3.3"
65.214.44.171 - - [16/Apr/2006:09:56:11 -0800] "GET /gallery/photos/20030109/3/pages/2003-0109-00303.html HTTP/1.0" 200 1754 "-" "Mozilla/2.0 (compatible; Ask Jeeves/Teoma; +http://sp.ask.com/docs/about/tech_crawling.html)"
70.176.146.227 - - [16/Apr/2006:09:59:24 -0800] "GET /index_files/aprbrown.jpg HTTP/1.1" 200 5509 "http://www.alaska.net/~johnd/urban/" "Mozilla/5.0 (Macintosh; U; PPC Mac OS X Mach-O; en-US; rv:1.8.0.2) Gecko/20060308 Firefox/1.5.0.2"
65.214.44.171 - - [16/Apr/2006:10:04:26 -0800] "GET /gallery/photos/19950244/06/pages/1995-0244-00610.html HTTP/1.0" 304 - "-" "Mozilla/2.0 (compatible; Ask Jeeves/Teoma; +http://sp.ask.com/docs/about/tech_crawling.html)"
68.142.251.150 - - [16/Apr/2006:10:05:06 -0800] "GET /robots.txt HTTP/1.0" 200 96 "-" "Mozilla/5.0 (compatible; Yahoo! Slurp; http://help.yahoo.com/help/us/ysearch/slurp)"
68.142.249.175 - - [16/Apr/2006:10:05:06 -0800] "GET /gallery/photos/19910046/05/pages/1991-0046-00503.html HTTP/1.0" 200 1758 "-" "Mozilla/5.0 (compatible; Yahoo! Slurp; http://help.yahoo.com/help/us/ysearch/slurp)"
68.142.251.172 - - [16/Apr/2006:10:09:28 -0800] "GET /gallery/photos/20020015/5/pages/2002-0015-00523m.html HTTP/1.0" 200 1770 "-" "Mozilla/5.0 (compatible; Yahoo! Slurp; http://help.yahoo.com/help/us/ysearch/slurp)"
64.242.88.50 - - [16/Apr/2006:10:13:04 -0800] "GET / HTTP/1.1" 200 8969 "-" "Mozilla/4.0 compatible ZyBorg/1.0 Dead Link Checker (wn.dlc@looksmart.net; http://www.WISEnutbot.com)"
207.46.98.87 - - [16/Apr/2006:10:13:24 -0800] "GET /gallery/photos/20030137/index_2.html HTTP/1.0" 200 7253 "-" "msnbot/1.0 (+http://search.msn.com/msnbot.htm)"
207.46.98.87 - - [16/Apr/2006:10:13:24 -0800] "GET /gallery/photos/20030129/1/index_5.html HTTP/1.0" 200 7253 "-" "msnbot/1.0 (+http://search.msn.com/msnbot.htm)"
207.46.98.87 - - [16/Apr/2006:10:13:25 -0800] "GET /gallery/photos/20030137/index_6.html HTTP/1.0" 200 7255 "-" "msnbot/1.0 (+http://search.msn.com/msnbot.htm)"
207.46.98.87 - - [16/Apr/2006:10:13:25 -0800] "GET /gallery/photos/20010164/index.html HTTP/1.0" 200 7108 "-" "msnbot/1.0 (+http://search.msn.com/msnbot.htm)"
207.46.98.87 - - [16/Apr/2006:10:13:25 -0800] "GET /gallery/photos/19660054/02/index_4.html HTTP/1.0" 200 7244 "-" "msnbot/1.0 (+http://search.msn.com/msnbot.htm)"
65.214.44.171 - - [16/Apr/2006:10:13:27 -0800] "GET /gallery/photos/19640042/4/pages/1964-0042-00403.htm HTTP/1.0" 304 - "-" "Mozilla/2.0 (compatible; Ask Jeeves/Teoma; +http://sp.ask.com/docs/about/tech_crawling.html)"
64.242.88.50 - - [16/Apr/2006:10:13:44 -0800] "GET /gallery/mapgallery.html HTTP/1.1" 200 11702 "-" "Mozilla/4.0 compatible ZyBorg/1.0 Dead Link Checker (wn.dlc@looksmart.net; http://www.WISEnutbot.com)"
71.214.40.123 - - [16/Apr/2006:10:14:56 -0800] "GET /gallery/photos/19640074/images/1964-0074-00152.jpg HTTP/1.1" 304 - "http://profile.myspace.com/index.cfm?fuseaction=user.viewprofile&friendid=27364828" "Mozilla/4.0 (compatible; MSIE 6.0; Windows NT 5.1; DigExt)"
207.46.98.87 - - [16/Apr/2006:10:15:18 -0800] "GET /gallery/photos/19650030/index.htm HTTP/1.0" 200 7057 "-" "msnbot/1.0 (+http://search.msn.com/msnbot.htm)"
207.46.98.87 - - [16/Apr/2006:10:15:28 -0800] "GET /gallery/photos/19640042/0/index_4.htm HTTP/1.0" 200 7205 "-" "msnbot/1.0 (+http://search.msn.com/msnbot.htm)"
207.46.98.87 - - [16/Apr/2006:10:15:38 -0800] "GET /gallery/photos/20040111/04/index_2.htm HTTP/1.0" 200 7206 "-" "msnbot/1.0 (+http://search.msn.com/msnbot.htm)"
207.46.98.87 - - [16/Apr/2006:10:15:44 -0800] "GET /gallery/photos/20030120/1/index.html HTTP/1.0" 200 6809 "-" "msnbot/1.0 (+http://search.msn.com/msnbot.htm)"
207.46.98.87 - - [16/Apr/2006:10:16:12 -0800] "GET /gallery/photos/19700058/2/index_8.html HTTP/1.0" 200 4667 "-" "msnbot/1.0 (+http://search.msn.com/msnbot.htm)"
207.46.98.86 - - [16/Apr/2006:10:17:44 -0800] "GET /gallery/photos/19700058/2/index_2.html HTTP/1.0" 200 7241 "-" "msnbot/1.0 (+http://search.msn.com/msnbot.htm)"
207.46.98.86 - - [16/Apr/2006:10:17:44 -0800] "GET /gallery/photos/19690092/4/index_3.html HTTP/1.0" 200 7249 "-" "msnbot/1.0 (+http://search.msn.com/msnbot.htm)"
207.46.98.86 - - [16/Apr/2006:10:17:45 -0800] "GET /gallery/photos/19990293/0/index_3.html HTTP/1.0" 200 7252 "-" "msnbot/1.0 (+http://search.msn.com/msnbot.htm)"
207.46.98.86 - - [16/Apr/2006:10:17:45 -0800] "GET /gallery/photos/19910046/06/index.html HTTP/1.0" 200 7098 "-" "msnbot/1.0 (+http://search.msn.com/msnbot.htm)"
207.46.98.86 - - [16/Apr/2006:10:21:28 -0800] "GET /gallery/photos/20030137/index_8.html HTTP/1.0" 200 7255 "-" "msnbot/1.0 (+http://search.msn.com/msnbot.htm)"
68.142.251.137 - - [16/Apr/2006:10:22:27 -0800] "GET /gallery/photos/19940070/1/pages/1994-0070-00199.html HTTP/1.0" 200 5811 "-" "Mozilla/5.0 (compatible; Yahoo! Slurp; http://help.yahoo.com/help/us/ysearch/slurp)"
65.214.44.171 - - [16/Apr/2006:10:22:43 -0800] "GET /gallery/photos/19950244/11/pages/1995-0244-01100.html HTTP/1.0" 304 - "-" "Mozilla/2.0 (compatible; Ask Jeeves/Teoma; +http://sp.ask.com/docs/about/tech_crawling.html)"
207.46.98.86 - - [16/Apr/2006:10:23:56 -0800] "GET /gallery/photos/20030063/0/index_7.html HTTP/1.0" 200 7242 "-" "msnbot/1.0 (+http://search.msn.com/msnbot.htm)"
80.168.175.86 - - [16/Apr/2006:10:25:55 -0800] "GET /index_files/aprbrown.jpg HTTP/1.1" 200 5509 "http://www.alaska.net/~johnd/urban/" "Mozilla/4.0 (compatible; MSIE 6.0; Windows NT 5.1; SV1; .NET CLR 1.1.4322)"
66.233.13.235 - - [16/Apr/2006:10:28:06 -0800] "GET /store/photos/smalljpegs/(083)1989-0166-00380.jpg HTTP/1.1" 301 382 "http://www.windstar.org/view_emagazine.php?id=75" "Mozilla/4.0 (compatible; MSIE 6.0; Windows NT 5.1; SV1; .NET CLR 1.0.3705; .NET CLR 1.1.4322; Media Center PC 4.0)"
68.142.251.79 - - [16/Apr/2006:10:29:14 -0800] "GET /gallery/photos/20050061/pages/2005-0061-00015.html HTTP/1.0" 304 - "-" "Mozilla/5.0 (compatible; Yahoo! Slurp; http://help.yahoo.com/help/us/ysearch/slurp)"
207.46.98.88 - - [16/Apr/2006:10:29:52 -0800] "GET /gallery/photos/20020164/pages/2002-0164-00038.html HTTP/1.0" 200 1759 "-" "msnbot/1.0 (+http://search.msn.com/msnbot.htm)"
207.46.98.88 - - [16/Apr/2006:10:29:55 -0800] "GET /gallery/photos/20030063/0/pages/2003-0063-00053.html HTTP/1.0" 200 1758 "-" "msnbot/1.0 (+http://search.msn.com/msnbot.htm)"
72.30.128.207 - - [16/Apr/2006:10:30:35 -0800] "GET /robots.txt HTTP/1.0" 200 96 "-" "Mozilla/5.0 (compatible; Yahoo! Slurp; http://help.yahoo.com/help/us/ysearch/slurp)"
72.30.107.162 - - [16/Apr/2006:10:30:36 -0800] "GET /gallery/bookgallery.html HTTP/1.0" 200 9817 "-" "Mozilla/5.0 (compatible; Yahoo! Slurp; http://help.yahoo.com/help/us/ysearch/slurp)"
65.214.44.171 - - [16/Apr/2006:10:31:03 -0800] "GET /gallery/photos/20040014/2/pages/2004-0014-00202.html HTTP/1.0" 200 1863 "-" "Mozilla/2.0 (compatible; Ask Jeeves/Teoma; +http://sp.ask.com/docs/about/tech_crawling.html)"
68.142.251.19 - - [16/Apr/2006:10:31:18 -0800] "GET /gallery/photos/20020015/3 HTTP/1.0" 301 362 "-" "Mozilla/5.0 (compatible; Yahoo! Slurp; http://help.yahoo.com/help/us/ysearch/slurp)"
68.142.251.19 - - [16/Apr/2006:10:31:18 -0800] "GET /gallery/photos/20020015/3/ HTTP/1.0" 200 7161 "-" "Mozilla/5.0 (compatible; Yahoo! Slurp; http://help.yahoo.com/help/us/ysearch/slurp)"
207.46.98.86 - - [16/Apr/2006:10:32:36 -0800] "GET /index.html HTTP/1.0" 200 8969 "-" "msnbot/1.0 (+http://search.msn.com/msnbot.htm)"
207.46.98.86 - - [16/Apr/2006:10:33:39 -0800] "GET /gallery/photos/19890166/06/pages/1989-0166-00693_neg%20nitrate.html HTTP/1.0" 200 2008 "-" "msnbot/1.0 (+http://search.msn.com/msnbot.htm)"
207.46.98.86 - - [16/Apr/2006:10:35:58 -0800] "GET /gallery/photos/20030063/0/index_5.html HTTP/1.0" 200 7242 "-" "msnbot/1.0 (+http://search.msn.com/msnbot.htm)"
207.46.98.87 - - [16/Apr/2006:10:36:21 -0800] "GET /gallery/photos/19900043/08/index_8.html HTTP/1.0" 200 7310 "-" "msnbot/1.0 (+http://search.msn.com/msnbot.htm)"
207.46.98.87 - - [16/Apr/2006:10:36:41 -0800] "GET /gallery/photos/19900043/11/index_2.html HTTP/1.0" 200 7248 "-" "msnbot/1.0 (+http://search.msn.com/msnbot.htm)"
207.46.98.87 - - [16/Apr/2006:10:37:51 -0800] "GET /gallery/photos/20030129/1/index_3.html HTTP/1.0" 200 7253 "-" "msnbot/1.0 (+http://search.msn.com/msnbot.htm)"
207.46.98.87 - - [16/Apr/2006:10:38:14 -0800] "GET /gallery/photos/19990293/0/index_5.html HTTP/1.0" 200 7252 "-" "msnbot/1.0 (+http://search.msn.com/msnbot.htm)"
207.46.98.87 - - [16/Apr/2006:10:38:16 -0800] "GET /gallery/photos/20030109/0/index_2.html HTTP/1.0" 200 7238 "-" "msnbot/1.0 (+http://search.msn.com/msnbot.htm)"
207.46.98.87 - - [16/Apr/2006:10:38:17 -0800] "GET /gallery/photos/19690092/0/index.html HTTP/1.0" 200 7103 "-" "msnbot/1.0 (+http://search.msn.com/msnbot.htm)"
207.46.98.87 - - [16/Apr/2006:10:38:18 -0800] "GET /gallery/photos/20020015/0/index.html HTTP/1.0" 200 7161 "-" "msnbot/1.0 (+http://search.msn.com/msnbot.htm)"
207.46.98.87 - - [16/Apr/2006:10:38:20 -0800] "GET /gallery/photos/19990293/0/index_7.html HTTP/1.0" 200 7252 "-" "msnbot/1.0 (+http://search.msn.com/msnbot.htm)"
68.142.249.165 - - [16/Apr/2006:10:38:31 -0800] "GET /gallery/photos/19640074/pages/1964-0074-00136.html HTTP/1.0" 200 5044 "-" "Mozilla/5.0 (compatible; Yahoo! Slurp; http://help.yahoo.com/help/us/ysearch/slurp)"
207.46.98.87 - - [16/Apr/2006:10:38:35 -0800] "GET /gallery/photos/19870175/index_2.html HTTP/1.0" 200 7227 "-" "msnbot/1.0 (+http://search.msn.com/msnbot.htm)"
207.46.98.87 - - [16/Apr/2006:10:38:35 -0800] "GET /gallery/photos/19650030/index_2.htm HTTP/1.0" 200 7209 "-" "msnbot/1.0 (+http://search.msn.com/msnbot.htm)"
207.46.98.87 - - [16/Apr/2006:10:38:35 -0800] "GET /gallery/photos/20040145/2/index_2.htm HTTP/1.0" 200 7211 "-" "msnbot/1.0 (+http://search.msn.com/msnbot.htm)"
207.46.98.87 - - [16/Apr/2006:10:38:36 -0800] "GET /gallery/photos/19680041/1/index_2.htm HTTP/1.0" 200 7210 "-" "msnbot/1.0 (+http://search.msn.com/msnbot.htm)"
207.46.98.87 - - [16/Apr/2006:10:38:37 -0800] "GET /gallery/photos/19950244/05/index.html HTTP/1.0" 200 7079 "-" "msnbot/1.0 (+http://search.msn.com/msnbot.htm)"
65.214.44.171 - - [16/Apr/2006:10:39:20 -0800] "GET /gallery/photos/19581026/15/pages/1958-1026-01501.html HTTP/1.0" 304 - "-" "Mozilla/2.0 (compatible; Ask Jeeves/Teoma; +http://sp.ask.com/docs/about/tech_crawling.html)"
207.46.98.87 - - [16/Apr/2006:10:39:20 -0800] "GET /gallery/photos/19950244/00/index_3.html HTTP/1.0" 200 7233 "-" "msnbot/1.0 (+http://search.msn.com/msnbot.htm)"
207.46.98.87 - - [16/Apr/2006:10:39:22 -0800] "GET /gallery/photos/19800068/1/index_4.html HTTP/1.0" 200 6952 "-" "msnbot/1.0 (+http://search.msn.com/msnbot.htm)"
207.46.98.87 - - [16/Apr/2006:10:39:23 -0800] "GET /gallery/photos/19870175/index.html HTTP/1.0" 200 7075 "-" "msnbot/1.0 (+http://search.msn.com/msnbot.htm)"
207.46.98.87 - - [16/Apr/2006:10:39:23 -0800] "GET /gallery/photos/19950190/index.html HTTP/1.0" 200 7068 "-" "msnbot/1.0 (+http://search.msn.com/msnbot.htm)"
207.46.98.87 - - [16/Apr/2006:10:39:24 -0800] "GET /gallery/photos/19700071/index.html HTTP/1.0" 200 7075 "-" "msnbot/1.0 (+http://search.msn.com/msnbot.htm)"
207.46.98.87 - - [16/Apr/2006:10:39:25 -0800] "GET /gallery/photos/20030120/1/index_2.html HTTP/1.0" 200 6961 "-" "msnbot/1.0 (+http://search.msn.com/msnbot.htm)"
207.46.98.87 - - [16/Apr/2006:10:39:25 -0800] "GET /gallery/photos/20030024/0/index_8.html HTTP/1.0" 200 7244 "-" "msnbot/1.0 (+http://search.msn.com/msnbot.htm)"
207.46.98.87 - - [16/Apr/2006:10:39:28 -0800] "GET /gallery/photos/19890207/0/index.html HTTP/1.0" 200 7069 "-" "msnbot/1.0 (+http://search.msn.com/msnbot.htm)"
207.46.98.88 - - [16/Apr/2006:10:42:22 -0800] "GET /gallery/photos/20040066/0/pages/2004-0066-00042.html HTTP/1.0" 200 1884 "-" "msnbot/1.0 (+http://search.msn.com/msnbot.htm)"
207.46.98.88 - - [16/Apr/2006:10:42:23 -0800] "GET /gallery/photos/20020087/0/pages/2002-0087-00049.html HTTP/1.0" 200 1767 "-" "msnbot/1.0 (+http://search.msn.com/msnbot.htm)"
207.46.98.88 - - [16/Apr/2006:10:43:20 -0800] "GET /gallery/photos/19950244/06/pages/1995-0244-00606.html HTTP/1.0" 200 1886 "-" "msnbot/1.0 (+http://search.msn.com/msnbot.htm)"
86.132.107.200 - - [16/Apr/2006:10:44:34 -0800] "GET /gallery/maps/mapg3200.html HTTP/1.1" 200 17235 "http://images.google.com/imgres?imgurl=http://photolab.elmer.uaf.edu/gallery/maps/G3200/large/G3200%25201882%2520P461.jpg&imgrefurl=http://photolab.elmer.uaf.edu/gallery/maps/mapg3200.html&h=762&w=1200&sz=206&tbnid=exTIRUoY6xYRXM:&tbnh=95&tbnw=150&hl=en&start=42&prev=/images%3Fq%3Dmaps%2Bof%2Bthe%2Bworld%26start%3D40%26svnum%3D10%26hl%3Den%26lr%3D%26safe%3Doff%26sa%3DN" "Mozilla/5.0 (Macintosh; U; PPC Mac OS X; en) AppleWebKit/312.8 (KHTML, like Gecko) Safari/312.6"
86.132.107.200 - - [16/Apr/2006:10:44:35 -0800] "GET /index_files/empty.gif HTTP/1.1" 200 45 "http://photolab.elmer.uaf.edu/gallery/maps/mapg3200.html" "Mozilla/5.0 (Macintosh; U; PPC Mac OS X; en) AppleWebKit/312.8 (KHTML, like Gecko) Safari/312.6"
86.132.107.200 - - [16/Apr/2006:10:44:35 -0800] "GET /index_files/lib.css HTTP/1.1" 200 2809 "http://photolab.elmer.uaf.edu/gallery/maps/mapg3200.html" "Mozilla/5.0 (Macintosh; U; PPC Mac OS X; en) AppleWebKit/312.8 (KHTML, like Gecko) Safari/312.6"
86.132.107.200 - - [16/Apr/2006:10:44:35 -0800] "GET /index_files/title.jpg HTTP/1.1" 200 5438 "http://photolab.elmer.uaf.edu/gallery/maps/mapg3200.html" "Mozilla/5.0 (Macintosh; U; PPC Mac OS X; en) AppleWebKit/312.8 (KHTML, like Gecko) Safari/312.6"
86.132.107.200 - - [16/Apr/2006:10:44:35 -0800] "GET /index_files/small.dps.jpg HTTP/1.1" 200 5830 "http://photolab.elmer.uaf.edu/gallery/maps/mapg3200.html" "Mozilla/5.0 (Macintosh; U; PPC Mac OS X; en) AppleWebKit/312.8 (KHTML, like Gecko) Safari/312.6"
86.132.107.200 - - [16/Apr/2006:10:44:35 -0800] "GET /index_files/apr.jpg HTTP/1.1" 200 6015 "http://photolab.elmer.uaf.edu/gallery/maps/mapg3200.html" "Mozilla/5.0 (Macintosh; U; PPC Mac OS X; en) AppleWebKit/312.8 (KHTML, like Gecko) Safari/312.6"
86.132.107.200 - - [16/Apr/2006:10:44:35 -0800] "GET /index_files/small.jpg HTTP/1.1" 200 2294 "http://photolab.elmer.uaf.edu/gallery/maps/mapg3200.html" "Mozilla/5.0 (Macintosh; U; PPC Mac OS X; en) AppleWebKit/312.8 (KHTML, like Gecko) Safari/312.6"
86.132.107.200 - - [16/Apr/2006:10:44:35 -0800] "GET /index_files/small_002.jpg HTTP/1.1" 200 1351 "http://photolab.elmer.uaf.edu/gallery/maps/mapg3200.html" "Mozilla/5.0 (Macintosh; U; PPC Mac OS X; en) AppleWebKit/312.8 (KHTML, like Gecko) Safari/312.6"
86.132.107.200 - - [16/Apr/2006:10:44:36 -0800] "GET /index_files/small_003.jpg HTTP/1.1" 200 1521 "http://photolab.elmer.uaf.edu/gallery/maps/mapg3200.html" "Mozilla/5.0 (Macintosh; U; PPC Mac OS X; en) AppleWebKit/312.8 (KHTML, like Gecko) Safari/312.6"
86.132.107.200 - - [16/Apr/2006:10:44:36 -0800] "GET /gallery/maps/G3200/small/G3200%20%5B1562_%5D%20V34.jpg HTTP/1.1" 200 24443 "http://photolab.elmer.uaf.edu/gallery/maps/mapg3200.html" "Mozilla/5.0 (Macintosh; U; PPC Mac OS X; en) AppleWebKit/312.8 (KHTML, like Gecko) Safari/312.6"
86.132.107.200 - - [16/Apr/2006:10:44:36 -0800] "GET /gallery/maps/G3200/small/G3200%20%5B1652_%5D%20V571.jpg HTTP/1.1" 200 26873 "http://photolab.elmer.uaf.edu/gallery/maps/mapg3200.html" "Mozilla/5.0 (Macintosh; U; PPC Mac OS X; en) AppleWebKit/312.8 (KHTML, like Gecko) Safari/312.6"
86.132.107.200 - - [16/Apr/2006:10:44:36 -0800] "GET /gallery/maps/G3200/small/G3200%20%5B1670%5D.jpg HTTP/1.1" 200 26332 "http://photolab.elmer.uaf.edu/gallery/maps/mapg3200.html" "Mozilla/5.0 (Macintosh; U; PPC Mac OS X; en) AppleWebKit/312.8 (KHTML, like Gecko) Safari/312.6"
86.132.107.200 - - [16/Apr/2006:10:44:36 -0800] "GET /gallery/maps/G3200/small/G3200%20%5B1700%5D.jpg HTTP/1.1" 200 27138 "http://photolab.elmer.uaf.edu/gallery/maps/mapg3200.html" "Mozilla/5.0 (Macintosh; U; PPC Mac OS X; en) AppleWebKit/312.8 (KHTML, like Gecko) Safari/312.6"
86.132.107.200 - - [16/Apr/2006:10:44:37 -0800] "GET /gallery/maps/G3200/small/G3200%201752%20R62.jpg HTTP/1.1" 200 24565 "http://photolab.elmer.uaf.edu/gallery/maps/mapg3200.html" "Mozilla/5.0 (Macintosh; U; PPC Mac OS X; en) AppleWebKit/312.8 (KHTML, like Gecko) Safari/312.6"
86.132.107.200 - - [16/Apr/2006:10:44:37 -0800] "GET /gallery/maps/G3200/small/G3200%201755%20B43.jpg HTTP/1.1" 200 23723 "http://photolab.elmer.uaf.edu/gallery/maps/mapg3200.html" "Mozilla/5.0 (Macintosh; U; PPC Mac OS X; en) AppleWebKit/312.8 (KHTML, like Gecko) Safari/312.6"
86.132.107.200 - - [16/Apr/2006:10:44:38 -0800] "GET /gallery/maps/G3200/large/G3200%201882%20P461.jpg HTTP/1.1" 200 199700 "http://images.google.com/imgres?imgurl=http://photolab.elmer.uaf.edu/gallery/maps/G3200/large/G3200%25201882%2520P461.jpg&imgrefurl=http://photolab.elmer.uaf.edu/gallery/maps/mapg3200.html&h=762&w=1200&sz=206&tbnid=exTIRUoY6xYRXM:&tbnh=95&tbnw=150&hl=en&prev=/images%3Fq%3Dmaps%2Bof%2Bthe%2Bworld%26start%3D40%26svnum%3D10%26hl%3Den%26lr%3D%26safe%3Doff%26sa%3DN&frame=small" "Mozilla/5.0 (Macintosh; U; PPC Mac OS X; en) AppleWebKit/312.8 (KHTML, like Gecko) Safari/312.6"
86.132.107.200 - - [16/Apr/2006:10:44:49 -0800] "GET /index_files/bar.gif HTTP/1.1" 200 342 "http://photolab.elmer.uaf.edu/gallery/maps/mapg3200.html" "Mozilla/5.0 (Macintosh; U; PPC Mac OS X; en) AppleWebKit/312.8 (KHTML, like Gecko) Safari/312.6"
86.132.107.200 - - [16/Apr/2006:10:44:49 -0800] "GET /gallery/maps/G3200/small/G3200%20%5B1670%5D.jpg HTTP/1.1" 200 26332 "http://photolab.elmer.uaf.edu/gallery/maps/mapg3200.html" "Mozilla/5.0 (Macintosh; U; PPC Mac OS X; en) AppleWebKit/312.8 (KHTML, like Gecko) Safari/312.6"
86.132.107.200 - - [16/Apr/2006:10:44:49 -0800] "GET /gallery/maps/G3200/small/G3200%20%5B1700%5D.jpg HTTP/1.1" 200 27138 "http://photolab.elmer.uaf.edu/gallery/maps/mapg3200.html" "Mozilla/5.0 (Macintosh; U; PPC Mac OS X; en) AppleWebKit/312.8 (KHTML, like Gecko) Safari/312.6"
86.132.107.200 - - [16/Apr/2006:10:44:49 -0800] "GET /gallery/maps/G3200/small/G3200%201752%20R62.jpg HTTP/1.1" 200 24565 "http://photolab.elmer.uaf.edu/gallery/maps/mapg3200.html" "Mozilla/5.0 (Macintosh; U; PPC Mac OS X; en) AppleWebKit/312.8 (KHTML, like Gecko) Safari/312.6"
86.132.107.200 - - [16/Apr/2006:10:44:49 -0800] "GET /gallery/maps/G3200/small/G3200%201755%20B43.jpg HTTP/1.1" 200 23723 "http://photolab.elmer.uaf.edu/gallery/maps/mapg3200.html" "Mozilla/5.0 (Macintosh; U; PPC Mac OS X; en) AppleWebKit/312.8 (KHTML, like Gecko) Safari/312.6"
86.132.107.200 - - [16/Apr/2006:10:44:52 -0800] "GET /index_files/bar.gif HTTP/1.1" 200 342 "http://photolab.elmer.uaf.edu/gallery/maps/mapg3200.html" "Mozilla/5.0 (Macintosh; U; PPC Mac OS X; en) AppleWebKit/312.8 (KHTML, like Gecko) Safari/312.6"
86.132.107.200 - - [16/Apr/2006:10:44:52 -0800] "GET /gallery/maps/G3200/small/G3200%20%5B1670%5D.jpg HTTP/1.1" 200 26332 "http://photolab.elmer.uaf.edu/gallery/maps/mapg3200.html" "Mozilla/5.0 (Macintosh; U; PPC Mac OS X; en) AppleWebKit/312.8 (KHTML, like Gecko) Safari/312.6"
86.132.107.200 - - [16/Apr/2006:10:44:52 -0800] "GET /gallery/maps/G3200/small/G3200%20%5B1700%5D.jpg HTTP/1.1" 200 27138 "http://photolab.elmer.uaf.edu/gallery/maps/mapg3200.html" "Mozilla/5.0 (Macintosh; U; PPC Mac OS X; en) AppleWebKit/312.8 (KHTML, like Gecko) Safari/312.6"
86.132.107.200 - - [16/Apr/2006:10:44:52 -0800] "GET /gallery/maps/G3200/small/G3200%201755%20B43.jpg HTTP/1.1" 200 23723 "http://photolab.elmer.uaf.edu/gallery/maps/mapg3200.html" "Mozilla/5.0 (Macintosh; U; PPC Mac OS X; en) AppleWebKit/312.8 (KHTML, like Gecko) Safari/312.6"
86.132.107.200 - - [16/Apr/2006:10:44:52 -0800] "GET /gallery/maps/G3200/small/G3200%201752%20R62.jpg HTTP/1.1" 200 24565 "http://photolab.elmer.uaf.edu/gallery/maps/mapg3200.html" "Mozilla/5.0 (Macintosh; U; PPC Mac OS X; en) AppleWebKit/312.8 (KHTML, like Gecko) Safari/312.6"
86.132.107.200 - - [16/Apr/2006:10:44:54 -0800] "GET /gallery/maps/G3200/small/G3200%20%5B1774%5D%20S29.jpg HTTP/1.1" 200 24069 "http://photolab.elmer.uaf.edu/gallery/maps/mapg3200.html" "Mozilla/5.0 (Macintosh; U; PPC Mac OS X; en) AppleWebKit/312.8 (KHTML, like Gecko) Safari/312.6"
86.132.107.200 - - [16/Apr/2006:10:44:54 -0800] "GET /gallery/maps/G3200/small/G3200%201783%20B68.jpg HTTP/1.1" 200 24884 "http://photolab.elmer.uaf.edu/gallery/maps/mapg3200.html" "Mozilla/5.0 (Macintosh; U; PPC Mac OS X; en) AppleWebKit/312.8 (KHTML, like Gecko) Safari/312.6"
86.132.107.200 - - [16/Apr/2006:10:44:55 -0800] "GET /gallery/maps/G3200/small/G3200%20%5B1788%5D.jpg HTTP/1.1" 200 23222 "http://photolab.elmer.uaf.edu/gallery/maps/mapg3200.html" "Mozilla/5.0 (Macintosh; U; PPC Mac OS X; en) AppleWebKit/312.8 (KHTML, like Gecko) Safari/312.6"
86.132.107.200 - - [16/Apr/2006:10:44:55 -0800] "GET /gallery/maps/G3200/small/G3200%20%5B1790%5D%20B65.jpg HTTP/1.1" 200 23966 "http://photolab.elmer.uaf.edu/gallery/maps/mapg3200.html" "Mozilla/5.0 (Macintosh; U; PPC Mac OS X; en) AppleWebKit/312.8 (KHTML, like Gecko) Safari/312.6"
86.132.107.200 - - [16/Apr/2006:10:44:56 -0800] "GET /gallery/maps/G3200/small/G3200%20%5B1798%5D%20R622.jpg HTTP/1.1" 200 23785 "http://photolab.elmer.uaf.edu/gallery/maps/mapg3200.html" "Mozilla/5.0 (Macintosh; U; PPC Mac OS X; en) AppleWebKit/312.8 (KHTML, like Gecko) Safari/312.6"
86.132.107.200 - - [16/Apr/2006:10:44:56 -0800] "GET /gallery/maps/G3200/small/G3200%20%5B1814%5D.jpg HTTP/1.1" 200 24721 "http://photolab.elmer.uaf.edu/gallery/maps/mapg3200.html" "Mozilla/5.0 (Macintosh; U; PPC Mac OS X; en) AppleWebKit/312.8 (KHTML, like Gecko) Safari/312.6"
86.132.107.200 - - [16/Apr/2006:10:44:57 -0800] "GET /gallery/maps/G3200/small/G3200%20%5B1824%5D%20W95.jpg HTTP/1.1" 200 24460 "http://photolab.elmer.uaf.edu/gallery/maps/mapg3200.html" "Mozilla/5.0 (Macintosh; U; PPC Mac OS X; en) AppleWebKit/312.8 (KHTML, like Gecko) Safari/312.6"
86.132.107.200 - - [16/Apr/2006:10:44:57 -0800] "GET /gallery/maps/G3200/small/G3200%201827%20M3%20v2%20no20.jpg HTTP/1.1" 200 24130 "http://photolab.elmer.uaf.edu/gallery/maps/mapg3200.html" "Mozilla/5.0 (Macintosh; U; PPC Mac OS X; en) AppleWebKit/312.8 (KHTML, like Gecko) Safari/312.6"
86.132.107.200 - - [16/Apr/2006:10:44:58 -0800] "GET /gallery/maps/G3200/small/G3200%201827%20M3%20v2%20no38.jpg HTTP/1.1" 200 23778 "http://photolab.elmer.uaf.edu/gallery/maps/mapg3200.html" "Mozilla/5.0 (Macintosh; U; PPC Mac OS X; en) AppleWebKit/312.8 (KHTML, like Gecko) Safari/312.6"
86.132.107.200 - - [16/Apr/2006:10:44:59 -0800] "GET /gallery/maps/G3200/small/G3200%201827%20M3%20v2%20no39.jpg HTTP/1.1" 200 23798 "http://photolab.elmer.uaf.edu/gallery/maps/mapg3200.html" "Mozilla/5.0 (Macintosh; U; PPC Mac OS X; en) AppleWebKit/312.8 (KHTML, like Gecko) Safari/312.6"
86.132.107.200 - - [16/Apr/2006:10:44:59 -0800] "GET /gallery/maps/G3200/small/G3200%201827%20M3%20v4%20no5.jpg HTTP/1.1" 200 23291 "http://photolab.elmer.uaf.edu/gallery/maps/mapg3200.html" "Mozilla/5.0 (Macintosh; U; PPC Mac OS X; en) AppleWebKit/312.8 (KHTML, like Gecko) Safari/312.6"
86.132.107.200 - - [16/Apr/2006:10:45:00 -0800] "GET /gallery/maps/G3200/small/G3200%201827%20M3%20v4%20no13%20c3.jpg HTTP/1.1" 200 24353 "http://photolab.elmer.uaf.edu/gallery/maps/mapg3200.html" "Mozilla/5.0 (Macintosh; U; PPC Mac OS X; en) AppleWebKit/312.8 (KHTML, like Gecko) Safari/312.6"
86.132.107.200 - - [16/Apr/2006:10:45:00 -0800] "GET /gallery/maps/G3200/small/G3200%201827%20M3%20v4%20no14.jpg HTTP/1.1" 200 24077 "http://photolab.elmer.uaf.edu/gallery/maps/mapg3200.html" "Mozilla/5.0 (Macintosh; U; PPC Mac OS X; en) AppleWebKit/312.8 (KHTML, like Gecko) Safari/312.6"
86.132.107.200 - - [16/Apr/2006:10:45:01 -0800] "GET /gallery/maps/G3200/small/G3200%201827%20M3%20v4%20no21.jpg HTTP/1.1" 200 23867 "http://photolab.elmer.uaf.edu/gallery/maps/mapg3200.html" "Mozilla/5.0 (Macintosh; U; PPC Mac OS X; en) AppleWebKit/312.8 (KHTML, like Gecko) Safari/312.6"
86.132.107.200 - - [16/Apr/2006:10:45:01 -0800] "GET /gallery/maps/G3200/small/G3200%201827%20M3%20v4%20no22.jpg HTTP/1.1" 200 23900 "http://photolab.elmer.uaf.edu/gallery/maps/mapg3200.html" "Mozilla/5.0 (Macintosh; U; PPC Mac OS X; en) AppleWebKit/312.8 (KHTML, like Gecko) Safari/312.6"
86.132.107.200 - - [16/Apr/2006:10:45:02 -0800] "GET /gallery/maps/G3200/small/G3200%201827%20M3%20v4%20no23.jpg HTTP/1.1" 200 24431 "http://photolab.elmer.uaf.edu/gallery/maps/mapg3200.html" "Mozilla/5.0 (Macintosh; U; PPC Mac OS X; en) AppleWebKit/312.8 (KHTML, like Gecko) Safari/312.6"
86.132.107.200 - - [16/Apr/2006:10:45:02 -0800] "GET /gallery/maps/G3200/small/G3200%201827%20M3%20v4%20no30.jpg HTTP/1.1" 200 23615 "http://photolab.elmer.uaf.edu/gallery/maps/mapg3200.html" "Mozilla/5.0 (Macintosh; U; PPC Mac OS X; en) AppleWebKit/312.8 (KHTML, like Gecko) Safari/312.6"
86.132.107.200 - - [16/Apr/2006:10:45:03 -0800] "GET /gallery/maps/G3200/small/G3200%20%5B1828%5D%20B67.jpg HTTP/1.1" 200 24917 "http://photolab.elmer.uaf.edu/gallery/maps/mapg3200.html" "Mozilla/5.0 (Macintosh; U; PPC Mac OS X; en) AppleWebKit/312.8 (KHTML, like Gecko) Safari/312.6"
86.132.107.200 - - [16/Apr/2006:10:45:03 -0800] "GET /gallery/maps/G3200/small/G3200%201882%20P461.jpg HTTP/1.1" 200 22840 "http://photolab.elmer.uaf.edu/gallery/maps/mapg3200.html" "Mozilla/5.0 (Macintosh; U; PPC Mac OS X; en) AppleWebKit/312.8 (KHTML, like Gecko) Safari/312.6"
86.132.107.200 - - [16/Apr/2006:10:45:04 -0800] "GET /index_files/bluebear.gif HTTP/1.1" 200 1263 "http://photolab.elmer.uaf.edu/gallery/maps/mapg3200.html" "Mozilla/5.0 (Macintosh; U; PPC Mac OS X; en) AppleWebKit/312.8 (KHTML, like Gecko) Safari/312.6"
86.132.107.200 - - [16/Apr/2006:10:45:04 -0800] "GET /index_files/sitemap.gif HTTP/1.1" 200 1503 "http://photolab.elmer.uaf.edu/gallery/maps/mapg3200.html" "Mozilla/5.0 (Macintosh; U; PPC Mac OS X; en) AppleWebKit/312.8 (KHTML, like Gecko) Safari/312.6"
86.132.107.200 - - [16/Apr/2006:10:45:37 -0800] "GET /gallery/maps/G3200/large/G3200%20%5B1700%5D.jpg HTTP/1.1" 200 321195 "http://photolab.elmer.uaf.edu/gallery/maps/mapg3200.html" "Mozilla/5.0 (Macintosh; U; PPC Mac OS X; en) AppleWebKit/312.8 (KHTML, like Gecko) Safari/312.6"
12.207.14.123 - - [16/Apr/2006:10:46:59 -0800] "GET /gallery/maps/mapg3300.html HTTP/1.1" 200 21837 "-" "Mozilla/4.0 (compatible; MSIE 6.0; Windows NT 5.1; SV1; .NET CLR 1.1.4322)"
12.207.14.123 - - [16/Apr/2006:10:46:59 -0800] "GET /index_files/lib.css HTTP/1.1" 200 2809 "http://photolab.elmer.uaf.edu/gallery/maps/mapg3300.html" "Mozilla/4.0 (compatible; MSIE 6.0; Windows NT 5.1; SV1; .NET CLR 1.1.4322)"
207.46.98.88 - - [16/Apr/2006:10:46:59 -0800] "GET /gallery/photos/20040145/2/pages/2004-0145-00296.htm HTTP/1.0" 200 1890 "-" "msnbot/1.0 (+http://search.msn.com/msnbot.htm)"
12.207.14.123 - - [16/Apr/2006:10:46:59 -0800] "GET /gallery/maps/G3300/large/G3300%20%5B1786_%5D%20B691.jpg HTTP/1.1" 200 269673 "-" "Mozilla/4.0 (compatible; MSIE 6.0; Windows NT 5.1; SV1; .NET CLR 1.1.4322)"
12.207.14.123 - - [16/Apr/2006:10:47:05 -0800] "GET /gallery/maps/mapg3300.html HTTP/1.1" 200 21837 "-" "Mozilla/4.0 (compatible; MSIE 6.0; Windows NT 5.1; SV1; .NET CLR 1.1.4322)"
12.207.14.123 - - [16/Apr/2006:10:47:06 -0800] "GET /index_files/title.jpg HTTP/1.1" 200 5438 "http://photolab.elmer.uaf.edu/gallery/maps/mapg3300.html" "Mozilla/4.0 (compatible; MSIE 6.0; Windows NT 5.1; SV1; .NET CLR 1.1.4322)"
12.207.14.123 - - [16/Apr/2006:10:47:06 -0800] "GET /index_files/apr.jpg HTTP/1.1" 200 6015 "http://photolab.elmer.uaf.edu/gallery/maps/mapg3300.html" "Mozilla/4.0 (compatible; MSIE 6.0; Windows NT 5.1; SV1; .NET CLR 1.1.4322)"
65.214.44.171 - - [16/Apr/2006:10:47:37 -0800] "GET /gallery/photos/19940070/4/pages/1994-0070-00931.html HTTP/1.0" 200 4277 "-" "Mozilla/2.0 (compatible; Ask Jeeves/Teoma; +http://sp.ask.com/docs/about/tech_crawling.html)"
12.207.14.123 - - [16/Apr/2006:10:49:58 -0800] "GET /gallery/maps/mapg3300.html HTTP/1.1" 304 - "-" "Mozilla/4.0 (compatible; MSIE 6.0; Windows NT 5.1; SV1; .NET CLR 1.1.4322)"
12.207.14.123 - - [16/Apr/2006:10:49:58 -0800] "GET /index_files/lib.css HTTP/1.1" 200 2809 "http://photolab.elmer.uaf.edu/gallery/maps/mapg3300.html" "Mozilla/4.0 (compatible; MSIE 6.0; Windows NT 5.1; SV1; .NET CLR 1.1.4322)"
12.207.14.123 - - [16/Apr/2006:10:49:58 -0800] "GET /index_files/apr.jpg HTTP/1.1" 200 6015 "http://photolab.elmer.uaf.edu/gallery/maps/mapg3300.html" "Mozilla/4.0 (compatible; MSIE 6.0; Windows NT 5.1; SV1; .NET CLR 1.1.4322)"
12.207.14.123 - - [16/Apr/2006:10:49:58 -0800] "GET /index_files/empty.gif HTTP/1.1" 200 45 "http://photolab.elmer.uaf.edu/gallery/maps/mapg3300.html" "Mozilla/4.0 (compatible; MSIE 6.0; Windows NT 5.1; SV1; .NET CLR 1.1.4322)"
12.207.14.123 - - [16/Apr/2006:10:49:58 -0800] "GET /index_files/title.jpg HTTP/1.1" 200 5438 "http://photolab.elmer.uaf.edu/gallery/maps/mapg3300.html" "Mozilla/4.0 (compatible; MSIE 6.0; Windows NT 5.1; SV1; .NET CLR 1.1.4322)"
12.207.14.123 - - [16/Apr/2006:10:49:59 -0800] "GET /index_files/small.dps.jpg HTTP/1.1" 200 5830 "http://photolab.elmer.uaf.edu/gallery/maps/mapg3300.html" "Mozilla/4.0 (compatible; MSIE 6.0; Windows NT 5.1; SV1; .NET CLR 1.1.4322)"
12.207.14.123 - - [16/Apr/2006:10:49:59 -0800] "GET /gallery/maps/G3300/large/G3300%20%5B1786_%5D%20B691.jpg HTTP/1.1" 304 - "-" "Mozilla/4.0 (compatible; MSIE 6.0; Windows NT 5.1; SV1; .NET CLR 1.1.4322)"
12.207.14.123 - - [16/Apr/2006:10:49:59 -0800] "GET /index_files/bar.gif HTTP/1.1" 200 342 "http://photolab.elmer.uaf.edu/gallery/maps/mapg3300.html" "Mozilla/4.0 (compatible; MSIE 6.0; Windows NT 5.1; SV1; .NET CLR 1.1.4322)"
207.46.98.87 - - [16/Apr/2006:10:50:05 -0800] "GET /gallery/photos/19910046/06/index_4.html HTTP/1.0" 200 7244 "-" "msnbot/1.0 (+http://search.msn.com/msnbot.htm)"
207.46.98.87 - - [16/Apr/2006:10:50:06 -0800] "GET /gallery/photos/19950244/11/pages/1995-0244-01185.html HTTP/1.0" 200 1888 "-" "msnbot/1.0 (+http://search.msn.com/msnbot.htm)"
207.46.98.87 - - [16/Apr/2006:10:50:06 -0800] "GET /gallery/photos/19940096/5/pages/1994-0096-00606.html HTTP/1.0" 200 1903 "-" "msnbot/1.0 (+http://search.msn.com/msnbot.htm)"
12.207.14.123 - - [16/Apr/2006:10:50:06 -0800] "GET /gallery/maps/G3300/large/G3300%20%5B1786_%5D%20B691.jpg HTTP/1.1" 304 - "-" "Mozilla/4.0 (compatible; MSIE 6.0; Windows NT 5.1; SV1; .NET CLR 1.1.4322)"
12.207.14.123 - - [16/Apr/2006:10:50:06 -0800] "GET /gallery/maps/G3300/large/G3300%20%5B1786_%5D%20B691.jpg HTTP/1.1" 304 - "-" "Mozilla/4.0 (compatible; MSIE 6.0; Windows NT 5.1; SV1; .NET CLR 1.1.4322)"
207.46.98.87 - - [16/Apr/2006:10:50:06 -0800] "GET /gallery/photos/20040111/01/pages/2004-0111-00113.htm HTTP/1.0" 200 1885 "-" "msnbot/1.0 (+http://search.msn.com/msnbot.htm)"
207.46.98.87 - - [16/Apr/2006:10:50:07 -0800] "GET /gallery/photos/20030120/1/pages/2003-0120-00177.html HTTP/1.0" 200 1871 "-" "msnbot/1.0 (+http://search.msn.com/msnbot.htm)"
207.46.98.87 - - [16/Apr/2006:10:50:13 -0800] "GET /gallery/photos/20040111/01/pages/2004-0111-00101.htm HTTP/1.0" 200 1882 "-" "msnbot/1.0 (+http://search.msn.com/msnbot.htm)"
12.207.14.123 - - [16/Apr/2006:10:53:15 -0800] "GET /index_files/empty.gif HTTP/1.1" 200 45 "http://photolab.elmer.uaf.edu/gallery/maps/mapg3300.html" "Mozilla/4.0 (compatible; MSIE 6.0; Windows NT 5.1; SV1; .NET CLR 1.1.4322)"
12.207.14.123 - - [16/Apr/2006:10:53:15 -0800] "GET /index_files/small.jpg HTTP/1.1" 200 2294 "http://photolab.elmer.uaf.edu/gallery/maps/mapg3300.html" "Mozilla/4.0 (compatible; MSIE 6.0; Windows NT 5.1; SV1; .NET CLR 1.1.4322)"
12.207.14.123 - - [16/Apr/2006:10:53:15 -0800] "GET /index_files/small.dps.jpg HTTP/1.1" 200 5830 "http://photolab.elmer.uaf.edu/gallery/maps/mapg3300.html" "Mozilla/4.0 (compatible; MSIE 6.0; Windows NT 5.1; SV1; .NET CLR 1.1.4322)"
12.207.14.123 - - [16/Apr/2006:10:53:15 -0800] "GET /index_files/small_003.jpg HTTP/1.1" 200 1521 "http://photolab.elmer.uaf.edu/gallery/maps/mapg3300.html" "Mozilla/4.0 (compatible; MSIE 6.0; Windows NT 5.1; SV1; .NET CLR 1.1.4322)"
12.207.14.123 - - [16/Apr/2006:10:53:15 -0800] "GET /index_files/small_002.jpg HTTP/1.1" 200 1351 "http://photolab.elmer.uaf.edu/gallery/maps/mapg3300.html" "Mozilla/4.0 (compatible; MSIE 6.0; Windows NT 5.1; SV1; .NET CLR 1.1.4322)"
12.207.14.123 - - [16/Apr/2006:10:53:15 -0800] "GET /gallery/maps/G3300/small/G3300%20%5B1590%5D%20P67.jpg HTTP/1.1" 200 29022 "http://photolab.elmer.uaf.edu/gallery/maps/mapg3300.html" "Mozilla/4.0 (compatible; MSIE 6.0; Windows NT 5.1; SV1; .NET CLR 1.1.4322)"
12.207.14.123 - - [16/Apr/2006:10:53:15 -0800] "GET /gallery/maps/G3300/small/G3300%20%5B1625%5D%20E47.jpg HTTP/1.1" 200 25589 "http://photolab.elmer.uaf.edu/gallery/maps/mapg3300.html" "Mozilla/4.0 (compatible; MSIE 6.0; Windows NT 5.1; SV1; .NET CLR 1.1.4322)"
12.207.14.123 - - [16/Apr/2006:10:53:16 -0800] "GET /gallery/maps/G3300/small/G3300%20%5B1740_%5D.jpg HTTP/1.1" 200 26785 "http://photolab.elmer.uaf.edu/gallery/maps/mapg3300.html" "Mozilla/4.0 (compatible; MSIE 6.0; Windows NT 5.1; SV1; .NET CLR 1.1.4322)"
65.214.44.171 - - [16/Apr/2006:10:55:56 -0800] "GET /gallery/photos/19940070/0/pages/1994-0070-00010.html HTTP/1.0" 200 6001 "-" "Mozilla/2.0 (compatible; Ask Jeeves/Teoma; +http://sp.ask.com/docs/about/tech_crawling.html)"
65.214.44.171 - - [16/Apr/2006:11:04:10 -0800] "GET /robots.txt HTTP/1.0" 200 96 "-" "Mozilla/2.0 (compatible; Ask Jeeves/Teoma; +http://sp.ask.com/docs/about/tech_crawling.html)"
65.214.44.171 - - [16/Apr/2006:11:04:12 -0800] "GET /gallery/photos/20040153/6/pages/2004-0153-00610.html HTTP/1.0" 200 2086 "-" "Mozilla/2.0 (compatible; Ask Jeeves/Teoma; +http://sp.ask.com/docs/about/tech_crawling.html)"
65.214.44.171 - - [16/Apr/2006:11:12:27 -0800] "GET /gallery/photos/19900043/08/pages/1990-0043-00822.html HTTP/1.0" 304 - "-" "Mozilla/2.0 (compatible; Ask Jeeves/Teoma; +http://sp.ask.com/docs/about/tech_crawling.html)"
68.142.251.150 - - [16/Apr/2006:11:14:03 -0800] "GET /robots.txt HTTP/1.0" 200 96 "-" "Mozilla/5.0 (compatible; Yahoo! Slurp; http://help.yahoo.com/help/us/ysearch/slurp)"
68.142.250.93 - - [16/Apr/2006:11:14:04 -0800] "GET /gallery/photos/19640042/0/pages/1964-0042-00007.htm HTTP/1.0" 200 1881 "-" "Mozilla/5.0 (compatible; Yahoo! Slurp; http://help.yahoo.com/help/us/ysearch/slurp)"
207.46.98.88 - - [16/Apr/2006:11:14:43 -0800] "GET /gallery/photos/20010164/index_9.html HTTP/1.0" 200 7255 "-" "msnbot/1.0 (+http://search.msn.com/msnbot.htm)"
65.214.44.171 - - [16/Apr/2006:11:20:44 -0800] "GET /gallery/photos/19581026/16/pages/1958-1026-01610.html HTTP/1.0" 304 - "-" "Mozilla/2.0 (compatible; Ask Jeeves/Teoma; +http://sp.ask.com/docs/about/tech_crawling.html)"
68.142.251.68 - - [16/Apr/2006:11:25:49 -0800] "GET /gallery/photos/19940070/3/pages/1994-0070-00308.html HTTP/1.0" 200 5956 "-" "Mozilla/5.0 (compatible; Yahoo! Slurp; http://help.yahoo.com/help/us/ysearch/slurp)"
