63.241.61.7 - - [01/Mar/2006:12:33:50 -0900] "GET /gallery/photos/19800068/0/images/1980-0068-00008.jpg HTTP/1.1" 200 43914 "-" "ConveraMultiMediaCrawler/0.1 (+http://www.authoritativeweb.com/crawl)"
63.241.61.7 - - [01/Mar/2006:12:33:57 -0900] "GET /gallery/photos/19800068/0/images/1980-0068-00009.jpg HTTP/1.1" 200 36183 "-" "ConveraMultiMediaCrawler/0.1 (+http://www.authoritativeweb.com/crawl)"
63.241.61.7 - - [01/Mar/2006:12:34:05 -0900] "GET /gallery/photos/19800068/0/images/1980-0068-00013.jpg HTTP/1.1" 200 58587 "-" "ConveraMultiMediaCrawler/0.1 (+http://www.authoritativeweb.com/crawl)"
63.241.61.7 - - [01/Mar/2006:12:34:13 -0900] "GET /gallery/photos/19800068/0/images/1980-0068-00019.jpg HTTP/1.1" 200 110329 "-" "ConveraMultiMediaCrawler/0.1 (+http://www.authoritativeweb.com/crawl)"
63.241.61.7 - - [01/Mar/2006:12:34:22 -0900] "GET /gallery/photos/19800068/1/images/1980-0068-00103.jpg HTTP/1.1" 200 80933 "-" "ConveraMultiMediaCrawler/0.1 (+http://www.authoritativeweb.com/crawl)"
63.241.61.7 - - [01/Mar/2006:12:34:31 -0900] "GET /gallery/photos/19800068/2/images/1980-0068-00210.jpg HTTP/1.1" 200 109032 "-" "ConveraMultiMediaCrawler/0.1 (+http://www.authoritativeweb.com/crawl)"
63.241.61.7 - - [01/Mar/2006:12:34:39 -0900] "GET /gallery/photos/19800068/3/images/1980-0068-00302.jpg HTTP/1.1" 200 54808 "-" "ConveraMultiMediaCrawler/0.1 (+http://www.authoritativeweb.com/crawl)"
63.241.61.7 - - [01/Mar/2006:12:34:47 -0900] "GET /gallery/photos/19800068/3/images/1980-0068-00303.jpg HTTP/1.1" 200 39471 "-" "ConveraMultiMediaCrawler/0.1 (+http://www.authoritativeweb.com/crawl)"
217.212.224.145 - - [01/Mar/2006:12:34:52 -0900] "GET /gallery/photos/19930194/0/pages/1993-0194-00003.htm HTTP/1.0" 200 1882 "-" "psbot/0.1 (+http://www.picsearch.com/bot.html)"
63.241.61.7 - - [01/Mar/2006:12:34:59 -0900] "GET /gallery/photos/19800068/3/images/1980-0068-00306.jpg HTTP/1.1" 200 44017 "-" "ConveraMultiMediaCrawler/0.1 (+http://www.authoritativeweb.com/crawl)"
63.241.61.7 - - [01/Mar/2006:12:35:07 -0900] "GET /gallery/photos/19800068/3/images/1980-0068-00307.jpg HTTP/1.1" 200 33502 "-" "ConveraMultiMediaCrawler/0.1 (+http://www.authoritativeweb.com/crawl)"
63.241.61.7 - - [01/Mar/2006:12:35:17 -0900] "GET /gallery/photos/19890199/2/images/1989-0199-00212.jpg HTTP/1.1" 200 30347 "-" "ConveraMultiMediaCrawler/0.1 (+http://www.authoritativeweb.com/crawl)"
63.241.61.7 - - [01/Mar/2006:12:35:26 -0900] "GET /gallery/photos/19890199/2/images/1989-0199-00213.jpg HTTP/1.1" 200 43997 "-" "ConveraMultiMediaCrawler/0.1 (+http://www.authoritativeweb.com/crawl)"
63.241.61.7 - - [01/Mar/2006:12:35:34 -0900] "GET /gallery/photos/19890199/2/images/1989-0199-00216.jpg HTTP/1.1" 200 68909 "-" "ConveraMultiMediaCrawler/0.1 (+http://www.authoritativeweb.com/crawl)"
217.212.224.142 - - [01/Mar/2006:12:35:40 -0900] "GET /gallery/photos/19930194/0/pages/1993-0194-00004.htm HTTP/1.0" 200 1882 "-" "psbot/0.1 (+http://www.picsearch.com/bot.html)"
63.241.61.7 - - [01/Mar/2006:12:35:59 -0900] "GET /gallery/photos/19890199/2/images/1989-0199-00217.jpg HTTP/1.1" 200 39445 "-" "ConveraMultiMediaCrawler/0.1 (+http://www.authoritativeweb.com/crawl)"
63.241.61.7 - - [01/Mar/2006:12:36:00 -0900] "GET /gallery/photos/19890199/2/images/1989-0199-00219.jpg HTTP/1.1" 200 41204 "-" "ConveraMultiMediaCrawler/0.1 (+http://www.authoritativeweb.com/crawl)"
63.241.61.7 - - [01/Mar/2006:12:36:09 -0900] "GET /gallery/photos/19910046/08/images/1991-0046-00804.jpg HTTP/1.1" 200 41905 "-" "ConveraMultiMediaCrawler/0.1 (+http://www.authoritativeweb.com/crawl)"
63.241.61.7 - - [01/Mar/2006:12:36:17 -0900] "GET /gallery/photos/19910046/08/images/1991-0046-00805.jpg HTTP/1.1" 200 47694 "-" "ConveraMultiMediaCrawler/0.1 (+http://www.authoritativeweb.com/crawl)"
63.241.61.7 - - [01/Mar/2006:12:36:26 -0900] "GET /gallery/photos/19910046/08/images/1991-0046-00806.jpg HTTP/1.1" 200 57741 "-" "ConveraMultiMediaCrawler/0.1 (+http://www.authoritativeweb.com/crawl)"
217.212.224.146 - - [01/Mar/2006:12:36:32 -0900] "GET /gallery/photos/19930194/0/pages/1993-0194-00005.htm HTTP/1.0" 200 1882 "-" "psbot/0.1 (+http://www.picsearch.com/bot.html)"
63.241.61.7 - - [01/Mar/2006:12:36:36 -0900] "GET /gallery/photos/19910046/08/images/1991-0046-00815.jpg HTTP/1.1" 200 44974 "-" "ConveraMultiMediaCrawler/0.1 (+http://www.authoritativeweb.com/crawl)"
63.241.61.7 - - [01/Mar/2006:12:36:46 -0900] "GET /gallery/photos/19990204/images/1999-0204-00009.jpg HTTP/1.1" 200 31627 "-" "ConveraMultiMediaCrawler/0.1 (+http://www.authoritativeweb.com/crawl)"
63.241.61.7 - - [01/Mar/2006:12:36:53 -0900] "GET /gallery/photos/19990204/images/1999-0204-00013.jpg HTTP/1.1" 200 60473 "-" "ConveraMultiMediaCrawler/0.1 (+http://www.authoritativeweb.com/crawl)"
63.241.61.7 - - [01/Mar/2006:12:37:04 -0900] "GET /gallery/photos/19990204/images/1999-0204-00014.jpg HTTP/1.1" 200 49031 "-" "ConveraMultiMediaCrawler/0.1 (+http://www.authoritativeweb.com/crawl)"
63.241.61.7 - - [01/Mar/2006:12:37:13 -0900] "GET /gallery/photos/19990204/images/1999-0204-00015.jpg HTTP/1.1" 200 47110 "-" "ConveraMultiMediaCrawler/0.1 (+http://www.authoritativeweb.com/crawl)"
63.241.61.7 - - [01/Mar/2006:12:37:22 -0900] "GET /gallery/photos/19990204/images/1999-0204-00016.jpg HTTP/1.1" 200 51673 "-" "ConveraMultiMediaCrawler/0.1 (+http://www.authoritativeweb.com/crawl)"
217.212.224.143 - - [01/Mar/2006:12:37:23 -0900] "GET /gallery/photos/19930194/0/pages/1993-0194-00006.htm HTTP/1.0" 200 1882 "-" "psbot/0.1 (+http://www.picsearch.com/bot.html)"
63.241.61.7 - - [01/Mar/2006:12:37:29 -0900] "GET /gallery/photos/19990204/images/1999-0204-00017.jpg HTTP/1.1" 200 63831 "-" "ConveraMultiMediaCrawler/0.1 (+http://www.authoritativeweb.com/crawl)"
63.241.61.7 - - [01/Mar/2006:12:37:36 -0900] "GET /gallery/photos/19990204/images/1999-0204-00021.jpg HTTP/1.1" 200 57998 "-" "ConveraMultiMediaCrawler/0.1 (+http://www.authoritativeweb.com/crawl)"
63.241.61.7 - - [01/Mar/2006:12:37:45 -0900] "GET /gallery/photos/19990204/images/1999-0204-00025.jpg HTTP/1.1" 200 51496 "-" "ConveraMultiMediaCrawler/0.1 (+http://www.authoritativeweb.com/crawl)"
63.241.61.7 - - [01/Mar/2006:12:37:53 -0900] "GET /gallery/photos/19990204/images/1999-0204-00028.jpg HTTP/1.1" 200 40644 "-" "ConveraMultiMediaCrawler/0.1 (+http://www.authoritativeweb.com/crawl)"
63.241.61.7 - - [01/Mar/2006:12:38:02 -0900] "GET /gallery/photos/19990204/images/1999-0204-00029.jpg HTTP/1.1" 200 54454 "-" "ConveraMultiMediaCrawler/0.1 (+http://www.authoritativeweb.com/crawl)"
63.241.61.7 - - [01/Mar/2006:12:38:11 -0900] "GET /gallery/photos/19990204/images/1999-0204-00030.jpg HTTP/1.1" 200 55874 "-" "ConveraMultiMediaCrawler/0.1 (+http://www.authoritativeweb.com/crawl)"
217.212.224.141 - - [01/Mar/2006:12:38:14 -0900] "GET /robots.txt HTTP/1.0" 200 96 "-" "psbot/0.1 (+http://www.picsearch.com/bot.html)"
217.212.224.143 - - [01/Mar/2006:12:38:15 -0900] "GET /gallery/photos/19930194/0/pages/1993-0194-00007.htm HTTP/1.0" 200 1882 "-" "psbot/0.1 (+http://www.picsearch.com/bot.html)"
63.241.61.7 - - [01/Mar/2006:12:38:22 -0900] "GET /gallery/photos/20010129/1/images/2001-0129-00104.jpg HTTP/1.1" 200 55387 "-" "ConveraMultiMediaCrawler/0.1 (+http://www.authoritativeweb.com/crawl)"
63.241.61.7 - - [01/Mar/2006:12:38:32 -0900] "GET /gallery/photos/20010129/1/images/2001-0129-00105.jpg HTTP/1.1" 200 45953 "-" "ConveraMultiMediaCrawler/0.1 (+http://www.authoritativeweb.com/crawl)"
63.241.61.7 - - [01/Mar/2006:12:38:42 -0900] "GET /gallery/photos/20010129/2/images/2001-0129-00203.jpg HTTP/1.1" 200 58351 "-" "ConveraMultiMediaCrawler/0.1 (+http://www.authoritativeweb.com/crawl)"
63.241.61.7 - - [01/Mar/2006:12:38:52 -0900] "GET /gallery/photos/20010129/3/images/2001-0129-00301.jpg HTTP/1.1" 200 56164 "-" "ConveraMultiMediaCrawler/0.1 (+http://www.authoritativeweb.com/crawl)"
63.241.61.7 - - [01/Mar/2006:12:39:01 -0900] "GET /gallery/photos/20010129/3/images/2001-0129-00310.jpg HTTP/1.1" 200 21958 "-" "ConveraMultiMediaCrawler/0.1 (+http://www.authoritativeweb.com/crawl)"
217.212.224.146 - - [01/Mar/2006:12:39:04 -0900] "GET /gallery/photos/19930194/0/pages/1993-0194-00008.htm HTTP/1.0" 200 1882 "-" "psbot/0.1 (+http://www.picsearch.com/bot.html)"
63.241.61.7 - - [01/Mar/2006:12:39:11 -0900] "GET /gallery/photos/20010129/3/images/2001-0129-00312.jpg HTTP/1.1" 200 40320 "-" "ConveraMultiMediaCrawler/0.1 (+http://www.authoritativeweb.com/crawl)"
63.241.61.7 - - [01/Mar/2006:12:39:20 -0900] "GET /gallery/photos/20020015/0/images/2002-0015-00005m.jpg HTTP/1.1" 200 64819 "-" "ConveraMultiMediaCrawler/0.1 (+http://www.authoritativeweb.com/crawl)"
63.241.61.7 - - [01/Mar/2006:12:39:31 -0900] "GET /gallery/photos/20020015/1/images/2002-0015-00108m.jpg HTTP/1.1" 200 61147 "-" "ConveraMultiMediaCrawler/0.1 (+http://www.authoritativeweb.com/crawl)"
63.241.61.7 - - [01/Mar/2006:12:39:39 -0900] "GET /gallery/photos/20020015/1/images/2002-0015-00110m.jpg HTTP/1.1" 200 41881 "-" "ConveraMultiMediaCrawler/0.1 (+http://www.authoritativeweb.com/crawl)"
63.241.61.7 - - [01/Mar/2006:12:39:51 -0900] "GET /gallery/photos/20020155/images/2002-0155-00003.jpg HTTP/1.1" 200 83400 "-" "ConveraMultiMediaCrawler/0.1 (+http://www.authoritativeweb.com/crawl)"
217.212.224.165 - - [01/Mar/2006:12:39:53 -0900] "GET /gallery/photos/19930194/0/pages/1993-0194-00009.htm HTTP/1.0" 200 1882 "-" "psbot/0.1 (+http://www.picsearch.com/bot.html)"
63.241.61.7 - - [01/Mar/2006:12:40:01 -0900] "GET /gallery/photos/20020164/images/2002-0164-00004.jpg HTTP/1.1" 200 45305 "-" "ConveraMultiMediaCrawler/0.1 (+http://www.authoritativeweb.com/crawl)"
63.241.61.7 - - [01/Mar/2006:12:40:13 -0900] "GET /gallery/photos/20020164/images/2002-0164-00018.jpg HTTP/1.1" 200 56214 "-" "ConveraMultiMediaCrawler/0.1 (+http://www.authoritativeweb.com/crawl)"
63.241.61.7 - - [01/Mar/2006:12:40:26 -0900] "GET /gallery/photos/20020164/images/2002-0164-00019.jpg HTTP/1.1" 200 75476 "-" "ConveraMultiMediaCrawler/0.1 (+http://www.authoritativeweb.com/crawl)"
63.241.61.7 - - [01/Mar/2006:12:40:39 -0900] "GET /gallery/photos/20020164/images/2002-0164-00029.jpg HTTP/1.1" 200 71686 "-" "ConveraMultiMediaCrawler/0.1 (+http://www.authoritativeweb.com/crawl)"
217.212.224.159 - - [01/Mar/2006:12:40:47 -0900] "GET /gallery/photos/19930194/0/pages/1993-0194-00010.htm HTTP/1.0" 200 1883 "-" "psbot/0.1 (+http://www.picsearch.com/bot.html)"
63.241.61.7 - - [01/Mar/2006:12:40:52 -0900] "GET /gallery/photos/20020164/images/2002-0164-00032.jpg HTTP/1.1" 200 61130 "-" "ConveraMultiMediaCrawler/0.1 (+http://www.authoritativeweb.com/crawl)"
63.241.61.7 - - [01/Mar/2006:12:41:03 -0900] "GET /gallery/photos/20020164/images/2002-0164-00033.jpg HTTP/1.1" 200 40494 "-" "ConveraMultiMediaCrawler/0.1 (+http://www.authoritativeweb.com/crawl)"
63.241.61.7 - - [01/Mar/2006:12:41:12 -0900] "GET /gallery/photos/20020164/images/2002-0164-00036.jpg HTTP/1.1" 200 84259 "-" "ConveraMultiMediaCrawler/0.1 (+http://www.authoritativeweb.com/crawl)"
63.241.61.7 - - [01/Mar/2006:12:41:27 -0900] "GET /gallery/photos/20030163/images/2003-0163-00003m.jpg HTTP/1.1" 200 71152 "-" "ConveraMultiMediaCrawler/0.1 (+http://www.authoritativeweb.com/crawl)"
217.212.224.143 - - [01/Mar/2006:12:41:35 -0900] "GET /gallery/photos/19930194/0/pages/1993-0194-00011.htm HTTP/1.0" 200 1883 "-" "psbot/0.1 (+http://www.picsearch.com/bot.html)"
63.241.61.7 - - [01/Mar/2006:12:41:39 -0900] "GET /gallery/photos/20030163/images/2003-0163-00011m.jpg HTTP/1.1" 200 48023 "-" "ConveraMultiMediaCrawler/0.1 (+http://www.authoritativeweb.com/crawl)"
63.241.61.7 - - [01/Mar/2006:12:41:50 -0900] "GET /gallery/photos/20030163/images/2003-0163-00014m.jpg HTTP/1.1" 200 73006 "-" "ConveraMultiMediaCrawler/0.1 (+http://www.authoritativeweb.com/crawl)"
63.241.61.7 - - [01/Mar/2006:12:42:00 -0900] "GET /gallery/photos/20030163/images/2003-0163-00015m.jpg HTTP/1.1" 200 64711 "-" "ConveraMultiMediaCrawler/0.1 (+http://www.authoritativeweb.com/crawl)"
63.241.61.7 - - [01/Mar/2006:12:42:10 -0900] "GET /gallery/photos/20030163/images/2003-0163-00019m.jpg HTTP/1.1" 200 92874 "-" "ConveraMultiMediaCrawler/0.1 (+http://www.authoritativeweb.com/crawl)"
63.241.61.7 - - [01/Mar/2006:12:42:21 -0900] "GET /gallery/photos/20030163/images/2003-0163-00022m.jpg HTTP/1.1" 200 75220 "-" "ConveraMultiMediaCrawler/0.1 (+http://www.authoritativeweb.com/crawl)"
217.212.224.145 - - [01/Mar/2006:12:42:30 -0900] "GET /gallery/photos/19930194/0/pages/1993-0194-00012.htm HTTP/1.0" 200 1883 "-" "psbot/0.1 (+http://www.picsearch.com/bot.html)"
137.229.70.104 - - [01/Mar/2006:12:42:45 -0900] "GET /index_files/lib.css HTTP/1.1" 304 - "http://photolab.elmer.uaf.edu/gallery/" "Mozilla/5.0 (Windows; U; Windows NT 5.1; en-US; rv:1.7.12) Gecko/20050915 Firefox/1.0.7"
137.229.70.104 - - [01/Mar/2006:12:42:49 -0900] "GET /gallery/photogallery.html HTTP/1.1" 304 - "http://photolab.elmer.uaf.edu/gallery/" "Mozilla/5.0 (Windows; U; Windows NT 5.1; en-US; rv:1.7.12) Gecko/20050915 Firefox/1.0.7"
217.212.224.143 - - [01/Mar/2006:12:43:17 -0900] "GET /gallery/photos/20040111/07/pages/2004-0111-00702.htm HTTP/1.0" 200 1882 "-" "psbot/0.1 (+http://www.picsearch.com/bot.html)"
217.212.224.165 - - [01/Mar/2006:12:44:06 -0900] "GET /gallery/photos/20040111/07/pages/2004-0111-00703.htm HTTP/1.0" 200 1882 "-" "psbot/0.1 (+http://www.picsearch.com/bot.html)"
65.198.133.72 - - [01/Mar/2006:12:44:32 -0900] "GET /gallery/panoramas/panosouthcentral.html HTTP/1.1" 200 18892 "http://www.google.com/search?sourceid=navclient&ie=UTF-8&rls=GGLD,GGLD:2004-34,GGLD:en&q=kennecott+alaska" "Mozilla/4.0 (compatible; MSIE 6.0; Windows NT 5.0; .NET CLR 1.1.4322)"
65.198.133.72 - - [01/Mar/2006:12:44:33 -0900] "GET /index_files/lib.css HTTP/1.1" 200 2809 "http://photolab.elmer.uaf.edu/gallery/panoramas/panosouthcentral.html" "Mozilla/4.0 (compatible; MSIE 6.0; Windows NT 5.0; .NET CLR 1.1.4322)"
65.198.133.72 - - [01/Mar/2006:12:44:33 -0900] "GET /index_files/title.jpg HTTP/1.1" 200 5438 "http://photolab.elmer.uaf.edu/gallery/panoramas/panosouthcentral.html" "Mozilla/4.0 (compatible; MSIE 6.0; Windows NT 5.0; .NET CLR 1.1.4322)"
65.198.133.72 - - [01/Mar/2006:12:44:34 -0900] "GET /index_files/empty.gif HTTP/1.1" 200 45 "http://photolab.elmer.uaf.edu/gallery/panoramas/panosouthcentral.html" "Mozilla/4.0 (compatible; MSIE 6.0; Windows NT 5.0; .NET CLR 1.1.4322)"
65.198.133.72 - - [01/Mar/2006:12:44:33 -0900] "GET /index_files/apr.jpg HTTP/1.1" 200 6015 "http://photolab.elmer.uaf.edu/gallery/panoramas/panosouthcentral.html" "Mozilla/4.0 (compatible; MSIE 6.0; Windows NT 5.0; .NET CLR 1.1.4322)"
65.198.133.72 - - [01/Mar/2006:12:44:34 -0900] "GET /index_files/small.jpg HTTP/1.1" 200 2294 "http://photolab.elmer.uaf.edu/gallery/panoramas/panosouthcentral.html" "Mozilla/4.0 (compatible; MSIE 6.0; Windows NT 5.0; .NET CLR 1.1.4322)"
65.198.133.72 - - [01/Mar/2006:12:44:34 -0900] "GET /index_files/small.dps.jpg HTTP/1.1" 200 5830 "http://photolab.elmer.uaf.edu/gallery/panoramas/panosouthcentral.html" "Mozilla/4.0 (compatible; MSIE 6.0; Windows NT 5.0; .NET CLR 1.1.4322)"
65.198.133.72 - - [01/Mar/2006:12:44:34 -0900] "GET /index_files/small_002.jpg HTTP/1.1" 200 1351 "http://photolab.elmer.uaf.edu/gallery/panoramas/panosouthcentral.html" "Mozilla/4.0 (compatible; MSIE 6.0; Windows NT 5.0; .NET CLR 1.1.4322)"
65.198.133.72 - - [01/Mar/2006:12:44:34 -0900] "GET /index_files/small_003.jpg HTTP/1.1" 200 1521 "http://photolab.elmer.uaf.edu/gallery/panoramas/panosouthcentral.html" "Mozilla/4.0 (compatible; MSIE 6.0; Windows NT 5.0; .NET CLR 1.1.4322)"
65.198.133.72 - - [01/Mar/2006:12:44:34 -0900] "GET /index_files/ahs.jpg HTTP/1.1" 200 19341 "http://photolab.elmer.uaf.edu/gallery/panoramas/panosouthcentral.html" "Mozilla/4.0 (compatible; MSIE 6.0; Windows NT 5.0; .NET CLR 1.1.4322)"
65.198.133.72 - - [01/Mar/2006:12:44:34 -0900] "GET /gallery/panoramas/smalljpegs/1964-0075-00306.jpg HTTP/1.1" 200 33842 "http://photolab.elmer.uaf.edu/gallery/panoramas/panosouthcentral.html" "Mozilla/4.0 (compatible; MSIE 6.0; Windows NT 5.0; .NET CLR 1.1.4322)"
65.198.133.72 - - [01/Mar/2006:12:44:35 -0900] "GET /gallery/panoramas/smalljpegs/1964-0075-00305.jpg HTTP/1.1" 200 37349 "http://photolab.elmer.uaf.edu/gallery/panoramas/panosouthcentral.html" "Mozilla/4.0 (compatible; MSIE 6.0; Windows NT 5.0; .NET CLR 1.1.4322)"
65.198.133.72 - - [01/Mar/2006:12:44:35 -0900] "GET /gallery/panoramas/smalljpegs/1988-0051-00001.jpg HTTP/1.1" 200 33336 "http://photolab.elmer.uaf.edu/gallery/panoramas/panosouthcentral.html" "Mozilla/4.0 (compatible; MSIE 6.0; Windows NT 5.0; .NET CLR 1.1.4322)"
65.198.133.72 - - [01/Mar/2006:12:44:36 -0900] "GET /gallery/panoramas/smalljpegs/1964-0075-00311.jpg HTTP/1.1" 200 32466 "http://photolab.elmer.uaf.edu/gallery/panoramas/panosouthcentral.html" "Mozilla/4.0 (compatible; MSIE 6.0; Windows NT 5.0; .NET CLR 1.1.4322)"
65.198.133.72 - - [01/Mar/2006:12:44:36 -0900] "GET /gallery/panoramas/smalljpegs/1964-0075-00310.jpg HTTP/1.1" 200 39898 "http://photolab.elmer.uaf.edu/gallery/panoramas/panosouthcentral.html" "Mozilla/4.0 (compatible; MSIE 6.0; Windows NT 5.0; .NET CLR 1.1.4322)"
65.198.133.72 - - [01/Mar/2006:12:44:37 -0900] "GET /gallery/panoramas/smalljpegs/1964-0075-00301.jpg HTTP/1.1" 200 30043 "http://photolab.elmer.uaf.edu/gallery/panoramas/panosouthcentral.html" "Mozilla/4.0 (compatible; MSIE 6.0; Windows NT 5.0; .NET CLR 1.1.4322)"
65.198.133.72 - - [01/Mar/2006:12:44:38 -0900] "GET /gallery/panoramas/smalljpegs/1974-0012-00004.jpg HTTP/1.1" 200 34804 "http://photolab.elmer.uaf.edu/gallery/panoramas/panosouthcentral.html" "Mozilla/4.0 (compatible; MSIE 6.0; Windows NT 5.0; .NET CLR 1.1.4322)"
65.198.133.72 - - [01/Mar/2006:12:44:38 -0900] "GET /gallery/panoramas/smalljpegs/1974-0012-00002.jpg HTTP/1.1" 200 34624 "http://photolab.elmer.uaf.edu/gallery/panoramas/panosouthcentral.html" "Mozilla/4.0 (compatible; MSIE 6.0; Windows NT 5.0; .NET CLR 1.1.4322)"
65.198.133.72 - - [01/Mar/2006:12:44:40 -0900] "GET /gallery/panoramas/smalljpegs/2004-0036-00001.jpg HTTP/1.1" 200 36165 "http://photolab.elmer.uaf.edu/gallery/panoramas/panosouthcentral.html" "Mozilla/4.0 (compatible; MSIE 6.0; Windows NT 5.0; .NET CLR 1.1.4322)"
65.198.133.72 - - [01/Mar/2006:12:44:40 -0900] "GET /gallery/panoramas/smalljpegs/1974-0012-00003.jpg HTTP/1.1" 200 39018 "http://photolab.elmer.uaf.edu/gallery/panoramas/panosouthcentral.html" "Mozilla/4.0 (compatible; MSIE 6.0; Windows NT 5.0; .NET CLR 1.1.4322)"
65.198.133.72 - - [01/Mar/2006:12:44:41 -0900] "GET /gallery/panoramas/smalljpegs/1974-0012-00007.jpg HTTP/1.1" 200 35993 "http://photolab.elmer.uaf.edu/gallery/panoramas/panosouthcentral.html" "Mozilla/4.0 (compatible; MSIE 6.0; Windows NT 5.0; .NET CLR 1.1.4322)"
65.198.133.72 - - [01/Mar/2006:12:44:42 -0900] "GET /gallery/panoramas/smalljpegs/1974-0012-00006.jpg HTTP/1.1" 200 39207 "http://photolab.elmer.uaf.edu/gallery/panoramas/panosouthcentral.html" "Mozilla/4.0 (compatible; MSIE 6.0; Windows NT 5.0; .NET CLR 1.1.4322)"
65.198.133.72 - - [01/Mar/2006:12:44:43 -0900] "GET /gallery/panoramas/smalljpegs/1974-0012-00005.jpg HTTP/1.1" 200 36584 "http://photolab.elmer.uaf.edu/gallery/panoramas/panosouthcentral.html" "Mozilla/4.0 (compatible; MSIE 6.0; Windows NT 5.0; .NET CLR 1.1.4322)"
65.198.133.72 - - [01/Mar/2006:12:44:43 -0900] "GET /gallery/panoramas/smalljpegs/1974-0012-00001.jpg HTTP/1.1" 200 35994 "http://photolab.elmer.uaf.edu/gallery/panoramas/panosouthcentral.html" "Mozilla/4.0 (compatible; MSIE 6.0; Windows NT 5.0; .NET CLR 1.1.4322)"
65.198.133.72 - - [01/Mar/2006:12:44:44 -0900] "GET /gallery/panoramas/smalljpegs/1964-0075-00304.jpg HTTP/1.1" 200 37687 "http://photolab.elmer.uaf.edu/gallery/panoramas/panosouthcentral.html" "Mozilla/4.0 (compatible; MSIE 6.0; Windows NT 5.0; .NET CLR 1.1.4322)"
65.198.133.72 - - [01/Mar/2006:12:44:44 -0900] "GET /gallery/panoramas/smalljpegs/1988-0051-00017.jpg HTTP/1.1" 200 27840 "http://photolab.elmer.uaf.edu/gallery/panoramas/panosouthcentral.html" "Mozilla/4.0 (compatible; MSIE 6.0; Windows NT 5.0; .NET CLR 1.1.4322)"
65.198.133.72 - - [01/Mar/2006:12:44:45 -0900] "GET /gallery/panoramas/smalljpegs/1964-0075-00316.jpg HTTP/1.1" 200 32988 "http://photolab.elmer.uaf.edu/gallery/panoramas/panosouthcentral.html" "Mozilla/4.0 (compatible; MSIE 6.0; Windows NT 5.0; .NET CLR 1.1.4322)"
65.198.133.72 - - [01/Mar/2006:12:44:45 -0900] "GET /gallery/panoramas/smalljpegs/1964-0075-00303.jpg HTTP/1.1" 200 33228 "http://photolab.elmer.uaf.edu/gallery/panoramas/panosouthcentral.html" "Mozilla/4.0 (compatible; MSIE 6.0; Windows NT 5.0; .NET CLR 1.1.4322)"
65.198.133.72 - - [01/Mar/2006:12:44:47 -0900] "GET /index_files/bluebear.gif HTTP/1.1" 200 1263 "http://photolab.elmer.uaf.edu/gallery/panoramas/panosouthcentral.html" "Mozilla/4.0 (compatible; MSIE 6.0; Windows NT 5.0; .NET CLR 1.1.4322)"
65.198.133.72 - - [01/Mar/2006:12:44:47 -0900] "GET /index_files/sitemap.gif HTTP/1.1" 200 1503 "http://photolab.elmer.uaf.edu/gallery/panoramas/panosouthcentral.html" "Mozilla/4.0 (compatible; MSIE 6.0; Windows NT 5.0; .NET CLR 1.1.4322)"
65.198.133.72 - - [01/Mar/2006:12:44:47 -0900] "GET /index_files/bar.gif HTTP/1.1" 200 342 "http://photolab.elmer.uaf.edu/gallery/panoramas/panosouthcentral.html" "Mozilla/4.0 (compatible; MSIE 6.0; Windows NT 5.0; .NET CLR 1.1.4322)"
65.198.133.72 - - [01/Mar/2006:12:44:46 -0900] "GET /gallery/panoramas/smalljpegs/2004-0036-00002.jpg HTTP/1.1" 200 33200 "http://photolab.elmer.uaf.edu/gallery/panoramas/panosouthcentral.html" "Mozilla/4.0 (compatible; MSIE 6.0; Windows NT 5.0; .NET CLR 1.1.4322)"
217.212.224.142 - - [01/Mar/2006:12:44:57 -0900] "GET /gallery/photos/20040111/07/pages/2004-0111-00704.htm HTTP/1.0" 200 1882 "-" "psbot/0.1 (+http://www.picsearch.com/bot.html)"
65.198.133.72 - - [01/Mar/2006:12:45:06 -0900] "GET /gallery/panoramas/images/1964-0075-00306.jpg HTTP/1.1" 200 107924 "http://photolab.elmer.uaf.edu/gallery/panoramas/panosouthcentral.html" "Mozilla/4.0 (compatible; MSIE 6.0; Windows NT 5.0; .NET CLR 1.1.4322)"
65.198.133.72 - - [01/Mar/2006:12:45:29 -0900] "GET /gallery/panoramas/images/1964-0075-00305.jpg HTTP/1.1" 200 117245 "http://photolab.elmer.uaf.edu/gallery/panoramas/panosouthcentral.html" "Mozilla/4.0 (compatible; MSIE 6.0; Windows NT 5.0; .NET CLR 1.1.4322)"
217.212.224.142 - - [01/Mar/2006:12:45:44 -0900] "GET /gallery/photos/20040111/07/pages/2004-0111-00705.htm HTTP/1.0" 200 1882 "-" "psbot/0.1 (+http://www.picsearch.com/bot.html)"
65.198.133.72 - - [01/Mar/2006:12:45:55 -0900] "GET /index_files/dps.ico HTTP/1.1" 200 318 "-" "Mozilla/4.0 (compatible; MSIE 6.0; Windows NT 5.0; .NET CLR 1.1.4322)"
217.212.224.143 - - [01/Mar/2006:12:46:33 -0900] "GET /gallery/photos/20040111/07/pages/2004-0111-00706.htm HTTP/1.0" 200 1882 "-" "psbot/0.1 (+http://www.picsearch.com/bot.html)"
68.142.249.200 - - [01/Mar/2006:12:46:43 -0900] "GET /gallery/photos/19690092/6/pages/1969-0092-00602.html HTTP/1.0" 304 - "-" "Mozilla/5.0 (compatible; Yahoo! Slurp; http://help.yahoo.com/help/us/ysearch/slurp)"
12.207.66.148 - - [01/Mar/2006:12:47:15 -0900] "GET /store/akcanada.html HTTP/1.1" 301 353 "http://images.google.com/imgres?imgurl=http://photolab.elmer.uaf.edu/store/photos/largejpegs/(091)1958-1026-02253.jpg&imgrefurl=http://photolab.elmer.uaf.edu/store/akcanada.html&h=768&w=1000&sz=135&tbnid=5c41uD8pn6hz9M:&tbnh=114&tbnw=149&hl=en&start=8&prev=/images%3Fq%3Ddawson%2Balaska%26svnum%3D10%26hl%3Den%26lr%3D%26sa%3DG" "Mozilla/4.0 (compatible; MSIE 6.0; Windows NT 5.1; SV1; .NET CLR 1.1.4322)"
217.212.224.145 - - [01/Mar/2006:12:47:24 -0900] "GET /gallery/photos/20040111/07/pages/2004-0111-00707.htm HTTP/1.0" 200 1882 "-" "psbot/0.1 (+http://www.picsearch.com/bot.html)"
217.212.224.159 - - [01/Mar/2006:12:48:14 -0900] "GET /gallery/photos/20040111/07/pages/2004-0111-00708.htm HTTP/1.0" 200 1882 "-" "psbot/0.1 (+http://www.picsearch.com/bot.html)"
207.134.131.254 - - [01/Mar/2006:12:48:36 -0900] "GET /store/people.html HTTP/1.1" 301 351 "http://images.google.ca/imgres?imgurl=http://photolab.elmer.uaf.edu/store/photos/largejpegs/(101)1995-0244-01044.jpg&imgrefurl=http://photolab.elmer.uaf.edu/store/people.html&h=1000&w=637&sz=152&tbnid=xdNde5E77H3m7M:&tbnh=149&tbnw=94&hl=fr&start=6&prev=/images%3Fq%3Dthe%2Bclothes%2Bof%2Bthe%2Bnative%2Bpeople%26svnum%3D10%26hl%3Dfr%26lr%3D" "Mozilla/4.0 (compatible; MSIE 6.0; Windows NT 5.1; SV1; .NET CLR 1.1.4322)"
207.134.131.254 - - [01/Mar/2006:12:48:37 -0900] "GET /store/photos/largejpegs/(101)1995-0244-01044.jpg HTTP/1.1" 301 382 "http://images.google.ca/imgres?imgurl=http://photolab.elmer.uaf.edu/store/photos/largejpegs/(101)1995-0244-01044.jpg&imgrefurl=http://photolab.elmer.uaf.edu/store/people.html&h=1000&w=637&sz=152&tbnid=xdNde5E77H3m7M:&tbnh=149&tbnw=94&hl=fr&prev=/images%3Fq%3Dthe%2Bclothes%2Bof%2Bthe%2Bnative%2Bpeople%26svnum%3D10%26hl%3Dfr%26lr%3D&frame=small" "Mozilla/4.0 (compatible; MSIE 6.0; Windows NT 5.1; SV1; .NET CLR 1.1.4322)"
207.134.131.254 - - [01/Mar/2006:12:49:03 -0900] "GET /store/people.html HTTP/1.1" 301 351 "http://images.google.ca/imgres?imgurl=http://photolab.elmer.uaf.edu/store/photos/largejpegs/(101)1995-0244-01044.jpg&imgrefurl=http://photolab.elmer.uaf.edu/store/people.html&h=1000&w=637&sz=152&tbnid=xdNde5E77H3m7M:&tbnh=149&tbnw=94&hl=fr&start=6&prev=/images%3Fq%3Dthe%2Bclothes%2Bof%2Bthe%2Bnative%2Bpeople%26svnum%3D10%26hl%3Dfr%26lr%3D" "Mozilla/4.0 (compatible; MSIE 6.0; Windows NT 5.1; SV1; .NET CLR 1.1.4322)"
217.212.224.142 - - [01/Mar/2006:12:49:04 -0900] "GET /gallery/photos/20040111/07/pages/2004-0111-00709.htm HTTP/1.0" 200 1883 "-" "psbot/0.1 (+http://www.picsearch.com/bot.html)"
217.212.224.143 - - [01/Mar/2006:12:49:56 -0900] "GET /gallery/photos/20040111/07/pages/2004-0111-00710.htm HTTP/1.0" 200 1883 "-" "psbot/0.1 (+http://www.picsearch.com/bot.html)"
217.212.224.146 - - [01/Mar/2006:12:50:45 -0900] "GET /gallery/photos/20040111/07/pages/2004-0111-00711.htm HTTP/1.0" 200 1883 "-" "psbot/0.1 (+http://www.picsearch.com/bot.html)"
70.124.145.100 - - [01/Mar/2006:12:51:24 -0900] "GET /gallery/maps/G3200/large/G3200%201752%20R62.jpg HTTP/1.1" 200 221890 "http://profile.myspace.com/index.cfm?fuseaction=user.viewprofile&friendid=7702059" "Mozilla/5.0 (Windows; U; Windows NT 5.1; en-US; rv:1.7.10) Gecko/20050716 Firefox/1.0.6"
217.212.224.159 - - [01/Mar/2006:12:51:38 -0900] "GET /gallery/photos/19750084/06/pages/1975-0084-00612.html HTTP/1.0" 200 2086 "-" "psbot/0.1 (+http://www.picsearch.com/bot.html)"
217.212.224.146 - - [01/Mar/2006:12:52:29 -0900] "GET /gallery/photos/19750084/06/pages/1975-0084-00613.html HTTP/1.0" 200 2086 "-" "psbot/0.1 (+http://www.picsearch.com/bot.html)"
70.53.96.244 - - [01/Mar/2006:12:52:46 -0900] "GET /store/akcanada.html HTTP/1.1" 301 353 "http://images.google.com/imgres?imgurl=http://photolab.elmer.uaf.edu/store/photos/largejpegs/(017)1958-1026-01429.jpg&imgrefurl=http://photolab.elmer.uaf.edu/store/akcanada.html&h=799&w=1000&sz=190&tbnid=6U4De484BmpgZM:&tbnh=119&tbnw=149&hl=en&start=175&prev=/images%3Fq%3Dcanada%2Bin%2B1900%26start%3D160%26svnum%3D10%26hl%3Den%26lr%3D%26sa%3DN" "Mozilla/4.0 (compatible; MSIE 6.0; Windows NT 5.1; SV1; .NET CLR 1.1.4322)"
70.53.96.244 - - [01/Mar/2006:12:53:00 -0900] "GET /store/photos/largejpegs/(017)1958-1026-01429.jpg HTTP/1.1" 301 382 "http://images.google.com/imgres?imgurl=http://photolab.elmer.uaf.edu/store/photos/largejpegs/(017)1958-1026-01429.jpg&imgrefurl=http://photolab.elmer.uaf.edu/store/akcanada.html&h=799&w=1000&sz=190&tbnid=6U4De484BmpgZM:&tbnh=119&tbnw=149&hl=en&prev=/images%3Fq%3Dcanada%2Bin%2B1900%26start%3D160%26svnum%3D10%26hl%3Den%26lr%3D%26sa%3DN&frame=small" "Mozilla/4.0 (compatible; MSIE 6.0; Windows NT 5.1; SV1; .NET CLR 1.1.4322)"
217.212.224.145 - - [01/Mar/2006:12:53:18 -0900] "GET /gallery/photos/19750084/06/pages/1975-0084-00614.html HTTP/1.0" 200 2086 "-" "psbot/0.1 (+http://www.picsearch.com/bot.html)"
217.212.224.142 - - [01/Mar/2006:12:54:09 -0900] "GET /gallery/photos/19750084/06/pages/1975-0084-00615.html HTTP/1.0" 200 2086 "-" "psbot/0.1 (+http://www.picsearch.com/bot.html)"
72.30.102.207 - - [01/Mar/2006:12:54:54 -0900] "GET /gallery/photos/19890199/2/pages/1989-0199-00229.html HTTP/1.0" 200 1756 "-" "Mozilla/5.0 (compatible; Yahoo! Slurp; http://help.yahoo.com/help/us/ysearch/slurp)"
217.212.224.142 - - [01/Mar/2006:12:54:56 -0900] "GET /gallery/photos/19750084/06/pages/1975-0084-00616.html HTTP/1.0" 200 2086 "-" "psbot/0.1 (+http://www.picsearch.com/bot.html)"
217.212.224.142 - - [01/Mar/2006:12:55:44 -0900] "GET /gallery/photos/19750084/06/pages/1975-0084-00617.html HTTP/1.0" 200 2086 "-" "psbot/0.1 (+http://www.picsearch.com/bot.html)"
217.212.224.165 - - [01/Mar/2006:12:56:36 -0900] "GET /gallery/photos/19750084/06/pages/1975-0084-00618.html HTTP/1.0" 200 2086 "-" "psbot/0.1 (+http://www.picsearch.com/bot.html)"
217.212.224.165 - - [01/Mar/2006:12:57:27 -0900] "GET /gallery/photos/19750084/06/pages/1975-0084-00619.html HTTP/1.0" 200 2086 "-" "psbot/0.1 (+http://www.picsearch.com/bot.html)"
217.212.224.142 - - [01/Mar/2006:12:58:13 -0900] "GET /gallery/photos/19750084/06/pages/1975-0084-00620.html HTTP/1.0" 200 2086 "-" "psbot/0.1 (+http://www.picsearch.com/bot.html)"
217.212.224.165 - - [01/Mar/2006:12:59:04 -0900] "GET /gallery/photos/19750084/06/pages/1975-0084-00621.html HTTP/1.0" 200 2086 "-" "psbot/0.1 (+http://www.picsearch.com/bot.html)"
217.212.224.146 - - [01/Mar/2006:12:59:54 -0900] "GET /gallery/photos/19750084/06/pages/1975-0084-00622.html HTTP/1.0" 200 2086 "-" "psbot/0.1 (+http://www.picsearch.com/bot.html)"
209.194.156.4 - - [01/Mar/2006:13:00:37 -0900] "GET /gallery/photos/19640074/images/1964-0074-00152.jpg HTTP/1.1" 200 80706 "http://profile.myspace.com/index.cfm?fuseaction=user.viewprofile&friendid=27364828&MyToken=cqqKkA,bcamfbKdpWs" "Mozilla/4.0 (compatible; MSIE 6.0; Windows NT 5.0)"
217.212.224.145 - - [01/Mar/2006:13:00:43 -0900] "GET /gallery/photos/19750084/06/pages/1975-0084-00623.html HTTP/1.0" 200 2086 "-" "psbot/0.1 (+http://www.picsearch.com/bot.html)"
209.194.156.4 - - [01/Mar/2006:13:01:50 -0900] "GET /gallery/photos/19640074/images/1964-0074-00152.jpg HTTP/1.1" 304 - "http://profile.myspace.com/index.cfm?fuseaction=user.viewprofile&friendid=27364828&MyToken=cqqKkA,bcamfbKdpWs" "Mozilla/4.0 (compatible; MSIE 6.0; Windows NT 5.0)"
72.30.107.149 - - [01/Mar/2006:13:02:04 -0900] "GET /store/index.html HTTP/1.0" 301 350 "-" "Mozilla/5.0 (compatible; Yahoo! Slurp; http://help.yahoo.com/help/us/ysearch/slurp)"
217.212.224.146 - - [01/Mar/2006:13:02:24 -0900] "GET /gallery/photos/19750084/07/pages/1975-0084-00714.html HTTP/1.0" 200 2086 "-" "psbot/0.1 (+http://www.picsearch.com/bot.html)"
217.212.224.145 - - [01/Mar/2006:13:03:15 -0900] "GET /gallery/photos/19750084/07/pages/1975-0084-00715.html HTTP/1.0" 200 2086 "-" "psbot/0.1 (+http://www.picsearch.com/bot.html)"
217.212.224.165 - - [01/Mar/2006:13:04:06 -0900] "GET /gallery/photos/19750084/07/pages/1975-0084-00716.html HTTP/1.0" 200 2086 "-" "psbot/0.1 (+http://www.picsearch.com/bot.html)"
217.212.224.146 - - [01/Mar/2006:13:04:54 -0900] "GET /gallery/photos/19750084/07/pages/1975-0084-00717.html HTTP/1.0" 200 2086 "-" "psbot/0.1 (+http://www.picsearch.com/bot.html)"
137.229.70.104 - - [01/Mar/2006:13:05:44 -0900] "GET /gallery HTTP/1.1" 301 344 "-" "Mozilla/5.0 (Windows; U; Windows NT 5.1; en-US; rv:1.7.12) Gecko/20050915 Firefox/1.0.7"
217.212.224.142 - - [01/Mar/2006:13:05:45 -0900] "GET /gallery/photos/19750084/07/pages/1975-0084-00718.html HTTP/1.0" 200 2086 "-" "psbot/0.1 (+http://www.picsearch.com/bot.html)"
217.212.224.165 - - [01/Mar/2006:13:06:36 -0900] "GET /gallery/photos/19750084/07/pages/1975-0084-00719.html HTTP/1.0" 200 2086 "-" "psbot/0.1 (+http://www.picsearch.com/bot.html)"
217.212.224.165 - - [01/Mar/2006:13:07:23 -0900] "GET /gallery/photos/19750084/07/pages/1975-0084-00720.html HTTP/1.0" 200 2086 "-" "psbot/0.1 (+http://www.picsearch.com/bot.html)"
70.27.103.66 - - [01/Mar/2006:13:07:33 -0900] "GET /store/maps.html HTTP/1.1" 301 349 "http://images.google.ca/imgres?imgurl=http://photolab.elmer.uaf.edu/store/maps/large%2520jpegs/(017)%2520G3290%2520%255B1710%255D%2520D361.jpg&imgrefurl=http://photolab.elmer.uaf.edu/store/maps.html&h=1176&w=1500&sz=418&tbnid=to90fBe3iC5eaM:&tbnh=117&tbnw=150&hl=en&start=14&prev=/images%3Fq%3D%2Bhudson%2Bbay%2Bmaps%2B%26svnum%3D10%26hl%3Den%26lr%3D" "Mozilla/4.0 (compatible; MSIE 6.0; Windows NT 5.1; YPC 3.2.0)"
70.27.103.66 - - [01/Mar/2006:13:07:34 -0900] "GET /store/maps/large%20jpegs/(017)%20G3290%20%5B1710%5D%20D361.jpg HTTP/1.1" 301 396 "http://images.google.ca/imgres?imgurl=http://photolab.elmer.uaf.edu/store/maps/large%2520jpegs/(017)%2520G3290%2520%255B1710%255D%2520D361.jpg&imgrefurl=http://photolab.elmer.uaf.edu/store/maps.html&h=1176&w=1500&sz=418&tbnid=to90fBe3iC5eaM:&tbnh=117&tbnw=150&hl=en&prev=/images%3Fq%3D%2Bhudson%2Bbay%2Bmaps%2B%26svnum%3D10%26hl%3Den%26lr%3D&frame=small" "Mozilla/4.0 (compatible; MSIE 6.0; Windows NT 5.1; YPC 3.2.0)"
70.27.103.66 - - [01/Mar/2006:13:07:42 -0900] "GET /store/maps.html HTTP/1.1" 301 349 "http://images.google.ca/imgres?imgurl=http://photolab.elmer.uaf.edu/store/maps/large%2520jpegs/(017)%2520G3290%2520%255B1710%255D%2520D361.jpg&imgrefurl=http://photolab.elmer.uaf.edu/store/maps.html&h=1176&w=1500&sz=418&tbnid=to90fBe3iC5eaM:&tbnh=117&tbnw=150&hl=en&start=14&prev=/images%3Fq%3D%2Bhudson%2Bbay%2Bmaps%2B%26svnum%3D10%26hl%3Den%26lr%3D" "Mozilla/4.0 (compatible; MSIE 6.0; Windows NT 5.1; YPC 3.2.0)"
70.27.103.66 - - [01/Mar/2006:13:07:45 -0900] "GET /gallery/maps/mapg3400.html HTTP/1.1" 200 12432 "http://images.google.ca/imgres?imgurl=http://photolab.elmer.uaf.edu/gallery/maps/G3400/large/G3402%2520H8%2520%255B1758%255D%2520J4.jpg&imgrefurl=http://photolab.elmer.uaf.edu/gallery/maps/mapg3400.html&h=1200&w=1077&sz=359&tbnid=qTc3oNPELEpiGM:&tbnh=150&tbnw=134&hl=en&start=9&prev=/images%3Fq%3D%2Bhudson%2Bbay%2Bmaps%2B%26svnum%3D10%26hl%3Den%26lr%3D" "Mozilla/4.0 (compatible; MSIE 6.0; Windows NT 5.1; YPC 3.2.0)"
70.27.103.66 - - [01/Mar/2006:13:07:47 -0900] "GET /index_files/empty.gif HTTP/1.1" 200 45 "http://photolab.elmer.uaf.edu/gallery/maps/mapg3400.html" "Mozilla/4.0 (compatible; MSIE 6.0; Windows NT 5.1; YPC 3.2.0)"
70.27.103.66 - - [01/Mar/2006:13:07:48 -0900] "GET /gallery/maps/G3400/large/G3402%20H8%20%5B1758%5D%20J4.jpg HTTP/1.1" 200 326161 "http://images.google.ca/imgres?imgurl=http://photolab.elmer.uaf.edu/gallery/maps/G3400/large/G3402%2520H8%2520%255B1758%255D%2520J4.jpg&imgrefurl=http://photolab.elmer.uaf.edu/gallery/maps/mapg3400.html&h=1200&w=1077&sz=359&tbnid=qTc3oNPELEpiGM:&tbnh=150&tbnw=134&hl=en&prev=/images%3Fq%3D%2Bhudson%2Bbay%2Bmaps%2B%26svnum%3D10%26hl%3Den%26lr%3D&frame=small" "Mozilla/4.0 (compatible; MSIE 6.0; Windows NT 5.1; YPC 3.2.0)"
66.249.72.228 - - [01/Mar/2006:13:08:09 -0900] "GET /robots.txt HTTP/1.1" 200 96 "-" "Mozilla/5.0 (compatible; Googlebot/2.1; +http://www.google.com/bot.html)"
66.249.72.228 - - [01/Mar/2006:13:08:09 -0900] "GET / HTTP/1.1" 200 8969 "-" "Mozilla/5.0 (compatible; Googlebot/2.1; +http://www.google.com/bot.html)"
217.212.224.165 - - [01/Mar/2006:13:08:14 -0900] "GET /gallery/photos/19750084/07/pages/1975-0084-00721.html HTTP/1.0" 200 2086 "-" "psbot/0.1 (+http://www.picsearch.com/bot.html)"
70.27.103.66 - - [01/Mar/2006:13:08:23 -0900] "GET /index_files/lib.css HTTP/1.1" 200 2809 "http://photolab.elmer.uaf.edu/gallery/maps/mapg3400.html" "Mozilla/4.0 (compatible; MSIE 6.0; Windows NT 5.1; YPC 3.2.0)"
70.27.103.66 - - [01/Mar/2006:13:08:24 -0900] "GET /index_files/apr.jpg HTTP/1.1" 200 6015 "http://photolab.elmer.uaf.edu/gallery/maps/mapg3400.html" "Mozilla/4.0 (compatible; MSIE 6.0; Windows NT 5.1; YPC 3.2.0)"
217.212.224.146 - - [01/Mar/2006:13:09:04 -0900] "GET /gallery/photos/19750084/07/pages/1975-0084-00722.html HTTP/1.0" 200 2086 "-" "psbot/0.1 (+http://www.picsearch.com/bot.html)"
217.212.224.145 - - [01/Mar/2006:13:09:55 -0900] "GET /gallery/photos/19750084/07/pages/1975-0084-00723.html HTTP/1.0" 200 2086 "-" "psbot/0.1 (+http://www.picsearch.com/bot.html)"
217.212.224.142 - - [01/Mar/2006:13:10:43 -0900] "GET /gallery/photos/19930194/1/pages/1993-0194-00101.htm HTTP/1.0" 200 1727 "-" "psbot/0.1 (+http://www.picsearch.com/bot.html)"
217.212.224.146 - - [01/Mar/2006:13:11:32 -0900] "GET /gallery/photos/19930194/1/pages/1993-0194-00102.htm HTTP/1.0" 200 1882 "-" "psbot/0.1 (+http://www.picsearch.com/bot.html)"
72.30.133.24 - - [01/Mar/2006:13:11:48 -0900] "GET /gallery/photos/19900080/0/pages/1990-0080-00008.html HTTP/1.0" 200 1875 "-" "Mozilla/5.0 (compatible; Yahoo! Slurp; http://help.yahoo.com/help/us/ysearch/slurp)"
217.212.224.165 - - [01/Mar/2006:13:12:21 -0900] "GET /gallery/photos/19930194/1/pages/1993-0194-00103.htm HTTP/1.0" 200 1882 "-" "psbot/0.1 (+http://www.picsearch.com/bot.html)"
217.212.224.145 - - [01/Mar/2006:13:13:11 -0900] "GET /gallery/photos/19930194/1/pages/1993-0194-00104.htm HTTP/1.0" 200 1882 "-" "psbot/0.1 (+http://www.picsearch.com/bot.html)"
217.212.224.145 - - [01/Mar/2006:13:14:00 -0900] "GET /gallery/photos/19930194/1/pages/1993-0194-00105.htm HTTP/1.0" 200 1882 "-" "psbot/0.1 (+http://www.picsearch.com/bot.html)"
66.249.72.228 - - [01/Mar/2006:13:14:34 -0900] "GET /gallery/photos/19700011/pages/1970-0011-00064.html HTTP/1.1" 200 6322 "-" "Mozilla/5.0 (compatible; Googlebot/2.1; +http://www.google.com/bot.html)"
66.249.72.228 - - [01/Mar/2006:13:14:35 -0900] "GET /gallery/photos/19700011/pages/1970-0011-00016.html HTTP/1.1" 200 6323 "-" "Mozilla/5.0 (compatible; Googlebot/2.1; +http://www.google.com/bot.html)"
217.212.224.165 - - [01/Mar/2006:13:14:51 -0900] "GET /gallery/photos/19930194/1/pages/1993-0194-00106.htm HTTP/1.0" 200 1882 "-" "psbot/0.1 (+http://www.picsearch.com/bot.html)"
209.194.156.4 - - [01/Mar/2006:13:14:57 -0900] "GET /gallery/photos/19640074/images/1964-0074-00152.jpg HTTP/1.1" 304 - "http://profile.myspace.com/index.cfm?fuseaction=user.viewprofile&friendid=27364828" "Mozilla/4.0 (compatible; MSIE 6.0; Windows NT 5.0)"
209.194.156.4 - - [01/Mar/2006:13:15:41 -0900] "GET /gallery/photos/19640074/images/1964-0074-00152.jpg HTTP/1.1" 304 - "http://editprofile.myspace.com/index.cfm?fuseaction=bandprofile.interests&pop=1&Mytoken=B4CDA8B5-1358-1104-F471129D013E3C7E34774112" "Mozilla/4.0 (compatible; MSIE 6.0; Windows NT 5.0)"
68.142.251.154 - - [01/Mar/2006:13:16:26 -0900] "GET /robots.txt HTTP/1.0" 200 96 "-" "Mozilla/5.0 (compatible; Yahoo! Slurp; http://help.yahoo.com/help/us/ysearch/slurp)"
68.142.250.117 - - [01/Mar/2006:13:16:26 -0900] "GET /gallery/photos/19750209 HTTP/1.0" 301 360 "-" "Mozilla/5.0 (compatible; Yahoo! Slurp; http://help.yahoo.com/help/us/ysearch/slurp)"
68.142.250.117 - - [01/Mar/2006:13:16:26 -0900] "GET /gallery/photos/19750209/ HTTP/1.0" 200 9070 "-" "Mozilla/5.0 (compatible; Yahoo! Slurp; http://help.yahoo.com/help/us/ysearch/slurp)"
71.116.6.100 - - [01/Mar/2006:13:18:08 -0900] "GET /store/alaskanatives.html HTTP/1.1" 301 358 "http://images.google.com/imgres?imgurl=http://photolab.elmer.uaf.edu/store/photos/largejpegs/(009)1975-0146-00003.jpg&imgrefurl=http://photolab.elmer.uaf.edu/store/alaskanatives.html&h=805&w=1000&sz=157&tbnid=oBiTj1RjxSOh1M:&tbnh=119&tbnw=149&hl=en&start=5&prev=/images%3Fq%3Dindian%2Bchiefs%26svnum%3D10%26hl%3Den%26lr%3D" "Mozilla/4.0 (compatible; MSIE 6.0; Windows NT 5.1; SV1; .NET CLR 1.1.4322)"
217.212.224.165 - - [01/Mar/2006:13:18:09 -0900] "GET /gallery/photos/19930194/1/pages/1993-0194-00107.htm HTTP/1.0" 200 1882 "-" "psbot/0.1 (+http://www.picsearch.com/bot.html)"
217.212.224.165 - - [01/Mar/2006:13:18:58 -0900] "GET /gallery/photos/19930194/1/pages/1993-0194-00108.htm HTTP/1.0" 200 1882 "-" "psbot/0.1 (+http://www.picsearch.com/bot.html)"
217.212.224.146 - - [01/Mar/2006:13:19:50 -0900] "GET /gallery/photos/19930194/1/pages/1993-0194-00109.htm HTTP/1.0" 200 1882 "-" "psbot/0.1 (+http://www.picsearch.com/bot.html)"
24.118.34.184 - - [01/Mar/2006:13:19:56 -0900] "GET /store/akcanada.html HTTP/1.1" 301 353 "http://images.google.com/imgres?imgurl=http://photolab.elmer.uaf.edu/store/photos/largejpegs/(014)1992-0016-00069.jpg&imgrefurl=http://photolab.elmer.uaf.edu/store/akcanada.html&h=683&w=1000&sz=165&tbnid=TSq2mMzI4LrUwM:&tbnh=101&tbnw=149&hl=en&start=1&prev=/images%3Fq%3DHard%2BWorkers%26svnum%3D10%26hl%3Den%26lr%3D" "Mozilla/4.0 (compatible; MSIE 6.0; Windows NT 5.1; SV1; .NET CLR 1.1.4322)"
24.118.34.184 - - [01/Mar/2006:13:19:57 -0900] "GET /store/photos/largejpegs/(014)1992-0016-00069.jpg HTTP/1.1" 301 382 "http://images.google.com/imgres?imgurl=http://photolab.elmer.uaf.edu/store/photos/largejpegs/(014)1992-0016-00069.jpg&imgrefurl=http://photolab.elmer.uaf.edu/store/akcanada.html&h=683&w=1000&sz=165&tbnid=TSq2mMzI4LrUwM:&tbnh=101&tbnw=149&hl=en&prev=/images%3Fq%3DHard%2BWorkers%26svnum%3D10%26hl%3Den%26lr%3D&frame=small" "Mozilla/4.0 (compatible; MSIE 6.0; Windows NT 5.1; SV1; .NET CLR 1.1.4322)"
217.212.224.142 - - [01/Mar/2006:13:20:37 -0900] "GET /gallery/photos/19930194/1/pages/1993-0194-00110.htm HTTP/1.0" 200 1883 "-" "psbot/0.1 (+http://www.picsearch.com/bot.html)"
217.212.224.165 - - [01/Mar/2006:13:21:25 -0900] "GET /gallery/photos/19930194/1/pages/1993-0194-00111.htm HTTP/1.0" 200 1883 "-" "psbot/0.1 (+http://www.picsearch.com/bot.html)"
217.212.224.142 - - [01/Mar/2006:13:22:18 -0900] "GET /gallery/photos/19930194/1/pages/1993-0194-00112.htm HTTP/1.0" 200 1883 "-" "psbot/0.1 (+http://www.picsearch.com/bot.html)"
217.212.224.159 - - [01/Mar/2006:13:23:07 -0900] "GET /gallery/photos/19750209/pages/1975-0209-00017.html HTTP/1.0" 200 1877 "-" "psbot/0.1 (+http://www.picsearch.com/bot.html)"
72.30.107.156 - - [01/Mar/2006:13:23:10 -0900] "GET /gallery/photos/19850030/pages/1985-0030-00012.htm HTTP/1.0" 200 1873 "-" "Mozilla/5.0 (compatible; Yahoo! Slurp; http://help.yahoo.com/help/us/ysearch/slurp)"
209.193.57.245 - - [01/Mar/2006:13:23:47 -0900] "GET /index_files/lib.css HTTP/1.1" 200 2809 "http://photolab.elmer.uaf.edu/gallery/maps/mapg3300.html" "Mozilla/4.0 (compatible; MSIE 6.0; Windows NT 5.1; .NET CLR 1.1.4322)"
209.193.57.245 - - [01/Mar/2006:13:23:46 -0900] "GET /gallery/maps/mapg3300.html HTTP/1.1" 200 21837 "http://images.google.com/imgres?imgurl=http://photolab.elmer.uaf.edu/gallery/maps/G3300/large/G3300%2520%255B1786_%255D%2520B691.jpg&imgrefurl=http://photolab.elmer.uaf.edu/gallery/maps/mapg3300.html&h=941&w=1200&sz=287&tbnid=cQBYogs4LLANKM:&tbnh=117&tbnw=150&hl=en&start=6&prev=/images%3Fq%3Dunited%2Bstates%2Bcolonies%26svnum%3D10%26hl%3Den%26lr%3D%26safe%3Doff%26sa%3DN" "Mozilla/4.0 (compatible; MSIE 6.0; Windows NT 5.1; .NET CLR 1.1.4322)"
209.193.57.245 - - [01/Mar/2006:13:23:49 -0900] "GET /index_files/apr.jpg HTTP/1.1" 200 6015 "http://photolab.elmer.uaf.edu/gallery/maps/mapg3300.html" "Mozilla/4.0 (compatible; MSIE 6.0; Windows NT 5.1; .NET CLR 1.1.4322)"
209.193.57.245 - - [01/Mar/2006:13:23:49 -0900] "GET /index_files/title.jpg HTTP/1.1" 200 5438 "http://photolab.elmer.uaf.edu/gallery/maps/mapg3300.html" "Mozilla/4.0 (compatible; MSIE 6.0; Windows NT 5.1; .NET CLR 1.1.4322)"
209.193.57.245 - - [01/Mar/2006:13:23:50 -0900] "GET /index_files/empty.gif HTTP/1.1" 200 45 "http://photolab.elmer.uaf.edu/gallery/maps/mapg3300.html" "Mozilla/4.0 (compatible; MSIE 6.0; Windows NT 5.1; .NET CLR 1.1.4322)"
209.193.57.245 - - [01/Mar/2006:13:23:50 -0900] "GET /index_files/bar.gif HTTP/1.1" 200 342 "http://photolab.elmer.uaf.edu/gallery/maps/mapg3300.html" "Mozilla/4.0 (compatible; MSIE 6.0; Windows NT 5.1; .NET CLR 1.1.4322)"
209.193.57.245 - - [01/Mar/2006:13:23:51 -0900] "GET /index_files/small.jpg HTTP/1.1" 200 2294 "http://photolab.elmer.uaf.edu/gallery/maps/mapg3300.html" "Mozilla/4.0 (compatible; MSIE 6.0; Windows NT 5.1; .NET CLR 1.1.4322)"
209.193.57.245 - - [01/Mar/2006:13:23:51 -0900] "GET /index_files/small.dps.jpg HTTP/1.1" 200 5830 "http://photolab.elmer.uaf.edu/gallery/maps/mapg3300.html" "Mozilla/4.0 (compatible; MSIE 6.0; Windows NT 5.1; .NET CLR 1.1.4322)"
209.193.57.245 - - [01/Mar/2006:13:23:52 -0900] "GET /index_files/small_003.jpg HTTP/1.1" 200 1521 "http://photolab.elmer.uaf.edu/gallery/maps/mapg3300.html" "Mozilla/4.0 (compatible; MSIE 6.0; Windows NT 5.1; .NET CLR 1.1.4322)"
209.193.57.245 - - [01/Mar/2006:13:23:52 -0900] "GET /index_files/small_002.jpg HTTP/1.1" 200 1351 "http://photolab.elmer.uaf.edu/gallery/maps/mapg3300.html" "Mozilla/4.0 (compatible; MSIE 6.0; Windows NT 5.1; .NET CLR 1.1.4322)"
217.212.224.145 - - [01/Mar/2006:13:23:52 -0900] "GET /gallery/photos/19750209/pages/1975-0209-00018.html HTTP/1.0" 200 1877 "-" "psbot/0.1 (+http://www.picsearch.com/bot.html)"
209.193.57.245 - - [01/Mar/2006:13:23:53 -0900] "GET /gallery/maps/G3300/small/G3300%20%5B1590%5D%20P67.jpg HTTP/1.1" 200 29022 "http://photolab.elmer.uaf.edu/gallery/maps/mapg3300.html" "Mozilla/4.0 (compatible; MSIE 6.0; Windows NT 5.1; .NET CLR 1.1.4322)"
209.193.57.245 - - [01/Mar/2006:13:23:53 -0900] "GET /gallery/maps/G3300/small/G3300%20%5B1625%5D%20E47.jpg HTTP/1.1" 200 25589 "http://photolab.elmer.uaf.edu/gallery/maps/mapg3300.html" "Mozilla/4.0 (compatible; MSIE 6.0; Windows NT 5.1; .NET CLR 1.1.4322)"
209.193.57.245 - - [01/Mar/2006:13:23:55 -0900] "GET /gallery/maps/G3300/small/G3300%20%5B1740_%5D.jpg HTTP/1.1" 200 26785 "http://photolab.elmer.uaf.edu/gallery/maps/mapg3300.html" "Mozilla/4.0 (compatible; MSIE 6.0; Windows NT 5.1; .NET CLR 1.1.4322)"
209.193.57.245 - - [01/Mar/2006:13:23:55 -0900] "GET /gallery/maps/G3300/small/G3300%201755%20B431.jpg HTTP/1.1" 200 23828 "http://photolab.elmer.uaf.edu/gallery/maps/mapg3300.html" "Mozilla/4.0 (compatible; MSIE 6.0; Windows NT 5.1; .NET CLR 1.1.4322)"
209.193.57.245 - - [01/Mar/2006:13:23:57 -0900] "GET /gallery/maps/G3300/small/G3300%201774%20D861.jpg HTTP/1.1" 200 24081 "http://photolab.elmer.uaf.edu/gallery/maps/mapg3300.html" "Mozilla/4.0 (compatible; MSIE 6.0; Windows NT 5.1; .NET CLR 1.1.4322)"
209.193.57.245 - - [01/Mar/2006:13:23:57 -0900] "GET /gallery/maps/G3300/small/G3300%201772%20R62.jpg HTTP/1.1" 200 24649 "http://photolab.elmer.uaf.edu/gallery/maps/mapg3300.html" "Mozilla/4.0 (compatible; MSIE 6.0; Windows NT 5.1; .NET CLR 1.1.4322)"
209.193.57.245 - - [01/Mar/2006:13:23:58 -0900] "GET /gallery/maps/G3300/small/G3300%201775%20R621.jpg HTTP/1.1" 200 24177 "http://photolab.elmer.uaf.edu/gallery/maps/mapg3300.html" "Mozilla/4.0 (compatible; MSIE 6.0; Windows NT 5.1; .NET CLR 1.1.4322)"
209.193.57.245 - - [01/Mar/2006:13:23:58 -0900] "GET /gallery/maps/G3300/small/G3300%20%5B1779%5D%20C662.jpg HTTP/1.1" 200 24943 "http://photolab.elmer.uaf.edu/gallery/maps/mapg3300.html" "Mozilla/4.0 (compatible; MSIE 6.0; Windows NT 5.1; .NET CLR 1.1.4322)"
209.193.57.245 - - [01/Mar/2006:13:24:01 -0900] "GET /gallery/maps/G3300/small/G3300%20%5B1780%5D%20C66.jpg HTTP/1.1" 200 26037 "http://photolab.elmer.uaf.edu/gallery/maps/mapg3300.html" "Mozilla/4.0 (compatible; MSIE 6.0; Windows NT 5.1; .NET CLR 1.1.4322)"
209.193.57.245 - - [01/Mar/2006:13:24:01 -0900] "GET /gallery/maps/G3300/small/G3300%20%5B1780_%5D%20C66a.jpg HTTP/1.1" 200 24203 "http://photolab.elmer.uaf.edu/gallery/maps/mapg3300.html" "Mozilla/4.0 (compatible; MSIE 6.0; Windows NT 5.1; .NET CLR 1.1.4322)"
209.193.57.245 - - [01/Mar/2006:13:24:04 -0900] "GET /gallery/maps/G3300/small/G3300%201783%20R62.jpg HTTP/1.1" 200 24343 "http://photolab.elmer.uaf.edu/gallery/maps/mapg3300.html" "Mozilla/4.0 (compatible; MSIE 6.0; Windows NT 5.1; .NET CLR 1.1.4322)"
209.193.57.245 - - [01/Mar/2006:13:24:04 -0900] "GET /gallery/maps/G3300/small/G3300%20%5B1786_%5D%20B691.jpg HTTP/1.1" 200 25395 "http://photolab.elmer.uaf.edu/gallery/maps/mapg3300.html" "Mozilla/4.0 (compatible; MSIE 6.0; Windows NT 5.1; .NET CLR 1.1.4322)"
209.193.57.245 - - [01/Mar/2006:13:24:06 -0900] "GET /gallery/maps/G3300/small/G3300%20%5B1787%5D%20B66.jpg HTTP/1.1" 200 24312 "http://photolab.elmer.uaf.edu/gallery/maps/mapg3300.html" "Mozilla/4.0 (compatible; MSIE 6.0; Windows NT 5.1; .NET CLR 1.1.4322)"
209.193.57.245 - - [01/Mar/2006:13:24:08 -0900] "GET /gallery/maps/G3300/small/G3300%201797%20N43.jpg HTTP/1.1" 200 29069 "http://photolab.elmer.uaf.edu/gallery/maps/mapg3300.html" "Mozilla/4.0 (compatible; MSIE 6.0; Windows NT 5.1; .NET CLR 1.1.4322)"
209.193.57.245 - - [01/Mar/2006:13:24:09 -0900] "GET /gallery/maps/G3300/small/G3300%20%5B1822%5D%20F55.jpg HTTP/1.1" 200 25059 "http://photolab.elmer.uaf.edu/gallery/maps/mapg3300.html" "Mozilla/4.0 (compatible; MSIE 6.0; Windows NT 5.1; .NET CLR 1.1.4322)"
209.193.57.245 - - [01/Mar/2006:13:24:13 -0900] "GET /gallery/maps/G3300/small/G3300%201841%20S75.jpg HTTP/1.1" 200 25984 "http://photolab.elmer.uaf.edu/gallery/maps/mapg3300.html" "Mozilla/4.0 (compatible; MSIE 6.0; Windows NT 5.1; .NET CLR 1.1.4322)"
209.193.57.245 - - [01/Mar/2006:13:24:13 -0900] "GET /gallery/maps/G3300/small/G3300%20%5B1848_%5D%20C61.jpg HTTP/1.1" 200 24890 "http://photolab.elmer.uaf.edu/gallery/maps/mapg3300.html" "Mozilla/4.0 (compatible; MSIE 6.0; Windows NT 5.1; .NET CLR 1.1.4322)"
209.193.57.245 - - [01/Mar/2006:13:24:18 -0900] "GET /gallery/maps/G3300/small/G3300%20%5B184-_%5D%20L681.jpg HTTP/1.1" 200 27450 "http://photolab.elmer.uaf.edu/gallery/maps/mapg3300.html" "Mozilla/4.0 (compatible; MSIE 6.0; Windows NT 5.1; .NET CLR 1.1.4322)"
209.193.57.245 - - [01/Mar/2006:13:24:18 -0900] "GET /gallery/maps/G3300/small/G3300%201849%20R321.jpg HTTP/1.1" 200 25413 "http://photolab.elmer.uaf.edu/gallery/maps/mapg3300.html" "Mozilla/4.0 (compatible; MSIE 6.0; Windows NT 5.1; .NET CLR 1.1.4322)"
209.193.57.245 - - [01/Mar/2006:13:24:22 -0900] "GET /gallery/maps/G3300/small/G3321%20P5%201852%20G73.jpg HTTP/1.1" 200 25852 "http://photolab.elmer.uaf.edu/gallery/maps/mapg3300.html" "Mozilla/4.0 (compatible; MSIE 6.0; Windows NT 5.1; .NET CLR 1.1.4322)"
209.193.57.245 - - [01/Mar/2006:13:24:25 -0900] "GET /gallery/maps/G3300/small/G3300%20%5B1854_%5D%20B36.jpg HTTP/1.1" 200 23666 "http://photolab.elmer.uaf.edu/gallery/maps/mapg3300.html" "Mozilla/4.0 (compatible; MSIE 6.0; Windows NT 5.1; .NET CLR 1.1.4322)"
