63.241.61.7 - - [01/Mar/2006:10:45:38 -0900] "GET /gallery/photos/19910046/08/images/1991-0046-00811.jpg HTTP/1.1" 200 49039 "-" "ConveraMultiMediaCrawler/0.1 (+http://www.authoritativeweb.com/crawl)"
63.241.61.7 - - [01/Mar/2006:10:45:50 -0900] "GET /gallery/photos/20010129/3/images/2001-0129-00306.jpg HTTP/1.1" 200 40543 "-" "ConveraMultiMediaCrawler/0.1 (+http://www.authoritativeweb.com/crawl)"
63.241.61.7 - - [01/Mar/2006:10:46:00 -0900] "GET /gallery/photos/20020015/0/images/2002-0015-00002m.jpg HTTP/1.1" 200 32595 "-" "ConveraMultiMediaCrawler/0.1 (+http://www.authoritativeweb.com/crawl)"
63.241.61.7 - - [01/Mar/2006:10:46:08 -0900] "GET /gallery/photos/20020015/0/images/2002-0015-00010m.jpg HTTP/1.1" 200 38391 "-" "ConveraMultiMediaCrawler/0.1 (+http://www.authoritativeweb.com/crawl)"
63.241.61.7 - - [01/Mar/2006:10:46:19 -0900] "GET /gallery/photos/20020015/0/images/2002-0015-00012m.jpg HTTP/1.1" 200 53173 "-" "ConveraMultiMediaCrawler/0.1 (+http://www.authoritativeweb.com/crawl)"
63.241.61.7 - - [01/Mar/2006:10:46:27 -0900] "GET /gallery/photos/20020155/images/2002-0155-00009.jpg HTTP/1.1" 200 72992 "-" "ConveraMultiMediaCrawler/0.1 (+http://www.authoritativeweb.com/crawl)"
217.212.224.141 - - [01/Mar/2006:10:46:28 -0900] "GET /robots.txt HTTP/1.0" 200 96 "-" "psbot/0.1 (+http://www.picsearch.com/bot.html)"
217.212.224.142 - - [01/Mar/2006:10:46:29 -0900] "GET /gallery/photos/20040111/05/pages/2004-0111-00509.htm HTTP/1.0" 200 1883 "-" "psbot/0.1 (+http://www.picsearch.com/bot.html)"
63.241.61.7 - - [01/Mar/2006:10:46:37 -0900] "GET /gallery/photos/20020164/images/2002-0164-00022.jpg HTTP/1.1" 200 70012 "-" "ConveraMultiMediaCrawler/0.1 (+http://www.authoritativeweb.com/crawl)"
63.241.61.7 - - [01/Mar/2006:10:46:46 -0900] "GET /gallery/photos/20030163/images/2003-0163-00001m.jpg HTTP/1.1" 200 31710 "-" "ConveraMultiMediaCrawler/0.1 (+http://www.authoritativeweb.com/crawl)"
63.241.61.7 - - [01/Mar/2006:10:46:54 -0900] "GET /gallery/photos/20030163/images/2003-0163-00007m.jpg HTTP/1.1" 200 58958 "-" "ConveraMultiMediaCrawler/0.1 (+http://www.authoritativeweb.com/crawl)"
63.241.61.7 - - [01/Mar/2006:10:47:02 -0900] "GET /gallery/photos/20030163/images/2003-0163-00009m.jpg HTTP/1.1" 200 62244 "-" "ConveraMultiMediaCrawler/0.1 (+http://www.authoritativeweb.com/crawl)"
217.212.224.145 - - [01/Mar/2006:10:47:18 -0900] "GET /gallery/photos/20040111/05/pages/2004-0111-00510.htm HTTP/1.0" 200 1883 "-" "psbot/0.1 (+http://www.picsearch.com/bot.html)"
217.212.224.143 - - [01/Mar/2006:10:48:11 -0900] "GET /gallery/photos/20040111/05/pages/2004-0111-00511.htm HTTP/1.0" 200 1883 "-" "psbot/0.1 (+http://www.picsearch.com/bot.html)"
84.100.53.67 - - [01/Mar/2006:10:48:35 -0900] "GET /gallery/maps/mapg3200.html HTTP/1.1" 200 17235 "http://images.google.fr/imgres?imgurl=http://photolab.elmer.uaf.edu/gallery/maps/G3200/large/G3200%2520%255B1700%255D.jpg&imgrefurl=http://photolab.elmer.uaf.edu/gallery/maps/mapg3200.html&h=894&w=1200&sz=300&tbnid=seMXFkFak7h3FM:&tbnh=111&tbnw=150&hl=fr&start=157&prev=/images%3Fq%3Dle%2Bglobe%2Bterrestre%26start%3D140%26svnum%3D10%26hl%3Dfr%26lr%3D%26sa%3DN" "Mozilla/5.0 (Windows; U; Windows NT 5.1; fr-FR; rv:1.7.8) Gecko/20050511 Firefox/1.0.4"
84.100.53.67 - - [01/Mar/2006:10:48:36 -0900] "GET /index_files/lib.css HTTP/1.1" 200 2809 "http://photolab.elmer.uaf.edu/gallery/maps/mapg3200.html" "Mozilla/5.0 (Windows; U; Windows NT 5.1; fr-FR; rv:1.7.8) Gecko/20050511 Firefox/1.0.4"
84.100.53.67 - - [01/Mar/2006:10:48:37 -0900] "GET /index_files/title.jpg HTTP/1.1" 200 5438 "http://photolab.elmer.uaf.edu/gallery/maps/mapg3200.html" "Mozilla/5.0 (Windows; U; Windows NT 5.1; fr-FR; rv:1.7.8) Gecko/20050511 Firefox/1.0.4"
84.100.53.67 - - [01/Mar/2006:10:48:37 -0900] "GET /index_files/empty.gif HTTP/1.1" 200 45 "http://photolab.elmer.uaf.edu/gallery/maps/mapg3200.html" "Mozilla/5.0 (Windows; U; Windows NT 5.1; fr-FR; rv:1.7.8) Gecko/20050511 Firefox/1.0.4"
84.100.53.67 - - [01/Mar/2006:10:48:37 -0900] "GET /index_files/apr.jpg HTTP/1.1" 200 6015 "http://photolab.elmer.uaf.edu/gallery/maps/mapg3200.html" "Mozilla/5.0 (Windows; U; Windows NT 5.1; fr-FR; rv:1.7.8) Gecko/20050511 Firefox/1.0.4"
84.100.53.67 - - [01/Mar/2006:10:48:37 -0900] "GET /index_files/small.jpg HTTP/1.1" 200 2294 "http://photolab.elmer.uaf.edu/gallery/maps/mapg3200.html" "Mozilla/5.0 (Windows; U; Windows NT 5.1; fr-FR; rv:1.7.8) Gecko/20050511 Firefox/1.0.4"
84.100.53.67 - - [01/Mar/2006:10:48:37 -0900] "GET /index_files/small.dps.jpg HTTP/1.1" 200 5830 "http://photolab.elmer.uaf.edu/gallery/maps/mapg3200.html" "Mozilla/5.0 (Windows; U; Windows NT 5.1; fr-FR; rv:1.7.8) Gecko/20050511 Firefox/1.0.4"
84.100.53.67 - - [01/Mar/2006:10:48:38 -0900] "GET /index_files/small_002.jpg HTTP/1.1" 200 1351 "http://photolab.elmer.uaf.edu/gallery/maps/mapg3200.html" "Mozilla/5.0 (Windows; U; Windows NT 5.1; fr-FR; rv:1.7.8) Gecko/20050511 Firefox/1.0.4"
84.100.53.67 - - [01/Mar/2006:10:48:38 -0900] "GET /index_files/small_003.jpg HTTP/1.1" 200 1521 "http://photolab.elmer.uaf.edu/gallery/maps/mapg3200.html" "Mozilla/5.0 (Windows; U; Windows NT 5.1; fr-FR; rv:1.7.8) Gecko/20050511 Firefox/1.0.4"
84.100.53.67 - - [01/Mar/2006:10:48:38 -0900] "GET /gallery/maps/G3200/small/G3200%20%5B1562_%5D%20V34.jpg HTTP/1.1" 200 24443 "http://photolab.elmer.uaf.edu/gallery/maps/mapg3200.html" "Mozilla/5.0 (Windows; U; Windows NT 5.1; fr-FR; rv:1.7.8) Gecko/20050511 Firefox/1.0.4"
84.100.53.67 - - [01/Mar/2006:10:48:38 -0900] "GET /gallery/maps/G3200/small/G3200%20%5B1652_%5D%20V571.jpg HTTP/1.1" 200 26873 "http://photolab.elmer.uaf.edu/gallery/maps/mapg3200.html" "Mozilla/5.0 (Windows; U; Windows NT 5.1; fr-FR; rv:1.7.8) Gecko/20050511 Firefox/1.0.4"
84.100.53.67 - - [01/Mar/2006:10:48:39 -0900] "GET /gallery/maps/G3200/small/G3200%20%5B1670%5D.jpg HTTP/1.1" 200 26332 "http://photolab.elmer.uaf.edu/gallery/maps/mapg3200.html" "Mozilla/5.0 (Windows; U; Windows NT 5.1; fr-FR; rv:1.7.8) Gecko/20050511 Firefox/1.0.4"
84.100.53.67 - - [01/Mar/2006:10:48:39 -0900] "GET /gallery/maps/G3200/small/G3200%20%5B1700%5D.jpg HTTP/1.1" 200 27138 "http://photolab.elmer.uaf.edu/gallery/maps/mapg3200.html" "Mozilla/5.0 (Windows; U; Windows NT 5.1; fr-FR; rv:1.7.8) Gecko/20050511 Firefox/1.0.4"
84.100.53.67 - - [01/Mar/2006:10:48:40 -0900] "GET /gallery/maps/G3200/small/G3200%201752%20R62.jpg HTTP/1.1" 200 24565 "http://photolab.elmer.uaf.edu/gallery/maps/mapg3200.html" "Mozilla/5.0 (Windows; U; Windows NT 5.1; fr-FR; rv:1.7.8) Gecko/20050511 Firefox/1.0.4"
84.100.53.67 - - [01/Mar/2006:10:48:40 -0900] "GET /gallery/maps/G3200/small/G3200%201755%20B43.jpg HTTP/1.1" 200 23723 "http://photolab.elmer.uaf.edu/gallery/maps/mapg3200.html" "Mozilla/5.0 (Windows; U; Windows NT 5.1; fr-FR; rv:1.7.8) Gecko/20050511 Firefox/1.0.4"
84.100.53.67 - - [01/Mar/2006:10:48:41 -0900] "GET /gallery/maps/G3200/small/G3200%20%5B1774%5D%20S29.jpg HTTP/1.1" 200 24069 "http://photolab.elmer.uaf.edu/gallery/maps/mapg3200.html" "Mozilla/5.0 (Windows; U; Windows NT 5.1; fr-FR; rv:1.7.8) Gecko/20050511 Firefox/1.0.4"
84.100.53.67 - - [01/Mar/2006:10:48:41 -0900] "GET /gallery/maps/G3200/small/G3200%201783%20B68.jpg HTTP/1.1" 200 24884 "http://photolab.elmer.uaf.edu/gallery/maps/mapg3200.html" "Mozilla/5.0 (Windows; U; Windows NT 5.1; fr-FR; rv:1.7.8) Gecko/20050511 Firefox/1.0.4"
84.100.53.67 - - [01/Mar/2006:10:48:42 -0900] "GET /gallery/maps/G3200/small/G3200%20%5B1788%5D.jpg HTTP/1.1" 200 23222 "http://photolab.elmer.uaf.edu/gallery/maps/mapg3200.html" "Mozilla/5.0 (Windows; U; Windows NT 5.1; fr-FR; rv:1.7.8) Gecko/20050511 Firefox/1.0.4"
84.100.53.67 - - [01/Mar/2006:10:48:42 -0900] "GET /gallery/maps/G3200/small/G3200%20%5B1790%5D%20B65.jpg HTTP/1.1" 200 23966 "http://photolab.elmer.uaf.edu/gallery/maps/mapg3200.html" "Mozilla/5.0 (Windows; U; Windows NT 5.1; fr-FR; rv:1.7.8) Gecko/20050511 Firefox/1.0.4"
84.100.53.67 - - [01/Mar/2006:10:48:42 -0900] "GET /gallery/maps/G3200/small/G3200%20%5B1798%5D%20R622.jpg HTTP/1.1" 200 23785 "http://photolab.elmer.uaf.edu/gallery/maps/mapg3200.html" "Mozilla/5.0 (Windows; U; Windows NT 5.1; fr-FR; rv:1.7.8) Gecko/20050511 Firefox/1.0.4"
84.100.53.67 - - [01/Mar/2006:10:48:43 -0900] "GET /gallery/maps/G3200/small/G3200%20%5B1824%5D%20W95.jpg HTTP/1.1" 200 24460 "http://photolab.elmer.uaf.edu/gallery/maps/mapg3200.html" "Mozilla/5.0 (Windows; U; Windows NT 5.1; fr-FR; rv:1.7.8) Gecko/20050511 Firefox/1.0.4"
84.100.53.67 - - [01/Mar/2006:10:48:43 -0900] "GET /gallery/maps/G3200/small/G3200%20%5B1814%5D.jpg HTTP/1.1" 200 24721 "http://photolab.elmer.uaf.edu/gallery/maps/mapg3200.html" "Mozilla/5.0 (Windows; U; Windows NT 5.1; fr-FR; rv:1.7.8) Gecko/20050511 Firefox/1.0.4"
84.100.53.67 - - [01/Mar/2006:10:48:44 -0900] "GET /gallery/maps/G3200/small/G3200%201827%20M3%20v2%20no20.jpg HTTP/1.1" 200 24130 "http://photolab.elmer.uaf.edu/gallery/maps/mapg3200.html" "Mozilla/5.0 (Windows; U; Windows NT 5.1; fr-FR; rv:1.7.8) Gecko/20050511 Firefox/1.0.4"
84.100.53.67 - - [01/Mar/2006:10:48:44 -0900] "GET /gallery/maps/G3200/small/G3200%201827%20M3%20v2%20no38.jpg HTTP/1.1" 200 23778 "http://photolab.elmer.uaf.edu/gallery/maps/mapg3200.html" "Mozilla/5.0 (Windows; U; Windows NT 5.1; fr-FR; rv:1.7.8) Gecko/20050511 Firefox/1.0.4"
84.100.53.67 - - [01/Mar/2006:10:48:45 -0900] "GET /index_files/bar.gif HTTP/1.1" 200 342 "http://photolab.elmer.uaf.edu/gallery/maps/mapg3200.html" "Mozilla/5.0 (Windows; U; Windows NT 5.1; fr-FR; rv:1.7.8) Gecko/20050511 Firefox/1.0.4"
84.100.53.67 - - [01/Mar/2006:10:48:45 -0900] "GET /gallery/maps/G3200/large/G3200%20%5B1652_%5D%20V571.jpg HTTP/1.1" 200 343872 "http://photolab.elmer.uaf.edu/gallery/maps/mapg3200.html" "Mozilla/5.0 (Windows; U; Windows NT 5.1; fr-FR; rv:1.7.8) Gecko/20050511 Firefox/1.0.4"
84.100.53.67 - - [01/Mar/2006:10:48:50 -0900] "GET /gallery/maps/G3200/small/G3200%201827%20M3%20v2%20no20.jpg HTTP/1.1" 206 15938 "http://photolab.elmer.uaf.edu/gallery/maps/mapg3200.html" "Mozilla/5.0 (Windows; U; Windows NT 5.1; fr-FR; rv:1.7.8) Gecko/20050511 Firefox/1.0.4"
84.100.53.67 - - [01/Mar/2006:10:48:51 -0900] "GET /gallery/maps/G3200/small/G3200%201827%20M3%20v2%20no38.jpg HTTP/1.1" 206 19682 "http://photolab.elmer.uaf.edu/gallery/maps/mapg3200.html" "Mozilla/5.0 (Windows; U; Windows NT 5.1; fr-FR; rv:1.7.8) Gecko/20050511 Firefox/1.0.4"
84.100.53.67 - - [01/Mar/2006:10:48:51 -0900] "GET /gallery/maps/G3200/small/G3200%201827%20M3%20v2%20no39.jpg HTTP/1.1" 200 23798 "http://photolab.elmer.uaf.edu/gallery/maps/mapg3200.html" "Mozilla/5.0 (Windows; U; Windows NT 5.1; fr-FR; rv:1.7.8) Gecko/20050511 Firefox/1.0.4"
84.100.53.67 - - [01/Mar/2006:10:48:52 -0900] "GET /gallery/maps/G3200/small/G3200%201827%20M3%20v4%20no5.jpg HTTP/1.1" 200 23291 "http://photolab.elmer.uaf.edu/gallery/maps/mapg3200.html" "Mozilla/5.0 (Windows; U; Windows NT 5.1; fr-FR; rv:1.7.8) Gecko/20050511 Firefox/1.0.4"
84.100.53.67 - - [01/Mar/2006:10:48:52 -0900] "GET /gallery/maps/G3200/small/G3200%201827%20M3%20v4%20no13%20c3.jpg HTTP/1.1" 200 24353 "http://photolab.elmer.uaf.edu/gallery/maps/mapg3200.html" "Mozilla/5.0 (Windows; U; Windows NT 5.1; fr-FR; rv:1.7.8) Gecko/20050511 Firefox/1.0.4"
84.100.53.67 - - [01/Mar/2006:10:48:53 -0900] "GET /gallery/maps/G3200/small/G3200%201827%20M3%20v4%20no14.jpg HTTP/1.1" 200 24077 "http://photolab.elmer.uaf.edu/gallery/maps/mapg3200.html" "Mozilla/5.0 (Windows; U; Windows NT 5.1; fr-FR; rv:1.7.8) Gecko/20050511 Firefox/1.0.4"
84.100.53.67 - - [01/Mar/2006:10:48:53 -0900] "GET /gallery/maps/G3200/small/G3200%201827%20M3%20v4%20no21.jpg HTTP/1.1" 200 23867 "http://photolab.elmer.uaf.edu/gallery/maps/mapg3200.html" "Mozilla/5.0 (Windows; U; Windows NT 5.1; fr-FR; rv:1.7.8) Gecko/20050511 Firefox/1.0.4"
84.100.53.67 - - [01/Mar/2006:10:48:53 -0900] "GET /gallery/maps/G3200/large/G3200%201755%20B43.jpg HTTP/1.1" 200 207595 "http://photolab.elmer.uaf.edu/gallery/maps/mapg3200.html" "Mozilla/5.0 (Windows; U; Windows NT 5.1; fr-FR; rv:1.7.8) Gecko/20050511 Firefox/1.0.4"
217.212.224.165 - - [01/Mar/2006:10:49:01 -0900] "GET /gallery/photos/19650030/pages/1965-0030-00013.htm HTTP/1.0" 200 1889 "-" "psbot/0.1 (+http://www.picsearch.com/bot.html)"
84.100.53.67 - - [01/Mar/2006:10:49:01 -0900] "GET /gallery/maps/G3200/small/G3200%201827%20M3%20v4%20no21.jpg HTTP/1.1" 200 23867 "http://photolab.elmer.uaf.edu/gallery/maps/mapg3200.html" "Mozilla/5.0 (Windows; U; Windows NT 5.1; fr-FR; rv:1.7.8) Gecko/20050511 Firefox/1.0.4"
84.100.53.67 - - [01/Mar/2006:10:49:04 -0900] "GET /gallery/maps/G3200/small/G3200%201827%20M3%20v4%20no14.jpg HTTP/1.1" 200 24077 "http://photolab.elmer.uaf.edu/gallery/maps/mapg3200.html" "Mozilla/5.0 (Windows; U; Windows NT 5.1; fr-FR; rv:1.7.8) Gecko/20050511 Firefox/1.0.4"
84.100.53.67 - - [01/Mar/2006:10:49:03 -0900] "GET /gallery/maps/G3200/large/G3200%20%5B1814%5D.jpg HTTP/1.1" 200 264085 "http://photolab.elmer.uaf.edu/gallery/maps/mapg3200.html" "Mozilla/5.0 (Windows; U; Windows NT 5.1; fr-FR; rv:1.7.8) Gecko/20050511 Firefox/1.0.4"
84.100.53.67 - - [01/Mar/2006:10:49:07 -0900] "GET /gallery/maps/G3200/small/G3200%201827%20M3%20v4%20no21.jpg HTTP/1.1" 206 3387 "http://photolab.elmer.uaf.edu/gallery/maps/mapg3200.html" "Mozilla/5.0 (Windows; U; Windows NT 5.1; fr-FR; rv:1.7.8) Gecko/20050511 Firefox/1.0.4"
84.100.53.67 - - [01/Mar/2006:10:49:07 -0900] "GET /gallery/maps/G3200/small/G3200%201827%20M3%20v4%20no22.jpg HTTP/1.1" 200 23900 "http://photolab.elmer.uaf.edu/gallery/maps/mapg3200.html" "Mozilla/5.0 (Windows; U; Windows NT 5.1; fr-FR; rv:1.7.8) Gecko/20050511 Firefox/1.0.4"
84.100.53.67 - - [01/Mar/2006:10:49:07 -0900] "GET /gallery/maps/G3200/small/G3200%201827%20M3%20v4%20no14.jpg HTTP/1.1" 200 24077 "http://photolab.elmer.uaf.edu/gallery/maps/mapg3200.html" "Mozilla/5.0 (Windows; U; Windows NT 5.1; fr-FR; rv:1.7.8) Gecko/20050511 Firefox/1.0.4"
217.212.224.143 - - [01/Mar/2006:10:49:53 -0900] "GET /gallery/photos/19650030/pages/1965-0030-00014.htm HTTP/1.0" 200 1889 "-" "psbot/0.1 (+http://www.picsearch.com/bot.html)"
217.212.224.165 - - [01/Mar/2006:10:50:47 -0900] "GET /gallery/photos/19650030/pages/1965-0030-00015.htm HTTP/1.0" 200 1889 "-" "psbot/0.1 (+http://www.picsearch.com/bot.html)"
217.212.224.159 - - [01/Mar/2006:10:51:38 -0900] "GET /robots.txt HTTP/1.0" 200 96 "-" "psbot/0.1 (+http://www.picsearch.com/bot.html)"
217.212.224.159 - - [01/Mar/2006:10:51:39 -0900] "GET /gallery/photos/19650030/pages/1965-0030-00016.htm HTTP/1.0" 200 1889 "-" "psbot/0.1 (+http://www.picsearch.com/bot.html)"
217.212.224.146 - - [01/Mar/2006:10:52:29 -0900] "GET /gallery/photos/19650030/pages/1965-0030-00017.htm HTTP/1.0" 200 1889 "-" "psbot/0.1 (+http://www.picsearch.com/bot.html)"
156.3.163.77 - - [01/Mar/2006:10:53:17 -0900] "GET /gallery/maps/mapg3200.html HTTP/1.1" 200 17235 "http://images.google.com/imgres?imgurl=http://photolab.elmer.uaf.edu/gallery/maps/G3200/large/G3200%25201783%2520B68.jpg&imgrefurl=http://photolab.elmer.uaf.edu/gallery/maps/mapg3200.html&h=837&w=1200&sz=238&tbnid=UcO6rGbbptUoYM:&tbnh=104&tbnw=150&hl=en&start=2&prev=/images%3Fq%3D1783%2Bworld%2Bmap%26svnum%3D10%26hl%3Den%26lr%3D%26newwindow%3D1%26safe%3Dactive%26sa%3DG" "Mozilla/4.0 (compatible; MSIE 6.0; Windows NT 5.1; SV1; .NET CLR 1.1.4322)"
156.3.163.77 - - [01/Mar/2006:10:53:18 -0900] "GET /index_files/lib.css HTTP/1.1" 200 2809 "http://photolab.elmer.uaf.edu/gallery/maps/mapg3200.html" "Mozilla/4.0 (compatible; MSIE 6.0; Windows NT 5.1; SV1; .NET CLR 1.1.4322)"
217.212.224.145 - - [01/Mar/2006:10:53:21 -0900] "GET /gallery/photos/19650030/pages/1965-0030-00018.htm HTTP/1.0" 200 1889 "-" "psbot/0.1 (+http://www.picsearch.com/bot.html)"
156.3.163.77 - - [01/Mar/2006:10:53:21 -0900] "GET /gallery/maps/G3200/large/G3200%201783%20B68.jpg HTTP/1.1" 200 251604 "http://images.google.com/imgres?imgurl=http://photolab.elmer.uaf.edu/gallery/maps/G3200/large/G3200%25201783%2520B68.jpg&imgrefurl=http://photolab.elmer.uaf.edu/gallery/maps/mapg3200.html&h=837&w=1200&sz=238&tbnid=UcO6rGbbptUoYM:&tbnh=104&tbnw=150&hl=en&prev=/images%3Fq%3D1783%2Bworld%2Bmap%26svnum%3D10%26hl%3Den%26lr%3D%26newwindow%3D1%26safe%3Dactive%26sa%3DG&frame=small" "Mozilla/4.0 (compatible; MSIE 6.0; Windows NT 5.1; SV1; .NET CLR 1.1.4322)"
217.212.224.146 - - [01/Mar/2006:10:54:11 -0900] "GET /gallery/photos/19650030/pages/1965-0030-00019.htm HTTP/1.0" 200 1889 "-" "psbot/0.1 (+http://www.picsearch.com/bot.html)"
156.3.163.77 - - [01/Mar/2006:10:54:50 -0900] "GET /index_files/empty.gif HTTP/1.1" 200 45 "http://photolab.elmer.uaf.edu/gallery/maps/mapg3200.html" "Mozilla/4.0 (compatible; MSIE 6.0; Windows NT 5.1; SV1; .NET CLR 1.1.4322)"
156.3.163.77 - - [01/Mar/2006:10:54:50 -0900] "GET /index_files/title.jpg HTTP/1.1" 200 5438 "http://photolab.elmer.uaf.edu/gallery/maps/mapg3200.html" "Mozilla/4.0 (compatible; MSIE 6.0; Windows NT 5.1; SV1; .NET CLR 1.1.4322)"
156.3.163.77 - - [01/Mar/2006:10:54:53 -0900] "GET /index_files/small.dps.jpg HTTP/1.1" 200 5830 "http://photolab.elmer.uaf.edu/gallery/maps/mapg3200.html" "Mozilla/4.0 (compatible; MSIE 6.0; Windows NT 5.1; SV1; .NET CLR 1.1.4322)"
156.3.163.77 - - [01/Mar/2006:10:54:52 -0900] "GET /index_files/apr.jpg HTTP/1.1" 200 6015 "http://photolab.elmer.uaf.edu/gallery/maps/mapg3200.html" "Mozilla/4.0 (compatible; MSIE 6.0; Windows NT 5.1; SV1; .NET CLR 1.1.4322)"
156.3.163.77 - - [01/Mar/2006:10:54:54 -0900] "GET /index_files/small.jpg HTTP/1.1" 200 2294 "http://photolab.elmer.uaf.edu/gallery/maps/mapg3200.html" "Mozilla/4.0 (compatible; MSIE 6.0; Windows NT 5.1; SV1; .NET CLR 1.1.4322)"
156.3.163.77 - - [01/Mar/2006:10:54:54 -0900] "GET /index_files/small_003.jpg HTTP/1.1" 200 1521 "http://photolab.elmer.uaf.edu/gallery/maps/mapg3200.html" "Mozilla/4.0 (compatible; MSIE 6.0; Windows NT 5.1; SV1; .NET CLR 1.1.4322)"
156.3.163.77 - - [01/Mar/2006:10:54:54 -0900] "GET /gallery/maps/G3200/small/G3200%20%5B1562_%5D%20V34.jpg HTTP/1.1" 200 24443 "http://photolab.elmer.uaf.edu/gallery/maps/mapg3200.html" "Mozilla/4.0 (compatible; MSIE 6.0; Windows NT 5.1; SV1; .NET CLR 1.1.4322)"
156.3.163.77 - - [01/Mar/2006:10:54:54 -0900] "GET /gallery/maps/G3200/small/G3200%20%5B1652_%5D%20V571.jpg HTTP/1.1" 200 26873 "http://photolab.elmer.uaf.edu/gallery/maps/mapg3200.html" "Mozilla/4.0 (compatible; MSIE 6.0; Windows NT 5.1; SV1; .NET CLR 1.1.4322)"
217.212.224.159 - - [01/Mar/2006:10:55:17 -0900] "GET /gallery/photos/19650030/pages/1965-0030-00020.htm HTTP/1.0" 200 1889 "-" "psbot/0.1 (+http://www.picsearch.com/bot.html)"
217.212.224.145 - - [01/Mar/2006:10:55:54 -0900] "GET /gallery/photos/19650030/pages/1965-0030-00021.htm HTTP/1.0" 200 1889 "-" "psbot/0.1 (+http://www.picsearch.com/bot.html)"
217.212.224.159 - - [01/Mar/2006:10:56:42 -0900] "GET /gallery/photos/19650030/pages/1965-0030-00022.htm HTTP/1.0" 200 1889 "-" "psbot/0.1 (+http://www.picsearch.com/bot.html)"
217.212.224.159 - - [01/Mar/2006:10:57:32 -0900] "GET /gallery/photos/19650030/pages/1965-0030-00023.htm HTTP/1.0" 200 1889 "-" "psbot/0.1 (+http://www.picsearch.com/bot.html)"
68.142.251.154 - - [01/Mar/2006:10:57:44 -0900] "GET /robots.txt HTTP/1.0" 200 96 "-" "Mozilla/5.0 (compatible; Yahoo! Slurp; http://help.yahoo.com/help/us/ysearch/slurp)"
68.142.251.116 - - [01/Mar/2006:10:57:45 -0900] "GET /gallery/photos/19640042/4/pages/1964-0042-00405.htm HTTP/1.0" 200 1881 "-" "Mozilla/5.0 (compatible; Yahoo! Slurp; http://help.yahoo.com/help/us/ysearch/slurp)"
217.212.224.143 - - [01/Mar/2006:10:58:23 -0900] "GET /gallery/photos/19650030/pages/1965-0030-00024.htm HTTP/1.0" 200 1889 "-" "psbot/0.1 (+http://www.picsearch.com/bot.html)"
71.100.102.195 - - [01/Mar/2006:10:58:24 -0900] "GET /gallery/maps/G3200/large/G3200%201752%20R62.jpg HTTP/1.1" 200 221890 "http://profile.myspace.com/index.cfm?fuseaction=user.viewprofile&friendid=7702059" "Mozilla/4.0 (compatible; MSIE 6.0; Windows NT 5.1; SV1; .NET CLR 2.0.50727; .NET CLR 1.1.4322)"
217.212.224.146 - - [01/Mar/2006:10:59:14 -0900] "GET /gallery/photos/19700071/pages/1970-0071-00016.html HTTP/1.0" 200 1886 "-" "psbot/0.1 (+http://www.picsearch.com/bot.html)"
217.212.224.142 - - [01/Mar/2006:11:00:03 -0900] "GET /gallery/photos/19700071/pages/1970-0071-00017.html HTTP/1.0" 200 1885 "-" "psbot/0.1 (+http://www.picsearch.com/bot.html)"
137.229.73.136 - - [01/Mar/2006:11:00:41 -0900] "GET /passport.html HTTP/1.1" 200 5529 "http://www.uaf.edu/library/" "Mozilla/4.0 (compatible; MSIE 6.0; Windows NT 5.1; SV1)"
137.229.73.136 - - [01/Mar/2006:11:00:41 -0900] "GET /index_files/lib.css HTTP/1.1" 200 2809 "http://photolab.elmer.uaf.edu/passport.html" "Mozilla/4.0 (compatible; MSIE 6.0; Windows NT 5.1; SV1)"
137.229.73.136 - - [01/Mar/2006:11:00:41 -0900] "GET /index_files/empty.gif HTTP/1.1" 200 45 "http://photolab.elmer.uaf.edu/passport.html" "Mozilla/4.0 (compatible; MSIE 6.0; Windows NT 5.1; SV1)"
137.229.73.136 - - [01/Mar/2006:11:00:41 -0900] "GET /index_files/apr.jpg HTTP/1.1" 200 6015 "http://photolab.elmer.uaf.edu/passport.html" "Mozilla/4.0 (compatible; MSIE 6.0; Windows NT 5.1; SV1)"
137.229.73.136 - - [01/Mar/2006:11:00:41 -0900] "GET /index_files/title.jpg HTTP/1.1" 200 5438 "http://photolab.elmer.uaf.edu/passport.html" "Mozilla/4.0 (compatible; MSIE 6.0; Windows NT 5.1; SV1)"
137.229.73.136 - - [01/Mar/2006:11:00:41 -0900] "GET /index_files/small.dps.jpg HTTP/1.1" 200 5830 "http://photolab.elmer.uaf.edu/passport.html" "Mozilla/4.0 (compatible; MSIE 6.0; Windows NT 5.1; SV1)"
137.229.73.136 - - [01/Mar/2006:11:00:41 -0900] "GET /index_files/small_002.jpg HTTP/1.1" 200 1351 "http://photolab.elmer.uaf.edu/passport.html" "Mozilla/4.0 (compatible; MSIE 6.0; Windows NT 5.1; SV1)"
137.229.73.136 - - [01/Mar/2006:11:00:41 -0900] "GET /index_files/small.jpg HTTP/1.1" 200 2294 "http://photolab.elmer.uaf.edu/passport.html" "Mozilla/4.0 (compatible; MSIE 6.0; Windows NT 5.1; SV1)"
137.229.73.136 - - [01/Mar/2006:11:00:41 -0900] "GET /index_files/bluebear.gif HTTP/1.1" 200 1263 "http://photolab.elmer.uaf.edu/passport.html" "Mozilla/4.0 (compatible; MSIE 6.0; Windows NT 5.1; SV1)"
137.229.73.136 - - [01/Mar/2006:11:00:41 -0900] "GET /index_files/small_003.jpg HTTP/1.1" 200 1521 "http://photolab.elmer.uaf.edu/passport.html" "Mozilla/4.0 (compatible; MSIE 6.0; Windows NT 5.1; SV1)"
137.229.73.136 - - [01/Mar/2006:11:00:41 -0900] "GET /index_files/sitemap.gif HTTP/1.1" 200 1503 "http://photolab.elmer.uaf.edu/passport.html" "Mozilla/4.0 (compatible; MSIE 6.0; Windows NT 5.1; SV1)"
137.229.73.136 - - [01/Mar/2006:11:00:41 -0900] "GET /index_files/bar.gif HTTP/1.1" 200 342 "http://photolab.elmer.uaf.edu/passport.html" "Mozilla/4.0 (compatible; MSIE 6.0; Windows NT 5.1; SV1)"
217.212.224.146 - - [01/Mar/2006:11:00:53 -0900] "GET /gallery/photos/19700071/pages/1970-0071-00018.html HTTP/1.0" 200 1884 "-" "psbot/0.1 (+http://www.picsearch.com/bot.html)"
217.212.224.145 - - [01/Mar/2006:11:01:47 -0900] "GET /gallery/photos/19700071/pages/1970-0071-00019.html HTTP/1.0" 200 1884 "-" "psbot/0.1 (+http://www.picsearch.com/bot.html)"
217.212.224.165 - - [01/Mar/2006:11:02:36 -0900] "GET /gallery/photos/19700071/pages/1970-0071-00020.html HTTP/1.0" 200 1884 "-" "psbot/0.1 (+http://www.picsearch.com/bot.html)"
217.212.224.142 - - [01/Mar/2006:11:03:32 -0900] "GET /gallery/photos/19700071/pages/1970-0071-00021.html HTTP/1.0" 200 1884 "-" "psbot/0.1 (+http://www.picsearch.com/bot.html)"
204.38.47.132 - - [01/Mar/2006:11:03:57 -0900] "GET /store/alaskanatives.html HTTP/1.1" 301 358 "http://images.google.com/imgres?imgurl=http://photolab.elmer.uaf.edu/store/photos/largejpegs/(101)1995-0244-01044.jpg&imgrefurl=http://photolab.elmer.uaf.edu/store/alaskanatives.html&h=1000&w=637&sz=152&tbnid=xdNde5E77H3m7M:&tbnh=149&tbnw=94&hl=en&start=2&prev=/images%3Fq%3Dfur%2Bclothing%26svnum%3D10%26hl%3Den%26lr%3D" "Mozilla/4.0 (compatible; MSIE 6.0; Windows 98; Q312461)"
204.38.47.132 - - [01/Mar/2006:11:03:58 -0900] "GET /store/photos/largejpegs/(101)1995-0244-01044.jpg HTTP/1.1" 301 382 "http://images.google.com/imgres?imgurl=http://photolab.elmer.uaf.edu/store/photos/largejpegs/(101)1995-0244-01044.jpg&imgrefurl=http://photolab.elmer.uaf.edu/store/alaskanatives.html&h=1000&w=637&sz=152&tbnid=xdNde5E77H3m7M:&tbnh=149&tbnw=94&hl=en&prev=/images%3Fq%3Dfur%2Bclothing%26svnum%3D10%26hl%3Den%26lr%3D&frame=small" "Mozilla/4.0 (compatible; MSIE 6.0; Windows 98; Q312461)"
72.30.111.137 - - [01/Mar/2006:11:04:45 -0900] "GET /robots.txt HTTP/1.0" 200 96 "-" "Mozilla/5.0 (compatible; Yahoo! Slurp; http://help.yahoo.com/help/us/ysearch/slurp)"
72.30.129.16 - - [01/Mar/2006:11:04:45 -0900] "GET /gallery/photos/19900043/09/pages/1990-0043-00932A.html HTTP/1.0" 200 1771 "-" "Mozilla/5.0 (compatible; Yahoo! Slurp; http://help.yahoo.com/help/us/ysearch/slurp)"
217.212.224.142 - - [01/Mar/2006:11:05:59 -0900] "GET /gallery/photos/19700071/pages/1970-0071-00022.html HTTP/1.0" 200 1884 "-" "psbot/0.1 (+http://www.picsearch.com/bot.html)"
70.128.93.41 - - [01/Mar/2006:11:06:50 -0900] "GET /store/maps.html HTTP/1.1" 301 349 "-" "Mozilla/4.0 (compatible; MSIE 5.01; Windows 98)"
70.128.93.41 - - [01/Mar/2006:11:06:50 -0900] "GET /store/maps.html HTTP/1.1" 301 349 "-" "Mozilla/4.0 (compatible; MSIE 5.01; Windows 98)"
70.128.93.41 - - [01/Mar/2006:11:06:50 -0900] "GET /store/maps.html HTTP/1.1" 301 349 "-" "Mozilla/4.0 (compatible; MSIE 5.01; Windows 98)"
70.128.93.41 - - [01/Mar/2006:11:06:50 -0900] "GET /store/maps.html HTTP/1.1" 301 349 "-" "Mozilla/4.0 (compatible; MSIE 5.01; Windows 98)"
217.212.224.142 - - [01/Mar/2006:11:06:51 -0900] "GET /gallery/photos/19700071/pages/1970-0071-00023.html HTTP/1.0" 200 1884 "-" "psbot/0.1 (+http://www.picsearch.com/bot.html)"
217.212.224.146 - - [01/Mar/2006:11:07:41 -0900] "GET /gallery/photos/19750084/00/pages/1975-0084-00040.html HTTP/1.0" 200 1886 "-" "psbot/0.1 (+http://www.picsearch.com/bot.html)"
217.212.224.145 - - [01/Mar/2006:11:08:30 -0900] "GET /gallery/photos/19750084/00/pages/1975-0084-00041.html HTTP/1.0" 200 1886 "-" "psbot/0.1 (+http://www.picsearch.com/bot.html)"
204.108.80.12 - - [01/Mar/2006:11:09:00 -0900] "GET /gallery/documents/constitution/constitution.html HTTP/1.1" 404 344 "-" "Mozilla/4.0 (compatible; MSIE 5.22; Mac_PowerPC)"
204.108.80.12 - - [01/Mar/2006:11:09:02 -0900] "GET /gallery/documents/constitution/AK%20constitution%20page%2007.jpg HTTP/1.1" 404 354 "http://images.google.com/imgres?imgurl=http://photolab.elmer.uaf.edu/gallery/documents/constitution/AK%2520constitution%2520page%252007.jpg&imgrefurl=http://photolab.elmer.uaf.edu/gallery/documents/constitution/constitution.html&h=1500&w=1147&sz=307&tbnid=aoB_L5QHBB2GtM:&tbnh=150&tbnw=114&hl=en&prev=/images%3Fq%3DConstitution%26start%3D40%26svnum%3D10%26hl%3Den%26lr%3D%26ie%3DUTF-8%26sa%3DN&frame=small" "Mozilla/4.0 (compatible; MSIE 5.22; Mac_PowerPC)"
217.212.224.165 - - [01/Mar/2006:11:09:20 -0900] "GET /gallery/photos/19750084/00/pages/1975-0084-00042.html HTTP/1.0" 200 1886 "-" "psbot/0.1 (+http://www.picsearch.com/bot.html)"
217.212.224.146 - - [01/Mar/2006:11:10:09 -0900] "GET /gallery/photos/19750084/00/pages/1975-0084-00043.html HTTP/1.0" 200 1886 "-" "psbot/0.1 (+http://www.picsearch.com/bot.html)"
137.229.70.98 - - [01/Mar/2006:11:10:13 -0900] "GET /gallery/index.html HTTP/1.1" 304 - "http://photolab.elmer.uaf.edu/gallery/mapgallery.html" "Mozilla/5.0 (Windows; U; Windows NT 5.1; en-US; rv:1.7.8) Gecko/20050511 Firefox/1.0.4"
137.229.70.98 - - [01/Mar/2006:11:10:13 -0900] "GET /index_files/lib.css HTTP/1.1" 304 - "http://photolab.elmer.uaf.edu/gallery/index.html" "Mozilla/5.0 (Windows; U; Windows NT 5.1; en-US; rv:1.7.8) Gecko/20050511 Firefox/1.0.4"
137.229.70.98 - - [01/Mar/2006:11:10:14 -0900] "GET /gallery/bookgallery.html HTTP/1.1" 304 - "http://photolab.elmer.uaf.edu/gallery/index.html" "Mozilla/5.0 (Windows; U; Windows NT 5.1; en-US; rv:1.7.8) Gecko/20050511 Firefox/1.0.4"
137.229.70.98 - - [01/Mar/2006:11:10:24 -0900] "GET /gallery/bookdoc/A0745.pdf HTTP/1.1" 200 28403793 "http://photolab.elmer.uaf.edu/gallery/bookgallery.html" "Mozilla/5.0 (Windows; U; Windows NT 5.1; en-US; rv:1.7.8) Gecko/20050511 Firefox/1.0.4"
137.229.70.98 - - [01/Mar/2006:11:10:28 -0900] "GET /gallery/bookdoc/A0745.pdf HTTP/1.1" 206 79105 "-" "Mozilla/5.0 (Windows; U; Windows NT 5.1; en-US; rv:1.7.8) Gecko/20050511 Firefox/1.0.4"
137.229.70.98 - - [01/Mar/2006:11:10:29 -0900] "GET /gallery/bookdoc/A0745.pdf HTTP/1.1" 206 265217 "-" "Mozilla/5.0 (Windows; U; Windows NT 5.1; en-US; rv:1.7.8) Gecko/20050511 Firefox/1.0.4"
137.229.70.98 - - [01/Mar/2006:11:10:30 -0900] "GET /gallery/bookdoc/A0745.pdf HTTP/1.1" 206 459624 "-" "Mozilla/5.0 (Windows; U; Windows NT 5.1; en-US; rv:1.7.8) Gecko/20050511 Firefox/1.0.4"
137.229.70.98 - - [01/Mar/2006:11:10:32 -0900] "GET /gallery/bookdoc/A0745.pdf HTTP/1.1" 206 442361 "-" "Mozilla/5.0 (Windows; U; Windows NT 5.1; en-US; rv:1.7.8) Gecko/20050511 Firefox/1.0.4"
137.229.70.98 - - [01/Mar/2006:11:10:34 -0900] "GET /gallery/bookdoc/A0745.pdf HTTP/1.1" 206 425768 "-" "Mozilla/5.0 (Windows; U; Windows NT 5.1; en-US; rv:1.7.8) Gecko/20050511 Firefox/1.0.4"
137.229.70.98 - - [01/Mar/2006:11:10:36 -0900] "GET /gallery/bookdoc/A0745.pdf HTTP/1.1" 206 443070 "-" "Mozilla/5.0 (Windows; U; Windows NT 5.1; en-US; rv:1.7.8) Gecko/20050511 Firefox/1.0.4"
137.229.70.98 - - [01/Mar/2006:11:10:37 -0900] "GET /gallery/bookdoc/A0745.pdf HTTP/1.1" 206 428608 "-" "Mozilla/5.0 (Windows; U; Windows NT 5.1; en-US; rv:1.7.8) Gecko/20050511 Firefox/1.0.4"
137.229.70.98 - - [01/Mar/2006:11:10:39 -0900] "GET /gallery/bookdoc/A0745.pdf HTTP/1.1" 206 430311 "-" "Mozilla/5.0 (Windows; U; Windows NT 5.1; en-US; rv:1.7.8) Gecko/20050511 Firefox/1.0.4"
137.229.70.98 - - [01/Mar/2006:11:10:40 -0900] "GET /gallery/bookdoc/A0745.pdf HTTP/1.1" 206 465786 "-" "Mozilla/5.0 (Windows; U; Windows NT 5.1; en-US; rv:1.7.8) Gecko/20050511 Firefox/1.0.4"
137.229.70.98 - - [01/Mar/2006:11:10:41 -0900] "GET /gallery/bookdoc/A0745.pdf HTTP/1.1" 206 463909 "-" "Mozilla/5.0 (Windows; U; Windows NT 5.1; en-US; rv:1.7.8) Gecko/20050511 Firefox/1.0.4"
137.229.70.98 - - [01/Mar/2006:11:10:43 -0900] "GET /gallery/bookdoc/A0745.pdf HTTP/1.1" 206 440199 "-" "Mozilla/5.0 (Windows; U; Windows NT 5.1; en-US; rv:1.7.8) Gecko/20050511 Firefox/1.0.4"
137.229.70.98 - - [01/Mar/2006:11:10:44 -0900] "GET /gallery/bookdoc/A0745.pdf HTTP/1.1" 206 492659 "-" "Mozilla/5.0 (Windows; U; Windows NT 5.1; en-US; rv:1.7.8) Gecko/20050511 Firefox/1.0.4"
137.229.70.98 - - [01/Mar/2006:11:10:48 -0900] "GET /gallery/bookdoc/A0745.pdf HTTP/1.1" 206 459865 "-" "Mozilla/5.0 (Windows; U; Windows NT 5.1; en-US; rv:1.7.8) Gecko/20050511 Firefox/1.0.4"
137.229.70.98 - - [01/Mar/2006:11:10:49 -0900] "GET /gallery/bookdoc/A0745.pdf HTTP/1.1" 206 456658 "-" "Mozilla/5.0 (Windows; U; Windows NT 5.1; en-US; rv:1.7.8) Gecko/20050511 Firefox/1.0.4"
137.229.70.98 - - [01/Mar/2006:11:10:51 -0900] "GET /gallery/bookdoc/A0745.pdf HTTP/1.1" 206 468970 "-" "Mozilla/5.0 (Windows; U; Windows NT 5.1; en-US; rv:1.7.8) Gecko/20050511 Firefox/1.0.4"
137.229.70.98 - - [01/Mar/2006:11:10:52 -0900] "GET /gallery/bookdoc/A0745.pdf HTTP/1.1" 206 456823 "-" "Mozilla/5.0 (Windows; U; Windows NT 5.1; en-US; rv:1.7.8) Gecko/20050511 Firefox/1.0.4"
137.229.70.98 - - [01/Mar/2006:11:10:54 -0900] "GET /gallery/bookdoc/A0745.pdf HTTP/1.1" 206 455608 "-" "Mozilla/5.0 (Windows; U; Windows NT 5.1; en-US; rv:1.7.8) Gecko/20050511 Firefox/1.0.4"
137.229.70.98 - - [01/Mar/2006:11:10:55 -0900] "GET /gallery/bookdoc/A0745.pdf HTTP/1.1" 206 469169 "-" "Mozilla/5.0 (Windows; U; Windows NT 5.1; en-US; rv:1.7.8) Gecko/20050511 Firefox/1.0.4"
217.212.224.159 - - [01/Mar/2006:11:10:58 -0900] "GET /gallery/photos/19750084/00/pages/1975-0084-00044.html HTTP/1.0" 200 1886 "-" "psbot/0.1 (+http://www.picsearch.com/bot.html)"
137.229.70.98 - - [01/Mar/2006:11:10:57 -0900] "GET /gallery/bookdoc/A0745.pdf HTTP/1.1" 206 460782 "-" "Mozilla/5.0 (Windows; U; Windows NT 5.1; en-US; rv:1.7.8) Gecko/20050511 Firefox/1.0.4"
137.229.70.98 - - [01/Mar/2006:11:10:59 -0900] "GET /gallery/bookdoc/A0745.pdf HTTP/1.1" 206 447286 "-" "Mozilla/5.0 (Windows; U; Windows NT 5.1; en-US; rv:1.7.8) Gecko/20050511 Firefox/1.0.4"
137.229.70.98 - - [01/Mar/2006:11:11:00 -0900] "GET /gallery/bookdoc/A0745.pdf HTTP/1.1" 206 457332 "-" "Mozilla/5.0 (Windows; U; Windows NT 5.1; en-US; rv:1.7.8) Gecko/20050511 Firefox/1.0.4"
137.229.70.98 - - [01/Mar/2006:11:11:02 -0900] "GET /gallery/bookdoc/A0745.pdf HTTP/1.1" 206 449610 "-" "Mozilla/5.0 (Windows; U; Windows NT 5.1; en-US; rv:1.7.8) Gecko/20050511 Firefox/1.0.4"
137.229.70.98 - - [01/Mar/2006:11:11:04 -0900] "GET /gallery/bookdoc/A0745.pdf HTTP/1.1" 206 442575 "-" "Mozilla/5.0 (Windows; U; Windows NT 5.1; en-US; rv:1.7.8) Gecko/20050511 Firefox/1.0.4"
137.229.70.98 - - [01/Mar/2006:11:11:05 -0900] "GET /gallery/bookdoc/A0745.pdf HTTP/1.1" 206 466427 "-" "Mozilla/5.0 (Windows; U; Windows NT 5.1; en-US; rv:1.7.8) Gecko/20050511 Firefox/1.0.4"
137.229.70.98 - - [01/Mar/2006:11:11:06 -0900] "GET /gallery/bookdoc/A0745.pdf HTTP/1.1" 206 457627 "-" "Mozilla/5.0 (Windows; U; Windows NT 5.1; en-US; rv:1.7.8) Gecko/20050511 Firefox/1.0.4"
137.229.70.98 - - [01/Mar/2006:11:11:08 -0900] "GET /gallery/bookdoc/A0745.pdf HTTP/1.1" 206 450648 "-" "Mozilla/5.0 (Windows; U; Windows NT 5.1; en-US; rv:1.7.8) Gecko/20050511 Firefox/1.0.4"
137.229.70.98 - - [01/Mar/2006:11:11:09 -0900] "GET /gallery/bookdoc/A0745.pdf HTTP/1.1" 206 492097 "-" "Mozilla/5.0 (Windows; U; Windows NT 5.1; en-US; rv:1.7.8) Gecko/20050511 Firefox/1.0.4"
137.229.70.98 - - [01/Mar/2006:11:11:11 -0900] "GET /gallery/bookdoc/A0745.pdf HTTP/1.1" 206 468748 "-" "Mozilla/5.0 (Windows; U; Windows NT 5.1; en-US; rv:1.7.8) Gecko/20050511 Firefox/1.0.4"
137.229.70.98 - - [01/Mar/2006:11:11:12 -0900] "GET /gallery/bookdoc/A0745.pdf HTTP/1.1" 206 463572 "-" "Mozilla/5.0 (Windows; U; Windows NT 5.1; en-US; rv:1.7.8) Gecko/20050511 Firefox/1.0.4"
137.229.70.98 - - [01/Mar/2006:11:11:13 -0900] "GET /gallery/bookdoc/A0745.pdf HTTP/1.1" 206 484777 "-" "Mozilla/5.0 (Windows; U; Windows NT 5.1; en-US; rv:1.7.8) Gecko/20050511 Firefox/1.0.4"
137.229.70.98 - - [01/Mar/2006:11:11:15 -0900] "GET /gallery/bookdoc/A0745.pdf HTTP/1.1" 206 458681 "-" "Mozilla/5.0 (Windows; U; Windows NT 5.1; en-US; rv:1.7.8) Gecko/20050511 Firefox/1.0.4"
137.229.70.98 - - [01/Mar/2006:11:11:17 -0900] "GET /gallery/bookdoc/A0745.pdf HTTP/1.1" 206 474900 "-" "Mozilla/5.0 (Windows; U; Windows NT 5.1; en-US; rv:1.7.8) Gecko/20050511 Firefox/1.0.4"
137.229.70.98 - - [01/Mar/2006:11:11:18 -0900] "GET /gallery/bookdoc/A0745.pdf HTTP/1.1" 206 468097 "-" "Mozilla/5.0 (Windows; U; Windows NT 5.1; en-US; rv:1.7.8) Gecko/20050511 Firefox/1.0.4"
137.229.70.98 - - [01/Mar/2006:11:11:19 -0900] "GET /gallery/bookdoc/A0745.pdf HTTP/1.1" 206 460130 "-" "Mozilla/5.0 (Windows; U; Windows NT 5.1; en-US; rv:1.7.8) Gecko/20050511 Firefox/1.0.4"
137.229.70.98 - - [01/Mar/2006:11:11:21 -0900] "GET /gallery/bookdoc/A0745.pdf HTTP/1.1" 206 455762 "-" "Mozilla/5.0 (Windows; U; Windows NT 5.1; en-US; rv:1.7.8) Gecko/20050511 Firefox/1.0.4"
137.229.70.98 - - [01/Mar/2006:11:11:23 -0900] "GET /gallery/bookdoc/A0745.pdf HTTP/1.1" 206 471658 "-" "Mozilla/5.0 (Windows; U; Windows NT 5.1; en-US; rv:1.7.8) Gecko/20050511 Firefox/1.0.4"
137.229.70.98 - - [01/Mar/2006:11:11:25 -0900] "GET /gallery/bookdoc/A0745.pdf HTTP/1.1" 206 465164 "-" "Mozilla/5.0 (Windows; U; Windows NT 5.1; en-US; rv:1.7.8) Gecko/20050511 Firefox/1.0.4"
137.229.70.98 - - [01/Mar/2006:11:11:26 -0900] "GET /gallery/bookdoc/A0745.pdf HTTP/1.1" 206 452079 "-" "Mozilla/5.0 (Windows; U; Windows NT 5.1; en-US; rv:1.7.8) Gecko/20050511 Firefox/1.0.4"
137.229.70.98 - - [01/Mar/2006:11:11:28 -0900] "GET /gallery/bookdoc/A0745.pdf HTTP/1.1" 206 485859 "-" "Mozilla/5.0 (Windows; U; Windows NT 5.1; en-US; rv:1.7.8) Gecko/20050511 Firefox/1.0.4"
137.229.70.98 - - [01/Mar/2006:11:11:29 -0900] "GET /gallery/bookdoc/A0745.pdf HTTP/1.1" 206 481001 "-" "Mozilla/5.0 (Windows; U; Windows NT 5.1; en-US; rv:1.7.8) Gecko/20050511 Firefox/1.0.4"
137.229.70.98 - - [01/Mar/2006:11:11:30 -0900] "GET /gallery/bookdoc/A0745.pdf HTTP/1.1" 206 466603 "-" "Mozilla/5.0 (Windows; U; Windows NT 5.1; en-US; rv:1.7.8) Gecko/20050511 Firefox/1.0.4"
137.229.70.98 - - [01/Mar/2006:11:11:32 -0900] "GET /gallery/bookdoc/A0745.pdf HTTP/1.1" 206 504680 "-" "Mozilla/5.0 (Windows; U; Windows NT 5.1; en-US; rv:1.7.8) Gecko/20050511 Firefox/1.0.4"
137.229.70.98 - - [01/Mar/2006:11:11:34 -0900] "GET /gallery/bookdoc/A0745.pdf HTTP/1.1" 206 480841 "-" "Mozilla/5.0 (Windows; U; Windows NT 5.1; en-US; rv:1.7.8) Gecko/20050511 Firefox/1.0.4"
137.229.70.98 - - [01/Mar/2006:11:11:36 -0900] "GET /gallery/bookdoc/A0745.pdf HTTP/1.1" 206 478726 "-" "Mozilla/5.0 (Windows; U; Windows NT 5.1; en-US; rv:1.7.8) Gecko/20050511 Firefox/1.0.4"
137.229.70.98 - - [01/Mar/2006:11:11:37 -0900] "GET /gallery/bookdoc/A0745.pdf HTTP/1.1" 206 493961 "-" "Mozilla/5.0 (Windows; U; Windows NT 5.1; en-US; rv:1.7.8) Gecko/20050511 Firefox/1.0.4"
137.229.70.98 - - [01/Mar/2006:11:11:40 -0900] "GET /gallery/bookdoc/A0745.pdf HTTP/1.1" 206 458050 "-" "Mozilla/5.0 (Windows; U; Windows NT 5.1; en-US; rv:1.7.8) Gecko/20050511 Firefox/1.0.4"
137.229.70.98 - - [01/Mar/2006:11:11:41 -0900] "GET /gallery/bookdoc/A0745.pdf HTTP/1.1" 206 466410 "-" "Mozilla/5.0 (Windows; U; Windows NT 5.1; en-US; rv:1.7.8) Gecko/20050511 Firefox/1.0.4"
137.229.70.98 - - [01/Mar/2006:11:11:43 -0900] "GET /gallery/bookdoc/A0745.pdf HTTP/1.1" 206 480723 "-" "Mozilla/5.0 (Windows; U; Windows NT 5.1; en-US; rv:1.7.8) Gecko/20050511 Firefox/1.0.4"
137.229.70.98 - - [01/Mar/2006:11:11:44 -0900] "GET /gallery/bookdoc/A0745.pdf HTTP/1.1" 206 470633 "-" "Mozilla/5.0 (Windows; U; Windows NT 5.1; en-US; rv:1.7.8) Gecko/20050511 Firefox/1.0.4"
217.212.224.165 - - [01/Mar/2006:11:11:45 -0900] "GET /gallery/photos/19750084/00/pages/1975-0084-00045.html HTTP/1.0" 200 1886 "-" "psbot/0.1 (+http://www.picsearch.com/bot.html)"
137.229.70.98 - - [01/Mar/2006:11:11:45 -0900] "GET /gallery/bookdoc/A0745.pdf HTTP/1.1" 206 465825 "-" "Mozilla/5.0 (Windows; U; Windows NT 5.1; en-US; rv:1.7.8) Gecko/20050511 Firefox/1.0.4"
137.229.70.98 - - [01/Mar/2006:11:11:47 -0900] "GET /gallery/bookdoc/A0745.pdf HTTP/1.1" 206 470083 "-" "Mozilla/5.0 (Windows; U; Windows NT 5.1; en-US; rv:1.7.8) Gecko/20050511 Firefox/1.0.4"
137.229.70.98 - - [01/Mar/2006:11:11:48 -0900] "GET /gallery/bookdoc/A0745.pdf HTTP/1.1" 206 468143 "-" "Mozilla/5.0 (Windows; U; Windows NT 5.1; en-US; rv:1.7.8) Gecko/20050511 Firefox/1.0.4"
137.229.70.98 - - [01/Mar/2006:11:11:50 -0900] "GET /gallery/bookdoc/A0745.pdf HTTP/1.1" 206 466769 "-" "Mozilla/5.0 (Windows; U; Windows NT 5.1; en-US; rv:1.7.8) Gecko/20050511 Firefox/1.0.4"
137.229.70.98 - - [01/Mar/2006:11:11:52 -0900] "GET /gallery/bookdoc/A0745.pdf HTTP/1.1" 206 470236 "-" "Mozilla/5.0 (Windows; U; Windows NT 5.1; en-US; rv:1.7.8) Gecko/20050511 Firefox/1.0.4"
137.229.70.98 - - [01/Mar/2006:11:11:53 -0900] "GET /gallery/bookdoc/A0745.pdf HTTP/1.1" 206 468871 "-" "Mozilla/5.0 (Windows; U; Windows NT 5.1; en-US; rv:1.7.8) Gecko/20050511 Firefox/1.0.4"
137.229.70.98 - - [01/Mar/2006:11:11:55 -0900] "GET /gallery/bookdoc/A0745.pdf HTTP/1.1" 206 463235 "-" "Mozilla/5.0 (Windows; U; Windows NT 5.1; en-US; rv:1.7.8) Gecko/20050511 Firefox/1.0.4"
137.229.70.98 - - [01/Mar/2006:11:11:56 -0900] "GET /gallery/bookdoc/A0745.pdf HTTP/1.1" 206 500243 "-" "Mozilla/5.0 (Windows; U; Windows NT 5.1; en-US; rv:1.7.8) Gecko/20050511 Firefox/1.0.4"
137.229.70.98 - - [01/Mar/2006:11:11:58 -0900] "GET /gallery/bookdoc/A0745.pdf HTTP/1.1" 206 464856 "-" "Mozilla/5.0 (Windows; U; Windows NT 5.1; en-US; rv:1.7.8) Gecko/20050511 Firefox/1.0.4"
137.229.70.98 - - [01/Mar/2006:11:11:59 -0900] "GET /gallery/bookdoc/A0745.pdf HTTP/1.1" 206 477732 "-" "Mozilla/5.0 (Windows; U; Windows NT 5.1; en-US; rv:1.7.8) Gecko/20050511 Firefox/1.0.4"
137.229.70.98 - - [01/Mar/2006:11:12:01 -0900] "GET /gallery/bookdoc/A0745.pdf HTTP/1.1" 206 500126 "-" "Mozilla/5.0 (Windows; U; Windows NT 5.1; en-US; rv:1.7.8) Gecko/20050511 Firefox/1.0.4"
137.229.70.98 - - [01/Mar/2006:11:12:02 -0900] "GET /gallery/bookdoc/A0745.pdf HTTP/1.1" 206 463929 "-" "Mozilla/5.0 (Windows; U; Windows NT 5.1; en-US; rv:1.7.8) Gecko/20050511 Firefox/1.0.4"
137.229.70.98 - - [01/Mar/2006:11:12:03 -0900] "GET /gallery/bookdoc/A0745.pdf HTTP/1.1" 206 479684 "-" "Mozilla/5.0 (Windows; U; Windows NT 5.1; en-US; rv:1.7.8) Gecko/20050511 Firefox/1.0.4"
137.229.70.98 - - [01/Mar/2006:11:12:04 -0900] "GET /gallery/bookdoc/A0745.pdf HTTP/1.1" 206 129233 "-" "Mozilla/5.0 (Windows; U; Windows NT 5.1; en-US; rv:1.7.8) Gecko/20050511 Firefox/1.0.4"
137.229.70.98 - - [01/Mar/2006:11:12:05 -0900] "GET /gallery/bookdoc/A0745.pdf HTTP/1.1" 206 8814 "-" "Mozilla/5.0 (Windows; U; Windows NT 5.1; en-US; rv:1.7.8) Gecko/20050511 Firefox/1.0.4"
217.212.224.159 - - [01/Mar/2006:11:12:39 -0900] "GET /gallery/photos/19750084/00/pages/1975-0084-00046.html HTTP/1.0" 200 1886 "-" "psbot/0.1 (+http://www.picsearch.com/bot.html)"
72.30.128.156 - - [01/Mar/2006:11:13:28 -0900] "GET /robots.txt HTTP/1.0" 200 96 "-" "Mozilla/5.0 (compatible; Yahoo! Slurp; http://help.yahoo.com/help/us/ysearch/slurp)"
217.212.224.146 - - [01/Mar/2006:11:13:28 -0900] "GET /gallery/photos/19750084/00/pages/1975-0084-00047.html HTTP/1.0" 200 1886 "-" "psbot/0.1 (+http://www.picsearch.com/bot.html)"
72.30.98.86 - - [01/Mar/2006:11:13:28 -0900] "GET /gallery/photos/19850030 HTTP/1.0" 301 360 "-" "Mozilla/5.0 (compatible; Yahoo! Slurp; http://help.yahoo.com/help/us/ysearch/slurp)"
72.30.98.86 - - [01/Mar/2006:11:13:29 -0900] "GET /gallery/photos/19850030/ HTTP/1.0" 200 7045 "-" "Mozilla/5.0 (compatible; Yahoo! Slurp; http://help.yahoo.com/help/us/ysearch/slurp)"
217.212.224.165 - - [01/Mar/2006:11:14:16 -0900] "GET /gallery/photos/19750084/00/pages/1975-0084-00048.html HTTP/1.0" 200 1886 "-" "psbot/0.1 (+http://www.picsearch.com/bot.html)"
217.212.224.142 - - [01/Mar/2006:11:15:09 -0900] "GET /gallery/photos/19750084/00/pages/1975-0084-00049.html HTTP/1.0" 200 1886 "-" "psbot/0.1 (+http://www.picsearch.com/bot.html)"
209.173.24.221 - - [01/Mar/2006:11:15:54 -0900] "GET /store/nome.html HTTP/1.1" 301 349 "http://images.google.com/imgres?imgurl=http://photolab.elmer.uaf.edu/store/photos/largejpegs/(002)1958-1026-01103.jpg&imgrefurl=http://photolab.elmer.uaf.edu/store/nome.html&h=790&w=1000&sz=110&tbnid=5kwVZjyp_n4y_M:&tbnh=117&tbnw=149&hl=en&start=8&prev=/images%3Fq%3Dnome,alaska%26svnum%3D10%26hl%3Den%26lr%3D" "Mozilla/4.0 (compatible; MSIE 6.0; Windows NT 5.1; SV1; .NET CLR 1.1.4322)"
217.212.224.145 - - [01/Mar/2006:11:15:59 -0900] "GET /gallery/photos/19750084/00/pages/1975-0084-00050.html HTTP/1.0" 200 1886 "-" "psbot/0.1 (+http://www.picsearch.com/bot.html)"
217.212.224.159 - - [01/Mar/2006:11:16:49 -0900] "GET /gallery/photos/19750084/00/pages/1975-0084-00051.html HTTP/1.0" 200 1886 "-" "psbot/0.1 (+http://www.picsearch.com/bot.html)"
72.30.133.110 - - [01/Mar/2006:11:17:08 -0900] "GET /gallery/photos/19940070/2/pages/1994-0070-00276.html HTTP/1.0" 200 5917 "-" "Mozilla/5.0 (compatible; Yahoo! Slurp; http://help.yahoo.com/help/us/ysearch/slurp)"
217.212.224.165 - - [01/Mar/2006:11:17:39 -0900] "GET /gallery/photos/19750084/00/pages/1975-0084-00052.html HTTP/1.0" 200 1886 "-" "psbot/0.1 (+http://www.picsearch.com/bot.html)"
217.212.224.142 - - [01/Mar/2006:11:18:28 -0900] "GET /gallery/photos/19750084/00/pages/1975-0084-00053.html HTTP/1.0" 200 1886 "-" "psbot/0.1 (+http://www.picsearch.com/bot.html)"
217.212.224.142 - - [01/Mar/2006:11:19:21 -0900] "GET /gallery/photos/19750084/00/pages/1975-0084-00054.html HTTP/1.0" 200 1886 "-" "psbot/0.1 (+http://www.picsearch.com/bot.html)"
217.212.224.143 - - [01/Mar/2006:11:20:13 -0900] "GET /gallery/photos/19750084/00/pages/1975-0084-00055.html HTTP/1.0" 200 1886 "-" "psbot/0.1 (+http://www.picsearch.com/bot.html)"
68.142.251.146 - - [01/Mar/2006:11:20:54 -0900] "GET /gallery/photos/19690092/8/pages/1969-0092-00800.html HTTP/1.0" 200 1606 "-" "Mozilla/5.0 (compatible; Yahoo! Slurp; http://help.yahoo.com/help/us/ysearch/slurp)"
217.212.224.143 - - [01/Mar/2006:11:21:00 -0900] "GET /gallery/photos/19750084/00/pages/1975-0084-00056.html HTTP/1.0" 200 1886 "-" "psbot/0.1 (+http://www.picsearch.com/bot.html)"
207.46.98.84 - - [01/Mar/2006:11:21:18 -0900] "GET /robots.txt HTTP/1.0" 200 96 "-" "msnbot/1.0 (+http://search.msn.com/msnbot.htm)"
207.46.98.84 - - [01/Mar/2006:11:21:19 -0900] "GET /gallery/photos/20020087/0/pages/2002-0087-00061.html HTTP/1.0" 200 1767 "-" "msnbot/1.0 (+http://search.msn.com/msnbot.htm)"
137.229.70.98 - - [01/Mar/2006:11:21:43 -0900] "GET /gallery/bookdoc/usgsbulletin989F.pdf HTTP/1.1" 200 3867345 "http://photolab.elmer.uaf.edu/gallery/bookgallery.html" "Mozilla/5.0 (Windows; U; Windows NT 5.1; en-US; rv:1.7.8) Gecko/20050511 Firefox/1.0.4"
137.229.70.98 - - [01/Mar/2006:11:21:43 -0900] "GET /gallery/bookdoc/usgsbulletin989F.pdf HTTP/1.1" 206 171965 "-" "Mozilla/5.0 (Windows; U; Windows NT 5.1; en-US; rv:1.7.8) Gecko/20050511 Firefox/1.0.4"
137.229.70.98 - - [01/Mar/2006:11:21:44 -0900] "GET /gallery/bookdoc/usgsbulletin989F.pdf HTTP/1.1" 206 62070 "-" "Mozilla/5.0 (Windows; U; Windows NT 5.1; en-US; rv:1.7.8) Gecko/20050511 Firefox/1.0.4"
137.229.70.98 - - [01/Mar/2006:11:21:45 -0900] "GET /gallery/bookdoc/usgsbulletin989F.pdf HTTP/1.1" 206 131881 "-" "Mozilla/5.0 (Windows; U; Windows NT 5.1; en-US; rv:1.7.8) Gecko/20050511 Firefox/1.0.4"
137.229.70.98 - - [01/Mar/2006:11:21:46 -0900] "GET /gallery/bookdoc/usgsbulletin989F.pdf HTTP/1.1" 206 166277 "-" "Mozilla/5.0 (Windows; U; Windows NT 5.1; en-US; rv:1.7.8) Gecko/20050511 Firefox/1.0.4"
137.229.70.98 - - [01/Mar/2006:11:21:48 -0900] "GET /gallery/bookdoc/usgsbulletin989F.pdf HTTP/1.1" 206 186212 "-" "Mozilla/5.0 (Windows; U; Windows NT 5.1; en-US; rv:1.7.8) Gecko/20050511 Firefox/1.0.4"
137.229.70.98 - - [01/Mar/2006:11:21:50 -0900] "GET /gallery/bookdoc/usgsbulletin989F.pdf HTTP/1.1" 206 175089 "-" "Mozilla/5.0 (Windows; U; Windows NT 5.1; en-US; rv:1.7.8) Gecko/20050511 Firefox/1.0.4"
217.212.224.165 - - [01/Mar/2006:11:21:52 -0900] "GET /gallery/photos/19750084/00/pages/1975-0084-00057.html HTTP/1.0" 200 1886 "-" "psbot/0.1 (+http://www.picsearch.com/bot.html)"
137.229.70.98 - - [01/Mar/2006:11:21:52 -0900] "GET /gallery/bookdoc/usgsbulletin989F.pdf HTTP/1.1" 206 269066 "-" "Mozilla/5.0 (Windows; U; Windows NT 5.1; en-US; rv:1.7.8) Gecko/20050511 Firefox/1.0.4"
137.229.70.98 - - [01/Mar/2006:11:21:53 -0900] "GET /gallery/bookdoc/usgsbulletin989F.pdf HTTP/1.1" 206 240214 "-" "Mozilla/5.0 (Windows; U; Windows NT 5.1; en-US; rv:1.7.8) Gecko/20050511 Firefox/1.0.4"
137.229.70.98 - - [01/Mar/2006:11:21:55 -0900] "GET /gallery/bookdoc/usgsbulletin989F.pdf HTTP/1.1" 206 177844 "-" "Mozilla/5.0 (Windows; U; Windows NT 5.1; en-US; rv:1.7.8) Gecko/20050511 Firefox/1.0.4"
137.229.70.98 - - [01/Mar/2006:11:21:57 -0900] "GET /gallery/bookdoc/usgsbulletin989F.pdf HTTP/1.1" 206 190320 "-" "Mozilla/5.0 (Windows; U; Windows NT 5.1; en-US; rv:1.7.8) Gecko/20050511 Firefox/1.0.4"
137.229.70.98 - - [01/Mar/2006:11:21:58 -0900] "GET /gallery/bookdoc/usgsbulletin989F.pdf HTTP/1.1" 206 164117 "-" "Mozilla/5.0 (Windows; U; Windows NT 5.1; en-US; rv:1.7.8) Gecko/20050511 Firefox/1.0.4"
137.229.70.98 - - [01/Mar/2006:11:22:00 -0900] "GET /gallery/bookdoc/usgsbulletin989F.pdf HTTP/1.1" 206 1888673 "-" "Mozilla/5.0 (Windows; U; Windows NT 5.1; en-US; rv:1.7.8) Gecko/20050511 Firefox/1.0.4"
137.229.70.98 - - [01/Mar/2006:11:22:06 -0900] "GET /gallery/bookdoc/usgsbulletin989F.pdf HTTP/1.1" 206 6446 "-" "Mozilla/5.0 (Windows; U; Windows NT 5.1; en-US; rv:1.7.8) Gecko/20050511 Firefox/1.0.4"
217.212.224.146 - - [01/Mar/2006:11:22:41 -0900] "GET /gallery/photos/19750084/01/pages/1975-0084-00122.html HTTP/1.0" 200 1886 "-" "psbot/0.1 (+http://www.picsearch.com/bot.html)"
137.229.70.98 - - [01/Mar/2006:11:23:04 -0900] "GET /gallery/bookdoc/usgsbulletin849B.pdf HTTP/1.1" 200 19267433 "http://photolab.elmer.uaf.edu/gallery/bookgallery.html" "Mozilla/5.0 (Windows; U; Windows NT 5.1; en-US; rv:1.7.8) Gecko/20050511 Firefox/1.0.4"
217.212.224.146 - - [01/Mar/2006:11:23:30 -0900] "GET /gallery/photos/19750084/01/pages/1975-0084-00123.html HTTP/1.0" 200 1886 "-" "psbot/0.1 (+http://www.picsearch.com/bot.html)"
137.229.70.98 - - [01/Mar/2006:11:23:04 -0900] "GET /gallery/bookdoc/usgsbulletin849B.pdf HTTP/1.1" 206 19202230 "-" "Mozilla/5.0 (Windows; U; Windows NT 5.1; en-US; rv:1.7.8) Gecko/20050511 Firefox/1.0.4"
137.229.70.98 - - [01/Mar/2006:11:24:05 -0900] "GET /gallery/bookdoc/usgsbulletin849B.pdf HTTP/1.1" 200 19267433 "http://photolab.elmer.uaf.edu/gallery/bookgallery.html" "Mozilla/5.0 (Windows; U; Windows NT 5.1; en-US; rv:1.7.8) Gecko/20050511 Firefox/1.0.4"
217.212.224.159 - - [01/Mar/2006:11:24:21 -0900] "GET /gallery/photos/19750084/01/pages/1975-0084-00124.html HTTP/1.0" 200 1886 "-" "psbot/0.1 (+http://www.picsearch.com/bot.html)"
137.229.70.98 - - [01/Mar/2006:11:24:05 -0900] "GET /gallery/bookdoc/usgsbulletin849B.pdf HTTP/1.1" 206 19202230 "-" "Mozilla/5.0 (Windows; U; Windows NT 5.1; en-US; rv:1.7.8) Gecko/20050511 Firefox/1.0.4"
137.229.70.98 - - [01/Mar/2006:11:24:58 -0900] "GET /gallery/bookdoc/usgsbulletin849B.pdf HTTP/1.1" 200 19267433 "http://photolab.elmer.uaf.edu/gallery/bookgallery.html" "Mozilla/5.0 (Windows; U; Windows NT 5.1; en-US; rv:1.7.8) Gecko/20050511 Firefox/1.0.4"
217.212.224.145 - - [01/Mar/2006:11:25:09 -0900] "GET /gallery/photos/19750084/01/pages/1975-0084-00125.html HTTP/1.0" 200 1886 "-" "psbot/0.1 (+http://www.picsearch.com/bot.html)"
137.229.70.98 - - [01/Mar/2006:11:24:58 -0900] "GET /gallery/bookdoc/usgsbulletin849B.pdf HTTP/1.1" 206 19210422 "-" "Mozilla/5.0 (Windows; U; Windows NT 5.1; en-US; rv:1.7.8) Gecko/20050511 Firefox/1.0.4"
217.212.224.142 - - [01/Mar/2006:11:26:01 -0900] "GET /gallery/photos/19750084/01/pages/1975-0084-00126.html HTTP/1.0" 200 1886 "-" "psbot/0.1 (+http://www.picsearch.com/bot.html)"
