217.212.224.165 - - [01/Mar/2006:11:26:49 -0900] "GET /gallery/photos/19750084/01/pages/1975-0084-00127.html HTTP/1.0" 200 1886 "-" "psbot/0.1 (+http://www.picsearch.com/bot.html)"
217.212.224.142 - - [01/Mar/2006:11:27:40 -0900] "GET /gallery/photos/19750084/01/pages/1975-0084-00128.html HTTP/1.0" 200 1886 "-" "psbot/0.1 (+http://www.picsearch.com/bot.html)"
217.212.224.159 - - [01/Mar/2006:11:28:32 -0900] "GET /gallery/photos/19750084/01/pages/1975-0084-00129.html HTTP/1.0" 200 1886 "-" "psbot/0.1 (+http://www.picsearch.com/bot.html)"
84.87.27.158 - - [01/Mar/2006:11:29:12 -0900] "GET /store/alaskanatives.html HTTP/1.1" 301 358 "http://images.google.nl/imgres?imgurl=http://photolab.elmer.uaf.edu/store/photos/smalljpegs/(040)1958-1026-01700.jpg&imgrefurl=http://photolab.elmer.uaf.edu/store/alaskanatives.html&h=200&w=152&sz=30&tbnid=OFRLH6vgb2y0xM:&tbnh=99&tbnw=75&hl=nl&start=402&prev=/images%3Fq%3Deskimo%26start%3D400%26svnum%3D10%26hl%3Dnl%26lr%3D%26sa%3DN" "Mozilla/4.0 (compatible; MSIE 6.0; Windows NT 5.1)"
84.87.27.158 - - [01/Mar/2006:11:29:13 -0900] "GET /store/photos/smalljpegs/(040)1958-1026-01700.jpg HTTP/1.1" 301 382 "http://images.google.nl/imgres?imgurl=http://photolab.elmer.uaf.edu/store/photos/smalljpegs/(040)1958-1026-01700.jpg&imgrefurl=http://photolab.elmer.uaf.edu/store/alaskanatives.html&h=200&w=152&sz=30&tbnid=OFRLH6vgb2y0xM:&tbnh=99&tbnw=75&hl=nl&prev=/images%3Fq%3Deskimo%26start%3D400%26svnum%3D10%26hl%3Dnl%26lr%3D%26sa%3DN&frame=small" "Mozilla/4.0 (compatible; MSIE 6.0; Windows NT 5.1)"
217.212.224.159 - - [01/Mar/2006:11:29:21 -0900] "GET /gallery/photos/19750084/01/pages/1975-0084-00130.html HTTP/1.0" 200 1886 "-" "psbot/0.1 (+http://www.picsearch.com/bot.html)"
217.212.224.142 - - [01/Mar/2006:11:30:12 -0900] "GET /gallery/photos/19750084/01/pages/1975-0084-00131.html HTTP/1.0" 200 1886 "-" "psbot/0.1 (+http://www.picsearch.com/bot.html)"
217.212.224.165 - - [01/Mar/2006:11:31:02 -0900] "GET /gallery/photos/19750084/01/pages/1975-0084-00132.html HTTP/1.0" 200 1886 "-" "psbot/0.1 (+http://www.picsearch.com/bot.html)"
217.212.224.145 - - [01/Mar/2006:11:31:49 -0900] "GET /gallery/photos/19750084/01/pages/1975-0084-00133.html HTTP/1.0" 200 1886 "-" "psbot/0.1 (+http://www.picsearch.com/bot.html)"
64.242.88.10 - - [01/Mar/2006:11:32:29 -0900] "GET /photosales.html HTTP/1.1" 200 5880 "-" "Mozilla/4.0 compatible ZyBorg/1.0 (wn-14.zyborg@looksmart.net; http://www.WISEnutbot.com)"
72.30.129.31 - - [01/Mar/2006:11:33:30 -0900] "GET /gallery/photos/19850030/pages/1985-0030-00006.htm HTTP/1.0" 200 1872 "-" "Mozilla/5.0 (compatible; Yahoo! Slurp; http://help.yahoo.com/help/us/ysearch/slurp)"
217.212.224.142 - - [01/Mar/2006:11:33:31 -0900] "GET /gallery/photos/19750084/01/pages/1975-0084-00134.html HTTP/1.0" 200 1886 "-" "psbot/0.1 (+http://www.picsearch.com/bot.html)"
217.212.224.159 - - [01/Mar/2006:11:34:18 -0900] "GET /gallery/photos/19750084/01/pages/1975-0084-00135.html HTTP/1.0" 200 1886 "-" "psbot/0.1 (+http://www.picsearch.com/bot.html)"
64.242.88.10 - - [01/Mar/2006:11:34:57 -0900] "GET /hours.html HTTP/1.1" 200 5909 "-" "Mozilla/4.0 compatible ZyBorg/1.0 (wn-14.zyborg@looksmart.net; http://www.WISEnutbot.com)"
217.212.224.165 - - [01/Mar/2006:11:35:10 -0900] "GET /gallery/photos/19750084/01/pages/1975-0084-00136.html HTTP/1.0" 200 1886 "-" "psbot/0.1 (+http://www.picsearch.com/bot.html)"
217.212.224.165 - - [01/Mar/2006:11:35:57 -0900] "GET /gallery/photos/19750084/01/pages/1975-0084-00137.html HTTP/1.0" 200 1886 "-" "psbot/0.1 (+http://www.picsearch.com/bot.html)"
213.134.106.125 - - [01/Mar/2006:11:36:02 -0900] "GET /index_files/lib.css HTTP/1.1" 200 2809 "http://photolab.elmer.uaf.edu/gallery/maps/mapg3290.html" "Mozilla/5.0 (Windows; U; Windows NT 5.1; en-US; rv:1.8.0.1) Gecko/20060111 Firefox/1.5.0.1"
213.134.106.125 - - [01/Mar/2006:11:36:02 -0900] "GET /gallery/maps/mapg3290.html HTTP/1.1" 200 15535 "http://images.google.se/imgres?imgurl=http://photolab.elmer.uaf.edu/gallery/maps/G3200/large/G3290%25201746%2520R68a.jpg&imgrefurl=http://photolab.elmer.uaf.edu/gallery/maps/mapg3290.html&h=868&w=1200&sz=226&tbnid=abrt9KHNWft_eM:&tbnh=108&tbnw=150&hl=sv&start=4&prev=/images%3Fq%3D1746%26svnum%3D10%26hl%3Dsv%26lr%3D%26client%3Dfirefox-a%26rls%3Dorg.mozilla:en-US:official%26sa%3DN" "Mozilla/5.0 (Windows; U; Windows NT 5.1; en-US; rv:1.8.0.1) Gecko/20060111 Firefox/1.5.0.1"
213.134.106.125 - - [01/Mar/2006:11:36:03 -0900] "GET /index_files/title.jpg HTTP/1.1" 200 5438 "http://photolab.elmer.uaf.edu/gallery/maps/mapg3290.html" "Mozilla/5.0 (Windows; U; Windows NT 5.1; en-US; rv:1.8.0.1) Gecko/20060111 Firefox/1.5.0.1"
213.134.106.125 - - [01/Mar/2006:11:36:03 -0900] "GET /index_files/empty.gif HTTP/1.1" 200 45 "http://photolab.elmer.uaf.edu/gallery/maps/mapg3290.html" "Mozilla/5.0 (Windows; U; Windows NT 5.1; en-US; rv:1.8.0.1) Gecko/20060111 Firefox/1.5.0.1"
213.134.106.125 - - [01/Mar/2006:11:36:03 -0900] "GET /index_files/apr.jpg HTTP/1.1" 200 6015 "http://photolab.elmer.uaf.edu/gallery/maps/mapg3290.html" "Mozilla/5.0 (Windows; U; Windows NT 5.1; en-US; rv:1.8.0.1) Gecko/20060111 Firefox/1.5.0.1"
213.134.106.125 - - [01/Mar/2006:11:36:04 -0900] "GET /index_files/small.dps.jpg HTTP/1.1" 200 5830 "http://photolab.elmer.uaf.edu/gallery/maps/mapg3290.html" "Mozilla/5.0 (Windows; U; Windows NT 5.1; en-US; rv:1.8.0.1) Gecko/20060111 Firefox/1.5.0.1"
213.134.106.125 - - [01/Mar/2006:11:36:04 -0900] "GET /index_files/small.jpg HTTP/1.1" 200 2294 "http://photolab.elmer.uaf.edu/gallery/maps/mapg3290.html" "Mozilla/5.0 (Windows; U; Windows NT 5.1; en-US; rv:1.8.0.1) Gecko/20060111 Firefox/1.5.0.1"
213.134.106.125 - - [01/Mar/2006:11:36:04 -0900] "GET /index_files/small_002.jpg HTTP/1.1" 200 1351 "http://photolab.elmer.uaf.edu/gallery/maps/mapg3290.html" "Mozilla/5.0 (Windows; U; Windows NT 5.1; en-US; rv:1.8.0.1) Gecko/20060111 Firefox/1.5.0.1"
213.134.106.125 - - [01/Mar/2006:11:36:04 -0900] "GET /index_files/small_003.jpg HTTP/1.1" 200 1521 "http://photolab.elmer.uaf.edu/gallery/maps/mapg3290.html" "Mozilla/5.0 (Windows; U; Windows NT 5.1; en-US; rv:1.8.0.1) Gecko/20060111 Firefox/1.5.0.1"
213.134.106.125 - - [01/Mar/2006:11:36:04 -0900] "GET /gallery/maps/G3200/small/G3290%201623%20B79.jpg HTTP/1.1" 200 31841 "http://photolab.elmer.uaf.edu/gallery/maps/mapg3290.html" "Mozilla/5.0 (Windows; U; Windows NT 5.1; en-US; rv:1.8.0.1) Gecko/20060111 Firefox/1.5.0.1"
213.134.106.125 - - [01/Mar/2006:11:36:04 -0900] "GET /gallery/maps/G3200/small/G3290%20%5B1544%5D%20M86.jpg HTTP/1.1" 200 24694 "http://photolab.elmer.uaf.edu/gallery/maps/mapg3290.html" "Mozilla/5.0 (Windows; U; Windows NT 5.1; en-US; rv:1.8.0.1) Gecko/20060111 Firefox/1.5.0.1"
213.134.106.125 - - [01/Mar/2006:11:36:06 -0900] "GET /gallery/maps/G3200/small/G3290%20%5B1630_%5D%20L33.jpg HTTP/1.1" 200 26592 "http://photolab.elmer.uaf.edu/gallery/maps/mapg3290.html" "Mozilla/5.0 (Windows; U; Windows NT 5.1; en-US; rv:1.8.0.1) Gecko/20060111 Firefox/1.5.0.1"
213.134.106.125 - - [01/Mar/2006:11:36:07 -0900] "GET /gallery/maps/G3200/small/G3290%20%5B1710%5D%20D361.jpg HTTP/1.1" 200 26453 "http://photolab.elmer.uaf.edu/gallery/maps/mapg3290.html" "Mozilla/5.0 (Windows; U; Windows NT 5.1; en-US; rv:1.8.0.1) Gecko/20060111 Firefox/1.5.0.1"
213.134.106.125 - - [01/Mar/2006:11:36:08 -0900] "GET /gallery/maps/G3200/small/G3290%20%5B1710%5D%20H65.jpg HTTP/1.1" 200 25930 "http://photolab.elmer.uaf.edu/gallery/maps/mapg3290.html" "Mozilla/5.0 (Windows; U; Windows NT 5.1; en-US; rv:1.8.0.1) Gecko/20060111 Firefox/1.5.0.1"
213.134.106.125 - - [01/Mar/2006:11:36:08 -0900] "GET /gallery/maps/G3200/small/G3290%201746%20R68.jpg HTTP/1.1" 200 24716 "http://photolab.elmer.uaf.edu/gallery/maps/mapg3290.html" "Mozilla/5.0 (Windows; U; Windows NT 5.1; en-US; rv:1.8.0.1) Gecko/20060111 Firefox/1.5.0.1"
213.134.106.125 - - [01/Mar/2006:11:36:09 -0900] "GET /gallery/maps/G3200/small/G3290%201746%20R68a.jpg HTTP/1.1" 200 24802 "http://photolab.elmer.uaf.edu/gallery/maps/mapg3290.html" "Mozilla/5.0 (Windows; U; Windows NT 5.1; en-US; rv:1.8.0.1) Gecko/20060111 Firefox/1.5.0.1"
213.134.106.125 - - [01/Mar/2006:11:36:10 -0900] "GET /gallery/maps/G3200/small/G3290%201762%20J35.jpg HTTP/1.1" 200 24515 "http://photolab.elmer.uaf.edu/gallery/maps/mapg3290.html" "Mozilla/5.0 (Windows; U; Windows NT 5.1; en-US; rv:1.8.0.1) Gecko/20060111 Firefox/1.5.0.1"
213.134.106.125 - - [01/Mar/2006:11:36:11 -0900] "GET /gallery/maps/G3200/small/G3290%201775%20S29%20sheet%201.jpg HTTP/1.1" 200 24939 "http://photolab.elmer.uaf.edu/gallery/maps/mapg3290.html" "Mozilla/5.0 (Windows; U; Windows NT 5.1; en-US; rv:1.8.0.1) Gecko/20060111 Firefox/1.5.0.1"
213.134.106.125 - - [01/Mar/2006:11:36:11 -0900] "GET /gallery/maps/G3200/small/G3290%201775%20S29%20sheet%202.jpg HTTP/1.1" 200 24811 "http://photolab.elmer.uaf.edu/gallery/maps/mapg3290.html" "Mozilla/5.0 (Windows; U; Windows NT 5.1; en-US; rv:1.8.0.1) Gecko/20060111 Firefox/1.5.0.1"
213.134.106.125 - - [01/Mar/2006:11:36:12 -0900] "GET /gallery/maps/G3200/small/G3290%201783%20S82.jpg HTTP/1.1" 200 26904 "http://photolab.elmer.uaf.edu/gallery/maps/mapg3290.html" "Mozilla/5.0 (Windows; U; Windows NT 5.1; en-US; rv:1.8.0.1) Gecko/20060111 Firefox/1.5.0.1"
213.134.106.125 - - [01/Mar/2006:11:36:13 -0900] "GET /gallery/maps/G3200/small/G3290%20%5B1790_%5D%20B741.jpg HTTP/1.1" 200 24646 "http://photolab.elmer.uaf.edu/gallery/maps/mapg3290.html" "Mozilla/5.0 (Windows; U; Windows NT 5.1; en-US; rv:1.8.0.1) Gecko/20060111 Firefox/1.5.0.1"
213.134.106.125 - - [01/Mar/2006:11:36:14 -0900] "GET /gallery/maps/G3200/small/G3290%20%5B1818%5D%20J85.jpg HTTP/1.1" 200 23788 "http://photolab.elmer.uaf.edu/gallery/maps/mapg3290.html" "Mozilla/5.0 (Windows; U; Windows NT 5.1; en-US; rv:1.8.0.1) Gecko/20060111 Firefox/1.5.0.1"
213.134.106.125 - - [01/Mar/2006:11:36:16 -0900] "GET /gallery/maps/G3200/small/G3290%201828%20B3%20sheet%201.jpg HTTP/1.1" 200 23894 "http://photolab.elmer.uaf.edu/gallery/maps/mapg3290.html" "Mozilla/5.0 (Windows; U; Windows NT 5.1; en-US; rv:1.8.0.1) Gecko/20060111 Firefox/1.5.0.1"
213.134.106.125 - - [01/Mar/2006:11:36:17 -0900] "GET /gallery/maps/G3200/small/G3290%201828%20B3%20sheet%202.jpg HTTP/1.1" 200 30365 "http://photolab.elmer.uaf.edu/gallery/maps/mapg3290.html" "Mozilla/5.0 (Windows; U; Windows NT 5.1; en-US; rv:1.8.0.1) Gecko/20060111 Firefox/1.5.0.1"
213.134.106.125 - - [01/Mar/2006:11:36:19 -0900] "GET /gallery/maps/G3200/small/G3290%201828%20B3%20sheet%203.jpg HTTP/1.1" 200 30511 "http://photolab.elmer.uaf.edu/gallery/maps/mapg3290.html" "Mozilla/5.0 (Windows; U; Windows NT 5.1; en-US; rv:1.8.0.1) Gecko/20060111 Firefox/1.5.0.1"
213.134.106.125 - - [01/Mar/2006:11:36:21 -0900] "GET /gallery/maps/G3200/small/G3290%201828%20B3%20sheet%204.jpg HTTP/1.1" 200 26996 "http://photolab.elmer.uaf.edu/gallery/maps/mapg3290.html" "Mozilla/5.0 (Windows; U; Windows NT 5.1; en-US; rv:1.8.0.1) Gecko/20060111 Firefox/1.5.0.1"
213.134.106.125 - - [01/Mar/2006:11:36:23 -0900] "GET /gallery/maps/G3200/small/G3290%201828%20B3%20sheet%205.jpg HTTP/1.1" 200 28324 "http://photolab.elmer.uaf.edu/gallery/maps/mapg3290.html" "Mozilla/5.0 (Windows; U; Windows NT 5.1; en-US; rv:1.8.0.1) Gecko/20060111 Firefox/1.5.0.1"
213.134.106.125 - - [01/Mar/2006:11:36:24 -0900] "GET /gallery/maps/G3200/small/G3290%201828%20B3%20sheet%206.jpg HTTP/1.1" 200 30129 "http://photolab.elmer.uaf.edu/gallery/maps/mapg3290.html" "Mozilla/5.0 (Windows; U; Windows NT 5.1; en-US; rv:1.8.0.1) Gecko/20060111 Firefox/1.5.0.1"
213.134.106.125 - - [01/Mar/2006:11:36:26 -0900] "GET /gallery/maps/G3200/small/G3290%201828%20B3%20sheet%208.jpg HTTP/1.1" 200 24398 "http://photolab.elmer.uaf.edu/gallery/maps/mapg3290.html" "Mozilla/5.0 (Windows; U; Windows NT 5.1; en-US; rv:1.8.0.1) Gecko/20060111 Firefox/1.5.0.1"
213.134.106.125 - - [01/Mar/2006:11:36:25 -0900] "GET /gallery/maps/G3200/small/G3290%201828%20B3%20sheet%207.jpg HTTP/1.1" 200 27031 "http://photolab.elmer.uaf.edu/gallery/maps/mapg3290.html" "Mozilla/5.0 (Windows; U; Windows NT 5.1; en-US; rv:1.8.0.1) Gecko/20060111 Firefox/1.5.0.1"
213.134.106.125 - - [01/Mar/2006:11:36:28 -0900] "GET /index_files/bluebear.gif HTTP/1.1" 200 1263 "http://photolab.elmer.uaf.edu/gallery/maps/mapg3290.html" "Mozilla/5.0 (Windows; U; Windows NT 5.1; en-US; rv:1.8.0.1) Gecko/20060111 Firefox/1.5.0.1"
213.134.106.125 - - [01/Mar/2006:11:36:27 -0900] "GET /gallery/maps/G3200/small/G3290%20%5B1851%5D%20R36.jpg HTTP/1.1" 200 25469 "http://photolab.elmer.uaf.edu/gallery/maps/mapg3290.html" "Mozilla/5.0 (Windows; U; Windows NT 5.1; en-US; rv:1.8.0.1) Gecko/20060111 Firefox/1.5.0.1"
213.134.106.125 - - [01/Mar/2006:11:36:28 -0900] "GET /index_files/sitemap.gif HTTP/1.1" 200 1503 "http://photolab.elmer.uaf.edu/gallery/maps/mapg3290.html" "Mozilla/5.0 (Windows; U; Windows NT 5.1; en-US; rv:1.8.0.1) Gecko/20060111 Firefox/1.5.0.1"
213.134.106.125 - - [01/Mar/2006:11:36:28 -0900] "GET /index_files/bar.gif HTTP/1.1" 200 342 "http://photolab.elmer.uaf.edu/gallery/maps/mapg3290.html" "Mozilla/5.0 (Windows; U; Windows NT 5.1; en-US; rv:1.8.0.1) Gecko/20060111 Firefox/1.5.0.1"
217.212.224.142 - - [01/Mar/2006:11:36:45 -0900] "GET /gallery/photos/19750084/01/pages/1975-0084-00138.html HTTP/1.0" 200 1886 "-" "psbot/0.1 (+http://www.picsearch.com/bot.html)"
217.212.224.165 - - [01/Mar/2006:11:37:35 -0900] "GET /gallery/photos/19750084/01/pages/1975-0084-00139.html HTTP/1.0" 200 1886 "-" "psbot/0.1 (+http://www.picsearch.com/bot.html)"
217.212.224.146 - - [01/Mar/2006:11:38:23 -0900] "GET /gallery/photos/20040111/06/pages/2004-0111-00600.htm HTTP/1.0" 200 1727 "-" "psbot/0.1 (+http://www.picsearch.com/bot.html)"
217.212.224.146 - - [01/Mar/2006:11:39:17 -0900] "GET /gallery/photos/20040111/06/pages/2004-0111-00601.htm HTTP/1.0" 200 1882 "-" "psbot/0.1 (+http://www.picsearch.com/bot.html)"
217.212.224.146 - - [01/Mar/2006:11:40:07 -0900] "GET /gallery/photos/20040111/06/pages/2004-0111-00602.htm HTTP/1.0" 200 1882 "-" "psbot/0.1 (+http://www.picsearch.com/bot.html)"
217.212.224.141 - - [01/Mar/2006:11:40:55 -0900] "GET /robots.txt HTTP/1.0" 200 96 "-" "psbot/0.1 (+http://www.picsearch.com/bot.html)"
217.212.224.145 - - [01/Mar/2006:11:40:56 -0900] "GET /gallery/photos/20040111/06/pages/2004-0111-00603.htm HTTP/1.0" 200 1882 "-" "psbot/0.1 (+http://www.picsearch.com/bot.html)"
217.212.224.142 - - [01/Mar/2006:11:41:49 -0900] "GET /gallery/photos/20040111/06/pages/2004-0111-00604.htm HTTP/1.0" 200 1882 "-" "psbot/0.1 (+http://www.picsearch.com/bot.html)"
217.212.224.159 - - [01/Mar/2006:11:42:39 -0900] "GET /gallery/photos/20040111/06/pages/2004-0111-00605.htm HTTP/1.0" 200 1882 "-" "psbot/0.1 (+http://www.picsearch.com/bot.html)"
217.212.224.145 - - [01/Mar/2006:11:43:26 -0900] "GET /gallery/photos/20040111/06/pages/2004-0111-00606.htm HTTP/1.0" 200 1882 "-" "psbot/0.1 (+http://www.picsearch.com/bot.html)"
217.212.224.143 - - [01/Mar/2006:11:44:18 -0900] "GET /gallery/photos/20040111/06/pages/2004-0111-00607.htm HTTP/1.0" 200 1882 "-" "psbot/0.1 (+http://www.picsearch.com/bot.html)"
217.212.224.165 - - [01/Mar/2006:11:45:07 -0900] "GET /gallery/photos/20040111/06/pages/2004-0111-00608.htm HTTP/1.0" 200 1882 "-" "psbot/0.1 (+http://www.picsearch.com/bot.html)"
217.212.224.145 - - [01/Mar/2006:11:45:58 -0900] "GET /gallery/photos/20040111/06/pages/2004-0111-00609.htm HTTP/1.0" 200 1883 "-" "psbot/0.1 (+http://www.picsearch.com/bot.html)"
217.212.224.142 - - [01/Mar/2006:11:46:50 -0900] "GET /gallery/photos/20040111/06/pages/2004-0111-00610.htm HTTP/1.0" 200 1883 "-" "psbot/0.1 (+http://www.picsearch.com/bot.html)"
217.212.224.143 - - [01/Mar/2006:11:47:37 -0900] "GET /gallery/photos/20040111/06/pages/2004-0111-00611.htm HTTP/1.0" 200 1883 "-" "psbot/0.1 (+http://www.picsearch.com/bot.html)"
213.134.106.125 - - [01/Mar/2006:11:47:27 -0900] "GET /gallery/maps/G3200/large/G3290%201746%20R68a.jpg HTTP/1.1" 200 206617 "http://images.google.se/imgres?imgurl=http://photolab.elmer.uaf.edu/gallery/maps/G3200/large/G3290%25201746%2520R68a.jpg&imgrefurl=http://photolab.elmer.uaf.edu/gallery/maps/mapg3290.html&h=868&w=1200&sz=226&tbnid=abrt9KHNWft_eM:&tbnh=108&tbnw=150&hl=sv&prev=/images%3Fq%3D1746%26svnum%3D10%26hl%3Dsv%26lr%3D%26client%3Dfirefox-a%26rls%3Dorg.mozilla:en-US:official%26sa%3DN&frame=small" "Mozilla/5.0 (Windows; U; Windows NT 5.1; en-US; rv:1.8.0.1) Gecko/20060111 Firefox/1.5.0.1"
217.212.224.146 - - [01/Mar/2006:11:48:29 -0900] "GET /gallery/photos/19750084/02/pages/1975-0084-00212.html HTTP/1.0" 200 2086 "-" "psbot/0.1 (+http://www.picsearch.com/bot.html)"
72.30.133.148 - - [01/Mar/2006:11:48:45 -0900] "GET /gallery/photos/19890199/2/pages/1989-0199-00228.html HTTP/1.0" 200 1756 "-" "Mozilla/5.0 (compatible; Yahoo! Slurp; http://help.yahoo.com/help/us/ysearch/slurp)"
217.212.224.165 - - [01/Mar/2006:11:49:17 -0900] "GET /gallery/photos/19750084/02/pages/1975-0084-00213.html HTTP/1.0" 200 2086 "-" "psbot/0.1 (+http://www.picsearch.com/bot.html)"
137.229.68.197 - - [01/Mar/2006:11:49:24 -0900] "GET /index.html HTTP/1.1" 200 8969 "http://www.uaf.edu/library/" "Mozilla/4.0 (compatible; MSIE 6.0; Windows NT 5.1; SV1)"
137.229.68.197 - - [01/Mar/2006:11:49:25 -0900] "GET /index_files/lib.css HTTP/1.1" 200 2809 "http://photolab.elmer.uaf.edu/index.html" "Mozilla/4.0 (compatible; MSIE 6.0; Windows NT 5.1; SV1)"
137.229.68.197 - - [01/Mar/2006:11:49:25 -0900] "GET /index_files/apr.jpg HTTP/1.1" 200 6015 "http://photolab.elmer.uaf.edu/index.html" "Mozilla/4.0 (compatible; MSIE 6.0; Windows NT 5.1; SV1)"
137.229.68.197 - - [01/Mar/2006:11:49:25 -0900] "GET /index_files/title.jpg HTTP/1.1" 200 5438 "http://photolab.elmer.uaf.edu/index.html" "Mozilla/4.0 (compatible; MSIE 6.0; Windows NT 5.1; SV1)"
137.229.68.197 - - [01/Mar/2006:11:49:25 -0900] "GET /index_files/empty.gif HTTP/1.1" 200 45 "http://photolab.elmer.uaf.edu/index.html" "Mozilla/4.0 (compatible; MSIE 6.0; Windows NT 5.1; SV1)"
137.229.68.197 - - [01/Mar/2006:11:49:25 -0900] "GET /index_files/small.jpg HTTP/1.1" 200 2294 "http://photolab.elmer.uaf.edu/index.html" "Mozilla/4.0 (compatible; MSIE 6.0; Windows NT 5.1; SV1)"
137.229.68.197 - - [01/Mar/2006:11:49:25 -0900] "GET /index_files/small_002.jpg HTTP/1.1" 200 1351 "http://photolab.elmer.uaf.edu/index.html" "Mozilla/4.0 (compatible; MSIE 6.0; Windows NT 5.1; SV1)"
137.229.68.197 - - [01/Mar/2006:11:49:25 -0900] "GET /index_files/small.dps.jpg HTTP/1.1" 200 5830 "http://photolab.elmer.uaf.edu/index.html" "Mozilla/4.0 (compatible; MSIE 6.0; Windows NT 5.1; SV1)"
137.229.68.197 - - [01/Mar/2006:11:49:25 -0900] "GET /index_files/bluebear.gif HTTP/1.1" 200 1263 "http://photolab.elmer.uaf.edu/index.html" "Mozilla/4.0 (compatible; MSIE 6.0; Windows NT 5.1; SV1)"
137.229.68.197 - - [01/Mar/2006:11:49:25 -0900] "GET /index_files/small_003.jpg HTTP/1.1" 200 1521 "http://photolab.elmer.uaf.edu/index.html" "Mozilla/4.0 (compatible; MSIE 6.0; Windows NT 5.1; SV1)"
137.229.68.197 - - [01/Mar/2006:11:49:25 -0900] "GET /index_files/sitemap.gif HTTP/1.1" 200 1503 "http://photolab.elmer.uaf.edu/index.html" "Mozilla/4.0 (compatible; MSIE 6.0; Windows NT 5.1; SV1)"
137.229.68.197 - - [01/Mar/2006:11:49:25 -0900] "GET /index_files/bar.gif HTTP/1.1" 200 342 "http://photolab.elmer.uaf.edu/index.html" "Mozilla/4.0 (compatible; MSIE 6.0; Windows NT 5.1; SV1)"
217.212.224.143 - - [01/Mar/2006:11:50:06 -0900] "GET /gallery/photos/19750084/02/pages/1975-0084-00214.html HTTP/1.0" 200 2086 "-" "psbot/0.1 (+http://www.picsearch.com/bot.html)"
217.212.224.165 - - [01/Mar/2006:11:50:56 -0900] "GET /gallery/photos/19750084/02/pages/1975-0084-00215.html HTTP/1.0" 200 2086 "-" "psbot/0.1 (+http://www.picsearch.com/bot.html)"
217.212.224.165 - - [01/Mar/2006:11:51:46 -0900] "GET /gallery/photos/19750084/02/pages/1975-0084-00216.html HTTP/1.0" 200 2086 "-" "psbot/0.1 (+http://www.picsearch.com/bot.html)"
217.212.224.165 - - [01/Mar/2006:11:52:35 -0900] "GET /gallery/photos/19750084/02/pages/1975-0084-00217.html HTTP/1.0" 200 2086 "-" "psbot/0.1 (+http://www.picsearch.com/bot.html)"
217.212.224.145 - - [01/Mar/2006:11:53:28 -0900] "GET /gallery/photos/19750084/02/pages/1975-0084-00218.html HTTP/1.0" 200 2086 "-" "psbot/0.1 (+http://www.picsearch.com/bot.html)"
217.212.224.142 - - [01/Mar/2006:11:54:20 -0900] "GET /gallery/photos/19750084/02/pages/1975-0084-00219.html HTTP/1.0" 200 2086 "-" "psbot/0.1 (+http://www.picsearch.com/bot.html)"
207.58.192.123 - - [01/Mar/2006:11:54:57 -0900] "GET /store/allphotos3.html HTTP/1.1" 301 355 "http://images.google.com/imgres?imgurl=http://photolab.elmer.uaf.edu/store/photos/largejpegs/(087)1958-1026-01659.jpg&imgrefurl=http://photolab.elmer.uaf.edu/store/allphotos3.html&h=805&w=1000&sz=168&tbnid=kT4YKZw5V4RBqM:&tbnh=119&tbnw=149&hl=en&start=2&prev=/images%3Fq%3DWINTER%2BFUN%26svnum%3D10%26hl%3Den%26lr%3D%26client%3Dsafari%26rls%3Den-us%26sa%3DN" "Mozilla/5.0 (Macintosh; U; PPC Mac OS X; en-us) AppleWebKit/312.1 (KHTML, like Gecko) Safari/312"
207.58.192.123 - - [01/Mar/2006:11:54:59 -0900] "GET /store/photos/largejpegs/(087)1958-1026-01659.jpg HTTP/1.1" 301 382 "http://images.google.com/imgres?imgurl=http://photolab.elmer.uaf.edu/store/photos/largejpegs/(087)1958-1026-01659.jpg&imgrefurl=http://photolab.elmer.uaf.edu/store/allphotos3.html&h=805&w=1000&sz=168&tbnid=kT4YKZw5V4RBqM:&tbnh=119&tbnw=149&hl=en&prev=/images%3Fq%3DWINTER%2BFUN%26svnum%3D10%26hl%3Den%26lr%3D%26client%3Dsafari%26rls%3Den-us%26sa%3DN&frame=small" "Mozilla/5.0 (Macintosh; U; PPC Mac OS X; en-us) AppleWebKit/312.1 (KHTML, like Gecko) Safari/312"
207.58.192.123 - - [01/Mar/2006:11:55:05 -0900] "GET /store/allphotos3.html HTTP/1.1" 301 355 "http://images.google.com/imgres?imgurl=http://photolab.elmer.uaf.edu/store/photos/largejpegs/(087)1958-1026-01659.jpg&imgrefurl=http://photolab.elmer.uaf.edu/store/allphotos3.html&h=805&w=1000&sz=168&tbnid=kT4YKZw5V4RBqM:&tbnh=119&tbnw=149&hl=en&start=2&prev=/images%3Fq%3DWINTER%2BFUN%26svnum%3D10%26hl%3Den%26lr%3D%26client%3Dsafari%26rls%3Den-us%26sa%3DN" "Mozilla/5.0 (Macintosh; U; PPC Mac OS X; en-us) AppleWebKit/312.1 (KHTML, like Gecko) Safari/312"
217.212.224.159 - - [01/Mar/2006:11:55:09 -0900] "GET /gallery/photos/19750084/02/pages/1975-0084-00220.html HTTP/1.0" 200 2086 "-" "psbot/0.1 (+http://www.picsearch.com/bot.html)"
217.212.224.146 - - [01/Mar/2006:11:55:59 -0900] "GET /gallery/photos/19750084/02/pages/1975-0084-00221.html HTTP/1.0" 200 2086 "-" "psbot/0.1 (+http://www.picsearch.com/bot.html)"
217.212.224.159 - - [01/Mar/2006:11:56:50 -0900] "GET /gallery/photos/19750084/02/pages/1975-0084-00222.html HTTP/1.0" 200 2086 "-" "psbot/0.1 (+http://www.picsearch.com/bot.html)"
217.212.224.159 - - [01/Mar/2006:11:57:43 -0900] "GET /gallery/photos/19750084/02/pages/1975-0084-00223.html HTTP/1.0" 200 2086 "-" "psbot/0.1 (+http://www.picsearch.com/bot.html)"
217.212.224.142 - - [01/Mar/2006:11:58:34 -0900] "GET /gallery/photos/19750084/03/pages/1975-0084-00312.html HTTP/1.0" 200 2086 "-" "psbot/0.1 (+http://www.picsearch.com/bot.html)"
68.142.251.154 - - [01/Mar/2006:11:59:20 -0900] "GET /robots.txt HTTP/1.0" 200 96 "-" "Mozilla/5.0 (compatible; Yahoo! Slurp; http://help.yahoo.com/help/us/ysearch/slurp)"
68.142.249.188 - - [01/Mar/2006:11:59:20 -0900] "GET /gallery/photos/20010164/pages/2001-0164-00015.html HTTP/1.0" 304 - "-" "Mozilla/5.0 (compatible; Yahoo! Slurp; http://help.yahoo.com/help/us/ysearch/slurp)"
217.212.224.165 - - [01/Mar/2006:11:59:27 -0900] "GET /gallery/photos/19750084/03/pages/1975-0084-00313.html HTTP/1.0" 200 2086 "-" "psbot/0.1 (+http://www.picsearch.com/bot.html)"
217.212.224.143 - - [01/Mar/2006:12:00:20 -0900] "GET /gallery/photos/19750084/03/pages/1975-0084-00314.html HTTP/1.0" 200 2086 "-" "psbot/0.1 (+http://www.picsearch.com/bot.html)"
207.163.165.153 - - [01/Mar/2006:12:00:20 -0900] "GET /gallery/maps/G3200/large/G3200%201882%20P461.jpg HTTP/1.1" 200 199700 "http://images.google.com/url?q=http://photolab.elmer.uaf.edu/gallery/maps/G3200/large/G3200%25201882%2520P461.jpg" "Mozilla/4.0 (compatible; MSIE 5.17; Mac_PowerPC)"
207.163.165.153 - - [01/Mar/2006:12:00:26 -0900] "GET /gallery/maps/mapg3200.html HTTP/1.1" 200 17235 "-" "Mozilla/4.0 (compatible; MSIE 5.17; Mac_PowerPC)"
217.212.224.142 - - [01/Mar/2006:12:01:05 -0900] "GET /gallery/photos/19750084/03/pages/1975-0084-00315.html HTTP/1.0" 200 2086 "-" "psbot/0.1 (+http://www.picsearch.com/bot.html)"
217.212.224.142 - - [01/Mar/2006:12:01:57 -0900] "GET /gallery/photos/19750084/03/pages/1975-0084-00316.html HTTP/1.0" 200 2086 "-" "psbot/0.1 (+http://www.picsearch.com/bot.html)"
217.212.224.143 - - [01/Mar/2006:12:02:48 -0900] "GET /gallery/photos/19750084/03/pages/1975-0084-00317.html HTTP/1.0" 200 2086 "-" "psbot/0.1 (+http://www.picsearch.com/bot.html)"
217.212.224.145 - - [01/Mar/2006:12:03:39 -0900] "GET /gallery/photos/19750084/03/pages/1975-0084-00318.html HTTP/1.0" 200 2086 "-" "psbot/0.1 (+http://www.picsearch.com/bot.html)"
71.141.224.163 - - [01/Mar/2006:12:04:20 -0900] "GET /store/photos/largejpegs/(105)1989-0166-00522a.jpg HTTP/1.1" 301 383 "http://profile.myspace.com/index.cfm?fuseaction=user.viewprofile&friendID=27290984" "Mozilla/4.0 (compatible; MSIE 6.0; Windows NT 5.1; SV1)"
217.212.224.143 - - [01/Mar/2006:12:04:30 -0900] "GET /gallery/photos/19750084/03/pages/1975-0084-00319.html HTTP/1.0" 200 2086 "-" "psbot/0.1 (+http://www.picsearch.com/bot.html)"
217.212.224.142 - - [01/Mar/2006:12:05:20 -0900] "GET /gallery/photos/19750084/03/pages/1975-0084-00320.html HTTP/1.0" 200 2086 "-" "psbot/0.1 (+http://www.picsearch.com/bot.html)"
137.229.48.155 - - [01/Mar/2006:12:05:59 -0900] "GET /scanning.html HTTP/1.1" 200 9010 "http://www.uaf.edu/library/" "Mozilla/4.0 (compatible; MSIE 6.0; Windows NT 5.1; SV1; .NET CLR 1.1.4322)"
137.229.48.155 - - [01/Mar/2006:12:05:59 -0900] "GET /index_files/lib.css HTTP/1.1" 200 2809 "http://photolab.elmer.uaf.edu/scanning.html" "Mozilla/4.0 (compatible; MSIE 6.0; Windows NT 5.1; SV1; .NET CLR 1.1.4322)"
137.229.48.155 - - [01/Mar/2006:12:05:59 -0900] "GET /index_files/title.jpg HTTP/1.1" 200 5438 "http://photolab.elmer.uaf.edu/scanning.html" "Mozilla/4.0 (compatible; MSIE 6.0; Windows NT 5.1; SV1; .NET CLR 1.1.4322)"
137.229.48.155 - - [01/Mar/2006:12:05:59 -0900] "GET /index_files/apr.jpg HTTP/1.1" 200 6015 "http://photolab.elmer.uaf.edu/scanning.html" "Mozilla/4.0 (compatible; MSIE 6.0; Windows NT 5.1; SV1; .NET CLR 1.1.4322)"
137.229.48.155 - - [01/Mar/2006:12:05:59 -0900] "GET /index_files/empty.gif HTTP/1.1" 200 45 "http://photolab.elmer.uaf.edu/scanning.html" "Mozilla/4.0 (compatible; MSIE 6.0; Windows NT 5.1; SV1; .NET CLR 1.1.4322)"
137.229.48.155 - - [01/Mar/2006:12:05:59 -0900] "GET /index_files/small.dps.jpg HTTP/1.1" 200 5830 "http://photolab.elmer.uaf.edu/scanning.html" "Mozilla/4.0 (compatible; MSIE 6.0; Windows NT 5.1; SV1; .NET CLR 1.1.4322)"
137.229.48.155 - - [01/Mar/2006:12:05:59 -0900] "GET /index_files/small.jpg HTTP/1.1" 200 2294 "http://photolab.elmer.uaf.edu/scanning.html" "Mozilla/4.0 (compatible; MSIE 6.0; Windows NT 5.1; SV1; .NET CLR 1.1.4322)"
137.229.48.155 - - [01/Mar/2006:12:05:59 -0900] "GET /index_files/small_002.jpg HTTP/1.1" 200 1351 "http://photolab.elmer.uaf.edu/scanning.html" "Mozilla/4.0 (compatible; MSIE 6.0; Windows NT 5.1; SV1; .NET CLR 1.1.4322)"
137.229.48.155 - - [01/Mar/2006:12:05:59 -0900] "GET /index_files/bluebear.gif HTTP/1.1" 200 1263 "http://photolab.elmer.uaf.edu/scanning.html" "Mozilla/4.0 (compatible; MSIE 6.0; Windows NT 5.1; SV1; .NET CLR 1.1.4322)"
137.229.48.155 - - [01/Mar/2006:12:05:59 -0900] "GET /index_files/small_003.jpg HTTP/1.1" 200 1521 "http://photolab.elmer.uaf.edu/scanning.html" "Mozilla/4.0 (compatible; MSIE 6.0; Windows NT 5.1; SV1; .NET CLR 1.1.4322)"
137.229.48.155 - - [01/Mar/2006:12:05:59 -0900] "GET /index_files/sitemap.gif HTTP/1.1" 200 1503 "http://photolab.elmer.uaf.edu/scanning.html" "Mozilla/4.0 (compatible; MSIE 6.0; Windows NT 5.1; SV1; .NET CLR 1.1.4322)"
137.229.48.155 - - [01/Mar/2006:12:05:59 -0900] "GET /index_files/bar.gif HTTP/1.1" 200 342 "http://photolab.elmer.uaf.edu/scanning.html" "Mozilla/4.0 (compatible; MSIE 6.0; Windows NT 5.1; SV1; .NET CLR 1.1.4322)"
217.212.224.142 - - [01/Mar/2006:12:06:12 -0900] "GET /gallery/photos/19750084/03/pages/1975-0084-00321.html HTTP/1.0" 200 2086 "-" "psbot/0.1 (+http://www.picsearch.com/bot.html)"
137.229.48.155 - - [01/Mar/2006:12:06:48 -0900] "GET /digprint.html HTTP/1.1" 200 8876 "http://www.uaf.edu/library/" "Mozilla/4.0 (compatible; MSIE 6.0; Windows NT 5.1; SV1; .NET CLR 1.1.4322)"
217.212.224.142 - - [01/Mar/2006:12:07:06 -0900] "GET /gallery/photos/19750084/03/pages/1975-0084-00323.html HTTP/1.0" 200 2086 "-" "psbot/0.1 (+http://www.picsearch.com/bot.html)"
217.212.224.165 - - [01/Mar/2006:12:08:00 -0900] "GET /gallery/photos/19750084/04/pages/1975-0084-00412.html HTTP/1.0" 200 2086 "-" "psbot/0.1 (+http://www.picsearch.com/bot.html)"
217.212.224.142 - - [01/Mar/2006:12:08:54 -0900] "GET /gallery/photos/19750084/04/pages/1975-0084-00413.html HTTP/1.0" 200 2086 "-" "psbot/0.1 (+http://www.picsearch.com/bot.html)"
217.212.224.145 - - [01/Mar/2006:12:09:48 -0900] "GET /gallery/photos/19750084/04/pages/1975-0084-00414.html HTTP/1.0" 200 2086 "-" "psbot/0.1 (+http://www.picsearch.com/bot.html)"
137.229.71.3 - - [01/Mar/2006:12:10:21 -0900] "GET /index.html HTTP/1.1" 200 8969 "http://www.uaf.edu/library/" "Mozilla/4.0 (compatible; MSIE 6.0; Windows NT 5.1; SV1)"
137.229.71.3 - - [01/Mar/2006:12:10:21 -0900] "GET /index_files/lib.css HTTP/1.1" 200 2809 "http://photolab.elmer.uaf.edu/index.html" "Mozilla/4.0 (compatible; MSIE 6.0; Windows NT 5.1; SV1)"
137.229.71.3 - - [01/Mar/2006:12:10:21 -0900] "GET /index_files/empty.gif HTTP/1.1" 200 45 "http://photolab.elmer.uaf.edu/index.html" "Mozilla/4.0 (compatible; MSIE 6.0; Windows NT 5.1; SV1)"
137.229.71.3 - - [01/Mar/2006:12:10:21 -0900] "GET /index_files/title.jpg HTTP/1.1" 200 5438 "http://photolab.elmer.uaf.edu/index.html" "Mozilla/4.0 (compatible; MSIE 6.0; Windows NT 5.1; SV1)"
137.229.71.3 - - [01/Mar/2006:12:10:21 -0900] "GET /index_files/apr.jpg HTTP/1.1" 200 6015 "http://photolab.elmer.uaf.edu/index.html" "Mozilla/4.0 (compatible; MSIE 6.0; Windows NT 5.1; SV1)"
137.229.71.3 - - [01/Mar/2006:12:10:21 -0900] "GET /index_files/small.jpg HTTP/1.1" 200 2294 "http://photolab.elmer.uaf.edu/index.html" "Mozilla/4.0 (compatible; MSIE 6.0; Windows NT 5.1; SV1)"
137.229.71.3 - - [01/Mar/2006:12:10:21 -0900] "GET /index_files/small.dps.jpg HTTP/1.1" 200 5830 "http://photolab.elmer.uaf.edu/index.html" "Mozilla/4.0 (compatible; MSIE 6.0; Windows NT 5.1; SV1)"
137.229.71.3 - - [01/Mar/2006:12:10:21 -0900] "GET /index_files/small_002.jpg HTTP/1.1" 200 1351 "http://photolab.elmer.uaf.edu/index.html" "Mozilla/4.0 (compatible; MSIE 6.0; Windows NT 5.1; SV1)"
137.229.71.3 - - [01/Mar/2006:12:10:21 -0900] "GET /index_files/small_003.jpg HTTP/1.1" 200 1521 "http://photolab.elmer.uaf.edu/index.html" "Mozilla/4.0 (compatible; MSIE 6.0; Windows NT 5.1; SV1)"
137.229.71.3 - - [01/Mar/2006:12:10:21 -0900] "GET /index_files/bluebear.gif HTTP/1.1" 200 1263 "http://photolab.elmer.uaf.edu/index.html" "Mozilla/4.0 (compatible; MSIE 6.0; Windows NT 5.1; SV1)"
137.229.71.3 - - [01/Mar/2006:12:10:21 -0900] "GET /index_files/sitemap.gif HTTP/1.1" 200 1503 "http://photolab.elmer.uaf.edu/index.html" "Mozilla/4.0 (compatible; MSIE 6.0; Windows NT 5.1; SV1)"
137.229.71.3 - - [01/Mar/2006:12:10:21 -0900] "GET /index_files/bar.gif HTTP/1.1" 200 342 "http://photolab.elmer.uaf.edu/index.html" "Mozilla/4.0 (compatible; MSIE 6.0; Windows NT 5.1; SV1)"
70.51.241.222 - - [01/Mar/2006:12:10:35 -0900] "GET /store/akcanada.html HTTP/1.1" 301 353 "http://images.google.com/imgres?imgurl=http://photolab.elmer.uaf.edu/store/photos/largejpegs/(017)1958-1026-01429.jpg&imgrefurl=http://photolab.elmer.uaf.edu/store/akcanada.html&h=799&w=1000&sz=190&tbnid=6U4De484BmpgZM:&tbnh=119&tbnw=149&hl=en&start=17&prev=/images%3Fq%3Dcanada%2B1900%26svnum%3D10%26hl%3Den%26lr%3D%26client%3Dfirefox-a%26rls%3Dorg.mozilla:en-US:official_s%26sa%3DG" "Mozilla/5.0 (Windows; U; Windows NT 5.1; en-US; rv:1.8.0.1) Gecko/20060111 Firefox/1.5.0.1"
217.212.224.165 - - [01/Mar/2006:12:10:41 -0900] "GET /gallery/photos/19750084/04/pages/1975-0084-00415.html HTTP/1.0" 200 2086 "-" "psbot/0.1 (+http://www.picsearch.com/bot.html)"
137.229.71.3 - - [01/Mar/2006:12:10:41 -0900] "GET /aboutus.html HTTP/1.1" 200 13011 "http://photolab.elmer.uaf.edu/index.html" "Mozilla/4.0 (compatible; MSIE 6.0; Windows NT 5.1; SV1)"
70.51.241.222 - - [01/Mar/2006:12:10:45 -0900] "GET /store/photos/largejpegs/(017)1958-1026-01429.jpg HTTP/1.1" 301 382 "http://images.google.com/imgres?imgurl=http://photolab.elmer.uaf.edu/store/photos/largejpegs/(017)1958-1026-01429.jpg&imgrefurl=http://photolab.elmer.uaf.edu/store/akcanada.html&h=799&w=1000&sz=190&tbnid=6U4De484BmpgZM:&tbnh=119&tbnw=149&hl=en&prev=/images%3Fq%3Dcanada%2B1900%26svnum%3D10%26hl%3Den%26lr%3D%26client%3Dfirefox-a%26rls%3Dorg.mozilla:en-US:official_s%26sa%3DG&frame=small" "Mozilla/5.0 (Windows; U; Windows NT 5.1; en-US; rv:1.8.0.1) Gecko/20060111 Firefox/1.5.0.1"
217.212.224.159 - - [01/Mar/2006:12:11:35 -0900] "GET /gallery/photos/19750084/04/pages/1975-0084-00416.html HTTP/1.0" 200 2086 "-" "psbot/0.1 (+http://www.picsearch.com/bot.html)"
137.229.71.3 - - [01/Mar/2006:12:12:12 -0900] "GET /hours.html HTTP/1.1" 200 5909 "http://photolab.elmer.uaf.edu/aboutus.html" "Mozilla/4.0 (compatible; MSIE 6.0; Windows NT 5.1; SV1)"
217.212.224.165 - - [01/Mar/2006:12:12:29 -0900] "GET /gallery/photos/19750084/04/pages/1975-0084-00417.html HTTP/1.0" 200 2086 "-" "psbot/0.1 (+http://www.picsearch.com/bot.html)"
137.229.71.3 - - [01/Mar/2006:12:12:52 -0900] "GET /services.html HTTP/1.1" 200 5901 "http://photolab.elmer.uaf.edu/hours.html" "Mozilla/4.0 (compatible; MSIE 6.0; Windows NT 5.1; SV1)"
217.212.224.143 - - [01/Mar/2006:12:13:22 -0900] "GET /gallery/photos/19750084/04/pages/1975-0084-00418.html HTTP/1.0" 200 2086 "-" "psbot/0.1 (+http://www.picsearch.com/bot.html)"
71.100.102.195 - - [01/Mar/2006:12:13:48 -0900] "GET /gallery/maps/G3200/large/G3200%201752%20R62.jpg HTTP/1.1" 200 221890 "http://profile.myspace.com/index.cfm?fuseaction=user.viewprofile&friendid=7702059&MyToken=dd2097aa-70c7-45b2-a1d5-1d542543bf58" "Mozilla/4.0 (compatible; MSIE 6.0; Windows NT 5.1; SV1; .NET CLR 2.0.50727; .NET CLR 1.1.4322)"
217.212.224.143 - - [01/Mar/2006:12:14:13 -0900] "GET /gallery/photos/19750084/04/pages/1975-0084-00419.html HTTP/1.0" 200 2086 "-" "psbot/0.1 (+http://www.picsearch.com/bot.html)"
68.142.250.108 - - [01/Mar/2006:12:14:13 -0900] "GET /gallery/photos/19640074/pages/1964-0074-00159.html HTTP/1.0" 200 5044 "-" "Mozilla/5.0 (compatible; Yahoo! Slurp; http://help.yahoo.com/help/us/ysearch/slurp)"
217.212.224.165 - - [01/Mar/2006:12:15:05 -0900] "GET /gallery/photos/19750084/04/pages/1975-0084-00420.html HTTP/1.0" 200 2086 "-" "psbot/0.1 (+http://www.picsearch.com/bot.html)"
217.212.224.159 - - [01/Mar/2006:12:15:58 -0900] "GET /gallery/photos/19750084/04/pages/1975-0084-00421.html HTTP/1.0" 200 2086 "-" "psbot/0.1 (+http://www.picsearch.com/bot.html)"
217.212.224.143 - - [01/Mar/2006:12:16:47 -0900] "GET /gallery/photos/19750084/04/pages/1975-0084-00422.html HTTP/1.0" 200 2086 "-" "psbot/0.1 (+http://www.picsearch.com/bot.html)"
71.100.102.195 - - [01/Mar/2006:12:17:24 -0900] "GET /gallery/maps/G3200/large/G3200%201752%20R62.jpg HTTP/1.1" 206 103106 "http://profile.myspace.com/index.cfm?fuseaction=user.viewprofile&friendid=7702059&MyToken=04aea719-e12c-4597-85c5-76726c22502b" "Mozilla/4.0 (compatible; MSIE 6.0; Windows NT 5.1; SV1; .NET CLR 2.0.50727; .NET CLR 1.1.4322)"
217.212.224.145 - - [01/Mar/2006:12:17:41 -0900] "GET /gallery/photos/19750084/04/pages/1975-0084-00423.html HTTP/1.0" 200 2086 "-" "psbot/0.1 (+http://www.picsearch.com/bot.html)"
217.212.224.142 - - [01/Mar/2006:12:18:31 -0900] "GET /gallery/photos/19750084/05/pages/1975-0084-00515.html HTTP/1.0" 200 2086 "-" "psbot/0.1 (+http://www.picsearch.com/bot.html)"
68.142.251.138 - - [01/Mar/2006:12:18:45 -0900] "GET /gallery/photos/20040109 HTTP/1.0" 301 360 "-" "Mozilla/5.0 (compatible; Yahoo! Slurp; http://help.yahoo.com/help/us/ysearch/slurp)"
68.142.251.138 - - [01/Mar/2006:12:18:45 -0900] "GET /gallery/photos/20040109/ HTTP/1.0" 200 7054 "-" "Mozilla/5.0 (compatible; Yahoo! Slurp; http://help.yahoo.com/help/us/ysearch/slurp)"
217.212.224.143 - - [01/Mar/2006:12:19:20 -0900] "GET /gallery/photos/19750084/05/pages/1975-0084-00516.html HTTP/1.0" 200 2086 "-" "psbot/0.1 (+http://www.picsearch.com/bot.html)"
217.212.224.143 - - [01/Mar/2006:12:20:15 -0900] "GET /gallery/photos/19750084/05/pages/1975-0084-00517.html HTTP/1.0" 200 2086 "-" "psbot/0.1 (+http://www.picsearch.com/bot.html)"
217.212.224.165 - - [01/Mar/2006:12:21:07 -0900] "GET /gallery/photos/19750084/05/pages/1975-0084-00518.html HTTP/1.0" 200 2086 "-" "psbot/0.1 (+http://www.picsearch.com/bot.html)"
217.212.224.143 - - [01/Mar/2006:12:22:00 -0900] "GET /gallery/photos/19750084/05/pages/1975-0084-00519.html HTTP/1.0" 200 2086 "-" "psbot/0.1 (+http://www.picsearch.com/bot.html)"
66.77.114.24 - - [01/Mar/2006:12:22:31 -0900] "GET /store/alaskanatives.html HTTP/1.1" 301 358 "http://images.google.com/imgres?imgurl=http://photolab.elmer.uaf.edu/store/photos/largejpegs/(108)1966-0054-00248.jpg&imgrefurl=http://photolab.elmer.uaf.edu/store/alaskanatives.html&h=781&w=1000&sz=184&tbnid=sBWsk3FsjaPjSM:&tbnh=116&tbnw=149&hl=en&start=28&prev=/images%3Fq%3Dthe%2Bbig%2Bdance%26start%3D20%26svnum%3D10%26hl%3Den%26lr%3D%26rls%3DRNWE,RNWE:2005-11,RNWE:en%26sa%3DN" "Mozilla/4.0 (compatible; MSIE 6.0; Windows NT 5.0)"
66.77.114.24 - - [01/Mar/2006:12:22:33 -0900] "GET /store/photos/largejpegs/(108)1966-0054-00248.jpg HTTP/1.1" 301 382 "http://images.google.com/imgres?imgurl=http://photolab.elmer.uaf.edu/store/photos/largejpegs/(108)1966-0054-00248.jpg&imgrefurl=http://photolab.elmer.uaf.edu/store/alaskanatives.html&h=781&w=1000&sz=184&tbnid=sBWsk3FsjaPjSM:&tbnh=116&tbnw=149&hl=en&prev=/images%3Fq%3Dthe%2Bbig%2Bdance%26start%3D20%26svnum%3D10%26hl%3Den%26lr%3D%26rls%3DRNWE,RNWE:2005-11,RNWE:en%26sa%3DN&frame=small" "Mozilla/4.0 (compatible; MSIE 6.0; Windows NT 5.0)"
217.212.224.159 - - [01/Mar/2006:12:22:55 -0900] "GET /gallery/photos/19750084/05/pages/1975-0084-00520.html HTTP/1.0" 200 2086 "-" "psbot/0.1 (+http://www.picsearch.com/bot.html)"
72.30.128.156 - - [01/Mar/2006:12:23:33 -0900] "GET /robots.txt HTTP/1.0" 200 96 "-" "Mozilla/5.0 (compatible; Yahoo! Slurp; http://help.yahoo.com/help/us/ysearch/slurp)"
72.30.110.232 - - [01/Mar/2006:12:23:34 -0900] "GET /gallery/photos/19890199/2/pages/1989-0199-00227.html HTTP/1.0" 200 1756 "-" "Mozilla/5.0 (compatible; Yahoo! Slurp; http://help.yahoo.com/help/us/ysearch/slurp)"
217.212.224.159 - - [01/Mar/2006:12:23:41 -0900] "GET /gallery/photos/19750084/05/pages/1975-0084-00521.html HTTP/1.0" 200 2086 "-" "psbot/0.1 (+http://www.picsearch.com/bot.html)"
217.212.224.145 - - [01/Mar/2006:12:24:32 -0900] "GET /gallery/photos/19750084/05/pages/1975-0084-00522.html HTTP/1.0" 200 2086 "-" "psbot/0.1 (+http://www.picsearch.com/bot.html)"
217.212.224.142 - - [01/Mar/2006:12:25:24 -0900] "GET /gallery/photos/19750084/05/pages/1975-0084-00523.html HTTP/1.0" 200 2086 "-" "psbot/0.1 (+http://www.picsearch.com/bot.html)"
81.178.127.157 - - [01/Mar/2006:12:25:38 -0900] "GET /store/people.html HTTP/1.1" 301 351 "http://images.google.co.uk/imgres?imgurl=http://photolab.elmer.uaf.edu/store/photos/largejpegs/(009)1975-0146-00003.jpg&imgrefurl=http://photolab.elmer.uaf.edu/store/people.html&h=805&w=1000&sz=157&tbnid=oBiTj1RjxSOh1M:&tbnh=119&tbnw=149&hl=en&start=64&prev=/images%3Fq%3Dfamous%2Bphotographs%26start%3D60%26svnum%3D10%26hl%3Den%26lr%3D%26sa%3DN" "Mozilla/4.0 (compatible; MSIE 6.0; Windows NT 5.1; SV1)"
63.241.61.7 - - [01/Mar/2006:12:25:49 -0900] "GET /robots.txt HTTP/1.1" 200 96 "-" "ConveraMultiMediaCrawler/0.1 (+http://www.authoritativeweb.com/crawl)"
63.241.61.7 - - [01/Mar/2006:12:25:49 -0900] "GET /gallery/maps/G3200/large/G3290%20%5b1544%5d%20M86.jpg HTTP/1.1" 200 267193 "-" "ConveraMultiMediaCrawler/0.1 (+http://www.authoritativeweb.com/crawl)"
63.241.61.7 - - [01/Mar/2006:12:26:01 -0900] "GET /gallery/maps/G3200/large/G3290%20%5b1630_%5d%20L33.jpg HTTP/1.1" 200 249318 "-" "ConveraMultiMediaCrawler/0.1 (+http://www.authoritativeweb.com/crawl)"
217.212.224.142 - - [01/Mar/2006:12:26:15 -0900] "GET /gallery/photos/19930194/0/pages/1993-0194-00001.htm HTTP/1.0" 200 1727 "-" "psbot/0.1 (+http://www.picsearch.com/bot.html)"
63.241.61.7 - - [01/Mar/2006:12:26:14 -0900] "GET /gallery/maps/G3200/large/G3290%20%5b1710%5d%20D361.jpg HTTP/1.1" 200 281827 "-" "ConveraMultiMediaCrawler/0.1 (+http://www.authoritativeweb.com/crawl)"
63.241.61.7 - - [01/Mar/2006:12:26:26 -0900] "GET /gallery/maps/G3200/large/G3290%20%5b1710%5d%20H65.jpg HTTP/1.1" 200 277906 "-" "ConveraMultiMediaCrawler/0.1 (+http://www.authoritativeweb.com/crawl)"
63.241.61.7 - - [01/Mar/2006:12:26:39 -0900] "GET /gallery/maps/G3200/large/G3290%20%5b1790_%5d%20B741.jpg HTTP/1.1" 200 257243 "-" "ConveraMultiMediaCrawler/0.1 (+http://www.authoritativeweb.com/crawl)"
63.241.61.7 - - [01/Mar/2006:12:26:50 -0900] "GET /gallery/maps/G3200/large/G3290%20%5b1818%5d%20J85.jpg HTTP/1.1" 200 236345 "-" "ConveraMultiMediaCrawler/0.1 (+http://www.authoritativeweb.com/crawl)"
217.212.224.143 - - [01/Mar/2006:12:27:05 -0900] "GET /gallery/photos/19930194/0/pages/1993-0194-00002.htm HTTP/1.0" 200 1882 "-" "psbot/0.1 (+http://www.picsearch.com/bot.html)"
63.241.61.7 - - [01/Mar/2006:12:27:04 -0900] "GET /gallery/maps/G3200/large/G3290%20%5b1851%5d%20R36.jpg HTTP/1.1" 200 244645 "-" "ConveraMultiMediaCrawler/0.1 (+http://www.authoritativeweb.com/crawl)"
63.241.61.7 - - [01/Mar/2006:12:27:16 -0900] "GET /gallery/maps/G3200/large/G3290%201623%20B79.jpg HTTP/1.1" 200 250763 "-" "ConveraMultiMediaCrawler/0.1 (+http://www.authoritativeweb.com/crawl)"
63.241.61.7 - - [01/Mar/2006:12:27:28 -0900] "GET /gallery/maps/G3200/large/G3290%201746%20R68.jpg HTTP/1.1" 200 225905 "-" "ConveraMultiMediaCrawler/0.1 (+http://www.authoritativeweb.com/crawl)"
63.241.61.7 - - [01/Mar/2006:12:27:39 -0900] "GET /gallery/maps/G3200/large/G3290%201746%20R68a.jpg HTTP/1.1" 200 206617 "-" "ConveraMultiMediaCrawler/0.1 (+http://www.authoritativeweb.com/crawl)"
63.241.61.7 - - [01/Mar/2006:12:27:48 -0900] "GET /gallery/maps/G3200/large/G3290%201762%20J35.jpg HTTP/1.1" 200 208818 "-" "ConveraMultiMediaCrawler/0.1 (+http://www.authoritativeweb.com/crawl)"
63.241.61.7 - - [01/Mar/2006:12:27:58 -0900] "GET /gallery/maps/G3200/large/G3290%201775%20S29%20sheet%201.jpg HTTP/1.1" 200 205874 "-" "ConveraMultiMediaCrawler/0.1 (+http://www.authoritativeweb.com/crawl)"
63.241.61.7 - - [01/Mar/2006:12:28:10 -0900] "GET /gallery/maps/G3200/large/G3290%201775%20S29%20sheet%202.jpg HTTP/1.1" 200 253102 "-" "ConveraMultiMediaCrawler/0.1 (+http://www.authoritativeweb.com/crawl)"
63.241.61.7 - - [01/Mar/2006:12:28:20 -0900] "GET /gallery/maps/G3200/large/G3290%201783%20S82.jpg HTTP/1.1" 200 200272 "-" "ConveraMultiMediaCrawler/0.1 (+http://www.authoritativeweb.com/crawl)"
63.241.61.7 - - [01/Mar/2006:12:28:31 -0900] "GET /gallery/maps/G3200/large/G3290%201828%20B3%20sheet%201.jpg HTTP/1.1" 200 186475 "-" "ConveraMultiMediaCrawler/0.1 (+http://www.authoritativeweb.com/crawl)"
63.241.61.7 - - [01/Mar/2006:12:28:40 -0900] "GET /gallery/maps/G3200/large/G3290%201828%20B3%20sheet%202.jpg HTTP/1.1" 200 213505 "-" "ConveraMultiMediaCrawler/0.1 (+http://www.authoritativeweb.com/crawl)"
63.241.61.7 - - [01/Mar/2006:12:28:50 -0900] "GET /gallery/maps/G3200/large/G3290%201828%20B3%20sheet%203.jpg HTTP/1.1" 200 206925 "-" "ConveraMultiMediaCrawler/0.1 (+http://www.authoritativeweb.com/crawl)"
63.241.61.7 - - [01/Mar/2006:12:28:59 -0900] "GET /gallery/maps/G3200/large/G3290%201828%20B3%20sheet%204.jpg HTTP/1.1" 200 141744 "-" "ConveraMultiMediaCrawler/0.1 (+http://www.authoritativeweb.com/crawl)"
63.241.61.7 - - [01/Mar/2006:12:29:08 -0900] "GET /gallery/maps/G3200/large/G3290%201828%20B3%20sheet%205.jpg HTTP/1.1" 200 218607 "-" "ConveraMultiMediaCrawler/0.1 (+http://www.authoritativeweb.com/crawl)"
72.30.102.206 - - [01/Mar/2006:12:29:12 -0900] "GET /gallery/photos/19850030/pages/1985-0030-00004.htm HTTP/1.0" 200 1872 "-" "Mozilla/5.0 (compatible; Yahoo! Slurp; http://help.yahoo.com/help/us/ysearch/slurp)"
63.241.61.7 - - [01/Mar/2006:12:29:16 -0900] "GET /gallery/maps/G3200/large/G3290%201828%20B3%20sheet%206.jpg HTTP/1.1" 200 198762 "-" "ConveraMultiMediaCrawler/0.1 (+http://www.authoritativeweb.com/crawl)"
63.241.61.7 - - [01/Mar/2006:12:29:32 -0900] "GET /gallery/maps/G3200/large/G3290%201828%20B3%20sheet%207.jpg HTTP/1.1" 200 177609 "-" "ConveraMultiMediaCrawler/0.1 (+http://www.authoritativeweb.com/crawl)"
63.241.61.7 - - [01/Mar/2006:12:29:43 -0900] "GET /gallery/maps/G3200/large/G3290%201828%20B3%20sheet%208.jpg HTTP/1.1" 200 263303 "-" "ConveraMultiMediaCrawler/0.1 (+http://www.authoritativeweb.com/crawl)"
63.241.61.7 - - [01/Mar/2006:12:29:55 -0900] "GET /gallery/photos/19660054/01/images/1966-0054-00102.jpg HTTP/1.1" 200 35686 "-" "ConveraMultiMediaCrawler/0.1 (+http://www.authoritativeweb.com/crawl)"
63.241.61.7 - - [01/Mar/2006:12:30:03 -0900] "GET /gallery/photos/19690092/0/images/1969-0092-00009.jpg HTTP/1.1" 200 60350 "-" "ConveraMultiMediaCrawler/0.1 (+http://www.authoritativeweb.com/crawl)"
63.241.61.7 - - [01/Mar/2006:12:30:14 -0900] "GET /gallery/photos/19690092/1/images/1969-0092-00103.jpg HTTP/1.1" 200 92735 "-" "ConveraMultiMediaCrawler/0.1 (+http://www.authoritativeweb.com/crawl)"
63.241.61.7 - - [01/Mar/2006:12:30:24 -0900] "GET /gallery/photos/19690092/1/images/1969-0092-00109.jpg HTTP/1.1" 200 93120 "-" "ConveraMultiMediaCrawler/0.1 (+http://www.authoritativeweb.com/crawl)"
63.241.61.7 - - [01/Mar/2006:12:30:34 -0900] "GET /gallery/photos/19690092/1/images/1969-0092-00118.jpg HTTP/1.1" 200 66108 "-" "ConveraMultiMediaCrawler/0.1 (+http://www.authoritativeweb.com/crawl)"
63.241.61.7 - - [01/Mar/2006:12:30:44 -0900] "GET /gallery/photos/19690092/1/images/1969-0092-00119.jpg HTTP/1.1" 200 54254 "-" "ConveraMultiMediaCrawler/0.1 (+http://www.authoritativeweb.com/crawl)"
63.241.61.7 - - [01/Mar/2006:12:30:54 -0900] "GET /gallery/photos/19690092/2/images/1969-0092-00229.jpg HTTP/1.1" 200 55839 "-" "ConveraMultiMediaCrawler/0.1 (+http://www.authoritativeweb.com/crawl)"
63.241.61.7 - - [01/Mar/2006:12:31:03 -0900] "GET /gallery/photos/19690092/2/images/1969-0092-00239.jpg HTTP/1.1" 200 41147 "-" "ConveraMultiMediaCrawler/0.1 (+http://www.authoritativeweb.com/crawl)"
63.241.61.7 - - [01/Mar/2006:12:31:11 -0900] "GET /gallery/photos/19690092/3/images/1969-0092-00301.jpg HTTP/1.1" 200 53174 "-" "ConveraMultiMediaCrawler/0.1 (+http://www.authoritativeweb.com/crawl)"
63.241.61.7 - - [01/Mar/2006:12:31:20 -0900] "GET /gallery/photos/19690092/3/images/1969-0092-00310.jpg HTTP/1.1" 200 52908 "-" "ConveraMultiMediaCrawler/0.1 (+http://www.authoritativeweb.com/crawl)"
63.241.61.7 - - [01/Mar/2006:12:31:32 -0900] "GET /gallery/photos/19690092/3/images/1969-0092-00319.jpg HTTP/1.1" 200 30337 "-" "ConveraMultiMediaCrawler/0.1 (+http://www.authoritativeweb.com/crawl)"
63.241.61.7 - - [01/Mar/2006:12:31:41 -0900] "GET /gallery/photos/19690092/5/images/1969-0092-00503.jpg HTTP/1.1" 200 46404 "-" "ConveraMultiMediaCrawler/0.1 (+http://www.authoritativeweb.com/crawl)"
63.241.61.7 - - [01/Mar/2006:12:31:50 -0900] "GET /gallery/photos/19690092/5/images/1969-0092-00518.jpg HTTP/1.1" 200 49413 "-" "ConveraMultiMediaCrawler/0.1 (+http://www.authoritativeweb.com/crawl)"
63.241.61.7 - - [01/Mar/2006:12:31:59 -0900] "GET /gallery/photos/19690092/5/images/1969-0092-00519.jpg HTTP/1.1" 200 55761 "-" "ConveraMultiMediaCrawler/0.1 (+http://www.authoritativeweb.com/crawl)"
63.241.61.7 - - [01/Mar/2006:12:32:08 -0900] "GET /gallery/photos/19690092/5/images/1969-0092-00520.jpg HTTP/1.1" 200 60771 "-" "ConveraMultiMediaCrawler/0.1 (+http://www.authoritativeweb.com/crawl)"
63.241.61.7 - - [01/Mar/2006:12:32:17 -0900] "GET /gallery/photos/19690092/5/images/1969-0092-00534.jpg HTTP/1.1" 200 46071 "-" "ConveraMultiMediaCrawler/0.1 (+http://www.authoritativeweb.com/crawl)"
63.241.61.7 - - [01/Mar/2006:12:32:30 -0900] "GET /gallery/photos/19700058/2/images/1970-0058-00207.jpg HTTP/1.1" 200 66790 "-" "ConveraMultiMediaCrawler/0.1 (+http://www.authoritativeweb.com/crawl)"
63.241.61.7 - - [01/Mar/2006:12:32:39 -0900] "GET /gallery/photos/19700058/3/images/1970-0058-00301.jpg HTTP/1.1" 200 80627 "-" "ConveraMultiMediaCrawler/0.1 (+http://www.authoritativeweb.com/crawl)"
63.241.61.7 - - [01/Mar/2006:12:32:50 -0900] "GET /gallery/photos/19700058/3/images/1970-0058-00302.jpg HTTP/1.1" 200 55532 "-" "ConveraMultiMediaCrawler/0.1 (+http://www.authoritativeweb.com/crawl)"
63.241.61.7 - - [01/Mar/2006:12:32:58 -0900] "GET /gallery/photos/19700058/3/images/1970-0058-00306.jpg HTTP/1.1" 200 99564 "-" "ConveraMultiMediaCrawler/0.1 (+http://www.authoritativeweb.com/crawl)"
63.241.61.7 - - [01/Mar/2006:12:33:08 -0900] "GET /gallery/photos/19700058/3/images/1970-0058-00307.jpg HTTP/1.1" 200 77873 "-" "ConveraMultiMediaCrawler/0.1 (+http://www.authoritativeweb.com/crawl)"
63.241.61.7 - - [01/Mar/2006:12:33:16 -0900] "GET /gallery/photos/19700058/3/images/1970-0058-00308.jpg HTTP/1.1" 200 93963 "-" "ConveraMultiMediaCrawler/0.1 (+http://www.authoritativeweb.com/crawl)"
63.241.61.7 - - [01/Mar/2006:12:33:24 -0900] "GET /gallery/photos/19700058/3/images/1970-0058-00310.jpg HTTP/1.1" 200 72467 "-" "ConveraMultiMediaCrawler/0.1 (+http://www.authoritativeweb.com/crawl)"
63.241.61.7 - - [01/Mar/2006:12:33:34 -0900] "GET /gallery/photos/19800068/0/images/1980-0068-00006.jpg HTTP/1.1" 200 47617 "-" "ConveraMultiMediaCrawler/0.1 (+http://www.authoritativeweb.com/crawl)"
63.241.61.7 - - [01/Mar/2006:12:33:43 -0900] "GET /gallery/photos/19800068/0/images/1980-0068-00007.jpg HTTP/1.1" 200 48713 "-" "ConveraMultiMediaCrawler/0.1 (+http://www.authoritativeweb.com/crawl)"
