204.187.140.114 - - [01/Mar/2006:05:11:28 -0900] "GET /gallery/maps/G3300/small/G3300%20%5B1625%5D%20E47.jpg HTTP/1.0" 200 25589 "http://photolab.elmer.uaf.edu/gallery/maps/mapg3300.html" "Mozilla/4.0 (compatible; MSIE 6.0; Windows NT 5.1; SV1; .NET CLR 1.1.4322; .NET CLR 2.0.50727)"
204.187.140.114 - - [01/Mar/2006:05:11:28 -0900] "GET /gallery/maps/G3300/small/G3300%20%5B1740_%5D.jpg HTTP/1.0" 200 26785 "http://photolab.elmer.uaf.edu/gallery/maps/mapg3300.html" "Mozilla/4.0 (compatible; MSIE 6.0; Windows NT 5.1; SV1; .NET CLR 1.1.4322; .NET CLR 2.0.50727)"
204.187.140.114 - - [01/Mar/2006:05:11:29 -0900] "GET /gallery/maps/G3300/large/G3300%20%5B1786_%5D%20B691.jpg HTTP/1.0" 200 269673 "http://images.google.ca/imgres?imgurl=http://photolab.elmer.uaf.edu/gallery/maps/G3300/large/G3300%2520%255B1786_%255D%2520B691.jpg&imgrefurl=http://photolab.elmer.uaf.edu/gallery/maps/mapg3300.html&h=941&w=1200&sz=287&tbnid=cQBYogs4LLANKM:&tbnh=117&tbnw=150&hl=en&prev=/images%3Fq%3DNorth%2Bamerica%2BMaps%26svnum%3D10%26hl%3Den%26lr%3D&frame=small" "Mozilla/4.0 (compatible; MSIE 6.0; Windows NT 5.1; SV1; .NET CLR 1.1.4322; .NET CLR 2.0.50727)"
204.187.140.114 - - [01/Mar/2006:05:11:32 -0900] "GET /index_files/small_002.jpg HTTP/1.0" 200 1351 "http://photolab.elmer.uaf.edu/gallery/maps/mapg3300.html" "Mozilla/4.0 (compatible; MSIE 6.0; Windows NT 5.1; SV1; .NET CLR 1.1.4322; .NET CLR 2.0.50727)"
204.187.140.114 - - [01/Mar/2006:05:11:32 -0900] "GET /gallery/maps/G3300/small/G3300%20%5B1590%5D%20P67.jpg HTTP/1.0" 206 26364 "http://photolab.elmer.uaf.edu/gallery/maps/mapg3300.html" "Mozilla/4.0 (compatible; MSIE 6.0; Windows NT 5.1; SV1; .NET CLR 1.1.4322; .NET CLR 2.0.50727)"
204.187.140.114 - - [01/Mar/2006:05:11:32 -0900] "GET /gallery/maps/G3300/small/G3300%20%5B1625%5D%20E47.jpg HTTP/1.0" 200 25589 "http://photolab.elmer.uaf.edu/gallery/maps/mapg3300.html" "Mozilla/4.0 (compatible; MSIE 6.0; Windows NT 5.1; SV1; .NET CLR 1.1.4322; .NET CLR 2.0.50727)"
204.187.140.114 - - [01/Mar/2006:05:11:32 -0900] "GET /gallery/maps/G3300/small/G3300%20%5B1740_%5D.jpg HTTP/1.0" 200 26785 "http://photolab.elmer.uaf.edu/gallery/maps/mapg3300.html" "Mozilla/4.0 (compatible; MSIE 6.0; Windows NT 5.1; SV1; .NET CLR 1.1.4322; .NET CLR 2.0.50727)"
204.187.140.114 - - [01/Mar/2006:05:11:33 -0900] "GET /gallery/maps/G3300/small/G3300%201755%20B431.jpg HTTP/1.0" 200 23828 "http://photolab.elmer.uaf.edu/gallery/maps/mapg3300.html" "Mozilla/4.0 (compatible; MSIE 6.0; Windows NT 5.1; SV1; .NET CLR 1.1.4322; .NET CLR 2.0.50727)"
204.187.140.114 - - [01/Mar/2006:05:11:33 -0900] "GET /index_files/bar.gif HTTP/1.0" 200 342 "http://photolab.elmer.uaf.edu/gallery/maps/mapg3300.html" "Mozilla/4.0 (compatible; MSIE 6.0; Windows NT 5.1; SV1; .NET CLR 1.1.4322; .NET CLR 2.0.50727)"
70.27.23.189 - - [01/Mar/2006:05:13:44 -0900] "GET /gallery/maps/mapg3510.html HTTP/1.0" 200 12136 "http://images.google.ca/imgres?imgurl=http://photolab.elmer.uaf.edu/gallery/maps/G3500/large/G3511%2520P92%2520%255B186-%255D.jpg&imgrefurl=http://photolab.elmer.uaf.edu/gallery/maps/mapg3510.html&h=1200&w=808&sz=150&tbnid=oLgB4Ycgea5c1M:&tbnh=150&tbnw=101&hl=en&start=9&prev=/images%3Fq%3Dmaps%2Bof%2Balexander%2Bmackenzie%26svnum%3D10%26hl%3Den%26lr%3D%26sa%3DG" "Mozilla/4.0 (compatible; MSIE 6.0; Windows NT 5.1; SV1)"
70.27.23.189 - - [01/Mar/2006:05:13:44 -0900] "GET /index_files/lib.css HTTP/1.0" 200 2809 "http://photolab.elmer.uaf.edu/gallery/maps/mapg3510.html" "Mozilla/4.0 (compatible; MSIE 6.0; Windows NT 5.1; SV1)"
70.27.23.189 - - [01/Mar/2006:05:13:44 -0900] "GET /index_files/apr.jpg HTTP/1.0" 200 6015 "http://photolab.elmer.uaf.edu/gallery/maps/mapg3510.html" "Mozilla/4.0 (compatible; MSIE 6.0; Windows NT 5.1; SV1)"
70.27.23.189 - - [01/Mar/2006:05:13:46 -0900] "GET /index_files/empty.gif HTTP/1.0" 200 45 "http://photolab.elmer.uaf.edu/gallery/maps/mapg3510.html" "Mozilla/4.0 (compatible; MSIE 6.0; Windows NT 5.1; SV1)"
70.27.23.189 - - [01/Mar/2006:05:13:44 -0900] "GET /index_files/title.jpg HTTP/1.0" 200 5438 "http://photolab.elmer.uaf.edu/gallery/maps/mapg3510.html" "Mozilla/4.0 (compatible; MSIE 6.0; Windows NT 5.1; SV1)"
70.27.23.189 - - [01/Mar/2006:05:13:46 -0900] "GET /gallery/maps/G3500/large/G3511%20P92%20%5B186-%5D.jpg HTTP/1.0" 200 130349 "http://images.google.ca/imgres?imgurl=http://photolab.elmer.uaf.edu/gallery/maps/G3500/large/G3511%2520P92%2520%255B186-%255D.jpg&imgrefurl=http://photolab.elmer.uaf.edu/gallery/maps/mapg3510.html&h=1200&w=808&sz=150&tbnid=oLgB4Ycgea5c1M:&tbnh=150&tbnw=101&hl=en&prev=/images%3Fq%3Dmaps%2Bof%2Balexander%2Bmackenzie%26svnum%3D10%26hl%3Den%26lr%3D%26sa%3DG&frame=small" "Mozilla/4.0 (compatible; MSIE 6.0; Windows NT 5.1; SV1)"
70.27.23.189 - - [01/Mar/2006:05:13:51 -0900] "GET /index_files/small_003.jpg HTTP/1.0" 200 1521 "http://photolab.elmer.uaf.edu/gallery/maps/mapg3510.html" "Mozilla/4.0 (compatible; MSIE 6.0; Windows NT 5.1; SV1)"
70.27.23.189 - - [01/Mar/2006:05:13:51 -0900] "GET /index_files/small.dps.jpg HTTP/1.0" 200 5830 "http://photolab.elmer.uaf.edu/gallery/maps/mapg3510.html" "Mozilla/4.0 (compatible; MSIE 6.0; Windows NT 5.1; SV1)"
70.27.23.189 - - [01/Mar/2006:05:13:51 -0900] "GET /index_files/small_002.jpg HTTP/1.0" 200 1351 "http://photolab.elmer.uaf.edu/gallery/maps/mapg3510.html" "Mozilla/4.0 (compatible; MSIE 6.0; Windows NT 5.1; SV1)"
70.27.23.189 - - [01/Mar/2006:05:13:51 -0900] "GET /index_files/small.jpg HTTP/1.0" 200 2294 "http://photolab.elmer.uaf.edu/gallery/maps/mapg3510.html" "Mozilla/4.0 (compatible; MSIE 6.0; Windows NT 5.1; SV1)"
70.27.23.189 - - [01/Mar/2006:05:13:52 -0900] "GET /gallery/maps/G3500/small/G3512%20N66%201778%20H63.jpg HTTP/1.0" 200 28216 "http://photolab.elmer.uaf.edu/gallery/maps/mapg3510.html" "Mozilla/4.0 (compatible; MSIE 6.0; Windows NT 5.1; SV1)"
72.30.132.217 - - [01/Mar/2006:05:19:39 -0900] "GET /gallery/photos/19810192/pages/1981-0192-00020.html HTTP/1.0" 200 1890 "-" "Mozilla/5.0 (compatible; Yahoo! Slurp; http://help.yahoo.com/help/us/ysearch/slurp)"
87.245.48.4 - - [01/Mar/2006:05:22:27 -0900] "GET /gallery/Panorama/ HTTP/1.1" 404 313 "http://images.google.de/imgres?imgurl=http://photolab.elmer.uaf.edu/gallery/photos/19640074/images/1964-0074-00158.jpg&imgrefurl=http://photolab.elmer.uaf.edu/gallery/Panorama/&h=480&w=1327&sz=79&tbnid=Y2ahZFR4o6A22M:&tbnh=54&tbnw=150&hl=de&start=109&prev=/images%3Fq%3Dalaska%2Boil%26start%3D100%26imgsz%3Dxxlarge%26svnum%3D10%26hl%3Dde%26lr%3D%26sa%3DN" "Mozilla/4.0 (compatible; MSIE 6.0; Windows NT 5.1; HbTools 4.7.3)"
87.245.48.4 - - [01/Mar/2006:05:22:30 -0900] "GET /gallery/photos/19640074/images/1964-0074-00158.jpg HTTP/1.1" 200 80303 "http://images.google.de/imgres?imgurl=http://photolab.elmer.uaf.edu/gallery/photos/19640074/images/1964-0074-00158.jpg&imgrefurl=http://photolab.elmer.uaf.edu/gallery/Panorama/&h=480&w=1327&sz=79&tbnid=Y2ahZFR4o6A22M:&tbnh=54&tbnw=150&hl=de&prev=/images%3Fq%3Dalaska%2Boil%26start%3D100%26imgsz%3Dxxlarge%26svnum%3D10%26hl%3Dde%26lr%3D%26sa%3DN&frame=small" "Mozilla/4.0 (compatible; MSIE 6.0; Windows NT 5.1; HbTools 4.7.3)"
87.245.48.4 - - [01/Mar/2006:05:22:38 -0900] "GET /gallery/Panorama/ HTTP/1.1" 404 313 "http://images.google.de/imgres?imgurl=http://photolab.elmer.uaf.edu/gallery/photos/19640074/images/1964-0074-00158.jpg&imgrefurl=http://photolab.elmer.uaf.edu/gallery/Panorama/&h=480&w=1327&sz=79&tbnid=Y2ahZFR4o6A22M:&tbnh=54&tbnw=150&hl=de&start=109&prev=/images%3Fq%3Dalaska%2Boil%26start%3D100%26imgsz%3Dxxlarge%26svnum%3D10%26hl%3Dde%26lr%3D%26sa%3DN" "Mozilla/4.0 (compatible; MSIE 6.0; Windows NT 5.1; HbTools 4.7.3)"
207.46.98.86 - - [01/Mar/2006:05:23:24 -0900] "GET /gallery/photos/20030063/1/index_4.html HTTP/1.0" 200 7242 "-" "msnbot/1.0 (+http://search.msn.com/msnbot.htm)"
68.142.251.154 - - [01/Mar/2006:05:25:07 -0900] "GET /robots.txt HTTP/1.0" 200 96 "-" "Mozilla/5.0 (compatible; Yahoo! Slurp; http://help.yahoo.com/help/us/ysearch/slurp)"
68.142.250.167 - - [01/Mar/2006:05:25:07 -0900] "GET /gallery/photos/19690092/3/pages/1969-0092-00318.html HTTP/1.0" 304 - "-" "Mozilla/5.0 (compatible; Yahoo! Slurp; http://help.yahoo.com/help/us/ysearch/slurp)"
207.46.98.86 - - [01/Mar/2006:05:26:17 -0900] "GET /gallery/photos/20020087/0/pages/2002-0087-00053.html HTTP/1.0" 200 1767 "-" "msnbot/1.0 (+http://search.msn.com/msnbot.htm)"
207.96.176.72 - - [01/Mar/2006:05:26:21 -0900] "GET /store/humor.html HTTP/1.1" 301 350 "http://images.google.ca/imgres?imgurl=http://photolab.elmer.uaf.edu/store/photos/largejpegs/(144)1974-0027-00525.jpg&imgrefurl=http://photolab.elmer.uaf.edu/store/humor.html&h=581&w=1000&sz=151&tbnid=CD_frpggA0RP9M:&tbnh=86&tbnw=149&hl=fr&start=14&prev=/images%3Fq%3Dle%2Bv%25C3%25A9locip%25C3%25A8de%26imgsz%3Dxxlarge%26svnum%3D10%26hl%3Dfr%26lr%3D%26sa%3DN" "Mozilla/4.0 (compatible; MSIE 6.0; Windows NT 5.1; SV1)"
207.96.176.72 - - [01/Mar/2006:05:26:26 -0900] "GET /store/photos/largejpegs/(144)1974-0027-00525.jpg HTTP/1.1" 301 382 "http://images.google.ca/imgres?imgurl=http://photolab.elmer.uaf.edu/store/photos/largejpegs/(144)1974-0027-00525.jpg&imgrefurl=http://photolab.elmer.uaf.edu/store/humor.html&h=581&w=1000&sz=151&tbnid=CD_frpggA0RP9M:&tbnh=86&tbnw=149&hl=fr&prev=/images%3Fq%3Dle%2Bv%25C3%25A9locip%25C3%25A8de%26imgsz%3Dxxlarge%26svnum%3D10%26hl%3Dfr%26lr%3D%26sa%3DN&frame=small" "Mozilla/4.0 (compatible; MSIE 6.0; Windows NT 5.1; SV1)"
207.46.98.86 - - [01/Mar/2006:05:28:01 -0900] "GET /gallery/photos/20020087/0/pages/2002-0087-00059.html HTTP/1.0" 200 1767 "-" "msnbot/1.0 (+http://search.msn.com/msnbot.htm)"
72.30.107.74 - - [01/Mar/2006:05:28:08 -0900] "GET /gallery/photos/20040093/pages/2004-0093-00022.html HTTP/1.0" 200 1900 "-" "Mozilla/5.0 (compatible; Yahoo! Slurp; http://help.yahoo.com/help/us/ysearch/slurp)"
64.242.88.10 - - [01/Mar/2006:05:34:05 -0900] "GET /index.html HTTP/1.1" 200 8969 "-" "Mozilla/4.0 compatible ZyBorg/1.0 (wn-14.zyborg@looksmart.net; http://www.WISEnutbot.com)"
204.108.212.249 - - [01/Mar/2006:05:36:14 -0900] "GET /store/photos/largejpegs/(062)1973-0050-00013.jpg HTTP/1.1" 301 382 "http://images.google.com/imgres?imgurl=http://photolab.elmer.uaf.edu/store/photos/largejpegs/(062)1973-0050-00013.jpg&imgrefurl=http://photolab.elmer.uaf.edu/store/allphotos2.html&h=1000&w=792&sz=185&tbnid=It7kr_IFOaYO0M:&tbnh=149&tbnw=118&hl=en&prev=/images%3Fq%3Dsluice%2Bbox%26svnum%3D10%26hl%3Den%26lr%3D%26sa%3DN&frame=small" "Mozilla/4.0 (compatible; MSIE 6.0; Windows NT 5.1; SV1; (R1 1.5))"
204.108.212.249 - - [01/Mar/2006:05:36:20 -0900] "GET /store/allphotos2.html HTTP/1.1" 301 355 "http://images.google.com/imgres?imgurl=http://photolab.elmer.uaf.edu/store/photos/largejpegs/(062)1973-0050-00013.jpg&imgrefurl=http://photolab.elmer.uaf.edu/store/allphotos2.html&h=1000&w=792&sz=185&tbnid=It7kr_IFOaYO0M:&tbnh=149&tbnw=118&hl=en&start=8&prev=/images%3Fq%3Dsluice%2Bbox%26svnum%3D10%26hl%3Den%26lr%3D%26sa%3DN" "Mozilla/4.0 (compatible; MSIE 6.0; Windows NT 5.1; SV1; (R1 1.5))"
204.108.212.249 - - [01/Mar/2006:05:36:24 -0900] "GET /store/photos/largejpegs/(062)1973-0050-00013.jpg HTTP/1.1" 301 382 "http://images.google.com/imgres?imgurl=http://photolab.elmer.uaf.edu/store/photos/largejpegs/(062)1973-0050-00013.jpg&imgrefurl=http://photolab.elmer.uaf.edu/store/allphotos2.html&h=1000&w=792&sz=185&tbnid=It7kr_IFOaYO0M:&tbnh=149&tbnw=118&hl=en&prev=/images%3Fq%3Dsluice%2Bbox%26svnum%3D10%26hl%3Den%26lr%3D%26sa%3DN&frame=small" "Mozilla/4.0 (compatible; MSIE 6.0; Windows NT 5.1; SV1; (R1 1.5))"
201.252.167.67 - - [01/Mar/2006:05:39:08 -0900] "GET /gallery/maps/G3200/large/G3200%20%5B1700%5D.jpg HTTP/1.1" 200 321195 "http://images.google.com.ar/imgres?imgurl=http://photolab.elmer.uaf.edu/gallery/maps/G3200/large/G3200%2520%255B1700%255D.jpg&imgrefurl=http://photolab.elmer.uaf.edu/gallery/maps/mapg3200.html&h=894&w=1200&sz=300&tbnid=seMXFkFak7h3FM:&tbnh=111&tbnw=150&hl=es&prev=/images%3Fq%3Dmap%2Bglobe%26start%3D20%26imgsz%3Dxxlarge%26svnum%3D10%26hl%3Des%26lr%3D%26sa%3DN&frame=small" "Mozilla/4.0 (compatible; MSIE 6.0; Windows NT 5.1; SV1)"
204.9.204.202 - - [01/Mar/2006:05:40:40 -0900] "GET /robots.txt HTTP/1.0" 200 96 "-" "TurnitinBot/2.0 (http://www.turnitin.com/robot/crawlerinfo.html)"
204.9.204.202 - - [01/Mar/2006:05:41:18 -0900] "GET /store/orderform.html HTTP/1.0" 301 354 "-" "TurnitinBot/2.0 http://www.turnitin.com/robot/crawlerinfo.html"
204.9.204.202 - - [01/Mar/2006:05:41:48 -0900] "GET /store/orderform.pdf HTTP/1.0" 301 353 "-" "TurnitinBot/2.0 http://www.turnitin.com/robot/crawlerinfo.html"
72.30.128.156 - - [01/Mar/2006:05:44:31 -0900] "GET /robots.txt HTTP/1.0" 200 96 "-" "Mozilla/5.0 (compatible; Yahoo! Slurp; http://help.yahoo.com/help/us/ysearch/slurp)"
72.30.110.225 - - [01/Mar/2006:05:44:31 -0900] "GET /aboutus.html HTTP/1.0" 304 - "-" "Mozilla/5.0 (compatible; Yahoo! Slurp; http://help.yahoo.com/help/us/ysearch/slurp)"
66.99.73.25 - - [01/Mar/2006:05:47:57 -0900] "GET /gallery/maps/G3200/large/G3200%201882%20P461.jpg HTTP/1.0" 200 199700 "http://www.xanga.com/Angel_Girl_Annie" "Mozilla/4.0 (compatible; MSIE 6.0; Windows NT 5.1; SV1; .NET CLR 1.1.4322)"
66.99.73.25 - - [01/Mar/2006:05:48:05 -0900] "GET /gallery/maps/G3200/large/G3200%201882%20P461.jpg HTTP/1.0" 206 134164 "http://www.xanga.com/Angel_Girl_Annie/450425028/item.html" "Mozilla/4.0 (compatible; MSIE 6.0; Windows NT 5.1; SV1; .NET CLR 1.1.4322)"
207.46.98.86 - - [01/Mar/2006:05:48:14 -0900] "GET /gallery/photos/20020087/0/pages/2002-0087-00055.html HTTP/1.0" 200 1767 "-" "msnbot/1.0 (+http://search.msn.com/msnbot.htm)"
207.46.98.86 - - [01/Mar/2006:05:48:21 -0900] "GET /gallery/photos/20020087/0/pages/2002-0087-00057.html HTTP/1.0" 200 1767 "-" "msnbot/1.0 (+http://search.msn.com/msnbot.htm)"
61.5.114.2 - - [01/Mar/2006:05:49:03 -0900] "GET /index_files/dps.ico HTTP/1.1" 200 318 "-" "Mozilla/5.0 (Windows; U; Win 9x 4.90; en-GB; rv:1.7.5) Gecko/20041110 Firefox/1.0"
68.142.250.98 - - [01/Mar/2006:05:49:04 -0900] "GET /gallery/photos/20040153/6/pages/2004-0153-00603.html HTTP/1.0" 200 2085 "-" "Mozilla/5.0 (compatible; Yahoo! Slurp; http://help.yahoo.com/help/us/ysearch/slurp)"
61.5.114.2 - - [01/Mar/2006:05:49:01 -0900] "GET /gallery/maps/mapg3350.html HTTP/1.1" 200 19434 "http://www.google.co.id/search?client=firefox-a&rls=org.mozilla%3Aen-GB%3Aofficial_s&hl=id&q=yucon+river&meta=&btnG=Telusuri+dengan+Google" "Mozilla/5.0 (Windows; U; Win 9x 4.90; en-GB; rv:1.7.5) Gecko/20041110 Firefox/1.0"
61.5.114.2 - - [01/Mar/2006:05:49:04 -0900] "GET /index_files/lib.css HTTP/1.1" 200 2809 "http://photolab.elmer.uaf.edu/gallery/maps/mapg3350.html" "Mozilla/5.0 (Windows; U; Win 9x 4.90; en-GB; rv:1.7.5) Gecko/20041110 Firefox/1.0"
61.5.114.2 - - [01/Mar/2006:05:49:06 -0900] "GET /index_files/title.jpg HTTP/1.1" 200 5438 "http://photolab.elmer.uaf.edu/gallery/maps/mapg3350.html" "Mozilla/5.0 (Windows; U; Win 9x 4.90; en-GB; rv:1.7.5) Gecko/20041110 Firefox/1.0"
61.5.114.2 - - [01/Mar/2006:05:49:08 -0900] "GET /index_files/empty.gif HTTP/1.1" 200 45 "http://photolab.elmer.uaf.edu/gallery/maps/mapg3350.html" "Mozilla/5.0 (Windows; U; Win 9x 4.90; en-GB; rv:1.7.5) Gecko/20041110 Firefox/1.0"
61.5.114.2 - - [01/Mar/2006:05:49:09 -0900] "GET /index_files/small.dps.jpg HTTP/1.1" 200 5830 "http://photolab.elmer.uaf.edu/gallery/maps/mapg3350.html" "Mozilla/5.0 (Windows; U; Win 9x 4.90; en-GB; rv:1.7.5) Gecko/20041110 Firefox/1.0"
61.5.114.2 - - [01/Mar/2006:05:49:06 -0900] "GET /index_files/apr.jpg HTTP/1.1" 200 6015 "http://photolab.elmer.uaf.edu/gallery/maps/mapg3350.html" "Mozilla/5.0 (Windows; U; Win 9x 4.90; en-GB; rv:1.7.5) Gecko/20041110 Firefox/1.0"
61.5.114.2 - - [01/Mar/2006:05:49:11 -0900] "GET /index_files/small.jpg HTTP/1.1" 200 2294 "http://photolab.elmer.uaf.edu/gallery/maps/mapg3350.html" "Mozilla/5.0 (Windows; U; Win 9x 4.90; en-GB; rv:1.7.5) Gecko/20041110 Firefox/1.0"
61.5.114.2 - - [01/Mar/2006:05:49:11 -0900] "GET /index_files/small_002.jpg HTTP/1.1" 200 1351 "http://photolab.elmer.uaf.edu/gallery/maps/mapg3350.html" "Mozilla/5.0 (Windows; U; Win 9x 4.90; en-GB; rv:1.7.5) Gecko/20041110 Firefox/1.0"
61.5.114.2 - - [01/Mar/2006:05:49:12 -0900] "GET /index_files/bar.gif HTTP/1.1" 200 342 "http://photolab.elmer.uaf.edu/gallery/maps/mapg3350.html" "Mozilla/5.0 (Windows; U; Win 9x 4.90; en-GB; rv:1.7.5) Gecko/20041110 Firefox/1.0"
61.5.114.2 - - [01/Mar/2006:05:49:12 -0900] "GET /index_files/small_003.jpg HTTP/1.1" 200 1521 "http://photolab.elmer.uaf.edu/gallery/maps/mapg3350.html" "Mozilla/5.0 (Windows; U; Win 9x 4.90; en-GB; rv:1.7.5) Gecko/20041110 Firefox/1.0"
61.5.114.2 - - [01/Mar/2006:05:49:14 -0900] "GET /gallery/maps/G3300/small/G3350%201772%20R62.jpg HTTP/1.1" 200 24868 "http://photolab.elmer.uaf.edu/gallery/maps/mapg3350.html" "Mozilla/5.0 (Windows; U; Win 9x 4.90; en-GB; rv:1.7.5) Gecko/20041110 Firefox/1.0"
61.5.114.2 - - [01/Mar/2006:05:49:14 -0900] "GET /gallery/maps/G3300/small/G3350%20%5B1791_%5D%20L3.jpg HTTP/1.1" 200 24067 "http://photolab.elmer.uaf.edu/gallery/maps/mapg3350.html" "Mozilla/5.0 (Windows; U; Win 9x 4.90; en-GB; rv:1.7.5) Gecko/20041110 Firefox/1.0"
61.5.114.2 - - [01/Mar/2006:05:49:21 -0900] "GET /gallery/maps/G3300/small/G3351%20S12%20%5B1793_%5D%20V36.jpg HTTP/1.1" 200 26840 "http://photolab.elmer.uaf.edu/gallery/maps/mapg3350.html" "Mozilla/5.0 (Windows; U; Win 9x 4.90; en-GB; rv:1.7.5) Gecko/20041110 Firefox/1.0"
61.5.114.2 - - [01/Mar/2006:05:49:21 -0900] "GET /gallery/maps/G3300/small/G3350%20%5B1797%5D%20no.17.jpg HTTP/1.1" 200 23172 "http://photolab.elmer.uaf.edu/gallery/maps/mapg3350.html" "Mozilla/5.0 (Windows; U; Win 9x 4.90; en-GB; rv:1.7.5) Gecko/20041110 Firefox/1.0"
61.5.114.2 - - [01/Mar/2006:05:49:26 -0900] "GET /gallery/maps/G3300/small/G3350%20%5B1797%5D%20no.29.jpg HTTP/1.1" 200 23370 "http://photolab.elmer.uaf.edu/gallery/maps/mapg3350.html" "Mozilla/5.0 (Windows; U; Win 9x 4.90; en-GB; rv:1.7.5) Gecko/20041110 Firefox/1.0"
61.5.114.2 - - [01/Mar/2006:05:49:29 -0900] "GET /gallery/maps/G3300/small/G3350%201798%20R622%20no.17.jpg HTTP/1.1" 200 23606 "http://photolab.elmer.uaf.edu/gallery/maps/mapg3350.html" "Mozilla/5.0 (Windows; U; Win 9x 4.90; en-GB; rv:1.7.5) Gecko/20041110 Firefox/1.0"
61.5.114.2 - - [01/Mar/2006:05:49:29 -0900] "GET /gallery/maps/G3300/small/G3350%201798%20R622%20no.16.jpg HTTP/1.1" 200 25236 "http://photolab.elmer.uaf.edu/gallery/maps/mapg3350.html" "Mozilla/5.0 (Windows; U; Win 9x 4.90; en-GB; rv:1.7.5) Gecko/20041110 Firefox/1.0"
61.5.114.2 - - [01/Mar/2006:05:49:34 -0900] "GET /gallery/maps/G3300/small/G3350%201798%20R622%20no.29.jpg HTTP/1.1" 200 23581 "http://photolab.elmer.uaf.edu/gallery/maps/mapg3350.html" "Mozilla/5.0 (Windows; U; Win 9x 4.90; en-GB; rv:1.7.5) Gecko/20041110 Firefox/1.0"
61.5.114.2 - - [01/Mar/2006:05:49:39 -0900] "GET /gallery/maps/G3300/small/G3351%20S12%201798%20B34%20verso.jpg HTTP/1.1" 200 23593 "http://photolab.elmer.uaf.edu/gallery/maps/mapg3350.html" "Mozilla/5.0 (Windows; U; Win 9x 4.90; en-GB; rv:1.7.5) Gecko/20041110 Firefox/1.0"
61.5.114.2 - - [01/Mar/2006:05:49:36 -0900] "GET /gallery/maps/G3300/small/G3351%20S12%201798%20B34%20front.jpg HTTP/1.1" 200 15123 "http://photolab.elmer.uaf.edu/gallery/maps/mapg3350.html" "Mozilla/5.0 (Windows; U; Win 9x 4.90; en-GB; rv:1.7.5) Gecko/20041110 Firefox/1.0"
81.224.210.8 - - [01/Mar/2006:05:54:12 -0900] "GET /store/mining.html HTTP/1.1" 301 351 "http://images.google.se/imgres?imgurl=http://photolab.elmer.uaf.edu/store/photos/largejpegs/(032)1964-0098-02647.jpg&imgrefurl=http://photolab.elmer.uaf.edu/store/mining.html&h=703&w=1000&sz=139&tbnid=ARkYpIkwWHbL-M:&tbnh=104&tbnw=149&hl=sv&start=1&prev=/images%3Fq%3Dhydraulic%2Bmining%26svnum%3D10%26hl%3Dsv%26lr%3D%26client%3Dfirefox-a%26rls%3Dorg.mozilla:en-US:official_s%26sa%3DG" "Mozilla/5.0 (Windows; U; Windows NT 5.1; en-US; rv:1.8.0.1) Gecko/20060111 Firefox/1.5.0.1"
209.191.65.223 - - [01/Mar/2006:05:54:13 -0900] "GET /store/photos/largejpegs/1969-0004-00003.jpg HTTP/1.0" 301 377 "-" "Yahoo-MMCrawler/3.x (mms dash mmcrawler dash support at yahoo dash inc dot com)"
81.224.210.8 - - [01/Mar/2006:05:54:13 -0900] "GET /store/photos/largejpegs/(032)1964-0098-02647.jpg HTTP/1.1" 301 382 "http://images.google.se/imgres?imgurl=http://photolab.elmer.uaf.edu/store/photos/largejpegs/(032)1964-0098-02647.jpg&imgrefurl=http://photolab.elmer.uaf.edu/store/mining.html&h=703&w=1000&sz=139&tbnid=ARkYpIkwWHbL-M:&tbnh=104&tbnw=149&hl=sv&prev=/images%3Fq%3Dhydraulic%2Bmining%26svnum%3D10%26hl%3Dsv%26lr%3D%26client%3Dfirefox-a%26rls%3Dorg.mozilla:en-US:official_s%26sa%3DG&frame=small" "Mozilla/5.0 (Windows; U; Windows NT 5.1; en-US; rv:1.8.0.1) Gecko/20060111 Firefox/1.5.0.1"
207.46.98.86 - - [01/Mar/2006:05:54:38 -0900] "GET /gallery/photos/20020087/0/pages/2002-0087-00060.html HTTP/1.0" 200 1767 "-" "msnbot/1.0 (+http://search.msn.com/msnbot.htm)"
209.191.65.223 - - [01/Mar/2006:05:54:54 -0900] "GET /store/photos/largejpegs/1958-1026-01103.jpg HTTP/1.0" 301 377 "-" "Yahoo-MMCrawler/3.x (mms dash mmcrawler dash support at yahoo dash inc dot com)"
70.176.249.95 - - [01/Mar/2006:05:56:24 -0900] "GET /store/nome.html HTTP/1.1" 301 349 "-" "Mozilla/4.0 (compatible; MSIE 6.0; Windows NT 5.1; SV1)"
70.176.249.95 - - [01/Mar/2006:05:56:26 -0900] "GET /store/photos/largejpegs/(006)1970-0058-00507.jpg HTTP/1.1" 301 382 "-" "Mozilla/4.0 (compatible; MSIE 6.0; Windows NT 5.1; SV1)"
70.176.249.95 - - [01/Mar/2006:05:56:31 -0900] "GET /store/photos/largejpegs/(006)1970-0058-00507.jpg HTTP/1.1" 301 382 "-" "Mozilla/4.0 (compatible; MSIE 6.0; Windows NT 5.1; SV1)"
72.30.107.149 - - [01/Mar/2006:05:59:54 -0900] "GET /store/index.html HTTP/1.0" 301 350 "-" "Mozilla/5.0 (compatible; Yahoo! Slurp; http://help.yahoo.com/help/us/ysearch/slurp)"
84.140.236.128 - - [01/Mar/2006:06:06:17 -0900] "GET /gallery/maps/mapg3290.html HTTP/1.1" 200 15535 "http://images.google.de/imgres?imgurl=http://photolab.elmer.uaf.edu/gallery/maps/G3200/large/G3290%2520%255B1851%255D%2520R36.jpg&imgrefurl=http://photolab.elmer.uaf.edu/gallery/maps/mapg3290.html&h=873&w=1200&sz=321&tbnid=2CWcKr1un_NlkM:&tbnh=109&tbnw=150&hl=de&start=154&prev=/images%3Fq%3Dprinting%2Bcompany%26start%3D140%26imgsz%3Dxxlarge%26svnum%3D10%26hl%3Dde%26lr%3D%26sa%3DN" "Mozilla/5.0 (Windows; U; Windows NT 5.1; de; rv:1.8.0.1) Gecko/20060111 Firefox/1.5.0.1"
84.140.236.128 - - [01/Mar/2006:06:06:39 -0900] "GET /index_files/title.jpg HTTP/1.1" 200 5438 "http://photolab.elmer.uaf.edu/gallery/maps/mapg3290.html" "Mozilla/5.0 (Windows; U; Windows NT 5.1; de; rv:1.8.0.1) Gecko/20060111 Firefox/1.5.0.1"
84.140.236.128 - - [01/Mar/2006:06:06:39 -0900] "GET /gallery/maps/G3200/large/G3290%20%5B1851%5D%20R36.jpg HTTP/1.1" 200 244645 "http://images.google.de/imgres?imgurl=http://photolab.elmer.uaf.edu/gallery/maps/G3200/large/G3290%2520%255B1851%255D%2520R36.jpg&imgrefurl=http://photolab.elmer.uaf.edu/gallery/maps/mapg3290.html&h=873&w=1200&sz=321&tbnid=2CWcKr1un_NlkM:&tbnh=109&tbnw=150&hl=de&prev=/images%3Fq%3Dprinting%2Bcompany%26start%3D140%26imgsz%3Dxxlarge%26svnum%3D10%26hl%3Dde%26lr%3D%26sa%3DN&frame=small" "Mozilla/5.0 (Windows; U; Windows NT 5.1; de; rv:1.8.0.1) Gecko/20060111 Firefox/1.5.0.1"
72.30.133.19 - - [01/Mar/2006:06:11:22 -0900] "GET /gallery/photos/20020093/pages/2002-0093-00054.html HTTP/1.0" 200 1775 "-" "Mozilla/5.0 (compatible; Yahoo! Slurp; http://help.yahoo.com/help/us/ysearch/slurp)"
192.30.202.11 - - [01/Mar/2006:06:16:48 -0900] "GET / HTTP/1.1" 200 8969 "http://www.google.ca/search?q=photo+lab&hl=en&lr=&start=30&sa=N" "Mozilla/4.0 (compatible; MSIE 6.0; Windows NT 5.1; SV1; .NET CLR 1.1.4322)"
192.30.202.14 - - [01/Mar/2006:06:16:49 -0900] "GET /index_files/lib.css HTTP/1.1" 200 2809 "http://photolab.elmer.uaf.edu/" "Mozilla/4.0 (compatible; MSIE 6.0; Windows NT 5.1; SV1; .NET CLR 1.1.4322)"
192.30.202.14 - - [01/Mar/2006:06:16:49 -0900] "GET /index_files/title.jpg HTTP/1.1" 200 5438 "http://photolab.elmer.uaf.edu/" "Mozilla/4.0 (compatible; MSIE 6.0; Windows NT 5.1; SV1; .NET CLR 1.1.4322)"
192.30.202.14 - - [01/Mar/2006:06:16:49 -0900] "GET /index_files/bar.gif HTTP/1.1" 200 342 "http://photolab.elmer.uaf.edu/" "Mozilla/4.0 (compatible; MSIE 6.0; Windows NT 5.1; SV1; .NET CLR 1.1.4322)"
192.30.202.11 - - [01/Mar/2006:06:16:49 -0900] "GET /index_files/apr.jpg HTTP/1.1" 200 6015 "http://photolab.elmer.uaf.edu/" "Mozilla/4.0 (compatible; MSIE 6.0; Windows NT 5.1; SV1; .NET CLR 1.1.4322)"
192.30.202.11 - - [01/Mar/2006:06:16:49 -0900] "GET /index_files/small.dps.jpg HTTP/1.1" 200 5830 "http://photolab.elmer.uaf.edu/" "Mozilla/4.0 (compatible; MSIE 6.0; Windows NT 5.1; SV1; .NET CLR 1.1.4322)"
192.30.202.11 - - [01/Mar/2006:06:16:50 -0900] "GET /index_files/small.jpg HTTP/1.1" 200 2294 "http://photolab.elmer.uaf.edu/" "Mozilla/4.0 (compatible; MSIE 6.0; Windows NT 5.1; SV1; .NET CLR 1.1.4322)"
192.30.202.11 - - [01/Mar/2006:06:16:50 -0900] "GET /index_files/small_002.jpg HTTP/1.1" 200 1351 "http://photolab.elmer.uaf.edu/" "Mozilla/4.0 (compatible; MSIE 6.0; Windows NT 5.1; SV1; .NET CLR 1.1.4322)"
192.30.202.14 - - [01/Mar/2006:06:16:50 -0900] "GET /index_files/small_003.jpg HTTP/1.1" 200 1521 "http://photolab.elmer.uaf.edu/" "Mozilla/4.0 (compatible; MSIE 6.0; Windows NT 5.1; SV1; .NET CLR 1.1.4322)"
192.30.202.14 - - [01/Mar/2006:06:16:50 -0900] "GET /index_files/bluebear.gif HTTP/1.1" 200 1263 "http://photolab.elmer.uaf.edu/" "Mozilla/4.0 (compatible; MSIE 6.0; Windows NT 5.1; SV1; .NET CLR 1.1.4322)"
192.30.202.12 - - [01/Mar/2006:06:16:50 -0900] "GET /index_files/sitemap.gif HTTP/1.1" 200 1503 "http://photolab.elmer.uaf.edu/" "Mozilla/4.0 (compatible; MSIE 6.0; Windows NT 5.1; SV1; .NET CLR 1.1.4322)"
192.30.202.11 - - [01/Mar/2006:06:16:51 -0900] "GET /index_files/empty.gif HTTP/1.1" 200 45 "http://photolab.elmer.uaf.edu/" "Mozilla/4.0 (compatible; MSIE 6.0; Windows NT 5.1; SV1; .NET CLR 1.1.4322)"
192.30.202.14 - - [01/Mar/2006:06:17:04 -0900] "GET /contact.html HTTP/1.1" 200 6369 "http://photolab.elmer.uaf.edu/" "Mozilla/4.0 (compatible; MSIE 6.0; Windows NT 5.1; SV1; .NET CLR 1.1.4322)"
72.30.101.135 - - [01/Mar/2006:06:18:11 -0900] "GET /gallery/photos/19680041/1/pages/1968-0041-00140.htm HTTP/1.0" 200 1889 "-" "Mozilla/5.0 (compatible; Yahoo! Slurp; http://help.yahoo.com/help/us/ysearch/slurp)"
207.236.63.10 - - [01/Mar/2006:06:19:58 -0900] "GET /index_files/lib.css HTTP/1.0" 200 2809 "http://photolab.elmer.uaf.edu/gallery/maps/mapg3520.html" "Mozilla/4.0 (compatible; MSIE 6.0; Windows NT 5.1; SV1; .NET CLR 1.1.4322; InfoPath.1; .NET CLR 2.0.50727)"
207.236.63.10 - - [01/Mar/2006:06:19:58 -0900] "GET /index_files/empty.gif HTTP/1.0" 200 45 "http://photolab.elmer.uaf.edu/gallery/maps/mapg3520.html" "Mozilla/4.0 (compatible; MSIE 6.0; Windows NT 5.1; SV1; .NET CLR 1.1.4322; InfoPath.1; .NET CLR 2.0.50727)"
207.236.63.10 - - [01/Mar/2006:06:19:58 -0900] "GET /index_files/title.jpg HTTP/1.0" 200 5438 "http://photolab.elmer.uaf.edu/gallery/maps/mapg3520.html" "Mozilla/4.0 (compatible; MSIE 6.0; Windows NT 5.1; SV1; .NET CLR 1.1.4322; InfoPath.1; .NET CLR 2.0.50727)"
207.236.63.10 - - [01/Mar/2006:06:19:57 -0900] "GET /gallery/maps/mapg3520.html HTTP/1.0" 200 12916 "http://images.google.ca/imgres?imgurl=http://photolab.elmer.uaf.edu/gallery/maps/G3500/large/G3522%2520K5%2520H2%25201898%2520L695%2520C.2.jpg&imgrefurl=http://photolab.elmer.uaf.edu/gallery/maps/mapg3520.html&h=840&w=1200&sz=195&tbnid=MQZHgWYLVmpF5M:&tbnh=105&tbnw=150&hl=en&start=7&prev=/images%3Fq%3Dmaps%2Bof%2Bthe%2Bklondike%26svnum%3D10%26hl%3Den%26lr%3D" "Mozilla/4.0 (compatible; MSIE 6.0; Windows NT 5.1; SV1; .NET CLR 1.1.4322; InfoPath.1; .NET CLR 2.0.50727)"
207.236.63.10 - - [01/Mar/2006:06:19:58 -0900] "GET /index_files/apr.jpg HTTP/1.0" 200 6015 "http://photolab.elmer.uaf.edu/gallery/maps/mapg3520.html" "Mozilla/4.0 (compatible; MSIE 6.0; Windows NT 5.1; SV1; .NET CLR 1.1.4322; InfoPath.1; .NET CLR 2.0.50727)"
207.236.63.10 - - [01/Mar/2006:06:19:59 -0900] "GET /index_files/small.jpg HTTP/1.0" 200 2294 "http://photolab.elmer.uaf.edu/gallery/maps/mapg3520.html" "Mozilla/4.0 (compatible; MSIE 6.0; Windows NT 5.1; SV1; .NET CLR 1.1.4322; InfoPath.1; .NET CLR 2.0.50727)"
207.236.63.10 - - [01/Mar/2006:06:19:59 -0900] "GET /index_files/small.dps.jpg HTTP/1.0" 200 5830 "http://photolab.elmer.uaf.edu/gallery/maps/mapg3520.html" "Mozilla/4.0 (compatible; MSIE 6.0; Windows NT 5.1; SV1; .NET CLR 1.1.4322; InfoPath.1; .NET CLR 2.0.50727)"
207.236.63.10 - - [01/Mar/2006:06:19:59 -0900] "GET /index_files/small_002.jpg HTTP/1.0" 200 1351 "http://photolab.elmer.uaf.edu/gallery/maps/mapg3520.html" "Mozilla/4.0 (compatible; MSIE 6.0; Windows NT 5.1; SV1; .NET CLR 1.1.4322; InfoPath.1; .NET CLR 2.0.50727)"
207.236.63.10 - - [01/Mar/2006:06:19:59 -0900] "GET /index_files/small_003.jpg HTTP/1.0" 200 1521 "http://photolab.elmer.uaf.edu/gallery/maps/mapg3520.html" "Mozilla/4.0 (compatible; MSIE 6.0; Windows NT 5.1; SV1; .NET CLR 1.1.4322; InfoPath.1; .NET CLR 2.0.50727)"
207.236.63.10 - - [01/Mar/2006:06:20:00 -0900] "GET /gallery/maps/G3500/small/G3532%20G731%20%5B1827%5D%20V36.jpg HTTP/1.0" 200 23785 "http://photolab.elmer.uaf.edu/gallery/maps/mapg3520.html" "Mozilla/4.0 (compatible; MSIE 6.0; Windows NT 5.1; SV1; .NET CLR 1.1.4322; InfoPath.1; .NET CLR 2.0.50727)"
207.236.63.10 - - [01/Mar/2006:06:20:00 -0900] "GET /gallery/maps/G3500/small/G3562%20S641%20P5%201875%20G73.jpg HTTP/1.0" 200 27049 "http://photolab.elmer.uaf.edu/gallery/maps/mapg3520.html" "Mozilla/4.0 (compatible; MSIE 6.0; Windows NT 5.1; SV1; .NET CLR 1.1.4322; InfoPath.1; .NET CLR 2.0.50727)"
207.236.63.10 - - [01/Mar/2006:06:19:59 -0900] "GET /gallery/maps/G3500/small/G3562%20S641%20[1874_]%20U58.jpg HTTP/1.0" 200 27229 "http://photolab.elmer.uaf.edu/gallery/maps/mapg3520.html" "Mozilla/4.0 (compatible; MSIE 6.0; Windows NT 5.1; SV1; .NET CLR 1.1.4322; InfoPath.1; .NET CLR 2.0.50727)"
207.236.63.10 - - [01/Mar/2006:06:20:00 -0900] "GET /gallery/maps/G3500/small/G3522%20K5%20H2%201897%20R53.jpg HTTP/1.0" 200 30157 "http://photolab.elmer.uaf.edu/gallery/maps/mapg3520.html" "Mozilla/4.0 (compatible; MSIE 6.0; Windows NT 5.1; SV1; .NET CLR 1.1.4322; InfoPath.1; .NET CLR 2.0.50727)"
207.236.63.10 - - [01/Mar/2006:06:20:00 -0900] "GET /gallery/maps/G3500/small/G3521%20C5%201898%20C4.jpg HTTP/1.0" 200 25214 "http://photolab.elmer.uaf.edu/gallery/maps/mapg3520.html" "Mozilla/4.0 (compatible; MSIE 6.0; Windows NT 5.1; SV1; .NET CLR 1.1.4322; InfoPath.1; .NET CLR 2.0.50727)"
207.236.63.10 - - [01/Mar/2006:06:20:01 -0900] "GET /gallery/maps/G3500/small/G3522%20K5%20H1%201898%20F61.jpg HTTP/1.0" 200 24529 "http://photolab.elmer.uaf.edu/gallery/maps/mapg3520.html" "Mozilla/4.0 (compatible; MSIE 6.0; Windows NT 5.1; SV1; .NET CLR 1.1.4322; InfoPath.1; .NET CLR 2.0.50727)"
207.236.63.10 - - [01/Mar/2006:06:20:01 -0900] "GET /gallery/maps/G3500/small/G3522%20K5%20H2%201898%20L695.jpg HTTP/1.0" 200 24517 "http://photolab.elmer.uaf.edu/gallery/maps/mapg3520.html" "Mozilla/4.0 (compatible; MSIE 6.0; Windows NT 5.1; SV1; .NET CLR 1.1.4322; InfoPath.1; .NET CLR 2.0.50727)"
207.236.63.10 - - [01/Mar/2006:06:20:02 -0900] "GET /gallery/maps/G3500/small/G3522%20K5%20H2%201898%20L695%20c2.jpg HTTP/1.0" 200 24280 "http://photolab.elmer.uaf.edu/gallery/maps/mapg3520.html" "Mozilla/4.0 (compatible; MSIE 6.0; Windows NT 5.1; SV1; .NET CLR 1.1.4322; InfoPath.1; .NET CLR 2.0.50727)"
207.236.63.10 - - [01/Mar/2006:06:20:03 -0900] "GET /gallery/maps/G3500/small/G3522%20W55%20H1%201904%20C32.jpg HTTP/1.0" 200 22406 "http://photolab.elmer.uaf.edu/gallery/maps/mapg3520.html" "Mozilla/4.0 (compatible; MSIE 6.0; Windows NT 5.1; SV1; .NET CLR 1.1.4322; InfoPath.1; .NET CLR 2.0.50727)"
207.236.63.10 - - [01/Mar/2006:06:20:03 -0900] "GET /gallery/maps/G3500/small/G3522%20K5%20H1%201908%20C41.jpg HTTP/1.0" 200 23679 "http://photolab.elmer.uaf.edu/gallery/maps/mapg3520.html" "Mozilla/4.0 (compatible; MSIE 6.0; Windows NT 5.1; SV1; .NET CLR 1.1.4322; InfoPath.1; .NET CLR 2.0.50727)"
207.236.63.10 - - [01/Mar/2006:06:20:03 -0900] "GET /index_files/bluebear.gif HTTP/1.0" 200 1263 "http://photolab.elmer.uaf.edu/gallery/maps/mapg3520.html" "Mozilla/4.0 (compatible; MSIE 6.0; Windows NT 5.1; SV1; .NET CLR 1.1.4322; InfoPath.1; .NET CLR 2.0.50727)"
207.236.63.10 - - [01/Mar/2006:06:20:03 -0900] "GET /gallery/maps/G3500/small/G3560%201902%20L6.jpg HTTP/1.0" 200 27634 "http://photolab.elmer.uaf.edu/gallery/maps/mapg3520.html" "Mozilla/4.0 (compatible; MSIE 6.0; Windows NT 5.1; SV1; .NET CLR 1.1.4322; InfoPath.1; .NET CLR 2.0.50727)"
207.236.63.10 - - [01/Mar/2006:06:20:04 -0900] "GET /index_files/sitemap.gif HTTP/1.0" 200 1503 "http://photolab.elmer.uaf.edu/gallery/maps/mapg3520.html" "Mozilla/4.0 (compatible; MSIE 6.0; Windows NT 5.1; SV1; .NET CLR 1.1.4322; InfoPath.1; .NET CLR 2.0.50727)"
207.236.63.10 - - [01/Mar/2006:06:20:14 -0900] "GET /index_files/bar.gif HTTP/1.0" 200 342 "http://photolab.elmer.uaf.edu/gallery/maps/mapg3520.html" "Mozilla/4.0 (compatible; MSIE 6.0; Windows NT 5.1; SV1; .NET CLR 1.1.4322; InfoPath.1; .NET CLR 2.0.50727)"
193.2.237.30 - - [01/Mar/2006:06:21:25 -0900] "GET /store/maps.html HTTP/1.0" 301 349 "http://images.google.com/imgres?imgurl=http://photolab.elmer.uaf.edu/store/maps/large%2520jpegs/(023)%2520G3200%2520%255B1562_%255D%2520V34.jpg&imgrefurl=http://photolab.elmer.uaf.edu/store/maps.html&h=1108&w=1500&sz=476&tbnid=V6RVFUAzMBFxkM:&tbnh=110&tbnw=150&hl=sl&start=11&prev=/images%3Fq%3DMegiser%26svnum%3D10%26hl%3Dsl%26lr%3D%26sa%3DG" "Mozilla/4.0 (compatible; MSIE 6.0; Windows NT 5.1)"
209.135.123.8 - - [01/Mar/2006:06:22:31 -0900] "GET /gallery/maps/mapg3510.html HTTP/1.1" 200 12136 "http://images.google.ca/imgres?imgurl=http://photolab.elmer.uaf.edu/gallery/maps/G3500/large/G3511%2520P92%2520%255B186-%255D.jpg&imgrefurl=http://photolab.elmer.uaf.edu/gallery/maps/mapg3510.html&h=1200&w=808&sz=150&tbnid=oLgB4Ycgea5c1M:&tbnh=150&tbnw=101&hl=en&start=9&prev=/images%3Fq%3D%2Bmaps%2Bon%2Balexander%2Bmackenzie%2B%26svnum%3D10%26hl%3Den%26lr%3D" "Mozilla/4.0 (compatible; MSIE 6.0; Windows 98)"
209.135.123.8 - - [01/Mar/2006:06:22:31 -0900] "GET /index_files/lib.css HTTP/1.1" 200 2809 "http://photolab.elmer.uaf.edu/gallery/maps/mapg3510.html" "Mozilla/4.0 (compatible; MSIE 6.0; Windows 98)"
209.135.123.8 - - [01/Mar/2006:06:22:31 -0900] "GET /index_files/title.jpg HTTP/1.1" 200 5438 "http://photolab.elmer.uaf.edu/gallery/maps/mapg3510.html" "Mozilla/4.0 (compatible; MSIE 6.0; Windows 98)"
209.135.123.8 - - [01/Mar/2006:06:22:31 -0900] "GET /index_files/empty.gif HTTP/1.1" 200 45 "http://photolab.elmer.uaf.edu/gallery/maps/mapg3510.html" "Mozilla/4.0 (compatible; MSIE 6.0; Windows 98)"
209.135.123.8 - - [01/Mar/2006:06:22:31 -0900] "GET /index_files/apr.jpg HTTP/1.1" 200 6015 "http://photolab.elmer.uaf.edu/gallery/maps/mapg3510.html" "Mozilla/4.0 (compatible; MSIE 6.0; Windows 98)"
209.135.123.8 - - [01/Mar/2006:06:22:31 -0900] "GET /index_files/small.dps.jpg HTTP/1.1" 200 5830 "http://photolab.elmer.uaf.edu/gallery/maps/mapg3510.html" "Mozilla/4.0 (compatible; MSIE 6.0; Windows 98)"
209.135.123.8 - - [01/Mar/2006:06:22:31 -0900] "GET /index_files/small.jpg HTTP/1.1" 200 2294 "http://photolab.elmer.uaf.edu/gallery/maps/mapg3510.html" "Mozilla/4.0 (compatible; MSIE 6.0; Windows 98)"
209.135.123.8 - - [01/Mar/2006:06:22:32 -0900] "GET /index_files/small_002.jpg HTTP/1.1" 200 1351 "http://photolab.elmer.uaf.edu/gallery/maps/mapg3510.html" "Mozilla/4.0 (compatible; MSIE 6.0; Windows 98)"
209.135.123.8 - - [01/Mar/2006:06:22:32 -0900] "GET /index_files/small_003.jpg HTTP/1.1" 200 1521 "http://photolab.elmer.uaf.edu/gallery/maps/mapg3510.html" "Mozilla/4.0 (compatible; MSIE 6.0; Windows 98)"
209.135.123.8 - - [01/Mar/2006:06:22:32 -0900] "GET /gallery/maps/G3500/small/G3512%20N66%201778%20H63.jpg HTTP/1.1" 200 28216 "http://photolab.elmer.uaf.edu/gallery/maps/mapg3510.html" "Mozilla/4.0 (compatible; MSIE 6.0; Windows 98)"
209.135.123.8 - - [01/Mar/2006:06:22:32 -0900] "GET /gallery/maps/G3500/small/G3512%20T381%20[18--].jpg HTTP/1.1" 200 23379 "http://photolab.elmer.uaf.edu/gallery/maps/mapg3510.html" "Mozilla/4.0 (compatible; MSIE 6.0; Windows 98)"
209.135.123.8 - - [01/Mar/2006:06:22:32 -0900] "GET /gallery/maps/G3500/small/G3510%20[18--]%20W47.jpg HTTP/1.1" 200 22584 "http://photolab.elmer.uaf.edu/gallery/maps/mapg3510.html" "Mozilla/4.0 (compatible; MSIE 6.0; Windows 98)"
209.135.123.8 - - [01/Mar/2006:06:22:33 -0900] "GET /index_files/bar.gif HTTP/1.1" 200 342 "http://photolab.elmer.uaf.edu/gallery/maps/mapg3510.html" "Mozilla/4.0 (compatible; MSIE 6.0; Windows 98)"
209.135.123.8 - - [01/Mar/2006:06:22:33 -0900] "GET /gallery/maps/G3500/large/G3511%20P92%20%5B186-%5D.jpg HTTP/1.1" 200 130349 "http://images.google.ca/imgres?imgurl=http://photolab.elmer.uaf.edu/gallery/maps/G3500/large/G3511%2520P92%2520%255B186-%255D.jpg&imgrefurl=http://photolab.elmer.uaf.edu/gallery/maps/mapg3510.html&h=1200&w=808&sz=150&tbnid=oLgB4Ycgea5c1M:&tbnh=150&tbnw=101&hl=en&prev=/images%3Fq%3D%2Bmaps%2Bon%2Balexander%2Bmackenzie%2B%26svnum%3D10%26hl%3Den%26lr%3D&frame=small" "Mozilla/4.0 (compatible; MSIE 6.0; Windows 98)"
209.135.123.8 - - [01/Mar/2006:06:22:54 -0900] "GET /gallery/maps/G3500/small/G3510%20[18--]%20W47.jpg HTTP/1.1" 206 2104 "http://photolab.elmer.uaf.edu/gallery/maps/mapg3510.html" "Mozilla/4.0 (compatible; MSIE 6.0; Windows 98)"
209.135.123.8 - - [01/Mar/2006:06:22:54 -0900] "GET /gallery/maps/G3500/small/G3512%20T381%20[18--].jpg HTTP/1.1" 206 16523 "http://photolab.elmer.uaf.edu/gallery/maps/mapg3510.html" "Mozilla/4.0 (compatible; MSIE 6.0; Windows 98)"
209.135.123.8 - - [01/Mar/2006:06:22:54 -0900] "GET /gallery/maps/G3500/small/G3512%20T381%20[18--]%20verso.jpg HTTP/1.1" 200 23671 "http://photolab.elmer.uaf.edu/gallery/maps/mapg3510.html" "Mozilla/4.0 (compatible; MSIE 6.0; Windows 98)"
72.30.133.19 - - [01/Mar/2006:06:27:29 -0900] "GET /gallery/photos/20020093/pages/2002-0093-00054.html HTTP/1.0" 200 1775 "-" "Mozilla/5.0 (compatible; Yahoo! Slurp; http://help.yahoo.com/help/us/ysearch/slurp)"
71.244.34.178 - - [01/Mar/2006:06:33:49 -0900] "GET /store/akcanada.html HTTP/1.1" 301 353 "http://images.google.com/imgres?imgurl=http://photolab.elmer.uaf.edu/store/photos/largejpegs/(033)1958-1026-01464.jpg&imgrefurl=http://photolab.elmer.uaf.edu/store/akcanada.html&h=800&w=1000&sz=164&hl=en&start=193&tbnid=XNp-3xglrUqUaM:&tbnh=119&tbnw=149&prev=/images%3Fq%3DSled%2Bdog%26start%3D180%26dnum%3D20%26svnum%3D10%26hl%3Den%26lr%3D%26safe%3Dactive%26rls%3DGGLD,GGLD:2005-24,GGLD:en%26sa%3DN" "Mozilla/4.0 (compatible; MSIE 6.0; Windows NT 5.1; SV1; .NET CLR 1.1.4322)"
71.244.34.178 - - [01/Mar/2006:06:33:50 -0900] "GET /store/photos/largejpegs/(033)1958-1026-01464.jpg HTTP/1.1" 301 382 "-" "Mozilla/4.0 (compatible; MSIE 6.0; Windows NT 5.1; SV1; .NET CLR 1.1.4322)"
129.97.186.227 - - [01/Mar/2006:06:35:33 -0900] "GET /gallery/photos/20020164/pages/2002-0164-00080.html HTTP/1.0" 200 1759 "-" "MultiText/0.1"
207.46.98.85 - - [01/Mar/2006:06:35:41 -0900] "GET /gallery/photos/20030063/1/pages/2003-0063-00133.html HTTP/1.0" 200 1758 "-" "msnbot/1.0 (+http://search.msn.com/msnbot.htm)"
129.97.186.227 - - [01/Mar/2006:06:36:02 -0900] "GET /gallery/photos/20020164/pages/2002-0164-00083.html HTTP/1.0" 200 1759 "-" "MultiText/0.1"
129.97.186.227 - - [01/Mar/2006:06:37:44 -0900] "GET /gallery/photos/20020164/pages/2002-0164-00074.html HTTP/1.0" 200 1759 "-" "MultiText/0.1"
62.58.76.90 - - [01/Mar/2006:06:38:14 -0900] "GET /store/maps.html HTTP/1.0" 301 349 "http://images.google.nl/imgres?imgurl=http://photolab.elmer.uaf.edu/store/maps/small%2520jpegs/(006)%2520G4371%2520S1%2520%255B1593_%255D%2520D4.jpg&imgrefurl=http://photolab.elmer.uaf.edu/store/maps.html&h=300&w=217&sz=44&tbnid=CtMm2sVfZ76N6M:&tbnh=111&tbnw=80&hl=nl&start=2&prev=/images%3Fq%3Dalijs%26svnum%3D10%26hl%3Dnl%26lr%3D%26sa%3DG" "Mozilla/4.0 (compatible; MSIE 6.0; Windows NT 5.1; SV1)"
129.97.186.227 - - [01/Mar/2006:06:40:22 -0900] "GET /gallery/photos/20020164/pages/2002-0164-00077.html HTTP/1.0" 200 1759 "-" "MultiText/0.1"
134.153.96.213 - - [01/Mar/2006:06:41:32 -0900] "GET /store/alaskanatives.html HTTP/1.1" 301 358 "http://images.google.com/imgres?imgurl=http://photolab.elmer.uaf.edu/store/photos/largejpegs/(115)1989-0166-00398.jpg&imgrefurl=http://photolab.elmer.uaf.edu/store/alaskanatives.html&h=690&w=1000&sz=126&hl=en&start=7&tbnid=ww0qkXfDMFGtDM:&tbnh=102&tbnw=149&prev=/images%3Fq%3D%2Bwalrus%2Bhunting%26svnum%3D10%26hl%3Den%26lr%3D%26rls%3DDVXB,DVXB:2005-15,DVXB:en%26sa%3DN" "Mozilla/4.0 (compatible; MSIE 6.0; Windows NT 5.1; SV1; .NET CLR 1.1.4322)"
134.153.96.213 - - [01/Mar/2006:06:42:04 -0900] "GET /store/photos/largejpegs/(115)1989-0166-00398.jpg HTTP/1.1" 301 382 "http://images.google.com/imgres?imgurl=http://photolab.elmer.uaf.edu/store/photos/largejpegs/(115)1989-0166-00398.jpg&imgrefurl=http://photolab.elmer.uaf.edu/store/alaskanatives.html&h=690&w=1000&sz=126&tbnid=ww0qkXfDMFGtDM:&tbnh=102&tbnw=149&hl=en&prev=/images%3Fq%3D%2Bwalrus%2Bhunting%26svnum%3D10%26hl%3Den%26lr%3D%26rls%3DDVXB,DVXB:2005-15,DVXB:en%26sa%3DN&frame=small" "Mozilla/4.0 (compatible; MSIE 6.0; Windows NT 5.1; SV1; .NET CLR 1.1.4322)"
134.153.96.213 - - [01/Mar/2006:06:42:08 -0900] "GET /store/photos/largejpegs/(115)1989-0166-00398.jpg HTTP/1.1" 301 382 "http://images.google.com/imgres?imgurl=http://photolab.elmer.uaf.edu/store/photos/largejpegs/(115)1989-0166-00398.jpg&imgrefurl=http://photolab.elmer.uaf.edu/store/alaskanatives.html&h=690&w=1000&sz=126&tbnid=ww0qkXfDMFGtDM:&tbnh=102&tbnw=149&hl=en&prev=/images%3Fq%3D%2Bwalrus%2Bhunting%26svnum%3D10%26hl%3Den%26lr%3D%26rls%3DDVXB,DVXB:2005-15,DVXB:en%26sa%3DN&frame=small" "Mozilla/4.0 (compatible; MSIE 6.0; Windows NT 5.1; SV1; .NET CLR 1.1.4322)"
207.46.98.85 - - [01/Mar/2006:06:44:12 -0900] "GET /gallery/photos/20020087/0/pages/2002-0087-00052.html HTTP/1.0" 200 1767 "-" "msnbot/1.0 (+http://search.msn.com/msnbot.htm)"
72.30.128.156 - - [01/Mar/2006:06:45:02 -0900] "GET /robots.txt HTTP/1.0" 200 96 "-" "Mozilla/5.0 (compatible; Yahoo! Slurp; http://help.yahoo.com/help/us/ysearch/slurp)"
72.30.132.39 - - [01/Mar/2006:06:45:03 -0900] "GET /gallery/photos/20040093/pages/2004-0093-00023.html HTTP/1.0" 200 1900 "-" "Mozilla/5.0 (compatible; Yahoo! Slurp; http://help.yahoo.com/help/us/ysearch/slurp)"
129.97.186.227 - - [01/Mar/2006:06:46:20 -0900] "GET /gallery/photos/20020164/pages/2002-0164-00078.html HTTP/1.0" 200 1759 "-" "MultiText/0.1"
207.46.98.85 - - [01/Mar/2006:06:47:17 -0900] "GET /gallery/photos/20020087/0/pages/2002-0087-00058.html HTTP/1.0" 200 1767 "-" "msnbot/1.0 (+http://search.msn.com/msnbot.htm)"
129.97.186.227 - - [01/Mar/2006:06:47:54 -0900] "GET /gallery/photos/20020164/pages/2002-0164-00081.html HTTP/1.0" 200 1759 "-" "MultiText/0.1"
129.97.186.227 - - [01/Mar/2006:06:48:27 -0900] "GET /gallery/photos/20020164/pages/2002-0164-00075.html HTTP/1.0" 200 1759 "-" "MultiText/0.1"
129.97.186.227 - - [01/Mar/2006:06:49:17 -0900] "GET /gallery/photos/20020164/pages/2002-0164-00084.html HTTP/1.0" 200 1759 "-" "MultiText/0.1"
165.138.18.151 - - [01/Mar/2006:06:51:14 -0900] "GET /store/people.html HTTP/1.0" 301 351 "http://images.google.com/imgres?imgurl=http://photolab.elmer.uaf.edu/store/photos/largejpegs/(069)1976-0092-00075.jpg&imgrefurl=http://photolab.elmer.uaf.edu/store/people.html&h=1000&w=722&sz=109&tbnid=aX__CkkH5f85jM:&tbnh=149&tbnw=107&hl=en&start=7&prev=/images%3Fq%3Dpioneer%2Bpeople%2B%26svnum%3D10%26hl%3Den%26lr%3D" "Mozilla/4.0 (compatible; MSIE 6.0; Windows NT 5.1; SV1; .NET CLR 1.1.4322)"
165.138.18.151 - - [01/Mar/2006:06:51:14 -0900] "GET /store/photos/largejpegs/(069)1976-0092-00075.jpg HTTP/1.0" 301 382 "http://images.google.com/imgres?imgurl=http://photolab.elmer.uaf.edu/store/photos/largejpegs/(069)1976-0092-00075.jpg&imgrefurl=http://photolab.elmer.uaf.edu/store/people.html&h=1000&w=722&sz=109&tbnid=aX__CkkH5f85jM:&tbnh=149&tbnw=107&hl=en&prev=/images%3Fq%3Dpioneer%2Bpeople%2B%26svnum%3D10%26hl%3Den%26lr%3D&frame=small" "Mozilla/4.0 (compatible; MSIE 6.0; Windows NT 5.1; SV1; .NET CLR 1.1.4322)"
165.138.18.151 - - [01/Mar/2006:06:51:17 -0900] "GET /store/photos/largejpegs/(069)1976-0092-00075.jpg HTTP/1.0" 301 382 "http://images.google.com/imgres?imgurl=http://photolab.elmer.uaf.edu/store/photos/largejpegs/(069)1976-0092-00075.jpg&imgrefurl=http://photolab.elmer.uaf.edu/store/people.html&h=1000&w=722&sz=109&tbnid=aX__CkkH5f85jM:&tbnh=149&tbnw=107&hl=en&prev=/images%3Fq%3Dpioneer%2Bpeople%2B%26svnum%3D10%26hl%3Den%26lr%3D&frame=small" "Mozilla/4.0 (compatible; MSIE 6.0; Windows NT 5.1; SV1; .NET CLR 1.1.4322)"
165.138.18.151 - - [01/Mar/2006:06:51:27 -0900] "GET /store/people.html HTTP/1.0" 301 351 "http://images.google.com/imgres?imgurl=http://photolab.elmer.uaf.edu/store/photos/largejpegs/(069)1976-0092-00075.jpg&imgrefurl=http://photolab.elmer.uaf.edu/store/people.html&h=1000&w=722&sz=109&tbnid=aX__CkkH5f85jM:&tbnh=149&tbnw=107&hl=en&start=7&prev=/images%3Fq%3Dpioneer%2Bpeople%2B%26svnum%3D10%26hl%3Den%26lr%3D" "Mozilla/4.0 (compatible; MSIE 6.0; Windows NT 5.1; SV1; .NET CLR 1.1.4322)"
72.30.110.38 - - [01/Mar/2006:06:52:01 -0900] "GET /gallery/photos/19890199/0/pages/1989-0199-00072.html HTTP/1.0" 200 1880 "-" "Mozilla/5.0 (compatible; Yahoo! Slurp; http://help.yahoo.com/help/us/ysearch/slurp)"
168.9.212.7 - - [01/Mar/2006:06:54:53 -0900] "GET /index_files/aprbrown.jpg HTTP/1.0" 200 5509 "http://www.alaska.net/~johnd/urban/" "Mozilla/4.0 (compatible; MSIE 6.0; Windows NT 5.1)"
168.9.212.7 - - [01/Mar/2006:06:54:53 -0900] "GET /index_files/aprbrown.jpg HTTP/1.0" 200 5509 "http://www.alaska.net/~johnd/urban/" "Mozilla/4.0 (compatible; MSIE 6.0; Windows NT 5.1)"
129.97.186.227 - - [01/Mar/2006:06:56:55 -0900] "GET /gallery/photos/20020164/index_8.html HTTP/1.0" 200 7243 "-" "MultiText/0.1"
72.30.102.203 - - [01/Mar/2006:06:57:17 -0900] "GET /gallery/photos/20010164/pages/2001-0164-00012.html HTTP/1.0" 200 1767 "-" "Mozilla/5.0 (compatible; Yahoo! Slurp; http://help.yahoo.com/help/us/ysearch/slurp)"
129.97.186.227 - - [01/Mar/2006:06:59:27 -0900] "GET /gallery/photos/20020164/pages/2002-0164-00082.html HTTP/1.0" 200 1759 "-" "MultiText/0.1"
129.97.186.227 - - [01/Mar/2006:06:59:43 -0900] "GET /gallery/photos/20020164/pages/2002-0164-00085.html HTTP/1.0" 200 1759 "-" "MultiText/0.1"
129.97.186.227 - - [01/Mar/2006:06:59:54 -0900] "GET /gallery/photos/20020164/pages/2002-0164-00076.html HTTP/1.0" 200 1759 "-" "MultiText/0.1"
129.97.186.227 - - [01/Mar/2006:07:00:18 -0900] "GET /gallery/photos/20020164/pages/2002-0164-00079.html HTTP/1.0" 200 1759 "-" "MultiText/0.1"
66.151.181.10 - - [01/Mar/2006:07:01:52 -0900] "GET /gallery/20020093/ HTTP/1.1" 404 313 "-" "FAST Enterprise Crawler 6 / Scirus scirus-crawler@fast.no; http://www.scirus.com/srsapp/contactus/"
209.194.156.4 - - [01/Mar/2006:07:04:26 -0900] "GET /gallery/photos/19640074/images/1964-0074-00152.jpg HTTP/1.1" 200 80706 "http://profile.myspace.com/index.cfm?fuseaction=user.viewprofile&friendid=27364828&MyToken=157F3E25-5BA6-150F-565E1053212A501212535800" "Mozilla/4.0 (compatible; MSIE 6.0; Windows NT 5.0)"
155.217.1.35 - - [01/Mar/2006:07:04:34 -0900] "GET /store/allphotos2.html HTTP/1.1" 301 355 "http://images.google.com/imgres?imgurl=http://photolab.elmer.uaf.edu/store/photos/largejpegs/(047)1958-1026-01592.jpg&imgrefurl=http://photolab.elmer.uaf.edu/store/allphotos2.html&h=791&w=1000&sz=182&tbnid=-WwKuwtuEdXqbM:&tbnh=117&tbnw=149&hl=en&start=121&prev=/images%3Fq%3Dfirst%2Blanding%26start%3D120%26svnum%3D10%26hl%3Den%26lr%3D%26sa%3DN" "Mozilla/4.0 (compatible; MSIE 6.0; Windows NT 5.1; SV1; .NET CLR 2.0.50727)"
207.46.98.85 - - [01/Mar/2006:07:05:05 -0900] "GET /gallery/photos/20020087/0/pages/2002-0087-00056.html HTTP/1.0" 200 1767 "-" "msnbot/1.0 (+http://search.msn.com/msnbot.htm)"
69.245.252.235 - - [01/Mar/2006:07:03:13 -0900] "GET /gallery/maps/mapg3300.html HTTP/1.1" 200 21837 "http://images.google.com/imgres?imgurl=http://photolab.elmer.uaf.edu/gallery/maps/G3300/large/G3300%2520%255B1786_%255D%2520B691.jpg&imgrefurl=http://photolab.elmer.uaf.edu/gallery/maps/mapg3300.html&h=941&w=1200&sz=287&tbnid=cQBYogs4LLANKM:&tbnh=117&tbnw=150&hl=en&start=140&prev=/images%3Fq%3Dmap%252Bnorth%252Bamerica%26start%3D120%26svnum%3D10%26hl%3Den%26lr%3D%26sa%3DN" "Mozilla/4.0 (compatible; MSIE 6.0; Windows NT 5.1; SV1; .NET CLR 1.0.3705; .NET CLR 1.1.4322; .NET CLR 2.0.50727; Media Center PC 4.0)"
66.151.181.10 - - [01/Mar/2006:07:07:04 -0900] "GET /gallery/19850072/ HTTP/1.1" 404 313 "-" "FAST Enterprise Crawler 6 / Scirus scirus-crawler@fast.no; http://www.scirus.com/srsapp/contactus/"
207.46.98.85 - - [01/Mar/2006:07:07:05 -0900] "GET /gallery/photos/20020087/0/pages/2002-0087-00054.html HTTP/1.0" 200 1767 "-" "msnbot/1.0 (+http://search.msn.com/msnbot.htm)"
66.151.181.10 - - [01/Mar/2006:07:08:10 -0900] "GET /gallery/20040093/ HTTP/1.1" 404 313 "-" "FAST Enterprise Crawler 6 / Scirus scirus-crawler@fast.no; http://www.scirus.com/srsapp/contactus/"
66.249.72.101 - - [01/Mar/2006:07:08:10 -0900] "GET /gallery/photos/19700011/pages/1970-0011-00021.html HTTP/1.1" 200 6322 "-" "Mozilla/5.0 (compatible; Googlebot/2.1; +http://www.google.com/bot.html)"
66.249.72.101 - - [01/Mar/2006:07:08:11 -0900] "GET /gallery/photos/19700011/pages/1970-0011-00009.html HTTP/1.1" 200 6319 "-" "Mozilla/5.0 (compatible; Googlebot/2.1; +http://www.google.com/bot.html)"
66.249.72.101 - - [01/Mar/2006:07:08:12 -0900] "GET /gallery/photos/19700011/pages/1970-0011-00039.html HTTP/1.1" 200 6322 "-" "Mozilla/5.0 (compatible; Googlebot/2.1; +http://www.google.com/bot.html)"
80.142.68.197 - - [01/Mar/2006:07:11:58 -0900] "GET /store/photos/smalljpegs/(040)1958-1026-01700.jpg HTTP/1.1" 301 382 "-" "Mozilla/4.0 (compatible; MSIE 6.0; Windows NT 5.1; .NET CLR 1.1.4322)"
72.30.128.225 - - [01/Mar/2006:07:13:01 -0900] "GET / HTTP/1.0" 304 - "-" "Mozilla/5.0 (compatible; Yahoo! Slurp; http://help.yahoo.com/help/us/ysearch/slurp)"
68.142.251.154 - - [01/Mar/2006:07:37:09 -0900] "GET /robots.txt HTTP/1.0" 200 96 "-" "Mozilla/5.0 (compatible; Yahoo! Slurp; http://help.yahoo.com/help/us/ysearch/slurp)"
