64.4.230.163 - - [01/Mar/2006:00:20:06 -0900] "GET /gallery/photos/20050115/pages/2005-0115-00004.html HTTP/1.1" 200 2091 "http://photolab.elmer.uaf.edu/gallery/photos/20050115/index.html" "Mozilla/5.0 (Macintosh; U; PPC Mac OS X; en) AppleWebKit/312.8 (KHTML, like Gecko) Safari/312.5"
64.4.230.163 - - [01/Mar/2006:00:20:09 -0900] "GET /gallery/photos/20050115/pages/2005-0115-00004.html HTTP/1.1" 200 2091 "http://photolab.elmer.uaf.edu/gallery/photos/20050115/index.html" "Mozilla/5.0 (Macintosh; U; PPC Mac OS X; en) AppleWebKit/312.8 (KHTML, like Gecko) Safari/312.5"
64.4.230.163 - - [01/Mar/2006:00:20:09 -0900] "GET /gallery/photos/20050115/pages/2005-0115-00004.html HTTP/1.1" 200 2091 "http://photolab.elmer.uaf.edu/gallery/photos/20050115/index.html" "Mozilla/5.0 (Macintosh; U; PPC Mac OS X; en) AppleWebKit/312.8 (KHTML, like Gecko) Safari/312.5"
203.129.141.236 - - [01/Mar/2006:00:20:23 -0900] "GET /gallery/maps/G3200/small/G3200%201827%20M3%20v4%20no22.jpg HTTP/1.1" 200 23900 "http://photolab.elmer.uaf.edu/gallery/maps/mapg3200.html" "Mozilla/5.0 (Macintosh; U; PPC Mac OS X; en) AppleWebKit/312.8 (KHTML, like Gecko) Safari/312.5"
64.4.230.163 - - [01/Mar/2006:00:20:21 -0900] "GET /gallery/photos/20050093/index.html HTTP/1.1" 200 8017 "http://photolab.elmer.uaf.edu/gallery/photogallery.html" "Mozilla/5.0 (Macintosh; U; PPC Mac OS X; en) AppleWebKit/312.8 (KHTML, like Gecko) Safari/312.5"
64.4.230.163 - - [01/Mar/2006:00:20:25 -0900] "GET /gallery/photos/20050093/index.html HTTP/1.1" 200 8017 "http://photolab.elmer.uaf.edu/gallery/photogallery.html" "Mozilla/5.0 (Macintosh; U; PPC Mac OS X; en) AppleWebKit/312.8 (KHTML, like Gecko) Safari/312.5"
64.4.230.163 - - [01/Mar/2006:00:20:26 -0900] "GET /gallery/photos/20050093/index.html HTTP/1.1" 200 8017 "http://photolab.elmer.uaf.edu/gallery/photogallery.html" "Mozilla/5.0 (Macintosh; U; PPC Mac OS X; en) AppleWebKit/312.8 (KHTML, like Gecko) Safari/312.5"
203.129.141.236 - - [01/Mar/2006:00:20:26 -0900] "GET /gallery/maps/G3200/small/G3200%201827%20M3%20v4%20no23.jpg HTTP/1.1" 200 24431 "http://photolab.elmer.uaf.edu/gallery/maps/mapg3200.html" "Mozilla/5.0 (Macintosh; U; PPC Mac OS X; en) AppleWebKit/312.8 (KHTML, like Gecko) Safari/312.5"
64.4.230.163 - - [01/Mar/2006:00:20:32 -0900] "GET /gallery/photos/20050093/index.html HTTP/1.1" 200 8017 "http://photolab.elmer.uaf.edu/gallery/photogallery.html" "Mozilla/5.0 (Macintosh; U; PPC Mac OS X; en) AppleWebKit/312.8 (KHTML, like Gecko) Safari/312.5"
64.4.230.163 - - [01/Mar/2006:00:20:33 -0900] "GET /gallery/photos/20050093/index.html HTTP/1.1" 200 8017 "http://photolab.elmer.uaf.edu/gallery/photogallery.html" "Mozilla/5.0 (Macintosh; U; PPC Mac OS X; en) AppleWebKit/312.8 (KHTML, like Gecko) Safari/312.5"
203.129.141.236 - - [01/Mar/2006:00:20:43 -0900] "GET /gallery/maps/G3200/small/G3200%201827%20M3%20v4%20no30.jpg HTTP/1.1" 200 23615 "http://photolab.elmer.uaf.edu/gallery/maps/mapg3200.html" "Mozilla/5.0 (Macintosh; U; PPC Mac OS X; en) AppleWebKit/312.8 (KHTML, like Gecko) Safari/312.5"
203.129.141.236 - - [01/Mar/2006:00:20:47 -0900] "GET /gallery/maps/G3200/small/G3200%20%5B1828%5D%20B67.jpg HTTP/1.1" 200 24917 "http://photolab.elmer.uaf.edu/gallery/maps/mapg3200.html" "Mozilla/5.0 (Macintosh; U; PPC Mac OS X; en) AppleWebKit/312.8 (KHTML, like Gecko) Safari/312.5"
64.4.230.163 - - [01/Mar/2006:00:20:53 -0900] "GET /gallery/photos/20050093/index.html HTTP/1.1" 200 8017 "http://photolab.elmer.uaf.edu/gallery/photogallery.html" "Mozilla/5.0 (Macintosh; U; PPC Mac OS X; en) AppleWebKit/312.8 (KHTML, like Gecko) Safari/312.5"
64.4.230.163 - - [01/Mar/2006:00:20:54 -0900] "GET /gallery/photos/20050093/index.html HTTP/1.1" 200 8017 "http://photolab.elmer.uaf.edu/gallery/photogallery.html" "Mozilla/5.0 (Macintosh; U; PPC Mac OS X; en) AppleWebKit/312.8 (KHTML, like Gecko) Safari/312.5"
64.4.230.163 - - [01/Mar/2006:00:21:02 -0900] "GET /gallery/photos/20050092/index.html HTTP/1.1" 200 7294 "http://photolab.elmer.uaf.edu/gallery/photogallery.html" "Mozilla/5.0 (Macintosh; U; PPC Mac OS X; en) AppleWebKit/312.8 (KHTML, like Gecko) Safari/312.5"
64.4.230.163 - - [01/Mar/2006:00:21:02 -0900] "GET /gallery/photos/20050092/index.html HTTP/1.1" 200 7294 "http://photolab.elmer.uaf.edu/gallery/photogallery.html" "Mozilla/5.0 (Macintosh; U; PPC Mac OS X; en) AppleWebKit/312.8 (KHTML, like Gecko) Safari/312.5"
64.4.230.163 - - [01/Mar/2006:00:21:08 -0900] "GET /gallery/photos/20050092/index.html HTTP/1.1" 200 7294 "http://photolab.elmer.uaf.edu/gallery/photogallery.html" "Mozilla/5.0 (Macintosh; U; PPC Mac OS X; en) AppleWebKit/312.8 (KHTML, like Gecko) Safari/312.5"
64.4.230.163 - - [01/Mar/2006:00:21:08 -0900] "GET /gallery/photos/20050092/index.html HTTP/1.1" 200 7294 "http://photolab.elmer.uaf.edu/gallery/photogallery.html" "Mozilla/5.0 (Macintosh; U; PPC Mac OS X; en) AppleWebKit/312.8 (KHTML, like Gecko) Safari/312.5"
64.4.230.163 - - [01/Mar/2006:00:21:17 -0900] "GET /gallery/photos/20050061/pages/2005-0061-00005.html HTTP/1.1" 200 2077 "http://photolab.elmer.uaf.edu/gallery/photos/20050061/index.html" "Mozilla/5.0 (Macintosh; U; PPC Mac OS X; en) AppleWebKit/312.8 (KHTML, like Gecko) Safari/312.5"
203.129.141.236 - - [01/Mar/2006:00:21:36 -0900] "GET /gallery/maps/G3200/large/G3200%20%5B1798%5D%20R622.jpg HTTP/1.1" 200 187768 "http://photolab.elmer.uaf.edu/gallery/maps/mapg3200.html" "Mozilla/5.0 (Macintosh; U; PPC Mac OS X; en) AppleWebKit/312.8 (KHTML, like Gecko) Safari/312.5"
64.4.230.163 - - [01/Mar/2006:00:21:27 -0900] "GET /gallery/photos/20040153/0/ HTTP/1.1" 200 7279 "http://photolab.elmer.uaf.edu/gallery/photogallery.html" "Mozilla/5.0 (Macintosh; U; PPC Mac OS X; en) AppleWebKit/312.8 (KHTML, like Gecko) Safari/312.5"
64.4.230.163 - - [01/Mar/2006:00:21:37 -0900] "GET /gallery/photos/20040153/6/ HTTP/1.1" 200 7279 "http://photolab.elmer.uaf.edu/gallery/photogallery.html" "Mozilla/5.0 (Macintosh; U; PPC Mac OS X; en) AppleWebKit/312.8 (KHTML, like Gecko) Safari/312.5"
64.4.230.163 - - [01/Mar/2006:00:21:43 -0900] "GET /gallery/photos/20040162/index.html HTTP/1.1" 200 11090 "http://photolab.elmer.uaf.edu/gallery/photogallery.html" "Mozilla/5.0 (Macintosh; U; PPC Mac OS X; en) AppleWebKit/312.8 (KHTML, like Gecko) Safari/312.5"
64.4.230.163 - - [01/Mar/2006:00:21:43 -0900] "GET /gallery/photos/20040162/index.html HTTP/1.1" 200 11090 "http://photolab.elmer.uaf.edu/gallery/photogallery.html" "Mozilla/5.0 (Macintosh; U; PPC Mac OS X; en) AppleWebKit/312.8 (KHTML, like Gecko) Safari/312.5"
64.4.230.163 - - [01/Mar/2006:00:21:44 -0900] "GET /gallery/photos/20040162/index.html HTTP/1.1" 200 11090 "http://photolab.elmer.uaf.edu/gallery/photogallery.html" "Mozilla/5.0 (Macintosh; U; PPC Mac OS X; en) AppleWebKit/312.8 (KHTML, like Gecko) Safari/312.5"
64.4.230.163 - - [01/Mar/2006:00:21:44 -0900] "GET /gallery/photos/20040162/index.html HTTP/1.1" 200 11090 "http://photolab.elmer.uaf.edu/gallery/photogallery.html" "Mozilla/5.0 (Macintosh; U; PPC Mac OS X; en) AppleWebKit/312.8 (KHTML, like Gecko) Safari/312.5"
64.4.230.163 - - [01/Mar/2006:00:22:03 -0900] "GET /gallery/photos/20040111/09/index.htm HTTP/1.1" 200 7055 "http://photolab.elmer.uaf.edu/gallery/photogallery.html" "Mozilla/5.0 (Macintosh; U; PPC Mac OS X; en) AppleWebKit/312.8 (KHTML, like Gecko) Safari/312.5"
64.4.230.163 - - [01/Mar/2006:00:22:03 -0900] "GET /gallery/photos/20040111/09/index.htm HTTP/1.1" 200 7055 "http://photolab.elmer.uaf.edu/gallery/photogallery.html" "Mozilla/5.0 (Macintosh; U; PPC Mac OS X; en) AppleWebKit/312.8 (KHTML, like Gecko) Safari/312.5"
203.129.141.236 - - [01/Mar/2006:00:22:06 -0900] "GET /gallery/maps/G3200/small/G3200%201827%20M3%20v4%20no23.jpg HTTP/1.1" 200 24431 "http://photolab.elmer.uaf.edu/gallery/maps/mapg3200.html" "Mozilla/5.0 (Macintosh; U; PPC Mac OS X; en) AppleWebKit/312.8 (KHTML, like Gecko) Safari/312.5"
203.129.141.236 - - [01/Mar/2006:00:22:06 -0900] "GET /gallery/maps/G3200/small/G3200%201827%20M3%20v4%20no30.jpg HTTP/1.1" 200 23615 "http://photolab.elmer.uaf.edu/gallery/maps/mapg3200.html" "Mozilla/5.0 (Macintosh; U; PPC Mac OS X; en) AppleWebKit/312.8 (KHTML, like Gecko) Safari/312.5"
203.129.141.236 - - [01/Mar/2006:00:22:06 -0900] "GET /gallery/maps/G3200/small/G3200%201827%20M3%20v4%20no22.jpg HTTP/1.1" 200 23900 "http://photolab.elmer.uaf.edu/gallery/maps/mapg3200.html" "Mozilla/5.0 (Macintosh; U; PPC Mac OS X; en) AppleWebKit/312.8 (KHTML, like Gecko) Safari/312.5"
203.129.141.236 - - [01/Mar/2006:00:22:07 -0900] "GET /gallery/maps/G3200/small/G3200%20%5B1828%5D%20B67.jpg HTTP/1.1" 200 24917 "http://photolab.elmer.uaf.edu/gallery/maps/mapg3200.html" "Mozilla/5.0 (Macintosh; U; PPC Mac OS X; en) AppleWebKit/312.8 (KHTML, like Gecko) Safari/312.5"
64.4.230.163 - - [01/Mar/2006:00:22:12 -0900] "GET /gallery/panoramas/smalljpegs/1974-0012-00007.jpg HTTP/1.1" 200 35993 "http://photolab.elmer.uaf.edu/gallery/panoramas/panosouthcentral.html" "Mozilla/5.0 (Macintosh; U; PPC Mac OS X; en) AppleWebKit/312.8 (KHTML, like Gecko) Safari/312.5"
64.4.230.163 - - [01/Mar/2006:00:22:12 -0900] "GET /gallery/panoramas/smalljpegs/1974-0012-00006.jpg HTTP/1.1" 200 39207 "http://photolab.elmer.uaf.edu/gallery/panoramas/panosouthcentral.html" "Mozilla/5.0 (Macintosh; U; PPC Mac OS X; en) AppleWebKit/312.8 (KHTML, like Gecko) Safari/312.5"
64.4.230.163 - - [01/Mar/2006:00:22:12 -0900] "GET /gallery/panoramas/smalljpegs/1974-0012-00005.jpg HTTP/1.1" 200 36584 "http://photolab.elmer.uaf.edu/gallery/panoramas/panosouthcentral.html" "Mozilla/5.0 (Macintosh; U; PPC Mac OS X; en) AppleWebKit/312.8 (KHTML, like Gecko) Safari/312.5"
64.4.230.163 - - [01/Mar/2006:00:22:12 -0900] "GET /gallery/panoramas/smalljpegs/1974-0012-00001.jpg HTTP/1.1" 200 35994 "http://photolab.elmer.uaf.edu/gallery/panoramas/panosouthcentral.html" "Mozilla/5.0 (Macintosh; U; PPC Mac OS X; en) AppleWebKit/312.8 (KHTML, like Gecko) Safari/312.5"
64.4.230.163 - - [01/Mar/2006:00:22:33 -0900] "GET /gallery/panoramas/images/1974-0012-00002.jpg HTTP/1.1" 200 183504 "http://photolab.elmer.uaf.edu/gallery/panoramas/panosouthcentral.html" "Mozilla/5.0 (Macintosh; U; PPC Mac OS X; en) AppleWebKit/312.8 (KHTML, like Gecko) Safari/312.5"
193.47.80.37 - - [01/Mar/2006:00:27:45 -0900] "GET /robots.txt HTTP/1.1" 200 96 "-" "Exabot/2.0"
193.47.80.37 - - [01/Mar/2006:00:27:46 -0900] "GET /gallery/documents/goldfields/goldfields.html HTTP/1.1" 404 340 "-" "Exabot/2.0"
203.129.141.236 - - [01/Mar/2006:00:22:50 -0900] "GET /gallery/maps/G3200/small/G3200%201827%20M3%20v4%20no22.jpg HTTP/1.1" 200 23900 "http://photolab.elmer.uaf.edu/gallery/maps/mapg3200.html" "Mozilla/5.0 (Macintosh; U; PPC Mac OS X; en) AppleWebKit/312.8 (KHTML, like Gecko) Safari/312.5"
64.4.230.163 - - [01/Mar/2006:00:22:50 -0900] "GET /gallery/panoramas/smalljpegs/1974-0012-00006.jpg HTTP/1.1" 200 39207 "http://photolab.elmer.uaf.edu/gallery/panoramas/panosouthcentral.html" "Mozilla/5.0 (Macintosh; U; PPC Mac OS X; en) AppleWebKit/312.8 (KHTML, like Gecko) Safari/312.5"
64.4.230.163 - - [01/Mar/2006:00:22:50 -0900] "GET /gallery/panoramas/smalljpegs/1974-0012-00005.jpg HTTP/1.1" 200 36584 "http://photolab.elmer.uaf.edu/gallery/panoramas/panosouthcentral.html" "Mozilla/5.0 (Macintosh; U; PPC Mac OS X; en) AppleWebKit/312.8 (KHTML, like Gecko) Safari/312.5"
64.4.230.163 - - [01/Mar/2006:00:22:50 -0900] "GET /gallery/panoramas/smalljpegs/1974-0012-00007.jpg HTTP/1.1" 200 35993 "http://photolab.elmer.uaf.edu/gallery/panoramas/panosouthcentral.html" "Mozilla/5.0 (Macintosh; U; PPC Mac OS X; en) AppleWebKit/312.8 (KHTML, like Gecko) Safari/312.5"
203.129.141.236 - - [01/Mar/2006:00:22:51 -0900] "GET /gallery/maps/G3200/small/G3200%201827%20M3%20v4%20no30.jpg HTTP/1.1" 200 23615 "http://photolab.elmer.uaf.edu/gallery/maps/mapg3200.html" "Mozilla/5.0 (Macintosh; U; PPC Mac OS X; en) AppleWebKit/312.8 (KHTML, like Gecko) Safari/312.5"
72.30.129.29 - - [01/Mar/2006:00:22:51 -0900] "GET /gallery/photos/19950244/02/pages/1995-0244-00210.html HTTP/1.0" 200 1886 "-" "Mozilla/5.0 (compatible; Yahoo! Slurp; http://help.yahoo.com/help/us/ysearch/slurp)"
203.129.141.236 - - [01/Mar/2006:00:22:51 -0900] "GET /gallery/maps/G3200/small/G3200%201827%20M3%20v4%20no23.jpg HTTP/1.1" 200 24431 "http://photolab.elmer.uaf.edu/gallery/maps/mapg3200.html" "Mozilla/5.0 (Macintosh; U; PPC Mac OS X; en) AppleWebKit/312.8 (KHTML, like Gecko) Safari/312.5"
64.4.230.163 - - [01/Mar/2006:00:22:51 -0900] "GET /gallery/panoramas/smalljpegs/1974-0012-00001.jpg HTTP/1.1" 200 35994 "http://photolab.elmer.uaf.edu/gallery/panoramas/panosouthcentral.html" "Mozilla/5.0 (Macintosh; U; PPC Mac OS X; en) AppleWebKit/312.8 (KHTML, like Gecko) Safari/312.5"
203.129.141.236 - - [01/Mar/2006:00:22:53 -0900] "GET /gallery/maps/G3200/small/G3200%20%5B1828%5D%20B67.jpg HTTP/1.1" 200 24917 "http://photolab.elmer.uaf.edu/gallery/maps/mapg3200.html" "Mozilla/5.0 (Macintosh; U; PPC Mac OS X; en) AppleWebKit/312.8 (KHTML, like Gecko) Safari/312.5"
64.4.230.163 - - [01/Mar/2006:00:23:01 -0900] "GET /gallery/panoramas/smalljpegs/1974-0012-00006.jpg HTTP/1.1" 200 39207 "http://photolab.elmer.uaf.edu/gallery/panoramas/panosouthcentral.html" "Mozilla/5.0 (Macintosh; U; PPC Mac OS X; en) AppleWebKit/312.8 (KHTML, like Gecko) Safari/312.5"
64.4.230.163 - - [01/Mar/2006:00:23:01 -0900] "GET /gallery/panoramas/smalljpegs/1974-0012-00007.jpg HTTP/1.1" 200 35993 "http://photolab.elmer.uaf.edu/gallery/panoramas/panosouthcentral.html" "Mozilla/5.0 (Macintosh; U; PPC Mac OS X; en) AppleWebKit/312.8 (KHTML, like Gecko) Safari/312.5"
64.4.230.163 - - [01/Mar/2006:00:23:01 -0900] "GET /gallery/panoramas/smalljpegs/1974-0012-00001.jpg HTTP/1.1" 200 35994 "http://photolab.elmer.uaf.edu/gallery/panoramas/panosouthcentral.html" "Mozilla/5.0 (Macintosh; U; PPC Mac OS X; en) AppleWebKit/312.8 (KHTML, like Gecko) Safari/312.5"
64.4.230.163 - - [01/Mar/2006:00:23:01 -0900] "GET /gallery/panoramas/smalljpegs/1974-0012-00005.jpg HTTP/1.1" 200 36584 "http://photolab.elmer.uaf.edu/gallery/panoramas/panosouthcentral.html" "Mozilla/5.0 (Macintosh; U; PPC Mac OS X; en) AppleWebKit/312.8 (KHTML, like Gecko) Safari/312.5"
64.4.230.163 - - [01/Mar/2006:00:23:20 -0900] "GET /gallery/photos/19750178/ HTTP/1.1" 200 6812 "http://photolab.elmer.uaf.edu/gallery/photogallery.html" "Mozilla/5.0 (Macintosh; U; PPC Mac OS X; en) AppleWebKit/312.8 (KHTML, like Gecko) Safari/312.5"
64.4.230.163 - - [01/Mar/2006:00:23:34 -0900] "GET /gallery/photos/19750178/ HTTP/1.1" 200 6812 "http://photolab.elmer.uaf.edu/gallery/photogallery.html" "Mozilla/5.0 (Macintosh; U; PPC Mac OS X; en) AppleWebKit/312.8 (KHTML, like Gecko) Safari/312.5"
64.4.230.163 - - [01/Mar/2006:00:23:35 -0900] "GET /gallery/photos/19750178/ HTTP/1.1" 200 6812 "http://photolab.elmer.uaf.edu/gallery/photogallery.html" "Mozilla/5.0 (Macintosh; U; PPC Mac OS X; en) AppleWebKit/312.8 (KHTML, like Gecko) Safari/312.5"
64.4.230.163 - - [01/Mar/2006:00:23:51 -0900] "GET /gallery/photos/19750084/07/index.html HTTP/1.1" 200 7277 "http://photolab.elmer.uaf.edu/gallery/photogallery.html" "Mozilla/5.0 (Macintosh; U; PPC Mac OS X; en) AppleWebKit/312.8 (KHTML, like Gecko) Safari/312.5"
64.4.230.163 - - [01/Mar/2006:00:23:51 -0900] "GET /gallery/photos/19750084/07/index.html HTTP/1.1" 200 7277 "http://photolab.elmer.uaf.edu/gallery/photogallery.html" "Mozilla/5.0 (Macintosh; U; PPC Mac OS X; en) AppleWebKit/312.8 (KHTML, like Gecko) Safari/312.5"
203.129.141.236 - - [01/Mar/2006:00:23:57 -0900] "GET /gallery/maps/G3200/large/G3200%20%5B1774%5D%20S29.jpg HTTP/1.1" 200 225282 "http://photolab.elmer.uaf.edu/gallery/maps/mapg3200.html" "Mozilla/5.0 (Macintosh; U; PPC Mac OS X; en) AppleWebKit/312.8 (KHTML, like Gecko) Safari/312.5"
64.4.230.163 - - [01/Mar/2006:00:24:01 -0900] "GET /gallery/photos/19810192/index.html HTTP/1.1" 200 9083 "http://photolab.elmer.uaf.edu/gallery/photogallery.html" "Mozilla/5.0 (Macintosh; U; PPC Mac OS X; en) AppleWebKit/312.8 (KHTML, like Gecko) Safari/312.5"
64.4.230.163 - - [01/Mar/2006:00:24:01 -0900] "GET /gallery/photos/19810192/index.html HTTP/1.1" 200 9083 "http://photolab.elmer.uaf.edu/gallery/photogallery.html" "Mozilla/5.0 (Macintosh; U; PPC Mac OS X; en) AppleWebKit/312.8 (KHTML, like Gecko) Safari/312.5"
64.4.230.163 - - [01/Mar/2006:00:24:23 -0900] "GET /gallery/photos/19630071/index.html HTTP/1.1" 200 9075 "http://photolab.elmer.uaf.edu/gallery/photogallery.html" "Mozilla/5.0 (Macintosh; U; PPC Mac OS X; en) AppleWebKit/312.8 (KHTML, like Gecko) Safari/312.5"
64.4.230.163 - - [01/Mar/2006:00:24:23 -0900] "GET /gallery/photos/19630071/index.html HTTP/1.1" 200 9075 "http://photolab.elmer.uaf.edu/gallery/photogallery.html" "Mozilla/5.0 (Macintosh; U; PPC Mac OS X; en) AppleWebKit/312.8 (KHTML, like Gecko) Safari/312.5"
64.4.230.163 - - [01/Mar/2006:00:24:29 -0900] "GET /gallery/panoramas/smalljpegs/1974-0012-00007.jpg HTTP/1.1" 200 35993 "http://photolab.elmer.uaf.edu/gallery/panoramas/panosouthcentral.html" "Mozilla/5.0 (Macintosh; U; PPC Mac OS X; en) AppleWebKit/312.8 (KHTML, like Gecko) Safari/312.5"
64.4.230.163 - - [01/Mar/2006:00:24:29 -0900] "GET /gallery/panoramas/smalljpegs/1974-0012-00006.jpg HTTP/1.1" 200 39207 "http://photolab.elmer.uaf.edu/gallery/panoramas/panosouthcentral.html" "Mozilla/5.0 (Macintosh; U; PPC Mac OS X; en) AppleWebKit/312.8 (KHTML, like Gecko) Safari/312.5"
64.4.230.163 - - [01/Mar/2006:00:24:29 -0900] "GET /gallery/panoramas/smalljpegs/1974-0012-00001.jpg HTTP/1.1" 200 35994 "http://photolab.elmer.uaf.edu/gallery/panoramas/panosouthcentral.html" "Mozilla/5.0 (Macintosh; U; PPC Mac OS X; en) AppleWebKit/312.8 (KHTML, like Gecko) Safari/312.5"
64.4.230.163 - - [01/Mar/2006:00:24:29 -0900] "GET /gallery/panoramas/smalljpegs/1974-0012-00005.jpg HTTP/1.1" 200 36584 "http://photolab.elmer.uaf.edu/gallery/panoramas/panosouthcentral.html" "Mozilla/5.0 (Macintosh; U; PPC Mac OS X; en) AppleWebKit/312.8 (KHTML, like Gecko) Safari/312.5"
64.4.230.163 - - [01/Mar/2006:00:24:39 -0900] "GET /resources.html HTTP/1.1" 200 8449 "http://photolab.elmer.uaf.edu/gallery/panoramas/panosouthcentral.html" "Mozilla/5.0 (Macintosh; U; PPC Mac OS X; en) AppleWebKit/312.8 (KHTML, like Gecko) Safari/312.5"
64.4.230.163 - - [01/Mar/2006:00:24:40 -0900] "GET /resources.html HTTP/1.1" 200 8449 "http://photolab.elmer.uaf.edu/gallery/panoramas/panosouthcentral.html" "Mozilla/5.0 (Macintosh; U; PPC Mac OS X; en) AppleWebKit/312.8 (KHTML, like Gecko) Safari/312.5"
64.4.230.163 - - [01/Mar/2006:00:24:43 -0900] "GET /resources.html HTTP/1.1" 200 8449 "http://photolab.elmer.uaf.edu/gallery/panoramas/panosouthcentral.html" "Mozilla/5.0 (Macintosh; U; PPC Mac OS X; en) AppleWebKit/312.8 (KHTML, like Gecko) Safari/312.5"
64.4.230.163 - - [01/Mar/2006:00:24:43 -0900] "GET /resources.html HTTP/1.1" 200 8449 "http://photolab.elmer.uaf.edu/gallery/panoramas/panosouthcentral.html" "Mozilla/5.0 (Macintosh; U; PPC Mac OS X; en) AppleWebKit/312.8 (KHTML, like Gecko) Safari/312.5"
203.129.141.236 - - [01/Mar/2006:00:24:49 -0900] "GET /gallery/maps/G3200/large/G3200%20%5B1700%5D.jpg HTTP/1.1" 200 321195 "http://photolab.elmer.uaf.edu/gallery/maps/mapg3200.html" "Mozilla/5.0 (Macintosh; U; PPC Mac OS X; en) AppleWebKit/312.8 (KHTML, like Gecko) Safari/312.5"
203.129.141.236 - - [01/Mar/2006:00:25:08 -0900] "GET /gallery/maps/G3200/large/G3200%201783%20B68.jpg HTTP/1.1" 200 251604 "http://photolab.elmer.uaf.edu/gallery/maps/mapg3200.html" "Mozilla/5.0 (Macintosh; U; PPC Mac OS X; en) AppleWebKit/312.8 (KHTML, like Gecko) Safari/312.5"
66.249.72.101 - - [01/Mar/2006:00:31:11 -0900] "GET /gallery/photos/19750209/pages/1975-0209-00015.html HTTP/1.1" 200 1875 "-" "Mozilla/5.0 (compatible; Googlebot/2.1; +http://www.google.com/bot.html)"
66.249.72.101 - - [01/Mar/2006:00:31:13 -0900] "GET /gallery/photos/19640042/4/pages/1964-0042-00402.htm HTTP/1.1" 200 1881 "-" "Mozilla/5.0 (compatible; Googlebot/2.1; +http://www.google.com/bot.html)"
66.249.72.101 - - [01/Mar/2006:00:31:13 -0900] "GET /gallery/photos/19640042/4/pages/1964-0042-00405.htm HTTP/1.1" 200 1881 "-" "Mozilla/5.0 (compatible; Googlebot/2.1; +http://www.google.com/bot.html)"
66.249.72.101 - - [01/Mar/2006:00:31:15 -0900] "GET /gallery/photos/19890166/07/pages/1989-0166-00707_neg%20nitrate.html HTTP/1.1" 200 2005 "-" "Mozilla/5.0 (compatible; Googlebot/2.1; +http://www.google.com/bot.html)"
66.249.72.101 - - [01/Mar/2006:00:31:16 -0900] "GET /gallery/photos/19890166/07/pages/1989-0166-00704_neg%20nitrate.html HTTP/1.1" 200 2005 "-" "Mozilla/5.0 (compatible; Googlebot/2.1; +http://www.google.com/bot.html)"
66.249.72.101 - - [01/Mar/2006:00:31:18 -0900] "GET /gallery/photos/19700011/pages/1970-0011-00041.html HTTP/1.1" 200 6322 "-" "Mozilla/5.0 (compatible; Googlebot/2.1; +http://www.google.com/bot.html)"
66.249.72.101 - - [01/Mar/2006:00:31:21 -0900] "GET /gallery/photos/19700011/pages/1970-0011-00032.html HTTP/1.1" 200 6322 "-" "Mozilla/5.0 (compatible; Googlebot/2.1; +http://www.google.com/bot.html)"
66.249.72.101 - - [01/Mar/2006:00:31:21 -0900] "GET /gallery/photos/19700011/pages/1970-0011-00048.html HTTP/1.1" 200 6322 "-" "Mozilla/5.0 (compatible; Googlebot/2.1; +http://www.google.com/bot.html)"
194.97.225.217 - - [01/Mar/2006:00:46:36 -0900] "GET /store/humor.html HTTP/1.1" 301 350 "http://images.google.de/imgres?imgurl=http://photolab.elmer.uaf.edu/store/photos/largejpegs/(087)1958-1026-01659.jpg&imgrefurl=http://photolab.elmer.uaf.edu/store/humor.html&h=805&w=1000&sz=168&hl=de&start=4&tbnid=kT4YKZw5V4RBqM:&tbnh=119&tbnw=149&prev=/images%3Fq%3DWinter%252BHumor%26svnum%3D10%26hl%3Dde%26lr%3D" "Mozilla/4.0 (compatible; MSIE 6.0; Windows NT 5.1; SV1)"
194.97.225.217 - - [01/Mar/2006:00:46:37 -0900] "GET /store/photos/largejpegs/(087)1958-1026-01659.jpg HTTP/1.1" 301 382 "http://images.google.de/imgres?imgurl=http://photolab.elmer.uaf.edu/store/photos/largejpegs/(087)1958-1026-01659.jpg&imgrefurl=http://photolab.elmer.uaf.edu/store/humor.html&h=805&w=1000&sz=168&tbnid=kT4YKZw5V4RBqM:&tbnh=119&tbnw=149&hl=de&prev=/images%3Fq%3DWinter%252BHumor%26svnum%3D10%26hl%3Dde%26lr%3D&frame=small" "Mozilla/4.0 (compatible; MSIE 6.0; Windows NT 5.1; SV1)"
194.97.225.217 - - [01/Mar/2006:00:47:20 -0900] "GET /store/humor.html HTTP/1.1" 301 350 "http://images.google.de/imgres?imgurl=http://photolab.elmer.uaf.edu/store/photos/largejpegs/(087)1958-1026-01659.jpg&imgrefurl=http://photolab.elmer.uaf.edu/store/humor.html&h=805&w=1000&sz=168&hl=de&start=4&tbnid=kT4YKZw5V4RBqM:&tbnh=119&tbnw=149&prev=/images%3Fq%3DWinter%252BHumor%26svnum%3D10%26hl%3Dde%26lr%3D" "Mozilla/4.0 (compatible; MSIE 6.0; Windows NT 5.1; SV1)"
72.30.132.16 - - [01/Mar/2006:00:57:18 -0900] "GET /gallery/photos/19950244/02/pages/1995-0244-00208.html HTTP/1.0" 200 1885 "-" "Mozilla/5.0 (compatible; Yahoo! Slurp; http://help.yahoo.com/help/us/ysearch/slurp)"
68.142.251.154 - - [01/Mar/2006:00:58:32 -0900] "GET /robots.txt HTTP/1.0" 200 96 "-" "Mozilla/5.0 (compatible; Yahoo! Slurp; http://help.yahoo.com/help/us/ysearch/slurp)"
68.142.251.125 - - [01/Mar/2006:00:58:33 -0900] "GET /gallery/photos/19700058/4/pages/1970-0058-00428.html HTTP/1.0" 200 1759 "-" "Mozilla/5.0 (compatible; Yahoo! Slurp; http://help.yahoo.com/help/us/ysearch/slurp)"
66.249.72.101 - - [01/Mar/2006:01:03:06 -0900] "GET / HTTP/1.1" 200 8969 "-" "Mozilla/5.0 (compatible; Googlebot/2.1; +http://www.google.com/bot.html)"
72.30.128.156 - - [01/Mar/2006:01:14:43 -0900] "GET /robots.txt HTTP/1.0" 200 96 "-" "Mozilla/5.0 (compatible; Yahoo! Slurp; http://help.yahoo.com/help/us/ysearch/slurp)"
72.30.133.220 - - [01/Mar/2006:01:14:48 -0900] "GET /gallery/photos/20040093 HTTP/1.0" 301 360 "-" "Mozilla/5.0 (compatible; Yahoo! Slurp; http://help.yahoo.com/help/us/ysearch/slurp)"
72.30.133.220 - - [01/Mar/2006:01:14:53 -0900] "GET /gallery/photos/20040093/ HTTP/1.0" 200 7089 "-" "Mozilla/5.0 (compatible; Yahoo! Slurp; http://help.yahoo.com/help/us/ysearch/slurp)"
72.30.110.144 - - [01/Mar/2006:01:23:27 -0900] "GET /gallery/photos/19890199/0/index_5.html HTTP/1.0" 200 7225 "-" "Mozilla/5.0 (compatible; Yahoo! Slurp; http://help.yahoo.com/help/us/ysearch/slurp)"
131.212.134.130 - - [01/Mar/2006:01:23:48 -0900] "GET /favicon.ico HTTP/1.1" 404 307 "-" "-"
72.30.103.72 - - [01/Mar/2006:01:36:27 -0900] "GET /gallery/photos/19890199/0/pages/1989-0199-00060.html HTTP/1.0" 200 1880 "-" "Mozilla/5.0 (compatible; Yahoo! Slurp; http://help.yahoo.com/help/us/ysearch/slurp)"
72.30.102.90 - - [01/Mar/2006:01:37:04 -0900] "GET /gallery/photos/20020015/0/index_2.html HTTP/1.0" 200 7305 "-" "Mozilla/5.0 (compatible; Yahoo! Slurp; http://help.yahoo.com/help/us/ysearch/slurp)"
62.44.105.172 - - [01/Mar/2006:01:37:12 -0900] "GET /gallery/maps/mapg3220.html HTTP/1.1" 200 7853 "http://images.google.bg/imgres?imgurl=http://photolab.elmer.uaf.edu/gallery/maps/G3200/large/G3221%2520S12%25201809%2520C661.jpg&imgrefurl=http://photolab.elmer.uaf.edu/gallery/maps/mapg3220.html&h=1200&w=952&sz=291&tbnid=eICm56JWXZgiqM:&tbnh=150&tbnw=119&hl=bg&start=9&prev=/images%3Fq%3DSouthern%2BHemisphere%26svnum%3D10%26hl%3Dbg%26lr%3D%26sa%3DG" "Mozilla/4.0 (compatible; MSIE 6.0; Windows NT 5.1; SV1; .NET CLR 1.1.4322)"
62.44.105.172 - - [01/Mar/2006:01:37:13 -0900] "GET /index_files/title.jpg HTTP/1.1" 200 5438 "http://photolab.elmer.uaf.edu/gallery/maps/mapg3220.html" "Mozilla/4.0 (compatible; MSIE 6.0; Windows NT 5.1; SV1; .NET CLR 1.1.4322)"
62.44.105.172 - - [01/Mar/2006:01:37:13 -0900] "GET /index_files/lib.css HTTP/1.1" 200 2809 "http://photolab.elmer.uaf.edu/gallery/maps/mapg3220.html" "Mozilla/4.0 (compatible; MSIE 6.0; Windows NT 5.1; SV1; .NET CLR 1.1.4322)"
62.44.105.172 - - [01/Mar/2006:01:37:14 -0900] "GET /index_files/empty.gif HTTP/1.1" 200 45 "http://photolab.elmer.uaf.edu/gallery/maps/mapg3220.html" "Mozilla/4.0 (compatible; MSIE 6.0; Windows NT 5.1; SV1; .NET CLR 1.1.4322)"
62.44.105.172 - - [01/Mar/2006:01:37:14 -0900] "GET /index_files/apr.jpg HTTP/1.1" 200 6015 "http://photolab.elmer.uaf.edu/gallery/maps/mapg3220.html" "Mozilla/4.0 (compatible; MSIE 6.0; Windows NT 5.1; SV1; .NET CLR 1.1.4322)"
62.44.105.172 - - [01/Mar/2006:01:37:14 -0900] "GET /index_files/small.dps.jpg HTTP/1.1" 200 5830 "http://photolab.elmer.uaf.edu/gallery/maps/mapg3220.html" "Mozilla/4.0 (compatible; MSIE 6.0; Windows NT 5.1; SV1; .NET CLR 1.1.4322)"
62.44.105.172 - - [01/Mar/2006:01:37:14 -0900] "GET /index_files/small.jpg HTTP/1.1" 200 2294 "http://photolab.elmer.uaf.edu/gallery/maps/mapg3220.html" "Mozilla/4.0 (compatible; MSIE 6.0; Windows NT 5.1; SV1; .NET CLR 1.1.4322)"
62.44.105.172 - - [01/Mar/2006:01:37:14 -0900] "GET /index_files/small_002.jpg HTTP/1.1" 200 1351 "http://photolab.elmer.uaf.edu/gallery/maps/mapg3220.html" "Mozilla/4.0 (compatible; MSIE 6.0; Windows NT 5.1; SV1; .NET CLR 1.1.4322)"
62.44.105.172 - - [01/Mar/2006:01:37:14 -0900] "GET /index_files/small_003.jpg HTTP/1.1" 200 1521 "http://photolab.elmer.uaf.edu/gallery/maps/mapg3220.html" "Mozilla/4.0 (compatible; MSIE 6.0; Windows NT 5.1; SV1; .NET CLR 1.1.4322)"
62.44.105.172 - - [01/Mar/2006:01:37:15 -0900] "GET /gallery/maps/G3200/small/G3220%20%5B1783_%5D.jpg HTTP/1.1" 200 27708 "http://photolab.elmer.uaf.edu/gallery/maps/mapg3220.html" "Mozilla/4.0 (compatible; MSIE 6.0; Windows NT 5.1; SV1; .NET CLR 1.1.4322)"
62.44.105.172 - - [01/Mar/2006:01:37:15 -0900] "GET /gallery/maps/G3200/small/G3220%20%5B1739%5D%20C69.jpg HTTP/1.1" 200 25435 "http://photolab.elmer.uaf.edu/gallery/maps/mapg3220.html" "Mozilla/4.0 (compatible; MSIE 6.0; Windows NT 5.1; SV1; .NET CLR 1.1.4322)"
62.44.105.172 - - [01/Mar/2006:01:37:16 -0900] "GET /index_files/bluebear.gif HTTP/1.1" 200 1263 "http://photolab.elmer.uaf.edu/gallery/maps/mapg3220.html" "Mozilla/4.0 (compatible; MSIE 6.0; Windows NT 5.1; SV1; .NET CLR 1.1.4322)"
62.44.105.172 - - [01/Mar/2006:01:37:16 -0900] "GET /index_files/sitemap.gif HTTP/1.1" 200 1503 "http://photolab.elmer.uaf.edu/gallery/maps/mapg3220.html" "Mozilla/4.0 (compatible; MSIE 6.0; Windows NT 5.1; SV1; .NET CLR 1.1.4322)"
62.44.105.172 - - [01/Mar/2006:01:37:16 -0900] "GET /gallery/maps/G3200/small/G3221%20S12%201809%20C661.jpg HTTP/1.1" 200 29306 "http://photolab.elmer.uaf.edu/gallery/maps/mapg3220.html" "Mozilla/4.0 (compatible; MSIE 6.0; Windows NT 5.1; SV1; .NET CLR 1.1.4322)"
62.44.105.172 - - [01/Mar/2006:01:37:16 -0900] "GET /index_files/bar.gif HTTP/1.1" 200 342 "http://photolab.elmer.uaf.edu/gallery/maps/mapg3220.html" "Mozilla/4.0 (compatible; MSIE 6.0; Windows NT 5.1; SV1; .NET CLR 1.1.4322)"
62.44.105.172 - - [01/Mar/2006:01:37:26 -0900] "GET /gallery/maps/G3200/large/G3221%20S12%201809%20C661.jpg HTTP/1.1" 200 249122 "http://photolab.elmer.uaf.edu/gallery/maps/mapg3220.html" "Mozilla/4.0 (compatible; MSIE 6.0; Windows NT 5.1; SV1; .NET CLR 1.1.4322)"
72.30.102.207 - - [01/Mar/2006:01:38:08 -0900] "GET /gallery/photos/20010164/pages/2001-0164-00010.html HTTP/1.0" 200 1767 "-" "Mozilla/5.0 (compatible; Yahoo! Slurp; http://help.yahoo.com/help/us/ysearch/slurp)"
83.153.56.143 - - [01/Mar/2006:01:38:08 -0900] "GET /index_files/lib.css HTTP/1.1" 200 2809 "http://photolab.elmer.uaf.edu/gallery/maps/mapg3300.html" "Mozilla/5.0 (Windows; U; Windows NT 5.1; fr; rv:1.8.0.1) Gecko/20060111 Firefox/1.5.0.1"
83.153.56.143 - - [01/Mar/2006:01:38:07 -0900] "GET /gallery/maps/mapg3300.html HTTP/1.1" 200 21837 "http://images.google.fr/imgres?imgurl=http://photolab.elmer.uaf.edu/gallery/maps/G3300/small/G3300%2520%255B1780%255D%2520C66.jpg&imgrefurl=http://photolab.elmer.uaf.edu/gallery/maps/mapg3300.html&h=75&w=100&sz=17&tbnid=Nv3dfmTMGYiVxM:&tbnh=57&tbnw=77&hl=fr&start=4&prev=/images%3Fq%3Dnootka%2Bin%2Bthe%2Bmap%2Bof%2Bnorth%2Bamerica%26svnum%3D10%26hl%3Dfr%26lr%3D%26sa%3DG" "Mozilla/5.0 (Windows; U; Windows NT 5.1; fr; rv:1.8.0.1) Gecko/20060111 Firefox/1.5.0.1"
83.153.56.143 - - [01/Mar/2006:01:38:09 -0900] "GET /index_files/apr.jpg HTTP/1.1" 200 6015 "http://photolab.elmer.uaf.edu/gallery/maps/mapg3300.html" "Mozilla/5.0 (Windows; U; Windows NT 5.1; fr; rv:1.8.0.1) Gecko/20060111 Firefox/1.5.0.1"
83.153.56.143 - - [01/Mar/2006:01:38:10 -0900] "GET /index_files/empty.gif HTTP/1.1" 200 45 "http://photolab.elmer.uaf.edu/gallery/maps/mapg3300.html" "Mozilla/5.0 (Windows; U; Windows NT 5.1; fr; rv:1.8.0.1) Gecko/20060111 Firefox/1.5.0.1"
83.153.56.143 - - [01/Mar/2006:01:38:09 -0900] "GET /index_files/title.jpg HTTP/1.1" 200 5438 "http://photolab.elmer.uaf.edu/gallery/maps/mapg3300.html" "Mozilla/5.0 (Windows; U; Windows NT 5.1; fr; rv:1.8.0.1) Gecko/20060111 Firefox/1.5.0.1"
83.153.56.143 - - [01/Mar/2006:01:38:10 -0900] "GET /index_files/small.dps.jpg HTTP/1.1" 200 5830 "http://photolab.elmer.uaf.edu/gallery/maps/mapg3300.html" "Mozilla/5.0 (Windows; U; Windows NT 5.1; fr; rv:1.8.0.1) Gecko/20060111 Firefox/1.5.0.1"
83.153.56.143 - - [01/Mar/2006:01:38:10 -0900] "GET /index_files/small.jpg HTTP/1.1" 200 2294 "http://photolab.elmer.uaf.edu/gallery/maps/mapg3300.html" "Mozilla/5.0 (Windows; U; Windows NT 5.1; fr; rv:1.8.0.1) Gecko/20060111 Firefox/1.5.0.1"
83.153.56.143 - - [01/Mar/2006:01:38:10 -0900] "GET /index_files/small_002.jpg HTTP/1.1" 200 1351 "http://photolab.elmer.uaf.edu/gallery/maps/mapg3300.html" "Mozilla/5.0 (Windows; U; Windows NT 5.1; fr; rv:1.8.0.1) Gecko/20060111 Firefox/1.5.0.1"
83.153.56.143 - - [01/Mar/2006:01:38:10 -0900] "GET /index_files/small_003.jpg HTTP/1.1" 200 1521 "http://photolab.elmer.uaf.edu/gallery/maps/mapg3300.html" "Mozilla/5.0 (Windows; U; Windows NT 5.1; fr; rv:1.8.0.1) Gecko/20060111 Firefox/1.5.0.1"
83.153.56.143 - - [01/Mar/2006:01:38:10 -0900] "GET /gallery/maps/G3300/small/G3300%20%5B1590%5D%20P67.jpg HTTP/1.1" 200 29022 "http://photolab.elmer.uaf.edu/gallery/maps/mapg3300.html" "Mozilla/5.0 (Windows; U; Windows NT 5.1; fr; rv:1.8.0.1) Gecko/20060111 Firefox/1.5.0.1"
83.153.56.143 - - [01/Mar/2006:01:38:11 -0900] "GET /gallery/maps/G3300/small/G3300%20%5B1625%5D%20E47.jpg HTTP/1.1" 200 25589 "http://photolab.elmer.uaf.edu/gallery/maps/mapg3300.html" "Mozilla/5.0 (Windows; U; Windows NT 5.1; fr; rv:1.8.0.1) Gecko/20060111 Firefox/1.5.0.1"
83.153.56.143 - - [01/Mar/2006:01:38:34 -0900] "GET /gallery/maps/G3300/small/G3300%20%5B1780%5D%20C66.jpg HTTP/1.1" 200 26037 "http://images.google.fr/imgres?imgurl=http://photolab.elmer.uaf.edu/gallery/maps/G3300/small/G3300%2520%255B1780%255D%2520C66.jpg&imgrefurl=http://photolab.elmer.uaf.edu/gallery/maps/mapg3300.html&h=75&w=100&sz=17&tbnid=Nv3dfmTMGYiVxM:&tbnh=57&tbnw=77&hl=fr&prev=/images%3Fq%3Dnootka%2Bin%2Bthe%2Bmap%2Bof%2Bnorth%2Bamerica%26svnum%3D10%26hl%3Dfr%26lr%3D%26sa%3DG&frame=small" "Mozilla/5.0 (Windows; U; Windows NT 5.1; fr; rv:1.8.0.1) Gecko/20060111 Firefox/1.5.0.1"
83.153.56.143 - - [01/Mar/2006:01:38:34 -0900] "GET /gallery/maps/G3300/small/G3300%20%5B1780%5D%20C66.jpg HTTP/1.1" 200 26037 "http://images.google.fr/imgres?imgurl=http://photolab.elmer.uaf.edu/gallery/maps/G3300/small/G3300%2520%255B1780%255D%2520C66.jpg&imgrefurl=http://photolab.elmer.uaf.edu/gallery/maps/mapg3300.html&h=75&w=100&sz=17&tbnid=Nv3dfmTMGYiVxM:&tbnh=57&tbnw=77&hl=fr&prev=/images%3Fq%3Dnootka%2Bin%2Bthe%2Bmap%2Bof%2Bnorth%2Bamerica%26svnum%3D10%26hl%3Dfr%26lr%3D%26sa%3DG&frame=small" "Mozilla/5.0 (Windows; U; Windows NT 5.1; fr; rv:1.8.0.1) Gecko/20060111 Firefox/1.5.0.1"
83.153.56.143 - - [01/Mar/2006:01:38:38 -0900] "GET /gallery/maps/G3300/small/G3300%20%5B1590%5D%20P67.jpg HTTP/1.1" 206 4446 "http://photolab.elmer.uaf.edu/gallery/maps/mapg3300.html" "Mozilla/5.0 (Windows; U; Windows NT 5.1; fr; rv:1.8.0.1) Gecko/20060111 Firefox/1.5.0.1"
83.153.56.143 - - [01/Mar/2006:01:38:38 -0900] "GET /gallery/maps/G3300/small/G3300%20%5B1625%5D%20E47.jpg HTTP/1.1" 206 1013 "http://photolab.elmer.uaf.edu/gallery/maps/mapg3300.html" "Mozilla/5.0 (Windows; U; Windows NT 5.1; fr; rv:1.8.0.1) Gecko/20060111 Firefox/1.5.0.1"
83.153.56.143 - - [01/Mar/2006:01:38:38 -0900] "GET /gallery/maps/G3300/small/G3300%20%5B1740_%5D.jpg HTTP/1.1" 200 26785 "http://photolab.elmer.uaf.edu/gallery/maps/mapg3300.html" "Mozilla/5.0 (Windows; U; Windows NT 5.1; fr; rv:1.8.0.1) Gecko/20060111 Firefox/1.5.0.1"
83.153.56.143 - - [01/Mar/2006:01:38:39 -0900] "GET /gallery/maps/G3300/small/G3300%201755%20B431.jpg HTTP/1.1" 200 23828 "http://photolab.elmer.uaf.edu/gallery/maps/mapg3300.html" "Mozilla/5.0 (Windows; U; Windows NT 5.1; fr; rv:1.8.0.1) Gecko/20060111 Firefox/1.5.0.1"
83.153.56.143 - - [01/Mar/2006:01:38:40 -0900] "GET /gallery/maps/G3300/small/G3300%201772%20R62.jpg HTTP/1.1" 200 24649 "http://photolab.elmer.uaf.edu/gallery/maps/mapg3300.html" "Mozilla/5.0 (Windows; U; Windows NT 5.1; fr; rv:1.8.0.1) Gecko/20060111 Firefox/1.5.0.1"
83.153.56.143 - - [01/Mar/2006:01:38:41 -0900] "GET /gallery/maps/G3300/small/G3300%201774%20D861.jpg HTTP/1.1" 200 24081 "http://photolab.elmer.uaf.edu/gallery/maps/mapg3300.html" "Mozilla/5.0 (Windows; U; Windows NT 5.1; fr; rv:1.8.0.1) Gecko/20060111 Firefox/1.5.0.1"
62.44.105.172 - - [01/Mar/2006:01:38:34 -0900] "GET /gallery/maps/G3200/large/G3220%20%5B1783_%5D.jpg HTTP/1.1" 200 255370 "http://photolab.elmer.uaf.edu/gallery/maps/mapg3220.html" "Mozilla/4.0 (compatible; MSIE 6.0; Windows NT 5.1; SV1; .NET CLR 1.1.4322)"
62.44.105.172 - - [01/Mar/2006:01:38:52 -0900] "GET /gallery/maps/G3200/large/G3220%20%5B1739%5D%20C69.jpg HTTP/1.1" 200 303270 "http://photolab.elmer.uaf.edu/gallery/maps/mapg3220.html" "Mozilla/4.0 (compatible; MSIE 6.0; Windows NT 5.1; SV1; .NET CLR 1.1.4322)"
83.153.56.143 - - [01/Mar/2006:01:39:04 -0900] "GET /gallery/maps/G3300/large/G3300%20%5B1625%5D%20E47.jpg HTTP/1.1" 200 318755 "http://photolab.elmer.uaf.edu/gallery/maps/mapg3300.html" "Mozilla/5.0 (Windows; U; Windows NT 5.1; fr; rv:1.8.0.1) Gecko/20060111 Firefox/1.5.0.1"
83.153.56.143 - - [01/Mar/2006:01:39:04 -0900] "GET /gallery/maps/G3300/large/G3300%20%5B1780%5D%20C66.jpg HTTP/1.1" 200 224153 "http://photolab.elmer.uaf.edu/gallery/maps/mapg3300.html" "Mozilla/5.0 (Windows; U; Windows NT 5.1; fr; rv:1.8.0.1) Gecko/20060111 Firefox/1.5.0.1"
83.153.56.143 - - [01/Mar/2006:01:39:28 -0900] "GET /gallery/maps/G3300/small/G3300%201772%20R62.jpg HTTP/1.1" 206 73 "http://photolab.elmer.uaf.edu/gallery/maps/mapg3300.html" "Mozilla/5.0 (Windows; U; Windows NT 5.1; fr; rv:1.8.0.1) Gecko/20060111 Firefox/1.5.0.1"
72.30.107.84 - - [01/Mar/2006:01:39:28 -0900] "GET /gallery/photos/20040093/pages/2004-0093-00009.html HTTP/1.0" 200 1897 "-" "Mozilla/5.0 (compatible; Yahoo! Slurp; http://help.yahoo.com/help/us/ysearch/slurp)"
83.153.56.143 - - [01/Mar/2006:01:39:28 -0900] "GET /gallery/maps/G3300/small/G3300%201774%20D861.jpg HTTP/1.1" 206 15889 "http://photolab.elmer.uaf.edu/gallery/maps/mapg3300.html" "Mozilla/5.0 (Windows; U; Windows NT 5.1; fr; rv:1.8.0.1) Gecko/20060111 Firefox/1.5.0.1"
83.153.56.143 - - [01/Mar/2006:01:39:28 -0900] "GET /gallery/maps/G3300/small/G3300%201775%20R621.jpg HTTP/1.1" 200 24177 "http://photolab.elmer.uaf.edu/gallery/maps/mapg3300.html" "Mozilla/5.0 (Windows; U; Windows NT 5.1; fr; rv:1.8.0.1) Gecko/20060111 Firefox/1.5.0.1"
83.153.56.143 - - [01/Mar/2006:01:39:55 -0900] "GET /store/maps.html HTTP/1.1" 301 349 "http://images.google.fr/imgres?imgurl=http://photolab.elmer.uaf.edu/store/maps/small%2520jpegs/(001)%2520G3300%2520%255B1780%255D%2520C66.jpg&imgrefurl=http://photolab.elmer.uaf.edu/store/maps.html&h=224&w=300&sz=38&tbnid=jE3PabIoTCi-JM:&tbnh=82&tbnw=111&hl=fr&start=6&prev=/images%3Fq%3Dnootka%2Bsound%2Bnorth%2Bamerica%26svnum%3D10%26hl%3Dfr%26lr%3D%26sa%3DG" "Mozilla/5.0 (Windows; U; Windows NT 5.1; fr; rv:1.8.0.1) Gecko/20060111 Firefox/1.5.0.1"
195.113.214.196 - - [01/Mar/2006:01:40:27 -0900] "GET /robots.txt HTTP/1.0" 200 96 "-" "Jyxobot/1"
195.113.214.196 - - [01/Mar/2006:01:40:38 -0900] "GET /aboutus.html HTTP/1.0" 200 13011 "-" "Jyxobot/1"
83.153.56.143 - - [01/Mar/2006:01:40:53 -0900] "GET /store/maps/small%20jpegs/(001)%20G3300%20%5B1780%5D%20C66.jpg HTTP/1.1" 301 395 "http://images.google.fr/imgres?imgurl=http://photolab.elmer.uaf.edu/store/maps/small%2520jpegs/(001)%2520G3300%2520%255B1780%255D%2520C66.jpg&imgrefurl=http://photolab.elmer.uaf.edu/store/maps.html&h=224&w=300&sz=38&tbnid=jE3PabIoTCi-JM:&tbnh=82&tbnw=111&hl=fr&prev=/images%3Fq%3Dnootka%2Bsound%2Bnorth%2Bamerica%26svnum%3D10%26hl%3Dfr%26lr%3D%26sa%3DG&frame=small" "Mozilla/5.0 (Windows; U; Windows NT 5.1; fr; rv:1.8.0.1) Gecko/20060111 Firefox/1.5.0.1"
72.30.134.30 - - [01/Mar/2006:01:41:43 -0900] "GET /gallery/photos/19890199/0/pages/1989-0199-00053.html HTTP/1.0" 200 1880 "-" "Mozilla/5.0 (compatible; Yahoo! Slurp; http://help.yahoo.com/help/us/ysearch/slurp)"
72.30.133.225 - - [01/Mar/2006:01:41:52 -0900] "GET /gallery/photos/19890199/0/pages/1989-0199-00057.html HTTP/1.0" 200 1880 "-" "Mozilla/5.0 (compatible; Yahoo! Slurp; http://help.yahoo.com/help/us/ysearch/slurp)"
72.30.133.142 - - [01/Mar/2006:01:42:02 -0900] "GET /gallery/photos/20020015/5/index_4.html HTTP/1.0" 200 7307 "-" "Mozilla/5.0 (compatible; Yahoo! Slurp; http://help.yahoo.com/help/us/ysearch/slurp)"
72.30.107.137 - - [01/Mar/2006:01:46:43 -0900] "GET /gallery/photos/19890199/0/pages/1989-0199-00049.html HTTP/1.0" 200 1880 "-" "Mozilla/5.0 (compatible; Yahoo! Slurp; http://help.yahoo.com/help/us/ysearch/slurp)"
72.30.111.77 - - [01/Mar/2006:01:49:02 -0900] "GET /gallery/photos/19950244/02/pages/1995-0244-00209.html HTTP/1.0" 200 1886 "-" "Mozilla/5.0 (compatible; Yahoo! Slurp; http://help.yahoo.com/help/us/ysearch/slurp)"
68.142.251.154 - - [01/Mar/2006:01:50:21 -0900] "GET /robots.txt HTTP/1.0" 200 96 "-" "Mozilla/5.0 (compatible; Yahoo! Slurp; http://help.yahoo.com/help/us/ysearch/slurp)"
68.142.249.55 - - [01/Mar/2006:01:50:22 -0900] "GET /gallery/photos/19940070/0/pages/1994-0070-00019.html HTTP/1.0" 200 6003 "-" "Mozilla/5.0 (compatible; Yahoo! Slurp; http://help.yahoo.com/help/us/ysearch/slurp)"
72.30.133.199 - - [01/Mar/2006:01:50:56 -0900] "GET /gallery/photos/19890199/0/pages/1989-0199-00051.html HTTP/1.0" 200 1880 "-" "Mozilla/5.0 (compatible; Yahoo! Slurp; http://help.yahoo.com/help/us/ysearch/slurp)"
12.222.70.81 - - [01/Mar/2006:01:52:13 -0900] "GET /gallery/maps/mapg3520.html HTTP/1.1" 200 12916 "http://images.google.com/imgres?imgurl=http://photolab.elmer.uaf.edu/gallery/maps/G3500/large/G3522%2520K5%2520H2%25201898%2520L695.jpg&imgrefurl=http://photolab.elmer.uaf.edu/gallery/maps/mapg3520.html&h=835&w=1200&sz=222&tbnid=L5KdOhA3kgUzmM:&tbnh=104&tbnw=150&hl=en&start=28&prev=/images%3Fq%3Dklondike%2Bmap%26start%3D20%26svnum%3D10%26hl%3Den%26lr%3D%26sa%3DN" "Mozilla/4.0 (compatible; MSIE 6.0; Windows NT 5.1; SV1)"
12.222.70.81 - - [01/Mar/2006:01:52:13 -0900] "GET /index_files/lib.css HTTP/1.1" 200 2809 "http://photolab.elmer.uaf.edu/gallery/maps/mapg3520.html" "Mozilla/4.0 (compatible; MSIE 6.0; Windows NT 5.1; SV1)"
12.222.70.81 - - [01/Mar/2006:01:52:13 -0900] "GET /gallery/maps/G3500/large/G3522%20K5%20H2%201898%20L695.jpg HTTP/1.1" 200 199292 "http://images.google.com/imgres?imgurl=http://photolab.elmer.uaf.edu/gallery/maps/G3500/large/G3522%2520K5%2520H2%25201898%2520L695.jpg&imgrefurl=http://photolab.elmer.uaf.edu/gallery/maps/mapg3520.html&h=835&w=1200&sz=222&tbnid=L5KdOhA3kgUzmM:&tbnh=104&tbnw=150&hl=en&prev=/images%3Fq%3Dklondike%2Bmap%26start%3D20%26svnum%3D10%26hl%3Den%26lr%3D%26sa%3DN&frame=small" "Mozilla/4.0 (compatible; MSIE 6.0; Windows NT 5.1; SV1)"
12.222.70.81 - - [01/Mar/2006:01:52:39 -0900] "GET /gallery/maps/mapg3520.html HTTP/1.1" 206 1554 "http://images.google.com/imgres?imgurl=http://photolab.elmer.uaf.edu/gallery/maps/G3500/large/G3522%2520K5%2520H2%25201898%2520L695.jpg&imgrefurl=http://photolab.elmer.uaf.edu/gallery/maps/mapg3520.html&h=835&w=1200&sz=222&tbnid=L5KdOhA3kgUzmM:&tbnh=104&tbnw=150&hl=en&start=28&prev=/images%3Fq%3Dklondike%2Bmap%26start%3D20%26svnum%3D10%26hl%3Den%26lr%3D%26sa%3DN" "Mozilla/4.0 (compatible; MSIE 6.0; Windows NT 5.1; SV1)"
12.222.70.81 - - [01/Mar/2006:01:52:39 -0900] "GET /index_files/lib.css HTTP/1.1" 200 2809 "http://photolab.elmer.uaf.edu/gallery/maps/mapg3520.html" "Mozilla/4.0 (compatible; MSIE 6.0; Windows NT 5.1; SV1)"
12.222.70.81 - - [01/Mar/2006:01:52:39 -0900] "GET /index_files/title.jpg HTTP/1.1" 200 5438 "http://photolab.elmer.uaf.edu/gallery/maps/mapg3520.html" "Mozilla/4.0 (compatible; MSIE 6.0; Windows NT 5.1; SV1)"
12.222.70.81 - - [01/Mar/2006:01:52:39 -0900] "GET /index_files/apr.jpg HTTP/1.1" 200 6015 "http://photolab.elmer.uaf.edu/gallery/maps/mapg3520.html" "Mozilla/4.0 (compatible; MSIE 6.0; Windows NT 5.1; SV1)"
68.142.250.206 - - [01/Mar/2006:01:52:45 -0900] "GET /gallery/photos/19640074/index_10.html HTTP/1.0" 200 4249 "-" "Mozilla/5.0 (compatible; Yahoo! Slurp; http://help.yahoo.com/help/us/ysearch/slurp)"
12.222.70.81 - - [01/Mar/2006:01:53:06 -0900] "GET /index_files/empty.gif HTTP/1.1" 200 45 "http://photolab.elmer.uaf.edu/gallery/maps/mapg3520.html" "Mozilla/4.0 (compatible; MSIE 6.0; Windows NT 5.1; SV1)"
12.222.70.81 - - [01/Mar/2006:01:53:06 -0900] "GET /index_files/title.jpg HTTP/1.1" 200 5438 "http://photolab.elmer.uaf.edu/gallery/maps/mapg3520.html" "Mozilla/4.0 (compatible; MSIE 6.0; Windows NT 5.1; SV1)"
12.222.70.81 - - [01/Mar/2006:01:53:06 -0900] "GET /index_files/small.jpg HTTP/1.1" 200 2294 "http://photolab.elmer.uaf.edu/gallery/maps/mapg3520.html" "Mozilla/4.0 (compatible; MSIE 6.0; Windows NT 5.1; SV1)"
12.222.70.81 - - [01/Mar/2006:01:53:06 -0900] "GET /index_files/small.dps.jpg HTTP/1.1" 200 5830 "http://photolab.elmer.uaf.edu/gallery/maps/mapg3520.html" "Mozilla/4.0 (compatible; MSIE 6.0; Windows NT 5.1; SV1)"
12.222.70.81 - - [01/Mar/2006:01:53:06 -0900] "GET /index_files/apr.jpg HTTP/1.1" 200 6015 "http://photolab.elmer.uaf.edu/gallery/maps/mapg3520.html" "Mozilla/4.0 (compatible; MSIE 6.0; Windows NT 5.1; SV1)"
12.222.70.81 - - [01/Mar/2006:01:53:06 -0900] "GET /index_files/small_002.jpg HTTP/1.1" 200 1351 "http://photolab.elmer.uaf.edu/gallery/maps/mapg3520.html" "Mozilla/4.0 (compatible; MSIE 6.0; Windows NT 5.1; SV1)"
12.222.70.81 - - [01/Mar/2006:01:53:06 -0900] "GET /gallery/maps/G3500/large/G3522%20K5%20H1%201898%20F61.jpg HTTP/1.1" 200 200733 "http://images.google.com/imgres?imgurl=http://photolab.elmer.uaf.edu/gallery/maps/G3500/large/G3522%2520K5%2520H1%25201898%2520F61.jpg&imgrefurl=http://photolab.elmer.uaf.edu/gallery/maps/mapg3520.html&h=880&w=1200&sz=252&tbnid=vGvA9k0R4pbQGM:&tbnh=110&tbnw=150&hl=en&prev=/images%3Fq%3Dklondike%2Bgold%2Bmap%26svnum%3D10%26hl%3Den%26lr%3D&frame=small" "Mozilla/4.0 (compatible; MSIE 6.0; Windows NT 5.1; SV1)"
72.30.107.162 - - [01/Mar/2006:01:58:53 -0900] "GET /gallery/photos/19810192/pages/1981-0192-00022.html HTTP/1.0" 200 1890 "-" "Mozilla/5.0 (compatible; Yahoo! Slurp; http://help.yahoo.com/help/us/ysearch/slurp)"
72.30.110.136 - - [01/Mar/2006:02:02:27 -0900] "GET /gallery/photos/19890228/0 HTTP/1.0" 301 362 "-" "Mozilla/5.0 (compatible; Yahoo! Slurp; http://help.yahoo.com/help/us/ysearch/slurp)"
72.30.110.136 - - [01/Mar/2006:02:02:27 -0900] "GET /gallery/photos/19890228/0/ HTTP/1.0" 200 7070 "-" "Mozilla/5.0 (compatible; Yahoo! Slurp; http://help.yahoo.com/help/us/ysearch/slurp)"
72.30.132.23 - - [01/Mar/2006:02:07:56 -0900] "GET /gallery/photos/20040093/pages/2004-0093-00003.html HTTP/1.0" 200 1897 "-" "Mozilla/5.0 (compatible; Yahoo! Slurp; http://help.yahoo.com/help/us/ysearch/slurp)"
72.30.133.113 - - [01/Mar/2006:02:09:19 -0900] "GET /gallery/photos/19940070/2/pages/1994-0070-00253.html HTTP/1.0" 200 5917 "-" "Mozilla/5.0 (compatible; Yahoo! Slurp; http://help.yahoo.com/help/us/ysearch/slurp)"
207.46.98.86 - - [01/Mar/2006:02:11:50 -0900] "GET /robots.txt HTTP/1.0" 200 96 "-" "msnbot/1.0 (+http://search.msn.com/msnbot.htm)"
207.46.98.86 - - [01/Mar/2006:02:11:52 -0900] "GET /gallery/photos/19950244/05/index_3.html HTTP/1.0" 200 7233 "-" "msnbot/1.0 (+http://search.msn.com/msnbot.htm)"
72.30.132.224 - - [01/Mar/2006:02:14:28 -0900] "GET /gallery/photos/20040093/pages/2004-0093-00007.html HTTP/1.0" 200 1897 "-" "Mozilla/5.0 (compatible; Yahoo! Slurp; http://help.yahoo.com/help/us/ysearch/slurp)"
68.142.249.125 - - [01/Mar/2006:02:22:50 -0900] "GET /gallery/photos/19700058/4/index_2.html HTTP/1.0" 200 7241 "-" "Mozilla/5.0 (compatible; Yahoo! Slurp; http://help.yahoo.com/help/us/ysearch/slurp)"
72.30.128.156 - - [01/Mar/2006:02:23:03 -0900] "GET /robots.txt HTTP/1.0" 200 96 "-" "Mozilla/5.0 (compatible; Yahoo! Slurp; http://help.yahoo.com/help/us/ysearch/slurp)"
72.30.98.200 - - [01/Mar/2006:02:23:05 -0900] "GET /gallery/photos/19890199/0/pages/1989-0199-00058.html HTTP/1.0" 200 1880 "-" "Mozilla/5.0 (compatible; Yahoo! Slurp; http://help.yahoo.com/help/us/ysearch/slurp)"
84.237.141.26 - - [01/Mar/2006:02:23:59 -0900] "GET /store/alaskanatives.html HTTP/1.1" 301 358 "http://images.google.lv/imgres?imgurl=http://photolab.elmer.uaf.edu/store/photos/largejpegs/(115)1989-0166-00398.jpg&imgrefurl=http://photolab.elmer.uaf.edu/store/alaskanatives.html&h=690&w=1000&sz=126&tbnid=ww0qkXfDMFGtDM:&tbnh=102&tbnw=149&hl=lv&start=178&prev=/images%3Fq%3Dwalrus%26start%3D160%26imgsz%3Dxxlarge%26svnum%3D10%26hl%3Dlv%26lr%3D%26sa%3DN" "Mozilla/4.0 (compatible; MSIE 6.0; Windows NT 5.1; en) Opera 8.52"
84.237.141.26 - - [01/Mar/2006:02:24:02 -0900] "GET /store/photos/largejpegs/(115)1989-0166-00398.jpg HTTP/1.1" 301 382 "http://images.google.lv/imgres?imgurl=http://photolab.elmer.uaf.edu/store/photos/largejpegs/(115)1989-0166-00398.jpg&imgrefurl=http://photolab.elmer.uaf.edu/store/alaskanatives.html&h=690&w=1000&sz=126&tbnid=ww0qkXfDMFGtDM:&tbnh=102&tbnw=149&hl=lv&prev=/images%3Fq%3Dwalrus%26start%3D160%26imgsz%3Dxxlarge%26svnum%3D10%26hl%3Dlv%26lr%3D%26sa%3DN&frame=small" "Mozilla/4.0 (compatible; MSIE 6.0; Windows NT 5.1; en) Opera 8.52"
84.237.141.26 - - [01/Mar/2006:02:24:12 -0900] "GET /store/photos/largejpegs/(115)1989-0166-00398.jpg HTTP/1.1" 301 382 "http://images.google.lv/imgres?imgurl=http://photolab.elmer.uaf.edu/store/photos/largejpegs/(115)1989-0166-00398.jpg&imgrefurl=http://photolab.elmer.uaf.edu/store/alaskanatives.html&h=690&w=1000&sz=126&tbnid=ww0qkXfDMFGtDM:&tbnh=102&tbnw=149&hl=lv&prev=/images%3Fq%3Dwalrus%26start%3D160%26imgsz%3Dxxlarge%26svnum%3D10%26hl%3Dlv%26lr%3D%26sa%3DN&frame=small" "Mozilla/4.0 (compatible; MSIE 6.0; Windows NT 5.1; en) Opera 8.52"
61.83.117.61 - - [01/Mar/2006:02:25:12 -0900] "GET /gallery/maps/mapg3300.html HTTP/1.1" 200 21837 "http://www.worldmapfinder.com/Map_Detail.php?MAP=541&FN=G3300%20%5B1822%5D%20F55.jpg&MW=1200&MH=959&FS=374&FT=jpg&WO=0&CE=4&CO=0&CI=0&IT=0&LC=2&PG=1&CS=iso-8859-1&FU=http://photolab.elmer.uaf.edu/gallery/maps/G3300/large/G3300%20%5B1822%5D%20F55.jpg&SU=http://photolab.elmer.uaf.edu/gallery/maps/mapg3300.html" "Mozilla/4.0 (compatible; MSIE 6.0; Windows NT 5.1)"
61.83.117.61 - - [01/Mar/2006:02:25:13 -0900] "GET /index_files/lib.css HTTP/1.1" 200 2809 "http://photolab.elmer.uaf.edu/gallery/maps/mapg3300.html" "Mozilla/4.0 (compatible; MSIE 6.0; Windows NT 5.1)"
61.83.117.61 - - [01/Mar/2006:02:25:13 -0900] "GET /index_files/title.jpg HTTP/1.1" 200 5438 "http://photolab.elmer.uaf.edu/gallery/maps/mapg3300.html" "Mozilla/4.0 (compatible; MSIE 6.0; Windows NT 5.1)"
61.83.117.61 - - [01/Mar/2006:02:25:13 -0900] "GET /index_files/empty.gif HTTP/1.1" 200 45 "http://photolab.elmer.uaf.edu/gallery/maps/mapg3300.html" "Mozilla/4.0 (compatible; MSIE 6.0; Windows NT 5.1)"
61.83.117.61 - - [01/Mar/2006:02:25:13 -0900] "GET /index_files/apr.jpg HTTP/1.1" 200 6015 "http://photolab.elmer.uaf.edu/gallery/maps/mapg3300.html" "Mozilla/4.0 (compatible; MSIE 6.0; Windows NT 5.1)"
61.83.117.61 - - [01/Mar/2006:02:25:14 -0900] "GET /index_files/small.dps.jpg HTTP/1.1" 200 5830 "http://photolab.elmer.uaf.edu/gallery/maps/mapg3300.html" "Mozilla/4.0 (compatible; MSIE 6.0; Windows NT 5.1)"
61.83.117.61 - - [01/Mar/2006:02:25:14 -0900] "GET /index_files/small.jpg HTTP/1.1" 200 2294 "http://photolab.elmer.uaf.edu/gallery/maps/mapg3300.html" "Mozilla/4.0 (compatible; MSIE 6.0; Windows NT 5.1)"
61.83.117.61 - - [01/Mar/2006:02:25:14 -0900] "GET /index_files/small_003.jpg HTTP/1.1" 200 1521 "http://photolab.elmer.uaf.edu/gallery/maps/mapg3300.html" "Mozilla/4.0 (compatible; MSIE 6.0; Windows NT 5.1)"
