66.151.181.10 - - [16/Jan/2006:00:00:26 -0900] "GET /gallery/photos/19800068/3/index_5.html HTTP/1.1" 200 1588 "http://photolab.elmer.uaf.edu/gallery/photos/19800068/3/index_4.html" "FAST Enterprise Crawler 6 / Scirus scirus-crawler@fast.no; http://www.scirus.com/srsapp/contactus/"
66.151.181.10 - - [16/Jan/2006:00:01:17 -0900] "GET /gallery/photos/19800068/3/pages/1980-0068-00336.html HTTP/1.1" 200 1860 "http://photolab.elmer.uaf.edu/gallery/photos/19800068/3/index_4.html" "FAST Enterprise Crawler 6 / Scirus scirus-crawler@fast.no; http://www.scirus.com/srsapp/contactus/"
66.151.181.10 - - [16/Jan/2006:00:02:20 -0900] "GET /gallery/photos/19800068/3/pages/1980-0068-00337.html HTTP/1.1" 200 1860 "http://photolab.elmer.uaf.edu/gallery/photos/19800068/3/index_4.html" "FAST Enterprise Crawler 6 / Scirus scirus-crawler@fast.no; http://www.scirus.com/srsapp/contactus/"
66.151.181.10 - - [16/Jan/2006:00:03:47 -0900] "GET /gallery/photos/19800068/3/pages/1980-0068-00338.html HTTP/1.1" 200 1860 "http://photolab.elmer.uaf.edu/gallery/photos/19800068/3/index_4.html" "FAST Enterprise Crawler 6 / Scirus scirus-crawler@fast.no; http://www.scirus.com/srsapp/contactus/"
66.151.181.10 - - [16/Jan/2006:00:04:41 -0900] "GET /gallery/photos/19800068/3/pages/1980-0068-00339.html HTTP/1.1" 200 1860 "http://photolab.elmer.uaf.edu/gallery/photos/19800068/3/index_4.html" "FAST Enterprise Crawler 6 / Scirus scirus-crawler@fast.no; http://www.scirus.com/srsapp/contactus/"
66.151.181.10 - - [16/Jan/2006:00:05:59 -0900] "GET /gallery/photos/19800068/3/pages/1980-0068-00340.html HTTP/1.1" 200 1860 "http://photolab.elmer.uaf.edu/gallery/photos/19800068/3/index_4.html" "FAST Enterprise Crawler 6 / Scirus scirus-crawler@fast.no; http://www.scirus.com/srsapp/contactus/"
66.151.181.10 - - [16/Jan/2006:00:07:13 -0900] "GET /gallery/photos/19800068/3/pages/1980-0068-00341.html HTTP/1.1" 200 1860 "http://photolab.elmer.uaf.edu/gallery/photos/19800068/3/index_4.html" "FAST Enterprise Crawler 6 / Scirus scirus-crawler@fast.no; http://www.scirus.com/srsapp/contactus/"
66.249.71.70 - - [16/Jan/2006:00:08:05 -0900] "GET /robots.txt HTTP/1.0" 200 96 "-" "Googlebot/2.1 (+http://www.google.com/bot.html)"
66.249.71.70 - - [16/Jan/2006:00:08:15 -0900] "GET / HTTP/1.0" 304 - "-" "Googlebot/2.1 (+http://www.google.com/bot.html)"
66.151.181.10 - - [16/Jan/2006:00:08:50 -0900] "GET /gallery/photos/19800068/3/pages/1980-0068-00342.html HTTP/1.1" 200 1860 "http://photolab.elmer.uaf.edu/gallery/photos/19800068/3/index_4.html" "FAST Enterprise Crawler 6 / Scirus scirus-crawler@fast.no; http://www.scirus.com/srsapp/contactus/"
66.151.181.10 - - [16/Jan/2006:00:09:44 -0900] "GET /gallery/photos/19800068/3/pages/1980-0068-00343.html HTTP/1.1" 200 1860 "http://photolab.elmer.uaf.edu/gallery/photos/19800068/3/index_4.html" "FAST Enterprise Crawler 6 / Scirus scirus-crawler@fast.no; http://www.scirus.com/srsapp/contactus/"
62.20.108.18 - - [16/Jan/2006:00:10:31 -0900] "GET /store/maps.html HTTP/1.1" 301 349 "http://images.google.se/imgres?imgurl=http://photolab.elmer.uaf.edu/store/maps/large%2520jpegs/(010)%2520G3200%2520%255B1700%255D.jpg&imgrefurl=http://photolab.elmer.uaf.edu/store/maps.html&h=1118&w=1500&sz=430&tbnid=mBBEkawFnPfvcM:&tbnh=111&tbnw=150&hl=sv&start=2&prev=/images%3Fq%3D1700%26imgsz%3Dxxlarge%26svnum%3D10%26hl%3Dsv%26lr%3D" "Mozilla/4.0 (compatible; MSIE 6.0; Windows NT 5.1; SV1; .NET CLR 1.1.4322)"
62.20.108.18 - - [16/Jan/2006:00:10:32 -0900] "GET /store/maps/large%20jpegs/(010)%20G3200%20%5B1700%5D.jpg HTTP/1.1" 301 389 "http://images.google.se/imgres?imgurl=http://photolab.elmer.uaf.edu/store/maps/large%2520jpegs/(010)%2520G3200%2520%255B1700%255D.jpg&imgrefurl=http://photolab.elmer.uaf.edu/store/maps.html&h=1118&w=1500&sz=430&tbnid=mBBEkawFnPfvcM:&tbnh=111&tbnw=150&hl=sv&prev=/images%3Fq%3D1700%26imgsz%3Dxxlarge%26svnum%3D10%26hl%3Dsv%26lr%3D&frame=small" "Mozilla/4.0 (compatible; MSIE 6.0; Windows NT 5.1; SV1; .NET CLR 1.1.4322)"
66.151.181.10 - - [16/Jan/2006:00:10:59 -0900] "GET /gallery/photos/19800068/3/pages/1980-0068-00344.html HTTP/1.1" 200 1860 "http://photolab.elmer.uaf.edu/gallery/photos/19800068/3/index_4.html" "FAST Enterprise Crawler 6 / Scirus scirus-crawler@fast.no; http://www.scirus.com/srsapp/contactus/"
62.20.108.18 - - [16/Jan/2006:00:11:33 -0900] "GET /store/maps.html HTTP/1.1" 301 349 "http://images.google.se/imgres?imgurl=http://photolab.elmer.uaf.edu/store/maps/large%2520jpegs/(010)%2520G3200%2520%255B1700%255D.jpg&imgrefurl=http://photolab.elmer.uaf.edu/store/maps.html&h=1118&w=1500&sz=430&tbnid=mBBEkawFnPfvcM:&tbnh=111&tbnw=150&hl=sv&start=2&prev=/images%3Fq%3D1700%26imgsz%3Dxxlarge%26svnum%3D10%26hl%3Dsv%26lr%3D" "Mozilla/4.0 (compatible; MSIE 6.0; Windows NT 5.1; SV1; .NET CLR 1.1.4322)"
66.151.181.10 - - [16/Jan/2006:00:12:32 -0900] "GET /gallery/photos/19800068/3/pages/1980-0068-00345.html HTTP/1.1" 200 1860 "http://photolab.elmer.uaf.edu/gallery/photos/19800068/3/index_4.html" "FAST Enterprise Crawler 6 / Scirus scirus-crawler@fast.no; http://www.scirus.com/srsapp/contactus/"
66.151.181.10 - - [16/Jan/2006:00:13:26 -0900] "GET /gallery/photos/19800068/3/pages/1980-0068-00346.html HTTP/1.1" 200 1860 "http://photolab.elmer.uaf.edu/gallery/photos/19800068/3/index_4.html" "FAST Enterprise Crawler 6 / Scirus scirus-crawler@fast.no; http://www.scirus.com/srsapp/contactus/"
66.151.181.10 - - [16/Jan/2006:00:14:42 -0900] "GET /gallery/photos/19800068/3/pages/1980-0068-00347.html HTTP/1.1" 200 1860 "http://photolab.elmer.uaf.edu/gallery/photos/19800068/3/index_4.html" "FAST Enterprise Crawler 6 / Scirus scirus-crawler@fast.no; http://www.scirus.com/srsapp/contactus/"
65.55.246.96 - - [16/Jan/2006:00:15:20 -0900] "GET /gallery/photos/20020087/0/index.html HTTP/1.0" 200 7105 "-" "msnbot/0.9 (+http://search.msn.com/msnbot.htm)"
65.55.246.96 - - [16/Jan/2006:00:15:24 -0900] "GET /gallery/photos/19950244/04/index.html HTTP/1.0" 200 7076 "-" "msnbot/0.9 (+http://search.msn.com/msnbot.htm)"
65.55.246.96 - - [16/Jan/2006:00:15:27 -0900] "GET /gallery/photos/20020087/0/images/home.gif HTTP/1.0" 200 268 "-" "msnbot/0.9 (+http://search.msn.com/msnbot.htm)"
65.55.246.96 - - [16/Jan/2006:00:15:29 -0900] "GET /gallery/photos/20020087/thumbnails/2002-0087-00011.jpg HTTP/1.0" 404 350 "-" "msnbot/0.9 (+http://search.msn.com/msnbot.htm)"
65.55.246.96 - - [16/Jan/2006:00:15:33 -0900] "GET /gallery/photos/19990204/images/1999-0204-00009.jpg HTTP/1.0" 200 31627 "-" "msnbot/0.9 (+http://search.msn.com/msnbot.htm)"
66.151.181.10 - - [16/Jan/2006:00:16:06 -0900] "GET /gallery/photos/19810192/index_5.html HTTP/1.1" 200 3094 "http://photolab.elmer.uaf.edu/gallery/photos/19810192/index_4.html" "FAST Enterprise Crawler 6 / Scirus scirus-crawler@fast.no; http://www.scirus.com/srsapp/contactus/"
82.76.54.15 - - [16/Jan/2006:00:16:35 -0900] "GET /gallery/Panorama/ HTTP/1.0" 404 313 "http://images.google.ro/imgres?imgurl=http://photolab.elmer.uaf.edu/gallery/photos/19640074/images/1964-0074-00035.jpg&imgrefurl=http://photolab.elmer.uaf.edu/gallery/Panorama/&h=480&w=1350&sz=105&tbnid=eHvkmjU7vBcWzM:&tbnh=53&tbnw=150&hl=ro&start=224&prev=/images%3Fq%3Dseward%2Bpeninsula%26start%3D220%26svnum%3D10%26hl%3Dro%26lr%3D%26sa%3DN" "Mozilla/5.0 (Powered by Linux)"
68.142.251.176 - - [16/Jan/2006:00:16:36 -0900] "GET /gallery/photos/20020087/5/pages/2002-0087-00502.html HTTP/1.0" 304 - "-" "Mozilla/5.0 (compatible; Yahoo! Slurp; http://help.yahoo.com/help/us/ysearch/slurp)"
82.76.54.15 - - [16/Jan/2006:00:16:39 -0900] "GET /gallery/photos/19640074/images/1964-0074-00035.jpg HTTP/1.0" 200 106882 "http://images.google.ro/imgres?imgurl=http://photolab.elmer.uaf.edu/gallery/photos/19640074/images/1964-0074-00035.jpg&imgrefurl=http://photolab.elmer.uaf.edu/gallery/Panorama/&h=480&w=1350&sz=105&tbnid=eHvkmjU7vBcWzM:&tbnh=53&tbnw=150&hl=ro&prev=/images%3Fq%3Dseward%2Bpeninsula%26start%3D220%26svnum%3D10%26hl%3Dro%26lr%3D%26sa%3DN&frame=small" "Mozilla/5.0 (Powered by Linux)"
66.151.181.10 - - [16/Jan/2006:00:17:21 -0900] "GET /gallery/photos/19810192/pages/1981-0192-00049.html HTTP/1.1" 200 1890 "http://photolab.elmer.uaf.edu/gallery/photos/19810192/index_4.html" "FAST Enterprise Crawler 6 / Scirus scirus-crawler@fast.no; http://www.scirus.com/srsapp/contactus/"
66.151.181.10 - - [16/Jan/2006:00:18:48 -0900] "GET /gallery/photos/19810192/pages/1981-0192-00050.html HTTP/1.1" 200 1890 "http://photolab.elmer.uaf.edu/gallery/photos/19810192/index_4.html" "FAST Enterprise Crawler 6 / Scirus scirus-crawler@fast.no; http://www.scirus.com/srsapp/contactus/"
65.55.246.96 - - [16/Jan/2006:00:19:40 -0900] "GET /gallery/photos/20020087/3/index.html HTTP/1.0" 200 7105 "-" "msnbot/0.9 (+http://search.msn.com/msnbot.htm)"
65.55.246.96 - - [16/Jan/2006:00:19:44 -0900] "GET /gallery/photos/19950244/04/images/home.gif HTTP/1.0" 200 268 "-" "msnbot/0.9 (+http://search.msn.com/msnbot.htm)"
66.151.181.10 - - [16/Jan/2006:00:19:43 -0900] "GET /gallery/photos/19810192/pages/1981-0192-00051.html HTTP/1.1" 200 1890 "http://photolab.elmer.uaf.edu/gallery/photos/19810192/index_4.html" "FAST Enterprise Crawler 6 / Scirus scirus-crawler@fast.no; http://www.scirus.com/srsapp/contactus/"
65.55.246.96 - - [16/Jan/2006:00:20:07 -0900] "GET /gallery/photos/19950244/thumbnails/1995-0244-00106.jpg HTTP/1.0" 404 350 "-" "msnbot/0.9 (+http://search.msn.com/msnbot.htm)"
65.55.246.96 - - [16/Jan/2006:00:20:17 -0900] "GET /gallery/photos/19990204/images/home.gif HTTP/1.0" 200 268 "-" "msnbot/0.9 (+http://search.msn.com/msnbot.htm)"
66.151.181.10 - - [16/Jan/2006:00:20:57 -0900] "GET /gallery/photos/19810192/pages/1981-0192-00052.html HTTP/1.1" 200 1890 "http://photolab.elmer.uaf.edu/gallery/photos/19810192/index_4.html" "FAST Enterprise Crawler 6 / Scirus scirus-crawler@fast.no; http://www.scirus.com/srsapp/contactus/"
209.191.65.223 - - [16/Jan/2006:00:21:34 -0900] "GET /robots.txt HTTP/1.0" 200 96 "-" "Yahoo-MMCrawler/3.x (mms dash mmcrawler dash support at yahoo dash inc dot com)"
66.151.181.10 - - [16/Jan/2006:00:22:12 -0900] "GET /gallery/photos/19810192/pages/1981-0192-00053.html HTTP/1.1" 200 1890 "http://photolab.elmer.uaf.edu/gallery/photos/19810192/index_4.html" "FAST Enterprise Crawler 6 / Scirus scirus-crawler@fast.no; http://www.scirus.com/srsapp/contactus/"
66.151.181.10 - - [16/Jan/2006:00:23:27 -0900] "GET /gallery/photos/19810192/pages/1981-0192-00054.html HTTP/1.1" 200 1890 "http://photolab.elmer.uaf.edu/gallery/photos/19810192/index_4.html" "FAST Enterprise Crawler 6 / Scirus scirus-crawler@fast.no; http://www.scirus.com/srsapp/contactus/"
66.151.181.10 - - [16/Jan/2006:00:24:44 -0900] "GET /gallery/photos/19810192/pages/1981-0192-00055.html HTTP/1.1" 200 1890 "http://photolab.elmer.uaf.edu/gallery/photos/19810192/index_4.html" "FAST Enterprise Crawler 6 / Scirus scirus-crawler@fast.no; http://www.scirus.com/srsapp/contactus/"
65.55.246.96 - - [16/Jan/2006:00:25:29 -0900] "GET /gallery/photos/20020087/3/images/next.gif HTTP/1.0" 200 270 "-" "msnbot/0.9 (+http://search.msn.com/msnbot.htm)"
66.151.181.10 - - [16/Jan/2006:00:25:57 -0900] "GET /gallery/photos/19810192/pages/1981-0192-00056.html HTTP/1.1" 200 1890 "http://photolab.elmer.uaf.edu/gallery/photos/19810192/index_4.html" "FAST Enterprise Crawler 6 / Scirus scirus-crawler@fast.no; http://www.scirus.com/srsapp/contactus/"
66.151.181.10 - - [16/Jan/2006:00:27:12 -0900] "GET /gallery/photos/19810192/pages/1981-0192-00057.html HTTP/1.1" 200 1890 "http://photolab.elmer.uaf.edu/gallery/photos/19810192/index_4.html" "FAST Enterprise Crawler 6 / Scirus scirus-crawler@fast.no; http://www.scirus.com/srsapp/contactus/"
66.151.181.10 - - [16/Jan/2006:00:28:27 -0900] "GET /gallery/photos/19810192/pages/1981-0192-00058.html HTTP/1.1" 200 1890 "http://photolab.elmer.uaf.edu/gallery/photos/19810192/index_4.html" "FAST Enterprise Crawler 6 / Scirus scirus-crawler@fast.no; http://www.scirus.com/srsapp/contactus/"
66.151.181.10 - - [16/Jan/2006:00:29:43 -0900] "GET /gallery/photos/19810192/pages/1981-0192-00059.html HTTP/1.1" 200 1890 "http://photolab.elmer.uaf.edu/gallery/photos/19810192/index_4.html" "FAST Enterprise Crawler 6 / Scirus scirus-crawler@fast.no; http://www.scirus.com/srsapp/contactus/"
66.151.181.10 - - [16/Jan/2006:00:30:58 -0900] "GET /gallery/photos/19810192/pages/1981-0192-00060.html HTTP/1.1" 200 1890 "http://photolab.elmer.uaf.edu/gallery/photos/19810192/index_4.html" "FAST Enterprise Crawler 6 / Scirus scirus-crawler@fast.no; http://www.scirus.com/srsapp/contactus/"
65.55.246.96 - - [16/Jan/2006:00:31:06 -0900] "GET /gallery/photos/20020087/3/images/2002-0087-00302.jpg HTTP/1.0" 200 54291 "-" "msnbot/0.9 (+http://search.msn.com/msnbot.htm)"
68.142.251.149 - - [16/Jan/2006:00:31:10 -0900] "GET /robots.txt HTTP/1.0" 200 96 "-" "Mozilla/5.0 (compatible; Yahoo! Slurp; http://help.yahoo.com/help/us/ysearch/slurp)"
68.142.249.200 - - [16/Jan/2006:00:31:11 -0900] "GET /Public?C=M%3BO=A HTTP/1.0" 301 353 "-" "Mozilla/5.0 (compatible; Yahoo! Slurp; http://help.yahoo.com/help/us/ysearch/slurp)"
68.142.249.200 - - [16/Jan/2006:00:31:12 -0900] "GET /Public/?C=M%3BO=A HTTP/1.0" 200 1259 "-" "Mozilla/5.0 (compatible; Yahoo! Slurp; http://help.yahoo.com/help/us/ysearch/slurp)"
66.151.181.10 - - [16/Jan/2006:00:32:13 -0900] "GET /gallery/photos/19810192/pages/1981-0192-00061.html HTTP/1.1" 200 1890 "http://photolab.elmer.uaf.edu/gallery/photos/19810192/index_4.html" "FAST Enterprise Crawler 6 / Scirus scirus-crawler@fast.no; http://www.scirus.com/srsapp/contactus/"
66.151.181.10 - - [16/Jan/2006:00:33:28 -0900] "GET /gallery/photos/19810192/pages/1981-0192-00062.html HTTP/1.1" 200 1890 "http://photolab.elmer.uaf.edu/gallery/photos/19810192/index_4.html" "FAST Enterprise Crawler 6 / Scirus scirus-crawler@fast.no; http://www.scirus.com/srsapp/contactus/"
65.55.246.96 - - [16/Jan/2006:00:34:15 -0900] "GET /gallery/photos/19950244/04/images/previous.gif HTTP/1.0" 200 271 "-" "msnbot/0.9 (+http://search.msn.com/msnbot.htm)"
65.55.246.96 - - [16/Jan/2006:00:34:17 -0900] "GET /gallery/photos/19950244/04/images/1995-0244-00401.jpg HTTP/1.0" 200 39713 "-" "msnbot/0.9 (+http://search.msn.com/msnbot.htm)"
66.151.181.10 - - [16/Jan/2006:00:34:43 -0900] "GET /gallery/photos/19810192/pages/1981-0192-00063.html HTTP/1.1" 200 1890 "http://photolab.elmer.uaf.edu/gallery/photos/19810192/index_4.html" "FAST Enterprise Crawler 6 / Scirus scirus-crawler@fast.no; http://www.scirus.com/srsapp/contactus/"
207.46.98.86 - - [16/Jan/2006:00:35:01 -0900] "GET /gallery/photos/20040086/1/pages/2004-0086-00136.htm HTTP/1.0" 200 1879 "-" "msnbot/1.0 (+http://search.msn.com/msnbot.htm)"
66.151.181.10 - - [16/Jan/2006:00:36:01 -0900] "GET /gallery/photos/19810192/pages/1981-0192-00064.html HTTP/1.1" 200 1890 "http://photolab.elmer.uaf.edu/gallery/photos/19810192/index_4.html" "FAST Enterprise Crawler 6 / Scirus scirus-crawler@fast.no; http://www.scirus.com/srsapp/contactus/"
66.151.181.10 - - [16/Jan/2006:00:37:13 -0900] "GET /gallery/photos/19850072/index_5.html HTTP/1.1" 200 7254 "http://photolab.elmer.uaf.edu/gallery/photos/19850072/index_4.html" "FAST Enterprise Crawler 6 / Scirus scirus-crawler@fast.no; http://www.scirus.com/srsapp/contactus/"
66.151.181.10 - - [16/Jan/2006:00:38:28 -0900] "GET /gallery/photos/19850072/pages/1985-0072-00037.html HTTP/1.1" 200 1769 "http://photolab.elmer.uaf.edu/gallery/photos/19850072/index_4.html" "FAST Enterprise Crawler 6 / Scirus scirus-crawler@fast.no; http://www.scirus.com/srsapp/contactus/"
65.55.246.96 - - [16/Jan/2006:00:38:36 -0900] "GET /gallery/photos/19700058/thumbnails/1970-0058-00311.jpg HTTP/1.0" 404 350 "-" "msnbot/0.9 (+http://search.msn.com/msnbot.htm)"
65.55.246.96 - - [16/Jan/2006:00:38:42 -0900] "GET /gallery/photos/19680069/thumbnails/1968-0069-02705.jpg HTTP/1.0" 404 350 "-" "msnbot/0.9 (+http://search.msn.com/msnbot.htm)"
65.55.246.96 - - [16/Jan/2006:00:38:44 -0900] "GET /gallery/photos/20030174/thumbnails/2003-0174-00201.jpg HTTP/1.0" 404 350 "-" "msnbot/0.9 (+http://search.msn.com/msnbot.htm)"
66.151.181.10 - - [16/Jan/2006:00:39:44 -0900] "GET /gallery/photos/19850072/pages/1985-0072-00038.html HTTP/1.1" 200 1769 "http://photolab.elmer.uaf.edu/gallery/photos/19850072/index_4.html" "FAST Enterprise Crawler 6 / Scirus scirus-crawler@fast.no; http://www.scirus.com/srsapp/contactus/"
66.151.181.10 - - [16/Jan/2006:00:40:59 -0900] "GET /gallery/photos/19850072/pages/1985-0072-00039.html HTTP/1.1" 200 1769 "http://photolab.elmer.uaf.edu/gallery/photos/19850072/index_4.html" "FAST Enterprise Crawler 6 / Scirus scirus-crawler@fast.no; http://www.scirus.com/srsapp/contactus/"
82.108.14.161 - - [16/Jan/2006:00:41:23 -0900] "GET /gallery/maps/G3300/large/G3300%25201849%2520R321.jpg HTTP/1.0" 404 344 "http://photolab.elmer.uaf.edu/gallery/maps/mapg3300.html" "webcollage/1.129"
66.151.181.10 - - [16/Jan/2006:00:42:14 -0900] "GET /gallery/photos/19850072/pages/1985-0072-00040.html HTTP/1.1" 200 1769 "http://photolab.elmer.uaf.edu/gallery/photos/19850072/index_4.html" "FAST Enterprise Crawler 6 / Scirus scirus-crawler@fast.no; http://www.scirus.com/srsapp/contactus/"
66.151.181.10 - - [16/Jan/2006:00:43:29 -0900] "GET /gallery/photos/19850072/pages/1985-0072-00041.html HTTP/1.1" 200 1769 "http://photolab.elmer.uaf.edu/gallery/photos/19850072/index_4.html" "FAST Enterprise Crawler 6 / Scirus scirus-crawler@fast.no; http://www.scirus.com/srsapp/contactus/"
66.151.181.10 - - [16/Jan/2006:00:44:47 -0900] "GET /gallery/photos/19850072/pages/1985-0072-00042.html HTTP/1.1" 200 1769 "http://photolab.elmer.uaf.edu/gallery/photos/19850072/index_4.html" "FAST Enterprise Crawler 6 / Scirus scirus-crawler@fast.no; http://www.scirus.com/srsapp/contactus/"
66.151.181.10 - - [16/Jan/2006:00:45:59 -0900] "GET /gallery/photos/19850072/pages/1985-0072-00043.html HTTP/1.1" 200 1769 "http://photolab.elmer.uaf.edu/gallery/photos/19850072/index_4.html" "FAST Enterprise Crawler 6 / Scirus scirus-crawler@fast.no; http://www.scirus.com/srsapp/contactus/"
65.55.246.96 - - [16/Jan/2006:00:46:17 -0900] "GET /gallery/photos/19940070/0/thumbnails/1994-0070-00019.jpg HTTP/1.0" 200 7792 "-" "msnbot/0.9 (+http://search.msn.com/msnbot.htm)"
65.55.246.96 - - [16/Jan/2006:00:46:24 -0900] "GET /gallery/photos/19940070/0/thumbnails/1994-0070-00020.jpg HTTP/1.0" 200 5184 "-" "msnbot/0.9 (+http://search.msn.com/msnbot.htm)"
65.55.246.96 - - [16/Jan/2006:00:46:27 -0900] "GET /gallery/photos/19700011/pages/1970-0011-00080.html HTTP/1.0" 200 6322 "-" "msnbot/0.9 (+http://search.msn.com/msnbot.htm)"
65.55.246.96 - - [16/Jan/2006:00:46:30 -0900] "GET /gallery/photos/19700011/pages/1970-0011-00069.html HTTP/1.0" 200 6322 "-" "msnbot/0.9 (+http://search.msn.com/msnbot.htm)"
66.151.181.10 - - [16/Jan/2006:00:47:17 -0900] "GET /gallery/photos/19850072/pages/1985-0072-00044.html HTTP/1.1" 200 1769 "http://photolab.elmer.uaf.edu/gallery/photos/19850072/index_4.html" "FAST Enterprise Crawler 6 / Scirus scirus-crawler@fast.no; http://www.scirus.com/srsapp/contactus/"
68.142.251.133 - - [16/Jan/2006:00:47:29 -0900] "GET /store/akcanada.html HTTP/1.0" 301 353 "-" "Mozilla/5.0 (compatible; Yahoo! Slurp; http://help.yahoo.com/help/us/ysearch/slurp)"
66.151.181.10 - - [16/Jan/2006:00:48:29 -0900] "GET /gallery/photos/19850072/pages/1985-0072-00045.html HTTP/1.1" 200 1769 "http://photolab.elmer.uaf.edu/gallery/photos/19850072/index_4.html" "FAST Enterprise Crawler 6 / Scirus scirus-crawler@fast.no; http://www.scirus.com/srsapp/contactus/"
66.151.181.10 - - [16/Jan/2006:00:49:44 -0900] "GET /gallery/photos/19850072/pages/1985-0072-00046.html HTTP/1.1" 200 1769 "http://photolab.elmer.uaf.edu/gallery/photos/19850072/index_4.html" "FAST Enterprise Crawler 6 / Scirus scirus-crawler@fast.no; http://www.scirus.com/srsapp/contactus/"
65.55.246.96 - - [16/Jan/2006:00:50:05 -0900] "GET /gallery/photos/19900080/0/index.html HTTP/1.0" 200 7070 "-" "msnbot/0.9 (+http://search.msn.com/msnbot.htm)"
65.55.246.96 - - [16/Jan/2006:00:50:10 -0900] "GET /gallery/photos/19690092/4/index_3.html HTTP/1.0" 200 7249 "-" "msnbot/0.9 (+http://search.msn.com/msnbot.htm)"
65.55.246.96 - - [16/Jan/2006:00:50:14 -0900] "GET /gallery/photos/19940070/0/pages/1994-0070-00080.html HTTP/1.0" 200 6003 "-" "msnbot/0.9 (+http://search.msn.com/msnbot.htm)"
65.55.246.96 - - [16/Jan/2006:00:50:17 -0900] "GET /gallery/photos/19690092/4/thumbnails/1969-0092-00428.jpg HTTP/1.0" 200 7580 "-" "msnbot/0.9 (+http://search.msn.com/msnbot.htm)"
66.151.181.10 - - [16/Jan/2006:00:51:00 -0900] "GET /gallery/photos/19850072/pages/1985-0072-00047.html HTTP/1.1" 200 1769 "http://photolab.elmer.uaf.edu/gallery/photos/19850072/index_4.html" "FAST Enterprise Crawler 6 / Scirus scirus-crawler@fast.no; http://www.scirus.com/srsapp/contactus/"
66.151.181.10 - - [16/Jan/2006:00:52:15 -0900] "GET /gallery/photos/19850072/pages/1985-0072-00048.html HTTP/1.1" 200 1769 "http://photolab.elmer.uaf.edu/gallery/photos/19850072/index_4.html" "FAST Enterprise Crawler 6 / Scirus scirus-crawler@fast.no; http://www.scirus.com/srsapp/contactus/"
66.151.181.10 - - [16/Jan/2006:00:53:30 -0900] "GET /gallery/photos/19870175/pages/1987-0175-00827.html HTTP/1.1" 200 1884 "http://photolab.elmer.uaf.edu/gallery/photos/19870175/index_4.html" "FAST Enterprise Crawler 6 / Scirus scirus-crawler@fast.no; http://www.scirus.com/srsapp/contactus/"
65.55.246.96 - - [16/Jan/2006:00:53:48 -0900] "GET /gallery/photos/19690092/4/images/previous.gif HTTP/1.0" 200 271 "-" "msnbot/0.9 (+http://search.msn.com/msnbot.htm)"
65.55.246.96 - - [16/Jan/2006:00:53:50 -0900] "GET /gallery/photos/19890228/0/index.html HTTP/1.0" 200 7070 "-" "msnbot/0.9 (+http://search.msn.com/msnbot.htm)"
65.55.246.96 - - [16/Jan/2006:00:53:53 -0900] "GET /gallery/photos/19940070/0/pages/1994-0070-00092.html HTTP/1.0" 200 6003 "-" "msnbot/0.9 (+http://search.msn.com/msnbot.htm)"
65.55.246.96 - - [16/Jan/2006:00:53:57 -0900] "GET /gallery/photos/19700011/pages/1970-0011-00027.html HTTP/1.0" 200 6322 "-" "msnbot/0.9 (+http://search.msn.com/msnbot.htm)"
65.55.246.96 - - [16/Jan/2006:00:53:59 -0900] "GET /gallery/photos/19700011/pages/1970-0011-00016.html HTTP/1.0" 200 6323 "-" "msnbot/0.9 (+http://search.msn.com/msnbot.htm)"
66.151.181.10 - - [16/Jan/2006:00:54:48 -0900] "GET /gallery/photos/19870175/pages/1987-0175-00828.html HTTP/1.1" 200 1884 "http://photolab.elmer.uaf.edu/gallery/photos/19870175/index_4.html" "FAST Enterprise Crawler 6 / Scirus scirus-crawler@fast.no; http://www.scirus.com/srsapp/contactus/"
66.151.181.10 - - [16/Jan/2006:00:56:00 -0900] "GET /gallery/photos/19870175/pages/1987-0175-00834.html HTTP/1.1" 200 1884 "http://photolab.elmer.uaf.edu/gallery/photos/19870175/index_4.html" "FAST Enterprise Crawler 6 / Scirus scirus-crawler@fast.no; http://www.scirus.com/srsapp/contactus/"
66.151.181.10 - - [16/Jan/2006:00:57:15 -0900] "GET /gallery/photos/19870175/pages/1987-0175-00905.html HTTP/1.1" 200 1864 "http://photolab.elmer.uaf.edu/gallery/photos/19870175/index_4.html" "FAST Enterprise Crawler 6 / Scirus scirus-crawler@fast.no; http://www.scirus.com/srsapp/contactus/"
65.55.246.96 - - [16/Jan/2006:00:58:28 -0900] "GET /gallery/photos/19690092/4/thumbnails/1969-0092-00422.jpg HTTP/1.0" 200 9499 "-" "msnbot/0.9 (+http://search.msn.com/msnbot.htm)"
66.151.181.10 - - [16/Jan/2006:00:58:30 -0900] "GET /gallery/photos/19870175/pages/no%23.html HTTP/1.1" 200 1678 "http://photolab.elmer.uaf.edu/gallery/photos/19870175/index_4.html" "FAST Enterprise Crawler 6 / Scirus scirus-crawler@fast.no; http://www.scirus.com/srsapp/contactus/"
65.55.246.96 - - [16/Jan/2006:00:58:34 -0900] "GET /gallery/photos/19690092/4/pages/1969-0092-00425.html HTTP/1.0" 200 1765 "-" "msnbot/0.9 (+http://search.msn.com/msnbot.htm)"
65.55.246.96 - - [16/Jan/2006:00:58:37 -0900] "GET /gallery/photos/19690092/4/pages/1969-0092-00427.html HTTP/1.0" 200 1765 "-" "msnbot/0.9 (+http://search.msn.com/msnbot.htm)"
65.55.246.96 - - [16/Jan/2006:00:58:38 -0900] "GET /gallery/photos/19940070/0/thumbnails/1994-0070-00018.jpg HTTP/1.0" 200 8541 "-" "msnbot/0.9 (+http://search.msn.com/msnbot.htm)"
65.55.246.96 - - [16/Jan/2006:00:58:41 -0900] "GET /gallery/photos/19690092/4/index.html HTTP/1.0" 200 7103 "-" "msnbot/0.9 (+http://search.msn.com/msnbot.htm)"
65.55.246.96 - - [16/Jan/2006:00:58:44 -0900] "GET /gallery/photos/19940070/0/images/previous.gif HTTP/1.0" 200 271 "-" "msnbot/0.9 (+http://search.msn.com/msnbot.htm)"
66.151.181.10 - - [16/Jan/2006:00:59:45 -0900] "GET /gallery/photos/19880041/0/index_5.htm HTTP/1.1" 200 7202 "http://photolab.elmer.uaf.edu/gallery/photos/19880041/0/index_4.htm" "FAST Enterprise Crawler 6 / Scirus scirus-crawler@fast.no; http://www.scirus.com/srsapp/contactus/"
66.151.181.10 - - [16/Jan/2006:01:01:00 -0900] "GET /gallery/photos/19880041/0/pages/1988-0041-00037.htm HTTP/1.1" 200 1879 "http://photolab.elmer.uaf.edu/gallery/photos/19880041/0/index_4.htm" "FAST Enterprise Crawler 6 / Scirus scirus-crawler@fast.no; http://www.scirus.com/srsapp/contactus/"
66.151.181.10 - - [16/Jan/2006:01:02:15 -0900] "GET /gallery/photos/19880041/0/pages/1988-0041-00038.htm HTTP/1.1" 200 1879 "http://photolab.elmer.uaf.edu/gallery/photos/19880041/0/index_4.htm" "FAST Enterprise Crawler 6 / Scirus scirus-crawler@fast.no; http://www.scirus.com/srsapp/contactus/"
65.55.246.96 - - [16/Jan/2006:01:02:26 -0900] "GET /gallery/photos/19690092/4/images/home.gif HTTP/1.0" 200 268 "-" "msnbot/0.9 (+http://search.msn.com/msnbot.htm)"
65.55.246.96 - - [16/Jan/2006:01:02:30 -0900] "GET /gallery/photos/19900080/0/images/next.gif HTTP/1.0" 200 270 "-" "msnbot/0.9 (+http://search.msn.com/msnbot.htm)"
65.55.246.96 - - [16/Jan/2006:01:02:32 -0900] "GET /gallery/photos/19940070/0/thumbnails/1994-0070-00022.jpg HTTP/1.0" 200 7098 "-" "msnbot/0.9 (+http://search.msn.com/msnbot.htm)"
65.55.246.96 - - [16/Jan/2006:01:02:35 -0900] "GET /gallery/photos/19940070/0/thumbnails/1994-0070-00016.jpg HTTP/1.0" 200 6551 "-" "msnbot/0.9 (+http://search.msn.com/msnbot.htm)"
65.55.246.96 - - [16/Jan/2006:01:02:38 -0900] "GET /gallery/photos/19690092/4/thumbnails/1969-0092-00421.jpg HTTP/1.0" 200 9150 "-" "msnbot/0.9 (+http://search.msn.com/msnbot.htm)"
68.142.250.36 - - [16/Jan/2006:01:02:50 -0900] "GET /gallery/photos/19700011/pages/1970-0011-00012.html HTTP/1.0" 200 6320 "-" "Mozilla/5.0 (compatible; Yahoo! Slurp; http://help.yahoo.com/help/us/ysearch/slurp)"
66.151.181.10 - - [16/Jan/2006:01:03:31 -0900] "GET /gallery/photos/19880041/0/pages/1988-0041-00039.htm HTTP/1.1" 200 1879 "http://photolab.elmer.uaf.edu/gallery/photos/19880041/0/index_4.htm" "FAST Enterprise Crawler 6 / Scirus scirus-crawler@fast.no; http://www.scirus.com/srsapp/contactus/"
66.151.181.10 - - [16/Jan/2006:01:04:46 -0900] "GET /gallery/photos/19880041/0/pages/1988-0041-00040.htm HTTP/1.1" 200 1879 "http://photolab.elmer.uaf.edu/gallery/photos/19880041/0/index_4.htm" "FAST Enterprise Crawler 6 / Scirus scirus-crawler@fast.no; http://www.scirus.com/srsapp/contactus/"
66.151.181.10 - - [16/Jan/2006:01:06:01 -0900] "GET /gallery/photos/19880041/0/pages/1988-0041-00041.htm HTTP/1.1" 200 1879 "http://photolab.elmer.uaf.edu/gallery/photos/19880041/0/index_4.htm" "FAST Enterprise Crawler 6 / Scirus scirus-crawler@fast.no; http://www.scirus.com/srsapp/contactus/"
65.55.246.96 - - [16/Jan/2006:01:06:24 -0900] "GET /gallery/photos/19940070/0/pages/1994-0070-00015.html HTTP/1.0" 200 6003 "-" "msnbot/0.9 (+http://search.msn.com/msnbot.htm)"
65.55.246.96 - - [16/Jan/2006:01:06:26 -0900] "GET /gallery/photos/19940070/0/pages/1994-0070-00020.html HTTP/1.0" 200 6003 "-" "msnbot/0.9 (+http://search.msn.com/msnbot.htm)"
65.55.246.96 - - [16/Jan/2006:01:06:29 -0900] "GET /gallery/photos/19940070/0/pages/1994-0070-00022.html HTTP/1.0" 200 6003 "-" "msnbot/0.9 (+http://search.msn.com/msnbot.htm)"
65.55.246.96 - - [16/Jan/2006:01:06:35 -0900] "GET /gallery/photos/19690092/4/pages/1969-0092-00421.html HTTP/1.0" 200 1765 "-" "msnbot/0.9 (+http://search.msn.com/msnbot.htm)"
68.142.249.66 - - [16/Jan/2006:01:06:48 -0900] "GET /gallery/photos/20030109/2 HTTP/1.0" 301 362 "-" "Mozilla/5.0 (compatible; Yahoo! Slurp; http://help.yahoo.com/help/us/ysearch/slurp)"
68.142.249.66 - - [16/Jan/2006:01:06:48 -0900] "GET /gallery/photos/20030109/2/ HTTP/1.0" 200 7094 "-" "Mozilla/5.0 (compatible; Yahoo! Slurp; http://help.yahoo.com/help/us/ysearch/slurp)"
66.151.181.10 - - [16/Jan/2006:01:07:16 -0900] "GET /gallery/photos/19880041/0/pages/1988-0041-00042.htm HTTP/1.1" 200 1879 "http://photolab.elmer.uaf.edu/gallery/photos/19880041/0/index_4.htm" "FAST Enterprise Crawler 6 / Scirus scirus-crawler@fast.no; http://www.scirus.com/srsapp/contactus/"
66.151.181.10 - - [16/Jan/2006:01:08:32 -0900] "GET /gallery/photos/19880041/0/pages/1988-0041-00043.htm HTTP/1.1" 200 1879 "http://photolab.elmer.uaf.edu/gallery/photos/19880041/0/index_4.htm" "FAST Enterprise Crawler 6 / Scirus scirus-crawler@fast.no; http://www.scirus.com/srsapp/contactus/"
66.151.181.10 - - [16/Jan/2006:01:09:46 -0900] "GET /gallery/photos/19880041/0/pages/1988-0041-00044.htm HTTP/1.1" 200 1879 "http://photolab.elmer.uaf.edu/gallery/photos/19880041/0/index_4.htm" "FAST Enterprise Crawler 6 / Scirus scirus-crawler@fast.no; http://www.scirus.com/srsapp/contactus/"
65.55.246.96 - - [16/Jan/2006:01:10:29 -0900] "GET /gallery/photos/19940070/0/pages/1994-0070-00017.html HTTP/1.0" 200 6003 "-" "msnbot/0.9 (+http://search.msn.com/msnbot.htm)"
65.55.246.96 - - [16/Jan/2006:01:10:36 -0900] "GET /gallery/photos/19690092/4/pages/1969-0092-00423.html HTTP/1.0" 200 1765 "-" "msnbot/0.9 (+http://search.msn.com/msnbot.htm)"
65.55.246.96 - - [16/Jan/2006:01:10:38 -0900] "GET /gallery/photos/19940070/0/thumbnails/1994-0070-00015.jpg HTTP/1.0" 200 6487 "-" "msnbot/0.9 (+http://search.msn.com/msnbot.htm)"
65.55.246.96 - - [16/Jan/2006:01:10:40 -0900] "GET /gallery/photos/19940070/0/images/next.gif HTTP/1.0" 200 270 "-" "msnbot/0.9 (+http://search.msn.com/msnbot.htm)"
65.55.246.96 - - [16/Jan/2006:01:10:42 -0900] "GET /gallery/photos/19940070/0/pages/1994-0070-00019.html HTTP/1.0" 200 6003 "-" "msnbot/0.9 (+http://search.msn.com/msnbot.htm)"
65.55.246.96 - - [16/Jan/2006:01:10:44 -0900] "GET /gallery/photos/19690092/4/thumbnails/1969-0092-00415.jpg HTTP/1.0" 200 5376 "-" "msnbot/0.9 (+http://search.msn.com/msnbot.htm)"
66.151.181.10 - - [16/Jan/2006:01:11:01 -0900] "GET /gallery/photos/19880041/0/pages/1988-0041-00045.htm HTTP/1.1" 200 1879 "http://photolab.elmer.uaf.edu/gallery/photos/19880041/0/index_4.htm" "FAST Enterprise Crawler 6 / Scirus scirus-crawler@fast.no; http://www.scirus.com/srsapp/contactus/"
66.151.181.10 - - [16/Jan/2006:01:12:18 -0900] "GET /gallery/photos/19880041/0/pages/1988-0041-00046.htm HTTP/1.1" 200 1879 "http://photolab.elmer.uaf.edu/gallery/photos/19880041/0/index_4.htm" "FAST Enterprise Crawler 6 / Scirus scirus-crawler@fast.no; http://www.scirus.com/srsapp/contactus/"
66.151.181.10 - - [16/Jan/2006:01:13:33 -0900] "GET /gallery/photos/19880041/0/pages/1988-0041-00047.htm HTTP/1.1" 200 1879 "http://photolab.elmer.uaf.edu/gallery/photos/19880041/0/index_4.htm" "FAST Enterprise Crawler 6 / Scirus scirus-crawler@fast.no; http://www.scirus.com/srsapp/contactus/"
65.55.246.96 - - [16/Jan/2006:01:13:52 -0900] "GET /gallery/photos/19940070/0/pages/1994-0070-00072.html HTTP/1.0" 200 6003 "-" "msnbot/0.9 (+http://search.msn.com/msnbot.htm)"
65.55.246.96 - - [16/Jan/2006:01:13:56 -0900] "GET /gallery/photos/19940070/0/pages/1994-0070-00095.html HTTP/1.0" 200 6003 "-" "msnbot/0.9 (+http://search.msn.com/msnbot.htm)"
65.55.246.96 - - [16/Jan/2006:01:13:59 -0900] "GET /gallery/photos/19940070/0/pages/1994-0070-00036.html HTTP/1.0" 200 6003 "-" "msnbot/0.9 (+http://search.msn.com/msnbot.htm)"
65.55.246.96 - - [16/Jan/2006:01:14:01 -0900] "GET /gallery/photos/19940070/0/pages/1994-0070-00054.html HTTP/1.0" 200 6003 "-" "msnbot/0.9 (+http://search.msn.com/msnbot.htm)"
65.55.246.96 - - [16/Jan/2006:01:14:04 -0900] "GET /gallery/photos/19940070/0/pages/1994-0070-00097.html HTTP/1.0" 200 6005 "-" "msnbot/0.9 (+http://search.msn.com/msnbot.htm)"
66.151.181.10 - - [16/Jan/2006:01:14:48 -0900] "GET /gallery/photos/19880041/0/pages/1988-0041-00048.htm HTTP/1.1" 200 1879 "http://photolab.elmer.uaf.edu/gallery/photos/19880041/0/index_4.htm" "FAST Enterprise Crawler 6 / Scirus scirus-crawler@fast.no; http://www.scirus.com/srsapp/contactus/"
66.151.181.10 - - [16/Jan/2006:01:16:03 -0900] "GET /gallery/photos/19880041/1/index_5.htm HTTP/1.1" 200 7202 "http://photolab.elmer.uaf.edu/gallery/photos/19880041/1/index_4.htm" "FAST Enterprise Crawler 6 / Scirus scirus-crawler@fast.no; http://www.scirus.com/srsapp/contactus/"
66.151.181.10 - - [16/Jan/2006:01:17:18 -0900] "GET /gallery/photos/19880041/1/pages/1988-0041-00138.htm HTTP/1.1" 200 1879 "http://photolab.elmer.uaf.edu/gallery/photos/19880041/1/index_4.htm" "FAST Enterprise Crawler 6 / Scirus scirus-crawler@fast.no; http://www.scirus.com/srsapp/contactus/"
65.55.246.96 - - [16/Jan/2006:01:17:35 -0900] "GET /gallery/photos/19940070/0/pages/1994-0070-00051.html HTTP/1.0" 200 6003 "-" "msnbot/0.9 (+http://search.msn.com/msnbot.htm)"
65.55.246.96 - - [16/Jan/2006:01:17:37 -0900] "GET /gallery/photos/19940070/0/pages/1994-0070-00074.html HTTP/1.0" 200 6003 "-" "msnbot/0.9 (+http://search.msn.com/msnbot.htm)"
65.55.246.96 - - [16/Jan/2006:01:17:40 -0900] "GET /gallery/photos/19940070/0/images/1994-0070-00009.jpg HTTP/1.0" 200 66379 "-" "msnbot/0.9 (+http://search.msn.com/msnbot.htm)"
65.55.246.96 - - [16/Jan/2006:01:17:50 -0900] "GET /gallery/photos/19940070/0/pages/1994-0070-00070.html HTTP/1.0" 200 6003 "-" "msnbot/0.9 (+http://search.msn.com/msnbot.htm)"
65.55.246.96 - - [16/Jan/2006:01:17:54 -0900] "GET /gallery/photos/19940070/0/pages/1994-0070-00034.html HTTP/1.0" 200 6003 "-" "msnbot/0.9 (+http://search.msn.com/msnbot.htm)"
66.151.181.10 - - [16/Jan/2006:01:18:34 -0900] "GET /gallery/photos/19880041/1/pages/1988-0041-00139.htm HTTP/1.1" 200 1879 "http://photolab.elmer.uaf.edu/gallery/photos/19880041/1/index_4.htm" "FAST Enterprise Crawler 6 / Scirus scirus-crawler@fast.no; http://www.scirus.com/srsapp/contactus/"
64.124.85.211 - - [16/Jan/2006:01:19:20 -0900] "GET /robots.txt HTTP/1.1" 200 96 "-" "Mozilla/5.0 (compatible; BecomeBot/2.3; MSIE 6.0 compatible; +http://www.become.com/site_owners.html)"
66.151.181.10 - - [16/Jan/2006:01:19:49 -0900] "GET /gallery/photos/19880041/1/pages/1988-0041-00140.htm HTTP/1.1" 200 1879 "http://photolab.elmer.uaf.edu/gallery/photos/19880041/1/index_4.htm" "FAST Enterprise Crawler 6 / Scirus scirus-crawler@fast.no; http://www.scirus.com/srsapp/contactus/"
66.151.181.10 - - [16/Jan/2006:01:21:04 -0900] "GET /gallery/photos/19880041/1/pages/1988-0041-00141.htm HTTP/1.1" 200 1879 "http://photolab.elmer.uaf.edu/gallery/photos/19880041/1/index_4.htm" "FAST Enterprise Crawler 6 / Scirus scirus-crawler@fast.no; http://www.scirus.com/srsapp/contactus/"
65.55.246.96 - - [16/Jan/2006:01:21:39 -0900] "GET /gallery/photos/19940070/0/pages/1994-0070-00098.html HTTP/1.0" 200 6005 "-" "msnbot/0.9 (+http://search.msn.com/msnbot.htm)"
65.55.246.96 - - [16/Jan/2006:01:21:42 -0900] "GET /gallery/photos/19940070/0/pages/1994-0070-00091.html HTTP/1.0" 200 6003 "-" "msnbot/0.9 (+http://search.msn.com/msnbot.htm)"
65.55.246.96 - - [16/Jan/2006:01:21:44 -0900] "GET /gallery/photos/19940070/0/pages/1994-0070-00038.html HTTP/1.0" 200 6003 "-" "msnbot/0.9 (+http://search.msn.com/msnbot.htm)"
65.55.246.96 - - [16/Jan/2006:01:21:47 -0900] "GET /gallery/photos/19940070/0/pages/1994-0070-00047.html HTTP/1.0" 200 6003 "-" "msnbot/0.9 (+http://search.msn.com/msnbot.htm)"
65.55.246.96 - - [16/Jan/2006:01:21:49 -0900] "GET /gallery/photos/19940070/0/pages/1994-0070-00093.html HTTP/1.0" 200 6003 "-" "msnbot/0.9 (+http://search.msn.com/msnbot.htm)"
65.55.246.96 - - [16/Jan/2006:01:21:52 -0900] "GET /gallery/photos/19940070/0/pages/1994-0070-00078.html HTTP/1.0" 200 6003 "-" "msnbot/0.9 (+http://search.msn.com/msnbot.htm)"
65.55.246.96 - - [16/Jan/2006:01:21:54 -0900] "GET /gallery/photos/19940070/0/pages/1994-0070-00059.html HTTP/1.0" 200 6003 "-" "msnbot/0.9 (+http://search.msn.com/msnbot.htm)"
66.151.181.10 - - [16/Jan/2006:01:22:20 -0900] "GET /gallery/photos/19880041/1/pages/1988-0041-00142.htm HTTP/1.1" 200 1879 "http://photolab.elmer.uaf.edu/gallery/photos/19880041/1/index_4.htm" "FAST Enterprise Crawler 6 / Scirus scirus-crawler@fast.no; http://www.scirus.com/srsapp/contactus/"
64.124.85.211 - - [16/Jan/2006:01:22:20 -0900] "GET /gallery/maps/mapg3300.html HTTP/1.1" 200 21851 "http://www.worldmapfinder.com/Map_Detail.php?MAP=541&FN=G3300%20%5B1822%5D%20F55.jpg&MW=1200&MH=959&FS=374&FT=jpg&WO=0&CE=4&CO=0&CI=0&IT=0&LC=3&PG=1&CS=iso-8859-1&FU=http://photolab.elmer.uaf.edu/gallery/maps/G3300/large/G3300%20%5B1822%5D%20F55.jpg&SU=http://photolab.elmer.uaf.edu/gallery/maps/mapg3300.html" "Mozilla/5.0 (compatible; BecomeBot/2.3; MSIE 6.0 compatible; +http://www.become.com/site_owners.html)"
66.151.181.10 - - [16/Jan/2006:01:23:35 -0900] "GET /gallery/photos/19880041/1/pages/1988-0041-00143.htm HTTP/1.1" 200 1879 "http://photolab.elmer.uaf.edu/gallery/photos/19880041/1/index_4.htm" "FAST Enterprise Crawler 6 / Scirus scirus-crawler@fast.no; http://www.scirus.com/srsapp/contactus/"
66.151.181.10 - - [16/Jan/2006:01:24:50 -0900] "GET /gallery/photos/19880041/1/pages/1988-0041-00144.htm HTTP/1.1" 200 1879 "http://photolab.elmer.uaf.edu/gallery/photos/19880041/1/index_4.htm" "FAST Enterprise Crawler 6 / Scirus scirus-crawler@fast.no; http://www.scirus.com/srsapp/contactus/"
65.55.246.96 - - [16/Jan/2006:01:25:36 -0900] "GET /gallery/photos/19700011/pages/1970-0011-00063.html HTTP/1.0" 200 6322 "-" "msnbot/0.9 (+http://search.msn.com/msnbot.htm)"
65.55.246.96 - - [16/Jan/2006:01:25:39 -0900] "GET /gallery/photos/19700011/pages/1970-0011-00051.html HTTP/1.0" 200 6322 "-" "msnbot/0.9 (+http://search.msn.com/msnbot.htm)"
65.55.246.96 - - [16/Jan/2006:01:25:41 -0900] "GET /gallery/photos/19700011/pages/1970-0011-00019.html HTTP/1.0" 200 6322 "-" "msnbot/0.9 (+http://search.msn.com/msnbot.htm)"
65.55.246.96 - - [16/Jan/2006:01:25:45 -0900] "GET /gallery/photos/19700011/pages/1970-0011-00017.html HTTP/1.0" 200 6322 "-" "msnbot/0.9 (+http://search.msn.com/msnbot.htm)"
65.55.246.96 - - [16/Jan/2006:01:25:50 -0900] "GET /gallery/photos/19700011/pages/1970-0011-00045.html HTTP/1.0" 200 6322 "-" "msnbot/0.9 (+http://search.msn.com/msnbot.htm)"
65.55.246.96 - - [16/Jan/2006:01:25:53 -0900] "GET /gallery/photos/19700011/pages/1970-0011-00036.html HTTP/1.0" 200 6322 "-" "msnbot/0.9 (+http://search.msn.com/msnbot.htm)"
65.55.246.96 - - [16/Jan/2006:01:26:00 -0900] "GET /gallery/photos/19700011/pages/1970-0011-00057.html HTTP/1.0" 200 6322 "-" "msnbot/0.9 (+http://search.msn.com/msnbot.htm)"
66.151.181.10 - - [16/Jan/2006:01:26:05 -0900] "GET /gallery/photos/19880041/1/pages/1988-0041-00145.htm HTTP/1.1" 200 1879 "http://photolab.elmer.uaf.edu/gallery/photos/19880041/1/index_4.htm" "FAST Enterprise Crawler 6 / Scirus scirus-crawler@fast.no; http://www.scirus.com/srsapp/contactus/"
66.151.181.10 - - [16/Jan/2006:01:27:20 -0900] "GET /gallery/photos/19880041/1/pages/1988-0041-00146.htm HTTP/1.1" 200 1879 "http://photolab.elmer.uaf.edu/gallery/photos/19880041/1/index_4.htm" "FAST Enterprise Crawler 6 / Scirus scirus-crawler@fast.no; http://www.scirus.com/srsapp/contactus/"
66.151.181.10 - - [16/Jan/2006:01:28:35 -0900] "GET /gallery/photos/19880041/1/pages/1988-0041-00147.htm HTTP/1.1" 200 1879 "http://photolab.elmer.uaf.edu/gallery/photos/19880041/1/index_4.htm" "FAST Enterprise Crawler 6 / Scirus scirus-crawler@fast.no; http://www.scirus.com/srsapp/contactus/"
66.151.181.10 - - [16/Jan/2006:01:29:50 -0900] "GET /gallery/photos/19880041/1/pages/1988-0041-00148.htm HTTP/1.1" 200 1879 "http://photolab.elmer.uaf.edu/gallery/photos/19880041/1/index_4.htm" "FAST Enterprise Crawler 6 / Scirus scirus-crawler@fast.no; http://www.scirus.com/srsapp/contactus/"
69.231.64.255 - - [16/Jan/2006:01:30:14 -0900] "GET /store/mining.html HTTP/1.1" 301 351 "http://images.google.com/imgres?imgurl=http://photolab.elmer.uaf.edu/store/photos/largejpegs/(006)1970-0058-00507.jpg&imgrefurl=http://photolab.elmer.uaf.edu/store/mining.html&h=662&w=1000&sz=147&tbnid=XYvkeyWiRzHYYM:&tbnh=98&tbnw=149&hl=en&start=28&prev=/images%3Fq%3Dgold%2Brush%26start%3D20%26imgsz%3Dxxlarge%26svnum%3D10%26hl%3Den%26lr%3D%26client%3Dsafari%26rls%3Den%26sa%3DN" "Mozilla/5.0 (Macintosh; U; PPC Mac OS X; en) AppleWebKit/312.5.2 (KHTML, like Gecko) Safari/312.3.3"
69.231.64.255 - - [16/Jan/2006:01:30:15 -0900] "GET /store/photos/largejpegs/(006)1970-0058-00507.jpg HTTP/1.1" 301 382 "http://images.google.com/imgres?imgurl=http://photolab.elmer.uaf.edu/store/photos/largejpegs/(006)1970-0058-00507.jpg&imgrefurl=http://photolab.elmer.uaf.edu/store/mining.html&h=662&w=1000&sz=147&tbnid=XYvkeyWiRzHYYM:&tbnh=98&tbnw=149&hl=en&prev=/images%3Fq%3Dgold%2Brush%26start%3D20%26imgsz%3Dxxlarge%26svnum%3D10%26hl%3Den%26lr%3D%26client%3Dsafari%26rls%3Den%26sa%3DN&frame=small" "Mozilla/5.0 (Macintosh; U; PPC Mac OS X; en) AppleWebKit/312.5.2 (KHTML, like Gecko) Safari/312.3.3"
69.231.64.255 - - [16/Jan/2006:01:30:19 -0900] "GET /store/mining.html HTTP/1.1" 301 351 "http://images.google.com/imgres?imgurl=http://photolab.elmer.uaf.edu/store/photos/largejpegs/(006)1970-0058-00507.jpg&imgrefurl=http://photolab.elmer.uaf.edu/store/mining.html&h=662&w=1000&sz=147&tbnid=XYvkeyWiRzHYYM:&tbnh=98&tbnw=149&hl=en&start=28&prev=/images%3Fq%3Dgold%2Brush%26start%3D20%26imgsz%3Dxxlarge%26svnum%3D10%26hl%3Den%26lr%3D%26client%3Dsafari%26rls%3Den%26sa%3DN" "Mozilla/5.0 (Macintosh; U; PPC Mac OS X; en) AppleWebKit/312.5.2 (KHTML, like Gecko) Safari/312.3.3"
69.231.64.255 - - [16/Jan/2006:01:30:21 -0900] "GET /store/photos/largejpegs/(006)1970-0058-00507.jpg HTTP/1.1" 301 382 "http://images.google.com/imgres?imgurl=http://photolab.elmer.uaf.edu/store/photos/largejpegs/(006)1970-0058-00507.jpg&imgrefurl=http://photolab.elmer.uaf.edu/store/mining.html&h=662&w=1000&sz=147&tbnid=XYvkeyWiRzHYYM:&tbnh=98&tbnw=149&hl=en&prev=/images%3Fq%3Dgold%2Brush%26start%3D20%26imgsz%3Dxxlarge%26svnum%3D10%26hl%3Den%26lr%3D%26client%3Dsafari%26rls%3Den%26sa%3DN&frame=small" "Mozilla/5.0 (Macintosh; U; PPC Mac OS X; en) AppleWebKit/312.5.2 (KHTML, like Gecko) Safari/312.3.3"
65.55.246.96 - - [16/Jan/2006:01:30:22 -0900] "GET /gallery/photos/19700011/pages/1970-0011-00032.html HTTP/1.0" 200 6322 "-" "msnbot/0.9 (+http://search.msn.com/msnbot.htm)"
65.55.246.96 - - [16/Jan/2006:01:30:24 -0900] "GET /gallery/photos/19700011/images/previous.gif HTTP/1.0" 200 271 "-" "msnbot/0.9 (+http://search.msn.com/msnbot.htm)"
65.55.246.96 - - [16/Jan/2006:01:30:27 -0900] "GET /gallery/photos/19700011/pages/1970-0011-00068.html HTTP/1.0" 200 6322 "-" "msnbot/0.9 (+http://search.msn.com/msnbot.htm)"
65.55.246.96 - - [16/Jan/2006:01:30:29 -0900] "GET /gallery/photos/19700011/images/home.gif HTTP/1.0" 200 268 "-" "msnbot/0.9 (+http://search.msn.com/msnbot.htm)"
65.55.246.96 - - [16/Jan/2006:01:30:31 -0900] "GET /gallery/photos/19700011/pages/1970-0011-00053.html HTTP/1.0" 200 6322 "-" "msnbot/0.9 (+http://search.msn.com/msnbot.htm)"
65.55.246.96 - - [16/Jan/2006:01:30:33 -0900] "GET /gallery/photos/19700011/pages/1970-0011-00013.html HTTP/1.0" 200 6322 "-" "msnbot/0.9 (+http://search.msn.com/msnbot.htm)"
65.55.246.96 - - [16/Jan/2006:01:30:38 -0900] "GET /gallery/photos/19700011/pages/1970-0011-00034.html HTTP/1.0" 200 6322 "-" "msnbot/0.9 (+http://search.msn.com/msnbot.htm)"
65.55.246.96 - - [16/Jan/2006:01:30:40 -0900] "GET /gallery/photos/19700011/pages/1970-0011-00076.html HTTP/1.0" 200 6322 "-" "msnbot/0.9 (+http://search.msn.com/msnbot.htm)"
65.55.246.96 - - [16/Jan/2006:01:30:43 -0900] "GET /gallery/photos/19700011/pages/1970-0011-00079.html HTTP/1.0" 200 6322 "-" "msnbot/0.9 (+http://search.msn.com/msnbot.htm)"
66.151.181.10 - - [16/Jan/2006:01:31:05 -0900] "GET /gallery/photos/19880041/1/pages/1988-0041-00149.htm HTTP/1.1" 200 1879 "http://photolab.elmer.uaf.edu/gallery/photos/19880041/1/index_4.htm" "FAST Enterprise Crawler 6 / Scirus scirus-crawler@fast.no; http://www.scirus.com/srsapp/contactus/"
66.151.181.10 - - [16/Jan/2006:01:32:20 -0900] "GET /gallery/photos/19880041/2/index_5.htm HTTP/1.1" 200 7202 "http://photolab.elmer.uaf.edu/gallery/photos/19880041/2/index_4.htm" "FAST Enterprise Crawler 6 / Scirus scirus-crawler@fast.no; http://www.scirus.com/srsapp/contactus/"
66.151.181.10 - - [16/Jan/2006:01:33:35 -0900] "GET /gallery/photos/19880041/2/pages/1988-0041-00237.htm HTTP/1.1" 200 1879 "http://photolab.elmer.uaf.edu/gallery/photos/19880041/2/index_4.htm" "FAST Enterprise Crawler 6 / Scirus scirus-crawler@fast.no; http://www.scirus.com/srsapp/contactus/"
66.151.181.10 - - [16/Jan/2006:01:34:50 -0900] "GET /gallery/photos/19880041/2/pages/1988-0041-00238.htm HTTP/1.1" 200 1879 "http://photolab.elmer.uaf.edu/gallery/photos/19880041/2/index_4.htm" "FAST Enterprise Crawler 6 / Scirus scirus-crawler@fast.no; http://www.scirus.com/srsapp/contactus/"
66.151.181.10 - - [16/Jan/2006:01:36:06 -0900] "GET /gallery/photos/19880041/2/pages/1988-0041-00239.htm HTTP/1.1" 200 1879 "http://photolab.elmer.uaf.edu/gallery/photos/19880041/2/index_4.htm" "FAST Enterprise Crawler 6 / Scirus scirus-crawler@fast.no; http://www.scirus.com/srsapp/contactus/"
65.55.246.96 - - [16/Jan/2006:01:36:17 -0900] "GET /gallery/photos/19700011/pages/1970-0011-00070.html HTTP/1.0" 200 6322 "-" "msnbot/0.9 (+http://search.msn.com/msnbot.htm)"
65.55.246.96 - - [16/Jan/2006:01:36:20 -0900] "GET /gallery/photos/19700011/pages/1970-0011-00099.html HTTP/1.0" 200 6323 "-" "msnbot/0.9 (+http://search.msn.com/msnbot.htm)"
65.55.246.96 - - [16/Jan/2006:01:36:22 -0900] "GET /gallery/photos/19700011/pages/1970-0011-00033.html HTTP/1.0" 200 6322 "-" "msnbot/0.9 (+http://search.msn.com/msnbot.htm)"
65.55.246.96 - - [16/Jan/2006:01:36:25 -0900] "GET /gallery/photos/19700011/pages/1970-0011-00038.html HTTP/1.0" 200 6322 "-" "msnbot/0.9 (+http://search.msn.com/msnbot.htm)"
65.55.246.96 - - [16/Jan/2006:01:36:27 -0900] "GET /gallery/photos/19700011/pages/1970-0011-00074.html HTTP/1.0" 200 6322 "-" "msnbot/0.9 (+http://search.msn.com/msnbot.htm)"
65.55.246.96 - - [16/Jan/2006:01:36:29 -0900] "GET /gallery/photos/19700011/pages/1970-0011-00055.html HTTP/1.0" 200 6322 "-" "msnbot/0.9 (+http://search.msn.com/msnbot.htm)"
65.55.246.96 - - [16/Jan/2006:01:36:32 -0900] "GET /gallery/photos/19700011/pages/1970-0011-00091.html HTTP/1.0" 200 6322 "-" "msnbot/0.9 (+http://search.msn.com/msnbot.htm)"
65.55.246.96 - - [16/Jan/2006:01:36:34 -0900] "GET /gallery/photos/19700011/pages/1970-0011-00107.html HTTP/1.0" 200 6323 "-" "msnbot/0.9 (+http://search.msn.com/msnbot.htm)"
65.55.246.96 - - [16/Jan/2006:01:36:37 -0900] "GET /gallery/photos/19700011/images/next.gif HTTP/1.0" 200 270 "-" "msnbot/0.9 (+http://search.msn.com/msnbot.htm)"
65.55.246.96 - - [16/Jan/2006:01:36:41 -0900] "GET /gallery/photos/19700011/pages/1970-0011-00030.html HTTP/1.0" 200 6322 "-" "msnbot/0.9 (+http://search.msn.com/msnbot.htm)"
66.151.181.10 - - [16/Jan/2006:01:37:21 -0900] "GET /gallery/photos/19880041/2/pages/1988-0041-00240.htm HTTP/1.1" 200 1879 "http://photolab.elmer.uaf.edu/gallery/photos/19880041/2/index_4.htm" "FAST Enterprise Crawler 6 / Scirus scirus-crawler@fast.no; http://www.scirus.com/srsapp/contactus/"
61.47.114.43 - - [16/Jan/2006:01:37:25 -0900] "GET /index_files/lib.css HTTP/1.1" 200 2634 "http://photolab.elmer.uaf.edu/gallery/maps/mapg3300.html" "Mozilla/4.0 (compatible; MSIE 6.0; Windows NT 5.1; .NET CLR 1.1.4322)"
61.47.114.43 - - [16/Jan/2006:01:37:24 -0900] "GET /gallery/maps/mapg3300.html HTTP/1.1" 200 21851 "http://images.google.co.th/imgres?imgurl=http://photolab.elmer.uaf.edu/gallery/maps/G3300/large/G3300%2520%255B1786_%255D%2520B691.jpg&imgrefurl=http://photolab.elmer.uaf.edu/gallery/maps/mapg3300.html&h=941&w=1200&sz=287&tbnid=cQBYogs4LLANKM:&tbnh=117&tbnw=150&hl=th&start=220&prev=/images%3Fq%3Dnorth%2Bamerica%26start%3D200%26svnum%3D10%26hl%3Dth%26lr%3D%26sa%3DN" "Mozilla/4.0 (compatible; MSIE 6.0; Windows NT 5.1; .NET CLR 1.1.4322)"
61.47.114.43 - - [16/Jan/2006:01:37:26 -0900] "GET /gallery/maps/G3300/large/G3300%20%5B1786_%5D%20B691.jpg HTTP/1.1" 200 292922 "http://images.google.co.th/imgres?imgurl=http://photolab.elmer.uaf.edu/gallery/maps/G3300/large/G3300%2520%255B1786_%255D%2520B691.jpg&imgrefurl=http://photolab.elmer.uaf.edu/gallery/maps/mapg3300.html&h=941&w=1200&sz=287&tbnid=cQBYogs4LLANKM:&tbnh=117&tbnw=150&hl=th&prev=/images%3Fq%3Dnorth%2Bamerica%26start%3D200%26svnum%3D10%26hl%3Dth%26lr%3D%26sa%3DN&frame=small" "Mozilla/4.0 (compatible; MSIE 6.0; Windows NT 5.1; .NET CLR 1.1.4322)"
66.151.181.10 - - [16/Jan/2006:01:38:36 -0900] "GET /gallery/photos/19880041/2/pages/1988-0041-00241.htm HTTP/1.1" 200 1879 "http://photolab.elmer.uaf.edu/gallery/photos/19880041/2/index_4.htm" "FAST Enterprise Crawler 6 / Scirus scirus-crawler@fast.no; http://www.scirus.com/srsapp/contactus/"
66.151.181.10 - - [16/Jan/2006:01:39:51 -0900] "GET /gallery/photos/19880041/2/pages/1988-0041-00242.htm HTTP/1.1" 200 1879 "http://photolab.elmer.uaf.edu/gallery/photos/19880041/2/index_4.htm" "FAST Enterprise Crawler 6 / Scirus scirus-crawler@fast.no; http://www.scirus.com/srsapp/contactus/"
65.55.246.96 - - [16/Jan/2006:01:40:45 -0900] "GET /gallery/photos/19700011/pages/1970-0011-00105.html HTTP/1.0" 200 6323 "-" "msnbot/0.9 (+http://search.msn.com/msnbot.htm)"
65.55.246.96 - - [16/Jan/2006:01:40:47 -0900] "GET /gallery/photos/19700011/pages/1970-0011-00072.html HTTP/1.0" 200 6322 "-" "msnbot/0.9 (+http://search.msn.com/msnbot.htm)"
65.55.246.96 - - [16/Jan/2006:01:40:50 -0900] "GET /gallery/photos/19700011/pages/1970-0011-00089.html HTTP/1.0" 200 6322 "-" "msnbot/0.9 (+http://search.msn.com/msnbot.htm)"
