212.239.211.176 - - [16/Jan/2006:04:42:02 -0900] "GET /store/photos/largejpegs/(083)1989-0166-00380.jpg HTTP/1.0" 301 382 "http://images.google.be/imgres?imgurl=http://photolab.elmer.uaf.edu/store/photos/largejpegs/(083)1989-0166-00380.jpg&imgrefurl=http://photolab.elmer.uaf.edu/store/alaskanatives.html&h=1000&w=755&sz=139&tbnid=t4toWEdZw2lY4M:&tbnh=149&tbnw=112&hl=nl&prev=/images%3Fq%3Deskimo%2Bbaby%26svnum%3D10%26hl%3Dnl%26lr%3Dlang_nl%26sa%3DN&frame=small" "Mozilla/4.0 (compatible; MSIE 6.0; Windows NT 5.1; SV1; .NET CLR 1.1.4322)"
212.239.211.176 - - [16/Jan/2006:04:42:08 -0900] "GET /store/photos/largejpegs/(083)1989-0166-00380.jpg HTTP/1.0" 301 382 "http://images.google.be/imgres?imgurl=http://photolab.elmer.uaf.edu/store/photos/largejpegs/(083)1989-0166-00380.jpg&imgrefurl=http://photolab.elmer.uaf.edu/store/alaskanatives.html&h=1000&w=755&sz=139&tbnid=t4toWEdZw2lY4M:&tbnh=149&tbnw=112&hl=nl&prev=/images%3Fq%3Deskimo%2Bbaby%26svnum%3D10%26hl%3Dnl%26lr%3Dlang_nl%26sa%3DN&frame=small" "Mozilla/4.0 (compatible; MSIE 6.0; Windows NT 5.1; SV1; .NET CLR 1.1.4322)"
212.239.211.176 - - [16/Jan/2006:04:42:23 -0900] "GET /store/alaskanatives.html HTTP/1.0" 301 358 "http://images.google.be/imgres?imgurl=http://photolab.elmer.uaf.edu/store/photos/largejpegs/(083)1989-0166-00380.jpg&imgrefurl=http://photolab.elmer.uaf.edu/store/alaskanatives.html&h=1000&w=755&sz=139&tbnid=t4toWEdZw2lY4M:&tbnh=149&tbnw=112&hl=nl&start=1&prev=/images%3Fq%3Deskimo%2Bbaby%26svnum%3D10%26hl%3Dnl%26lr%3Dlang_nl%26sa%3DN" "Mozilla/4.0 (compatible; MSIE 6.0; Windows NT 5.1; SV1; .NET CLR 1.1.4322)"
66.151.181.10 - - [16/Jan/2006:04:42:36 -0900] "GET /gallery/photos/19890166/06/pages/1989-0166-00666_neg%20nitrate.html HTTP/1.1" 200 2008 "http://photolab.elmer.uaf.edu/gallery/photos/19890166/06/index_4.html" "FAST Enterprise Crawler 6 / Scirus scirus-crawler@fast.no; http://www.scirus.com/srsapp/contactus/"
81.243.96.112 - - [16/Jan/2006:04:42:45 -0900] "GET /gallery/maps/mapg3200.html HTTP/1.1" 200 17235 "http://images.google.be/imgres?imgurl=http://photolab.elmer.uaf.edu/gallery/maps/G3200/large/G3200%25201783%2520B68.jpg&imgrefurl=http://photolab.elmer.uaf.edu/gallery/maps/mapg3200.html&h=837&w=1200&sz=238&tbnid=UcO6rGbbptUoYM:&tbnh=104&tbnw=150&hl=fr&start=31&prev=/images%3Fq%3Dmappemonde%26start%3D20%26imgsz%3Dxxlarge%26svnum%3D10%26hl%3Dfr%26lr%3D%26client%3Dfirefox-a%26rls%3Dorg.mozilla:fr:official_s%26sa%3DN" "Mozilla/5.0 (Windows; U; Windows NT 5.1; fr; rv:1.8) Gecko/20051111 Firefox/1.5"
81.243.96.112 - - [16/Jan/2006:04:43:06 -0900] "GET /index_files/bar.gif HTTP/1.1" 200 342 "http://photolab.elmer.uaf.edu/gallery/maps/mapg3200.html" "Mozilla/5.0 (Windows; U; Windows NT 5.1; fr; rv:1.8) Gecko/20051111 Firefox/1.5"
81.243.96.112 - - [16/Jan/2006:04:43:06 -0900] "GET /index_files/title.jpg HTTP/1.1" 200 5438 "http://photolab.elmer.uaf.edu/gallery/maps/mapg3200.html" "Mozilla/5.0 (Windows; U; Windows NT 5.1; fr; rv:1.8) Gecko/20051111 Firefox/1.5"
81.243.96.112 - - [16/Jan/2006:04:43:06 -0900] "GET /gallery/maps/G3200/large/G3200%201783%20B68.jpg HTTP/1.1" 200 243280 "http://images.google.be/imgres?imgurl=http://photolab.elmer.uaf.edu/gallery/maps/G3200/large/G3200%25201783%2520B68.jpg&imgrefurl=http://photolab.elmer.uaf.edu/gallery/maps/mapg3200.html&h=837&w=1200&sz=238&tbnid=UcO6rGbbptUoYM:&tbnh=104&tbnw=150&hl=fr&prev=/images%3Fq%3Dmappemonde%26start%3D20%26imgsz%3Dxxlarge%26svnum%3D10%26hl%3Dfr%26lr%3D%26client%3Dfirefox-a%26rls%3Dorg.mozilla:fr:official_s%26sa%3DN&frame=small" "Mozilla/5.0 (Windows; U; Windows NT 5.1; fr; rv:1.8) Gecko/20051111 Firefox/1.5"
81.243.96.112 - - [16/Jan/2006:04:43:06 -0900] "GET /gallery/maps/G3200/large/G3200%201783%20B68.jpg HTTP/1.1" 200 243280 "http://images.google.be/imgres?imgurl=http://photolab.elmer.uaf.edu/gallery/maps/G3200/large/G3200%25201783%2520B68.jpg&imgrefurl=http://photolab.elmer.uaf.edu/gallery/maps/mapg3200.html&h=837&w=1200&sz=238&tbnid=UcO6rGbbptUoYM:&tbnh=104&tbnw=150&hl=fr&prev=/images%3Fq%3Dmappemonde%26start%3D20%26imgsz%3Dxxlarge%26svnum%3D10%26hl%3Dfr%26lr%3D%26client%3Dfirefox-a%26rls%3Dorg.mozilla:fr:official_s%26sa%3DN&frame=small" "Mozilla/5.0 (Windows; U; Windows NT 5.1; fr; rv:1.8) Gecko/20051111 Firefox/1.5"
81.243.96.112 - - [16/Jan/2006:04:43:06 -0900] "GET /gallery/maps/G3200/large/G3200%201783%20B68.jpg HTTP/1.1" 200 243280 "http://images.google.be/imgres?imgurl=http://photolab.elmer.uaf.edu/gallery/maps/G3200/large/G3200%25201783%2520B68.jpg&imgrefurl=http://photolab.elmer.uaf.edu/gallery/maps/mapg3200.html&h=837&w=1200&sz=238&tbnid=UcO6rGbbptUoYM:&tbnh=104&tbnw=150&hl=fr&prev=/images%3Fq%3Dmappemonde%26start%3D20%26imgsz%3Dxxlarge%26svnum%3D10%26hl%3Dfr%26lr%3D%26client%3Dfirefox-a%26rls%3Dorg.mozilla:fr:official_s%26sa%3DN&frame=small" "Mozilla/5.0 (Windows; U; Windows NT 5.1; fr; rv:1.8) Gecko/20051111 Firefox/1.5"
81.243.96.112 - - [16/Jan/2006:04:43:06 -0900] "GET /gallery/maps/G3200/large/G3200%201783%20B68.jpg HTTP/1.1" 200 243280 "http://images.google.be/imgres?imgurl=http://photolab.elmer.uaf.edu/gallery/maps/G3200/large/G3200%25201783%2520B68.jpg&imgrefurl=http://photolab.elmer.uaf.edu/gallery/maps/mapg3200.html&h=837&w=1200&sz=238&tbnid=UcO6rGbbptUoYM:&tbnh=104&tbnw=150&hl=fr&prev=/images%3Fq%3Dmappemonde%26start%3D20%26imgsz%3Dxxlarge%26svnum%3D10%26hl%3Dfr%26lr%3D%26client%3Dfirefox-a%26rls%3Dorg.mozilla:fr:official_s%26sa%3DN&frame=small" "Mozilla/5.0 (Windows; U; Windows NT 5.1; fr; rv:1.8) Gecko/20051111 Firefox/1.5"
66.151.181.10 - - [16/Jan/2006:04:43:52 -0900] "GET /gallery/photos/19890166/06/pages/1989-0166-00667_neg%20nitrate.html HTTP/1.1" 200 2008 "http://photolab.elmer.uaf.edu/gallery/photos/19890166/06/index_4.html" "FAST Enterprise Crawler 6 / Scirus scirus-crawler@fast.no; http://www.scirus.com/srsapp/contactus/"
66.151.181.10 - - [16/Jan/2006:04:45:07 -0900] "GET /gallery/photos/19890166/06/pages/1989-0166-00668_neg%20nitrate.html HTTP/1.1" 200 2008 "http://photolab.elmer.uaf.edu/gallery/photos/19890166/06/index_4.html" "FAST Enterprise Crawler 6 / Scirus scirus-crawler@fast.no; http://www.scirus.com/srsapp/contactus/"
212.239.211.176 - - [16/Jan/2006:04:45:33 -0900] "GET /store/allphotos.html HTTP/1.0" 301 354 "http://images.google.be/imgres?imgurl=http://photolab.elmer.uaf.edu/store/photos/largejpegs/1989-0166-00380.jpg&imgrefurl=http://photolab.elmer.uaf.edu/store/allphotos.html&h=800&w=604&sz=84&tbnid=mjwMm0uQxQQbEM:&tbnh=142&tbnw=107&hl=nl&start=73&prev=/images%3Fq%3Deskimo%2Bbaby%26start%3D60%26svnum%3D10%26hl%3Dnl%26lr%3Dlang_nl%26sa%3DN" "Mozilla/4.0 (compatible; MSIE 6.0; Windows NT 5.1; SV1; .NET CLR 1.1.4322)"
212.239.211.176 - - [16/Jan/2006:04:45:35 -0900] "GET /store/photos/largejpegs/1989-0166-00380.jpg HTTP/1.0" 301 377 "http://images.google.be/imgres?imgurl=http://photolab.elmer.uaf.edu/store/photos/largejpegs/1989-0166-00380.jpg&imgrefurl=http://photolab.elmer.uaf.edu/store/allphotos.html&h=800&w=604&sz=84&tbnid=mjwMm0uQxQQbEM:&tbnh=142&tbnw=107&hl=nl&prev=/images%3Fq%3Deskimo%2Bbaby%26start%3D60%26svnum%3D10%26hl%3Dnl%26lr%3Dlang_nl%26sa%3DN&frame=small" "Mozilla/4.0 (compatible; MSIE 6.0; Windows NT 5.1; SV1; .NET CLR 1.1.4322)"
66.151.181.10 - - [16/Jan/2006:04:46:22 -0900] "GET /gallery/photos/19890166/06/pages/1989-0166-00669_neg%20nitrate.html HTTP/1.1" 200 2008 "http://photolab.elmer.uaf.edu/gallery/photos/19890166/06/index_4.html" "FAST Enterprise Crawler 6 / Scirus scirus-crawler@fast.no; http://www.scirus.com/srsapp/contactus/"
83.179.4.53 - - [16/Jan/2006:04:46:25 -0900] "GET /store/photos.html HTTP/1.1" 301 351 "http://bibigreycat.blogspot.com/2005_10_23_bibigreycat_archive.html" "Mozilla/5.0 (Windows; U; Windows NT 5.1; fr; rv:1.8) Gecko/20051111 Firefox/1.5"
82.160.178.131 - - [16/Jan/2006:04:47:29 -0900] "GET /store/photos/largejpegs/(105)1989-0166-00522a.jpg HTTP/1.0" 301 383 "http://forums.narutofan.com/showthread.php?t=60191&page=3" "Mozilla/5.0 (Windows; U; Windows NT 5.1; pl; rv:1.8) Gecko/20051111 Firefox/1.5"
66.151.181.10 - - [16/Jan/2006:04:47:37 -0900] "GET /gallery/photos/19890166/06/pages/1989-0166-00670_neg%20nitrate.html HTTP/1.1" 200 2018 "http://photolab.elmer.uaf.edu/gallery/photos/19890166/06/index_4.html" "FAST Enterprise Crawler 6 / Scirus scirus-crawler@fast.no; http://www.scirus.com/srsapp/contactus/"
66.151.181.10 - - [16/Jan/2006:04:48:52 -0900] "GET /gallery/photos/19890166/06/pages/1989-0166-00671_neg%20copy(2)(069).html HTTP/1.1" 200 2043 "http://photolab.elmer.uaf.edu/gallery/photos/19890166/06/index_4.html" "FAST Enterprise Crawler 6 / Scirus scirus-crawler@fast.no; http://www.scirus.com/srsapp/contactus/"
66.151.181.10 - - [16/Jan/2006:04:50:07 -0900] "GET /gallery/photos/19890166/06/pages/1989-0166-00672_neg%20copy(2)(069).html HTTP/1.1" 200 2038 "http://photolab.elmer.uaf.edu/gallery/photos/19890166/06/index_4.html" "FAST Enterprise Crawler 6 / Scirus scirus-crawler@fast.no; http://www.scirus.com/srsapp/contactus/"
66.151.181.10 - - [16/Jan/2006:04:51:22 -0900] "GET /gallery/photos/19890166/06/pages/1989-0166-00672_neg%20nitrate.html HTTP/1.1" 200 2013 "http://photolab.elmer.uaf.edu/gallery/photos/19890166/06/index_4.html" "FAST Enterprise Crawler 6 / Scirus scirus-crawler@fast.no; http://www.scirus.com/srsapp/contactus/"
66.151.181.10 - - [16/Jan/2006:04:52:40 -0900] "GET /gallery/photos/19890166/06/pages/1989-0166-00673_neg%20nitrate.html HTTP/1.1" 200 2008 "http://photolab.elmer.uaf.edu/gallery/photos/19890166/06/index_4.html" "FAST Enterprise Crawler 6 / Scirus scirus-crawler@fast.no; http://www.scirus.com/srsapp/contactus/"
168.224.1.14 - - [16/Jan/2006:04:54:19 -0900] "GET /index_files/aprbrown.jpg HTTP/1.0" 200 5509 "http://www.alaska.net/~johnd/urban/urban-eskimopage1.htm" "Mozilla/4.0 (compatible; MSIE 6.0; Windows NT 5.1; SV1; .NET CLR 1.1.4322)"
66.151.181.10 - - [16/Jan/2006:04:55:08 -0900] "GET /gallery/photos/19890166/06/pages/1989-0166-00674_neg%20nitrate.html HTTP/1.1" 200 2008 "http://photolab.elmer.uaf.edu/gallery/photos/19890166/06/index_4.html" "FAST Enterprise Crawler 6 / Scirus scirus-crawler@fast.no; http://www.scirus.com/srsapp/contactus/"
66.151.181.10 - - [16/Jan/2006:04:56:23 -0900] "GET /gallery/photos/19890166/06/pages/1989-0166-00675_neg%20nitrate.html HTTP/1.1" 200 2008 "http://photolab.elmer.uaf.edu/gallery/photos/19890166/06/index_4.html" "FAST Enterprise Crawler 6 / Scirus scirus-crawler@fast.no; http://www.scirus.com/srsapp/contactus/"
68.249.62.102 - - [16/Jan/2006:04:56:40 -0900] "GET /store/photos/largejpegs/(040)1958-1026-01700.jpg HTTP/1.1" 301 382 "http://profile.myspace.com/index.cfm?fuseaction=user.viewprofile&friendID=23572191" "Mozilla/4.0 (compatible; MSIE 6.0; Windows NT 5.1; SV1)"
66.151.181.10 - - [16/Jan/2006:04:57:39 -0900] "GET /gallery/photos/19890166/06/pages/1989-0166-00676_neg%20nitrate.html HTTP/1.1" 200 2008 "http://photolab.elmer.uaf.edu/gallery/photos/19890166/06/index_4.html" "FAST Enterprise Crawler 6 / Scirus scirus-crawler@fast.no; http://www.scirus.com/srsapp/contactus/"
68.249.62.102 - - [16/Jan/2006:04:58:04 -0900] "GET /store/photos/largejpegs/(040)1958-1026-01700.jpg HTTP/1.1" 301 382 "http://profile.myspace.com/index.cfm?fuseaction=user.viewprofile&friendID=23572191" "Mozilla/4.0 (compatible; MSIE 6.0; Windows NT 5.1; SV1)"
66.151.181.10 - - [16/Jan/2006:04:58:53 -0900] "GET /gallery/photos/19890166/06/pages/1989-0166-00677_neg%20nitrate.html HTTP/1.1" 200 2008 "http://photolab.elmer.uaf.edu/gallery/photos/19890166/06/index_4.html" "FAST Enterprise Crawler 6 / Scirus scirus-crawler@fast.no; http://www.scirus.com/srsapp/contactus/"
66.151.181.10 - - [16/Jan/2006:05:00:09 -0900] "GET /gallery/photos/19890166/06/pages/1989-0166-00678_neg%20nitrate.html HTTP/1.1" 200 2008 "http://photolab.elmer.uaf.edu/gallery/photos/19890166/06/index_4.html" "FAST Enterprise Crawler 6 / Scirus scirus-crawler@fast.no; http://www.scirus.com/srsapp/contactus/"
66.151.181.10 - - [16/Jan/2006:05:01:24 -0900] "GET /gallery/photos/19890166/07/index_5.html HTTP/1.1" 200 7904 "http://photolab.elmer.uaf.edu/gallery/photos/19890166/07/index_4.html" "FAST Enterprise Crawler 6 / Scirus scirus-crawler@fast.no; http://www.scirus.com/srsapp/contactus/"
86.202.20.85 - - [16/Jan/2006:05:01:53 -0900] "GET /index_files/apr.jpg HTTP/1.1" 200 6015 "http://photolab.elmer.uaf.edu/gallery/maps/mapg3200.html" "Mozilla/4.0 (compatible; MSIE 6.0; Windows NT 5.1; Wanadoo 7.1 ; NaviWoo1.1; snprtz|T04771234923060#3060|isdn)"
86.202.20.85 - - [16/Jan/2006:05:01:52 -0900] "GET /gallery/maps/mapg3200.html HTTP/1.1" 200 17235 "http://images.google.fr/imgres?imgurl=http://photolab.elmer.uaf.edu/gallery/maps/G3200/large/G3200%2520%255B1790%255D%2520B65.jpg&imgrefurl=http://photolab.elmer.uaf.edu/gallery/maps/mapg3200.html&h=690&w=1200&sz=207&tbnid=7N53NH0ThR1g5M:&tbnh=86&tbnw=150&hl=fr&start=2&prev=/images%3Fq%3Dancien%2Bworld%2Bmaps%26imgsz%3Dxxlarge%26svnum%3D10%26hl%3Dfr%26lr%3D%26sa%3DG" "Mozilla/4.0 (compatible; MSIE 6.0; Windows NT 5.1; Wanadoo 7.1 ; NaviWoo1.1; snprtz|T04771234923060#3060|isdn)"
86.202.20.85 - - [16/Jan/2006:05:01:53 -0900] "GET /index_files/lib.css HTTP/1.1" 200 2634 "http://photolab.elmer.uaf.edu/gallery/maps/mapg3200.html" "Mozilla/4.0 (compatible; MSIE 6.0; Windows NT 5.1; Wanadoo 7.1 ; NaviWoo1.1; snprtz|T04771234923060#3060|isdn)"
86.202.20.85 - - [16/Jan/2006:05:01:54 -0900] "GET /index_files/empty.gif HTTP/1.1" 200 45 "http://photolab.elmer.uaf.edu/gallery/maps/mapg3200.html" "Mozilla/4.0 (compatible; MSIE 6.0; Windows NT 5.1; Wanadoo 7.1 ; NaviWoo1.1; snprtz|T04771234923060#3060|isdn)"
86.202.20.85 - - [16/Jan/2006:05:01:54 -0900] "GET /index_files/title.jpg HTTP/1.1" 200 5438 "http://photolab.elmer.uaf.edu/gallery/maps/mapg3200.html" "Mozilla/4.0 (compatible; MSIE 6.0; Windows NT 5.1; Wanadoo 7.1 ; NaviWoo1.1; snprtz|T04771234923060#3060|isdn)"
86.202.20.85 - - [16/Jan/2006:05:01:54 -0900] "GET /index_files/small.jpg HTTP/1.1" 200 2294 "http://photolab.elmer.uaf.edu/gallery/maps/mapg3200.html" "Mozilla/4.0 (compatible; MSIE 6.0; Windows NT 5.1; Wanadoo 7.1 ; NaviWoo1.1; snprtz|T04771234923060#3060|isdn)"
86.202.20.85 - - [16/Jan/2006:05:01:54 -0900] "GET /index_files/small.dps.jpg HTTP/1.1" 200 5830 "http://photolab.elmer.uaf.edu/gallery/maps/mapg3200.html" "Mozilla/4.0 (compatible; MSIE 6.0; Windows NT 5.1; Wanadoo 7.1 ; NaviWoo1.1; snprtz|T04771234923060#3060|isdn)"
86.202.20.85 - - [16/Jan/2006:05:01:55 -0900] "GET /index_files/small_002.jpg HTTP/1.1" 200 1351 "http://photolab.elmer.uaf.edu/gallery/maps/mapg3200.html" "Mozilla/4.0 (compatible; MSIE 6.0; Windows NT 5.1; Wanadoo 7.1 ; NaviWoo1.1; snprtz|T04771234923060#3060|isdn)"
86.202.20.85 - - [16/Jan/2006:05:01:55 -0900] "GET /index_files/small_003.jpg HTTP/1.1" 200 1521 "http://photolab.elmer.uaf.edu/gallery/maps/mapg3200.html" "Mozilla/4.0 (compatible; MSIE 6.0; Windows NT 5.1; Wanadoo 7.1 ; NaviWoo1.1; snprtz|T04771234923060#3060|isdn)"
86.202.20.85 - - [16/Jan/2006:05:01:55 -0900] "GET /gallery/maps/G3200/small/G3200%20%5B1562_%5D%20V34.jpg HTTP/1.1" 200 15334 "http://photolab.elmer.uaf.edu/gallery/maps/mapg3200.html" "Mozilla/4.0 (compatible; MSIE 6.0; Windows NT 5.1; Wanadoo 7.1 ; NaviWoo1.1; snprtz|T04771234923060#3060|isdn)"
86.202.20.85 - - [16/Jan/2006:05:01:55 -0900] "GET /gallery/maps/G3200/small/G3200%20%5B1652_%5D%20V571.jpg HTTP/1.1" 200 16733 "http://photolab.elmer.uaf.edu/gallery/maps/mapg3200.html" "Mozilla/4.0 (compatible; MSIE 6.0; Windows NT 5.1; Wanadoo 7.1 ; NaviWoo1.1; snprtz|T04771234923060#3060|isdn)"
68.142.249.88 - - [16/Jan/2006:05:01:57 -0900] "GET /gallery/photos/20040069 HTTP/1.0" 301 360 "-" "Mozilla/5.0 (compatible; Yahoo! Slurp; http://help.yahoo.com/help/us/ysearch/slurp)"
86.202.20.85 - - [16/Jan/2006:05:01:56 -0900] "GET /gallery/maps/G3200/small/G3200%20%5B1670%5D.jpg HTTP/1.1" 200 17392 "http://photolab.elmer.uaf.edu/gallery/maps/mapg3200.html" "Mozilla/4.0 (compatible; MSIE 6.0; Windows NT 5.1; Wanadoo 7.1 ; NaviWoo1.1; snprtz|T04771234923060#3060|isdn)"
86.202.20.85 - - [16/Jan/2006:05:01:56 -0900] "GET /gallery/maps/G3200/small/G3200%20%5B1700%5D.jpg HTTP/1.1" 200 18077 "http://photolab.elmer.uaf.edu/gallery/maps/mapg3200.html" "Mozilla/4.0 (compatible; MSIE 6.0; Windows NT 5.1; Wanadoo 7.1 ; NaviWoo1.1; snprtz|T04771234923060#3060|isdn)"
68.142.249.88 - - [16/Jan/2006:05:01:57 -0900] "GET /gallery/photos/20040069/ HTTP/1.0" 200 7076 "-" "Mozilla/5.0 (compatible; Yahoo! Slurp; http://help.yahoo.com/help/us/ysearch/slurp)"
86.202.20.85 - - [16/Jan/2006:05:01:57 -0900] "GET /gallery/maps/G3200/small/G3200%201752%20R62.jpg HTTP/1.1" 200 14597 "http://photolab.elmer.uaf.edu/gallery/maps/mapg3200.html" "Mozilla/4.0 (compatible; MSIE 6.0; Windows NT 5.1; Wanadoo 7.1 ; NaviWoo1.1; snprtz|T04771234923060#3060|isdn)"
86.202.20.85 - - [16/Jan/2006:05:01:57 -0900] "GET /gallery/maps/G3200/small/G3200%201755%20B43.jpg HTTP/1.1" 200 14396 "http://photolab.elmer.uaf.edu/gallery/maps/mapg3200.html" "Mozilla/4.0 (compatible; MSIE 6.0; Windows NT 5.1; Wanadoo 7.1 ; NaviWoo1.1; snprtz|T04771234923060#3060|isdn)"
86.202.20.85 - - [16/Jan/2006:05:01:58 -0900] "GET /gallery/maps/G3200/small/G3200%20%5B1774%5D%20S29.jpg HTTP/1.1" 200 14083 "http://photolab.elmer.uaf.edu/gallery/maps/mapg3200.html" "Mozilla/4.0 (compatible; MSIE 6.0; Windows NT 5.1; Wanadoo 7.1 ; NaviWoo1.1; snprtz|T04771234923060#3060|isdn)"
86.202.20.85 - - [16/Jan/2006:05:01:58 -0900] "GET /gallery/maps/G3200/small/G3200%20%5B1788%5D.jpg HTTP/1.1" 200 13885 "http://photolab.elmer.uaf.edu/gallery/maps/mapg3200.html" "Mozilla/4.0 (compatible; MSIE 6.0; Windows NT 5.1; Wanadoo 7.1 ; NaviWoo1.1; snprtz|T04771234923060#3060|isdn)"
86.202.20.85 - - [16/Jan/2006:05:01:59 -0900] "GET /gallery/maps/G3200/small/G3200%201783%20B68.jpg HTTP/1.1" 200 15727 "http://photolab.elmer.uaf.edu/gallery/maps/mapg3200.html" "Mozilla/4.0 (compatible; MSIE 6.0; Windows NT 5.1; Wanadoo 7.1 ; NaviWoo1.1; snprtz|T04771234923060#3060|isdn)"
86.202.20.85 - - [16/Jan/2006:05:01:59 -0900] "GET /gallery/maps/G3200/small/G3200%20%5B1790%5D%20B65.jpg HTTP/1.1" 200 14544 "http://photolab.elmer.uaf.edu/gallery/maps/mapg3200.html" "Mozilla/4.0 (compatible; MSIE 6.0; Windows NT 5.1; Wanadoo 7.1 ; NaviWoo1.1; snprtz|T04771234923060#3060|isdn)"
86.202.20.85 - - [16/Jan/2006:05:02:00 -0900] "GET /gallery/maps/G3200/small/G3200%20%5B1798%5D%20R622.jpg HTTP/1.1" 200 13822 "http://photolab.elmer.uaf.edu/gallery/maps/mapg3200.html" "Mozilla/4.0 (compatible; MSIE 6.0; Windows NT 5.1; Wanadoo 7.1 ; NaviWoo1.1; snprtz|T04771234923060#3060|isdn)"
86.202.20.85 - - [16/Jan/2006:05:02:00 -0900] "GET /gallery/maps/G3200/small/G3200%20%5B1814%5D.jpg HTTP/1.1" 200 15377 "http://photolab.elmer.uaf.edu/gallery/maps/mapg3200.html" "Mozilla/4.0 (compatible; MSIE 6.0; Windows NT 5.1; Wanadoo 7.1 ; NaviWoo1.1; snprtz|T04771234923060#3060|isdn)"
86.202.20.85 - - [16/Jan/2006:05:02:00 -0900] "GET /gallery/maps/G3200/small/G3200%20%5B1824%5D%20W95.jpg HTTP/1.1" 200 14196 "http://photolab.elmer.uaf.edu/gallery/maps/mapg3200.html" "Mozilla/4.0 (compatible; MSIE 6.0; Windows NT 5.1; Wanadoo 7.1 ; NaviWoo1.1; snprtz|T04771234923060#3060|isdn)"
86.202.20.85 - - [16/Jan/2006:05:02:01 -0900] "GET /gallery/maps/G3200/small/G3200%201827%20M3%20v2%20no20.jpg HTTP/1.1" 200 14004 "http://photolab.elmer.uaf.edu/gallery/maps/mapg3200.html" "Mozilla/4.0 (compatible; MSIE 6.0; Windows NT 5.1; Wanadoo 7.1 ; NaviWoo1.1; snprtz|T04771234923060#3060|isdn)"
86.202.20.85 - - [16/Jan/2006:05:02:01 -0900] "GET /gallery/maps/G3200/small/G3200%201827%20M3%20v2%20no38.jpg HTTP/1.1" 200 13806 "http://photolab.elmer.uaf.edu/gallery/maps/mapg3200.html" "Mozilla/4.0 (compatible; MSIE 6.0; Windows NT 5.1; Wanadoo 7.1 ; NaviWoo1.1; snprtz|T04771234923060#3060|isdn)"
86.202.20.85 - - [16/Jan/2006:05:02:01 -0900] "GET /gallery/maps/G3200/small/G3200%201827%20M3%20v2%20no39.jpg HTTP/1.1" 200 13883 "http://photolab.elmer.uaf.edu/gallery/maps/mapg3200.html" "Mozilla/4.0 (compatible; MSIE 6.0; Windows NT 5.1; Wanadoo 7.1 ; NaviWoo1.1; snprtz|T04771234923060#3060|isdn)"
86.202.20.85 - - [16/Jan/2006:05:02:02 -0900] "GET /gallery/maps/G3200/small/G3200%201827%20M3%20v4%20no5.jpg HTTP/1.1" 200 13417 "http://photolab.elmer.uaf.edu/gallery/maps/mapg3200.html" "Mozilla/4.0 (compatible; MSIE 6.0; Windows NT 5.1; Wanadoo 7.1 ; NaviWoo1.1; snprtz|T04771234923060#3060|isdn)"
86.202.20.85 - - [16/Jan/2006:05:02:02 -0900] "GET /gallery/maps/G3200/small/G3200%201827%20M3%20v4%20no13%20c3.jpg HTTP/1.1" 200 15049 "http://photolab.elmer.uaf.edu/gallery/maps/mapg3200.html" "Mozilla/4.0 (compatible; MSIE 6.0; Windows NT 5.1; Wanadoo 7.1 ; NaviWoo1.1; snprtz|T04771234923060#3060|isdn)"
86.202.20.85 - - [16/Jan/2006:05:02:03 -0900] "GET /gallery/maps/G3200/small/G3200%201827%20M3%20v4%20no14.jpg HTTP/1.1" 200 14422 "http://photolab.elmer.uaf.edu/gallery/maps/mapg3200.html" "Mozilla/4.0 (compatible; MSIE 6.0; Windows NT 5.1; Wanadoo 7.1 ; NaviWoo1.1; snprtz|T04771234923060#3060|isdn)"
86.202.20.85 - - [16/Jan/2006:05:02:03 -0900] "GET /gallery/maps/G3200/small/G3200%201827%20M3%20v4%20no21.jpg HTTP/1.1" 200 13818 "http://photolab.elmer.uaf.edu/gallery/maps/mapg3200.html" "Mozilla/4.0 (compatible; MSIE 6.0; Windows NT 5.1; Wanadoo 7.1 ; NaviWoo1.1; snprtz|T04771234923060#3060|isdn)"
86.202.20.85 - - [16/Jan/2006:05:02:04 -0900] "GET /gallery/maps/G3200/small/G3200%201827%20M3%20v4%20no22.jpg HTTP/1.1" 200 14150 "http://photolab.elmer.uaf.edu/gallery/maps/mapg3200.html" "Mozilla/4.0 (compatible; MSIE 6.0; Windows NT 5.1; Wanadoo 7.1 ; NaviWoo1.1; snprtz|T04771234923060#3060|isdn)"
86.202.20.85 - - [16/Jan/2006:05:02:04 -0900] "GET /gallery/maps/G3200/small/G3200%201827%20M3%20v4%20no23.jpg HTTP/1.1" 200 14394 "http://photolab.elmer.uaf.edu/gallery/maps/mapg3200.html" "Mozilla/4.0 (compatible; MSIE 6.0; Windows NT 5.1; Wanadoo 7.1 ; NaviWoo1.1; snprtz|T04771234923060#3060|isdn)"
86.202.20.85 - - [16/Jan/2006:05:02:04 -0900] "GET /gallery/maps/G3200/small/G3200%201827%20M3%20v4%20no30.jpg HTTP/1.1" 200 13615 "http://photolab.elmer.uaf.edu/gallery/maps/mapg3200.html" "Mozilla/4.0 (compatible; MSIE 6.0; Windows NT 5.1; Wanadoo 7.1 ; NaviWoo1.1; snprtz|T04771234923060#3060|isdn)"
86.202.20.85 - - [16/Jan/2006:05:02:05 -0900] "GET /gallery/maps/G3200/small/G3200%20%5B1828%5D%20B67.jpg HTTP/1.1" 200 14879 "http://photolab.elmer.uaf.edu/gallery/maps/mapg3200.html" "Mozilla/4.0 (compatible; MSIE 6.0; Windows NT 5.1; Wanadoo 7.1 ; NaviWoo1.1; snprtz|T04771234923060#3060|isdn)"
86.202.20.85 - - [16/Jan/2006:05:02:05 -0900] "GET /index_files/sitemap.gif HTTP/1.1" 200 1503 "http://photolab.elmer.uaf.edu/gallery/maps/mapg3200.html" "Mozilla/4.0 (compatible; MSIE 6.0; Windows NT 5.1; Wanadoo 7.1 ; NaviWoo1.1; snprtz|T04771234923060#3060|isdn)"
86.202.20.85 - - [16/Jan/2006:05:02:05 -0900] "GET /gallery/maps/G3200/small/G3200%201882%20P461.jpg HTTP/1.1" 200 14665 "http://photolab.elmer.uaf.edu/gallery/maps/mapg3200.html" "Mozilla/4.0 (compatible; MSIE 6.0; Windows NT 5.1; Wanadoo 7.1 ; NaviWoo1.1; snprtz|T04771234923060#3060|isdn)"
86.202.20.85 - - [16/Jan/2006:05:02:06 -0900] "GET /index_files/bluebear.gif HTTP/1.1" 200 1263 "http://photolab.elmer.uaf.edu/gallery/maps/mapg3200.html" "Mozilla/4.0 (compatible; MSIE 6.0; Windows NT 5.1; Wanadoo 7.1 ; NaviWoo1.1; snprtz|T04771234923060#3060|isdn)"
86.202.20.85 - - [16/Jan/2006:05:02:06 -0900] "GET /index_files/bar.gif HTTP/1.1" 200 342 "http://photolab.elmer.uaf.edu/gallery/maps/mapg3200.html" "Mozilla/4.0 (compatible; MSIE 6.0; Windows NT 5.1; Wanadoo 7.1 ; NaviWoo1.1; snprtz|T04771234923060#3060|isdn)"
86.202.20.85 - - [16/Jan/2006:05:02:06 -0900] "GET /gallery/maps/G3200/large/G3200%20%5B1788%5D.jpg HTTP/1.1" 200 171013 "http://photolab.elmer.uaf.edu/gallery/maps/mapg3200.html" "Mozilla/4.0 (compatible; MSIE 6.0; Windows NT 5.1; Wanadoo 7.1 ; NaviWoo1.1; snprtz|T04771234923060#3060|isdn)"
86.202.20.85 - - [16/Jan/2006:05:02:30 -0900] "GET /index_files/bluebear.gif HTTP/1.1" 200 1263 "http://photolab.elmer.uaf.edu/gallery/maps/mapg3200.html" "Mozilla/4.0 (compatible; MSIE 6.0; Windows NT 5.1; Wanadoo 7.1 ; NaviWoo1.1; snprtz|T04771234923060#3060|isdn)"
66.151.181.10 - - [16/Jan/2006:05:02:39 -0900] "GET /gallery/photos/19890166/07/pages/1989-0166-00760_neg%20nitrate.html HTTP/1.1" 200 2008 "http://photolab.elmer.uaf.edu/gallery/photos/19890166/07/index_4.html" "FAST Enterprise Crawler 6 / Scirus scirus-crawler@fast.no; http://www.scirus.com/srsapp/contactus/"
86.202.20.85 - - [16/Jan/2006:05:02:32 -0900] "GET /gallery/maps/G3200/large/G3200%20%5B1824%5D%20W95.jpg HTTP/1.1" 200 186507 "http://photolab.elmer.uaf.edu/gallery/maps/mapg3200.html" "Mozilla/4.0 (compatible; MSIE 6.0; Windows NT 5.1; Wanadoo 7.1 ; NaviWoo1.1; snprtz|T04771234923060#3060|isdn)"
66.151.181.10 - - [16/Jan/2006:05:03:54 -0900] "GET /gallery/photos/19890166/07/pages/1989-0166-00761_neg%20nitrate.html HTTP/1.1" 200 2008 "http://photolab.elmer.uaf.edu/gallery/photos/19890166/07/index_4.html" "FAST Enterprise Crawler 6 / Scirus scirus-crawler@fast.no; http://www.scirus.com/srsapp/contactus/"
68.142.251.170 - - [16/Jan/2006:05:05:01 -0900] "GET /gallery/photos/20030040/0/pages/2003-0040-00028.html HTTP/1.0" 200 1758 "-" "Mozilla/5.0 (compatible; Yahoo! Slurp; http://help.yahoo.com/help/us/ysearch/slurp)"
66.151.181.10 - - [16/Jan/2006:05:05:09 -0900] "GET /gallery/photos/19890166/07/pages/1989-0166-00762_neg%20nitrate.html HTTP/1.1" 200 2008 "http://photolab.elmer.uaf.edu/gallery/photos/19890166/07/index_4.html" "FAST Enterprise Crawler 6 / Scirus scirus-crawler@fast.no; http://www.scirus.com/srsapp/contactus/"
66.151.181.10 - - [16/Jan/2006:05:06:24 -0900] "GET /gallery/photos/19890166/07/pages/1989-0166-00763_neg%20nitrate.html HTTP/1.1" 200 2008 "http://photolab.elmer.uaf.edu/gallery/photos/19890166/07/index_4.html" "FAST Enterprise Crawler 6 / Scirus scirus-crawler@fast.no; http://www.scirus.com/srsapp/contactus/"
66.151.181.10 - - [16/Jan/2006:05:07:39 -0900] "GET /gallery/photos/19890166/07/pages/1989-0166-00764_neg%20nitrate.html HTTP/1.1" 200 2008 "http://photolab.elmer.uaf.edu/gallery/photos/19890166/07/index_4.html" "FAST Enterprise Crawler 6 / Scirus scirus-crawler@fast.no; http://www.scirus.com/srsapp/contactus/"
66.151.181.10 - - [16/Jan/2006:05:08:54 -0900] "GET /gallery/photos/19890166/07/pages/1989-0166-00765_neg%20nitrate.html HTTP/1.1" 200 2008 "http://photolab.elmer.uaf.edu/gallery/photos/19890166/07/index_4.html" "FAST Enterprise Crawler 6 / Scirus scirus-crawler@fast.no; http://www.scirus.com/srsapp/contactus/"
66.151.181.10 - - [16/Jan/2006:05:10:09 -0900] "GET /gallery/photos/19890166/07/pages/1989-0166-00766_neg%20nitrate.html HTTP/1.1" 200 2008 "http://photolab.elmer.uaf.edu/gallery/photos/19890166/07/index_4.html" "FAST Enterprise Crawler 6 / Scirus scirus-crawler@fast.no; http://www.scirus.com/srsapp/contactus/"
66.151.181.10 - - [16/Jan/2006:05:11:24 -0900] "GET /gallery/photos/19890166/07/pages/1989-0166-00767_neg%20nitrate.html HTTP/1.1" 200 2008 "http://photolab.elmer.uaf.edu/gallery/photos/19890166/07/index_4.html" "FAST Enterprise Crawler 6 / Scirus scirus-crawler@fast.no; http://www.scirus.com/srsapp/contactus/"
66.151.181.10 - - [16/Jan/2006:05:12:40 -0900] "GET /gallery/photos/19890166/07/pages/1989-0166-00768_neg%20nitrate.html HTTP/1.1" 200 2008 "http://photolab.elmer.uaf.edu/gallery/photos/19890166/07/index_4.html" "FAST Enterprise Crawler 6 / Scirus scirus-crawler@fast.no; http://www.scirus.com/srsapp/contactus/"
66.151.181.10 - - [16/Jan/2006:05:13:55 -0900] "GET /gallery/photos/19890166/07/pages/1989-0166-00769_neg%20nitrate.html HTTP/1.1" 200 2008 "http://photolab.elmer.uaf.edu/gallery/photos/19890166/07/index_4.html" "FAST Enterprise Crawler 6 / Scirus scirus-crawler@fast.no; http://www.scirus.com/srsapp/contactus/"
66.151.181.10 - - [16/Jan/2006:05:15:10 -0900] "GET /gallery/photos/19890166/07/pages/1989-0166-00770_neg%20nitrate.html HTTP/1.1" 200 2008 "http://photolab.elmer.uaf.edu/gallery/photos/19890166/07/index_4.html" "FAST Enterprise Crawler 6 / Scirus scirus-crawler@fast.no; http://www.scirus.com/srsapp/contactus/"
66.151.181.10 - - [16/Jan/2006:05:16:26 -0900] "GET /gallery/photos/19890166/07/pages/1989-0166-00771_neg%20nitrate.html HTTP/1.1" 200 2008 "http://photolab.elmer.uaf.edu/gallery/photos/19890166/07/index_4.html" "FAST Enterprise Crawler 6 / Scirus scirus-crawler@fast.no; http://www.scirus.com/srsapp/contactus/"
66.151.181.10 - - [16/Jan/2006:05:17:41 -0900] "GET /gallery/photos/19890166/07/pages/1989-0166-00772_neg%20nitrate.html HTTP/1.1" 200 2008 "http://photolab.elmer.uaf.edu/gallery/photos/19890166/07/index_4.html" "FAST Enterprise Crawler 6 / Scirus scirus-crawler@fast.no; http://www.scirus.com/srsapp/contactus/"
66.151.181.10 - - [16/Jan/2006:05:18:56 -0900] "GET /gallery/photos/19890166/07/pages/1989-0166-00773_neg%20nitrate.html HTTP/1.1" 200 2008 "http://photolab.elmer.uaf.edu/gallery/photos/19890166/07/index_4.html" "FAST Enterprise Crawler 6 / Scirus scirus-crawler@fast.no; http://www.scirus.com/srsapp/contactus/"
66.151.181.10 - - [16/Jan/2006:05:20:11 -0900] "GET /gallery/photos/19890166/07/pages/1989-0166-00774_neg%20nitrate.html HTTP/1.1" 200 2008 "http://photolab.elmer.uaf.edu/gallery/photos/19890166/07/index_4.html" "FAST Enterprise Crawler 6 / Scirus scirus-crawler@fast.no; http://www.scirus.com/srsapp/contactus/"
66.151.181.10 - - [16/Jan/2006:05:21:26 -0900] "GET /gallery/photos/19890166/07/pages/1989-0166-00775_neg%20nitrate.html HTTP/1.1" 200 2008 "http://photolab.elmer.uaf.edu/gallery/photos/19890166/07/index_4.html" "FAST Enterprise Crawler 6 / Scirus scirus-crawler@fast.no; http://www.scirus.com/srsapp/contactus/"
213.215.183.164 - - [16/Jan/2006:05:21:46 -0900] "GET /gallery/panoramas/panosewardpen.html HTTP/1.1" 200 22667 "http://www.google.it/search?hl=it&q=%22Charles+Hamlin%22&meta=" "Mozilla/4.0 (compatible; MSIE 6.0; Windows NT 5.0)"
213.215.183.164 - - [16/Jan/2006:05:21:47 -0900] "GET /index_files/lib.css HTTP/1.1" 200 2634 "http://photolab.elmer.uaf.edu/gallery/panoramas/panosewardpen.html" "Mozilla/4.0 (compatible; MSIE 6.0; Windows NT 5.0)"
213.215.183.164 - - [16/Jan/2006:05:21:48 -0900] "GET /index_files/title.jpg HTTP/1.1" 200 5438 "http://photolab.elmer.uaf.edu/gallery/panoramas/panosewardpen.html" "Mozilla/4.0 (compatible; MSIE 6.0; Windows NT 5.0)"
213.215.183.164 - - [16/Jan/2006:05:21:48 -0900] "GET /index_files/empty.gif HTTP/1.1" 200 45 "http://photolab.elmer.uaf.edu/gallery/panoramas/panosewardpen.html" "Mozilla/4.0 (compatible; MSIE 6.0; Windows NT 5.0)"
213.215.183.164 - - [16/Jan/2006:05:21:48 -0900] "GET /index_files/apr.jpg HTTP/1.1" 200 6015 "http://photolab.elmer.uaf.edu/gallery/panoramas/panosewardpen.html" "Mozilla/4.0 (compatible; MSIE 6.0; Windows NT 5.0)"
213.215.183.164 - - [16/Jan/2006:05:21:48 -0900] "GET /index_files/small.jpg HTTP/1.1" 200 2294 "http://photolab.elmer.uaf.edu/gallery/panoramas/panosewardpen.html" "Mozilla/4.0 (compatible; MSIE 6.0; Windows NT 5.0)"
213.215.183.164 - - [16/Jan/2006:05:21:48 -0900] "GET /index_files/small.dps.jpg HTTP/1.1" 200 5830 "http://photolab.elmer.uaf.edu/gallery/panoramas/panosewardpen.html" "Mozilla/4.0 (compatible; MSIE 6.0; Windows NT 5.0)"
213.215.183.164 - - [16/Jan/2006:05:21:49 -0900] "GET /index_files/small_002.jpg HTTP/1.1" 200 1351 "http://photolab.elmer.uaf.edu/gallery/panoramas/panosewardpen.html" "Mozilla/4.0 (compatible; MSIE 6.0; Windows NT 5.0)"
213.215.183.164 - - [16/Jan/2006:05:21:49 -0900] "GET /index_files/small_003.jpg HTTP/1.1" 200 1521 "http://photolab.elmer.uaf.edu/gallery/panoramas/panosewardpen.html" "Mozilla/4.0 (compatible; MSIE 6.0; Windows NT 5.0)"
213.215.183.164 - - [16/Jan/2006:05:21:49 -0900] "GET /gallery/panoramas/smalljpegs/1964-0074-00065.jpg HTTP/1.1" 200 10773 "http://photolab.elmer.uaf.edu/gallery/panoramas/panosewardpen.html" "Mozilla/4.0 (compatible; MSIE 6.0; Windows NT 5.0)"
213.215.183.164 - - [16/Jan/2006:05:21:49 -0900] "GET /gallery/panoramas/smalljpegs/1964-0074-00148.jpg HTTP/1.1" 200 8830 "http://photolab.elmer.uaf.edu/gallery/panoramas/panosewardpen.html" "Mozilla/4.0 (compatible; MSIE 6.0; Windows NT 5.0)"
213.215.183.164 - - [16/Jan/2006:05:21:50 -0900] "GET /gallery/panoramas/smalljpegs/1964-0074-00145.jpg HTTP/1.1" 200 11177 "http://photolab.elmer.uaf.edu/gallery/panoramas/panosewardpen.html" "Mozilla/4.0 (compatible; MSIE 6.0; Windows NT 5.0)"
213.215.183.164 - - [16/Jan/2006:05:21:50 -0900] "GET /gallery/panoramas/smalljpegs/1964-0074-00159.jpg HTTP/1.1" 200 14853 "http://photolab.elmer.uaf.edu/gallery/panoramas/panosewardpen.html" "Mozilla/4.0 (compatible; MSIE 6.0; Windows NT 5.0)"
213.215.183.164 - - [16/Jan/2006:05:21:51 -0900] "GET /gallery/panoramas/smalljpegs/1964-0074-00149.jpg HTTP/1.1" 200 10293 "http://photolab.elmer.uaf.edu/gallery/panoramas/panosewardpen.html" "Mozilla/4.0 (compatible; MSIE 6.0; Windows NT 5.0)"
213.215.183.164 - - [16/Jan/2006:05:21:51 -0900] "GET /gallery/panoramas/smalljpegs/1964-0074-00115.jpg HTTP/1.1" 200 8079 "http://photolab.elmer.uaf.edu/gallery/panoramas/panosewardpen.html" "Mozilla/4.0 (compatible; MSIE 6.0; Windows NT 5.0)"
213.215.183.164 - - [16/Jan/2006:05:21:51 -0900] "GET /gallery/panoramas/smalljpegs/1964-0074-00036.jpg HTTP/1.1" 200 10238 "http://photolab.elmer.uaf.edu/gallery/panoramas/panosewardpen.html" "Mozilla/4.0 (compatible; MSIE 6.0; Windows NT 5.0)"
213.215.183.164 - - [16/Jan/2006:05:21:51 -0900] "GET /gallery/panoramas/smalljpegs/1964-0074-00104.jpg HTTP/1.1" 200 7869 "http://photolab.elmer.uaf.edu/gallery/panoramas/panosewardpen.html" "Mozilla/4.0 (compatible; MSIE 6.0; Windows NT 5.0)"
213.215.183.164 - - [16/Jan/2006:05:21:52 -0900] "GET /gallery/panoramas/smalljpegs/1964-0074-00140.jpg HTTP/1.1" 200 9793 "http://photolab.elmer.uaf.edu/gallery/panoramas/panosewardpen.html" "Mozilla/4.0 (compatible; MSIE 6.0; Windows NT 5.0)"
213.215.183.164 - - [16/Jan/2006:05:21:51 -0900] "GET /gallery/panoramas/smalljpegs/1964-0074-00129.jpg HTTP/1.1" 200 10610 "http://photolab.elmer.uaf.edu/gallery/panoramas/panosewardpen.html" "Mozilla/4.0 (compatible; MSIE 6.0; Windows NT 5.0)"
213.215.183.164 - - [16/Jan/2006:05:21:53 -0900] "GET /gallery/panoramas/smalljpegs/1964-0074-00116.jpg HTTP/1.1" 200 6940 "http://photolab.elmer.uaf.edu/gallery/panoramas/panosewardpen.html" "Mozilla/4.0 (compatible; MSIE 6.0; Windows NT 5.0)"
213.215.183.164 - - [16/Jan/2006:05:21:52 -0900] "GET /gallery/panoramas/smalljpegs/1964-0074-00154.jpg HTTP/1.1" 200 8726 "http://photolab.elmer.uaf.edu/gallery/panoramas/panosewardpen.html" "Mozilla/4.0 (compatible; MSIE 6.0; Windows NT 5.0)"
213.215.183.164 - - [16/Jan/2006:05:21:53 -0900] "GET /gallery/panoramas/smalljpegs/1964-0074-00133.jpg HTTP/1.1" 200 14325 "http://photolab.elmer.uaf.edu/gallery/panoramas/panosewardpen.html" "Mozilla/4.0 (compatible; MSIE 6.0; Windows NT 5.0)"
213.215.183.164 - - [16/Jan/2006:05:21:53 -0900] "GET /gallery/panoramas/smalljpegs/1964-0074-00038.jpg HTTP/1.1" 200 18567 "http://photolab.elmer.uaf.edu/gallery/panoramas/panosewardpen.html" "Mozilla/4.0 (compatible; MSIE 6.0; Windows NT 5.0)"
213.215.183.164 - - [16/Jan/2006:05:21:53 -0900] "GET /gallery/panoramas/smalljpegs/1964-0074-00113.jpg HTTP/1.1" 200 8783 "http://photolab.elmer.uaf.edu/gallery/panoramas/panosewardpen.html" "Mozilla/4.0 (compatible; MSIE 6.0; Windows NT 5.0)"
213.215.183.164 - - [16/Jan/2006:05:21:54 -0900] "GET /gallery/panoramas/smalljpegs/1964-0074-00112.jpg HTTP/1.1" 200 8732 "http://photolab.elmer.uaf.edu/gallery/panoramas/panosewardpen.html" "Mozilla/4.0 (compatible; MSIE 6.0; Windows NT 5.0)"
213.215.183.164 - - [16/Jan/2006:05:21:54 -0900] "GET /gallery/panoramas/smalljpegs/1964-0074-00039.jpg HTTP/1.1" 200 17339 "http://photolab.elmer.uaf.edu/gallery/panoramas/panosewardpen.html" "Mozilla/4.0 (compatible; MSIE 6.0; Windows NT 5.0)"
213.215.183.164 - - [16/Jan/2006:05:21:54 -0900] "GET /gallery/panoramas/smalljpegs/1964-0074-00147.jpg HTTP/1.1" 200 10578 "http://photolab.elmer.uaf.edu/gallery/panoramas/panosewardpen.html" "Mozilla/4.0 (compatible; MSIE 6.0; Windows NT 5.0)"
213.215.183.164 - - [16/Jan/2006:05:21:54 -0900] "GET /gallery/panoramas/smalljpegs/1964-0074-00134.jpg HTTP/1.1" 200 13690 "http://photolab.elmer.uaf.edu/gallery/panoramas/panosewardpen.html" "Mozilla/4.0 (compatible; MSIE 6.0; Windows NT 5.0)"
213.215.183.164 - - [16/Jan/2006:05:21:55 -0900] "GET /gallery/panoramas/smalljpegs/1964-0074-00151.jpg HTTP/1.1" 200 11121 "http://photolab.elmer.uaf.edu/gallery/panoramas/panosewardpen.html" "Mozilla/4.0 (compatible; MSIE 6.0; Windows NT 5.0)"
213.215.183.164 - - [16/Jan/2006:05:21:55 -0900] "GET /gallery/panoramas/smalljpegs/1964-0074-00137.jpg HTTP/1.1" 200 10993 "http://photolab.elmer.uaf.edu/gallery/panoramas/panosewardpen.html" "Mozilla/4.0 (compatible; MSIE 6.0; Windows NT 5.0)"
213.215.183.164 - - [16/Jan/2006:05:21:55 -0900] "GET /gallery/panoramas/smalljpegs/1964-0074-00035.jpg HTTP/1.1" 200 12487 "http://photolab.elmer.uaf.edu/gallery/panoramas/panosewardpen.html" "Mozilla/4.0 (compatible; MSIE 6.0; Windows NT 5.0)"
66.151.181.10 - - [16/Jan/2006:05:22:43 -0900] "GET /gallery/photos/19890166/07/pages/1989-0166-00776_neg%20nitrate.html HTTP/1.1" 200 2008 "http://photolab.elmer.uaf.edu/gallery/photos/19890166/07/index_4.html" "FAST Enterprise Crawler 6 / Scirus scirus-crawler@fast.no; http://www.scirus.com/srsapp/contactus/"
66.151.181.10 - - [16/Jan/2006:05:23:57 -0900] "GET /gallery/photos/19890166/07/pages/1989-0166-00777_neg%20nitrate.html HTTP/1.1" 200 2008 "http://photolab.elmer.uaf.edu/gallery/photos/19890166/07/index_4.html" "FAST Enterprise Crawler 6 / Scirus scirus-crawler@fast.no; http://www.scirus.com/srsapp/contactus/"
66.151.181.10 - - [16/Jan/2006:05:25:12 -0900] "GET /gallery/photos/19890166/07/pages/1989-0166-00778_neg%20nitrate.html HTTP/1.1" 200 2008 "http://photolab.elmer.uaf.edu/gallery/photos/19890166/07/index_4.html" "FAST Enterprise Crawler 6 / Scirus scirus-crawler@fast.no; http://www.scirus.com/srsapp/contactus/"
66.151.181.10 - - [16/Jan/2006:05:26:27 -0900] "GET /gallery/photos/19890166/07/pages/1989-0166-00779_neg%20nitrate.html HTTP/1.1" 200 2008 "http://photolab.elmer.uaf.edu/gallery/photos/19890166/07/index_4.html" "FAST Enterprise Crawler 6 / Scirus scirus-crawler@fast.no; http://www.scirus.com/srsapp/contactus/"
66.151.181.10 - - [16/Jan/2006:05:27:43 -0900] "GET /gallery/photos/19890166/08/index_5.html HTTP/1.1" 200 11954 "http://photolab.elmer.uaf.edu/gallery/photos/19890166/08/index_4.html" "FAST Enterprise Crawler 6 / Scirus scirus-crawler@fast.no; http://www.scirus.com/srsapp/contactus/"
66.151.181.10 - - [16/Jan/2006:05:28:57 -0900] "GET /gallery/photos/19890166/08/pages/1989-0166-00529a_print.html HTTP/1.1" 200 1960 "http://photolab.elmer.uaf.edu/gallery/photos/19890166/08/index_4.html" "FAST Enterprise Crawler 6 / Scirus scirus-crawler@fast.no; http://www.scirus.com/srsapp/contactus/"
66.151.181.10 - - [16/Jan/2006:05:30:13 -0900] "GET /gallery/photos/19890166/08/pages/1989-0166-00530a_print.html HTTP/1.1" 200 1960 "http://photolab.elmer.uaf.edu/gallery/photos/19890166/08/index_4.html" "FAST Enterprise Crawler 6 / Scirus scirus-crawler@fast.no; http://www.scirus.com/srsapp/contactus/"
66.151.181.10 - - [16/Jan/2006:05:31:27 -0900] "GET /gallery/photos/19890166/08/pages/1989-0166-00531a_print.html HTTP/1.1" 200 1960 "http://photolab.elmer.uaf.edu/gallery/photos/19890166/08/index_4.html" "FAST Enterprise Crawler 6 / Scirus scirus-crawler@fast.no; http://www.scirus.com/srsapp/contactus/"
85.37.182.170 - - [16/Jan/2006:05:32:20 -0900] "GET /store/photos/largejpegs/(087)1958-1026-01659.jpg HTTP/1.1" 301 382 "http://images.google.it/imgres?imgurl=http://photolab.elmer.uaf.edu/store/photos/largejpegs/(087)1958-1026-01659.jpg&imgrefurl=http://photolab.elmer.uaf.edu/store/allphotos3.html&h=805&w=1000&sz=168&tbnid=kT4YKZw5V4RBqM:&tbnh=119&tbnw=149&hl=it&prev=/images%3Fq%3Dwinter%2Bcollection%26start%3D80%26imgsz%3Dxxlarge%26svnum%3D10%26hl%3Dit%26lr%3D%26ie%3DUTF-8%26sa%3DN&frame=small" "Mozilla/4.0 (compatible; MSIE 5.23; Mac_PowerPC)"
66.151.181.10 - - [16/Jan/2006:05:32:43 -0900] "GET /gallery/photos/19890166/08/pages/1989-0166-00532a_print.html HTTP/1.1" 200 1960 "http://photolab.elmer.uaf.edu/gallery/photos/19890166/08/index_4.html" "FAST Enterprise Crawler 6 / Scirus scirus-crawler@fast.no; http://www.scirus.com/srsapp/contactus/"
66.151.181.10 - - [16/Jan/2006:05:33:58 -0900] "GET /gallery/photos/19890166/08/pages/1989-0166-00533a_print.html HTTP/1.1" 200 1960 "http://photolab.elmer.uaf.edu/gallery/photos/19890166/08/index_4.html" "FAST Enterprise Crawler 6 / Scirus scirus-crawler@fast.no; http://www.scirus.com/srsapp/contactus/"
66.151.181.10 - - [16/Jan/2006:05:35:13 -0900] "GET /gallery/photos/19890166/08/pages/1989-0166-00534a_print.html HTTP/1.1" 200 1960 "http://photolab.elmer.uaf.edu/gallery/photos/19890166/08/index_4.html" "FAST Enterprise Crawler 6 / Scirus scirus-crawler@fast.no; http://www.scirus.com/srsapp/contactus/"
66.151.181.10 - - [16/Jan/2006:05:36:28 -0900] "GET /gallery/photos/19890166/08/pages/1989-0166-00535a_print.html HTTP/1.1" 200 1960 "http://photolab.elmer.uaf.edu/gallery/photos/19890166/08/index_4.html" "FAST Enterprise Crawler 6 / Scirus scirus-crawler@fast.no; http://www.scirus.com/srsapp/contactus/"
85.37.182.170 - - [16/Jan/2006:05:37:17 -0900] "GET /store/photos/largejpegs/(087)1958-1026-01659.jpg HTTP/1.1" 301 382 "http://images.google.it/imgres?imgurl=http://photolab.elmer.uaf.edu/store/photos/largejpegs/(087)1958-1026-01659.jpg&imgrefurl=http://photolab.elmer.uaf.edu/store/allphotos3.html&h=805&w=1000&sz=168&tbnid=kT4YKZw5V4RBqM:&tbnh=119&tbnw=149&hl=it&prev=/images%3Fq%3Dwinter%2Bcollection%26start%3D80%26imgsz%3Dxxlarge%26svnum%3D10%26hl%3Dit%26lr%3D%26ie%3DUTF-8%26sa%3DN&frame=small" "Mozilla/4.0 (compatible; MSIE 5.23; Mac_PowerPC)"
205.213.111.52 - - [16/Jan/2006:05:37:39 -0900] "GET /index_files/empty.gif HTTP/1.1" 200 45 "-" "Mozilla/4.0 (compatible;)"
205.213.111.52 - - [16/Jan/2006:05:37:39 -0900] "GET /gallery/documents/constitution/constitution.html HTTP/1.1" 200 10917 "-" "Mozilla/4.0 (compatible; MSIE 5.23; Mac_PowerPC)"
205.213.111.52 - - [16/Jan/2006:05:37:39 -0900] "GET /index_files/dps.ico HTTP/1.1" 200 318 "-" "Mozilla/4.0 (compatible;)"
205.213.111.52 - - [16/Jan/2006:05:37:39 -0900] "GET /index_files/bar.gif HTTP/1.1" 200 342 "-" "Mozilla/4.0 (compatible;)"
205.213.111.52 - - [16/Jan/2006:05:37:39 -0900] "GET /index_files/small.jpg HTTP/1.1" 200 2294 "-" "Mozilla/4.0 (compatible;)"
205.213.111.52 - - [16/Jan/2006:05:37:39 -0900] "GET /index_files/small.dps.jpg HTTP/1.1" 200 5830 "-" "Mozilla/4.0 (compatible;)"
205.213.111.52 - - [16/Jan/2006:05:37:39 -0900] "GET /index_files/small_002.jpg HTTP/1.1" 200 1351 "-" "Mozilla/4.0 (compatible;)"
205.213.111.52 - - [16/Jan/2006:05:37:39 -0900] "GET /index_files/small_003.jpg HTTP/1.1" 200 1521 "-" "Mozilla/4.0 (compatible;)"
205.213.111.52 - - [16/Jan/2006:05:37:39 -0900] "GET /gallery/documents/constitution/thumbs/AK%20constitution%20page%2008.jpg HTTP/1.1" 200 29533 "-" "Mozilla/4.0 (compatible;)"
205.213.111.52 - - [16/Jan/2006:05:37:40 -0900] "GET /gallery/documents/constitution/thumbs/AK%20constitution%20page%2010.jpg HTTP/1.1" 200 31677 "-" "Mozilla/4.0 (compatible;)"
205.213.111.52 - - [16/Jan/2006:05:37:39 -0900] "GET /gallery/documents/constitution/thumbs/AK%20constitution%20page%2002.jpg HTTP/1.1" 200 33083 "-" "Mozilla/4.0 (compatible;)"
205.213.111.52 - - [16/Jan/2006:05:37:39 -0900] "GET /gallery/documents/constitution/thumbs/AK%20constitution%20page%2004.jpg HTTP/1.1" 200 37535 "-" "Mozilla/4.0 (compatible;)"
205.213.111.52 - - [16/Jan/2006:05:37:39 -0900] "GET /gallery/documents/constitution/thumbs/AK%20constitution%20page%2003.jpg HTTP/1.1" 200 38163 "-" "Mozilla/4.0 (compatible;)"
205.213.111.52 - - [16/Jan/2006:05:37:39 -0900] "GET /gallery/documents/constitution/thumbs/AK%20constitution%20page%2011.jpg HTTP/1.1" 200 35676 "-" "Mozilla/4.0 (compatible;)"
205.213.111.52 - - [16/Jan/2006:05:37:39 -0900] "GET /gallery/documents/constitution/thumbs/AK%20constitution%20page%2005.jpg HTTP/1.1" 200 36962 "-" "Mozilla/4.0 (compatible;)"
205.213.111.52 - - [16/Jan/2006:05:37:39 -0900] "GET /gallery/documents/constitution/thumbs/AK%20constitution%20page%2009.jpg HTTP/1.1" 200 36922 "-" "Mozilla/4.0 (compatible;)"
205.213.111.52 - - [16/Jan/2006:05:37:39 -0900] "GET /gallery/documents/constitution/thumbs/AK%20constitution%20page%2006.jpg HTTP/1.1" 200 37729 "-" "Mozilla/4.0 (compatible;)"
205.213.111.52 - - [16/Jan/2006:05:37:39 -0900] "GET /gallery/documents/constitution/thumbs/AK%20constitution%20page%2007.jpg HTTP/1.1" 200 32009 "-" "Mozilla/4.0 (compatible;)"
205.213.111.52 - - [16/Jan/2006:05:37:40 -0900] "GET /gallery/documents/constitution/thumbs/AK%20constitution%20page%2012.jpg HTTP/1.1" 200 31891 "-" "Mozilla/4.0 (compatible;)"
205.213.111.52 - - [16/Jan/2006:05:37:39 -0900] "GET /gallery/documents/constitution/thumbs/AK%20constitution%20page%2001.jpg HTTP/1.1" 200 34684 "-" "Mozilla/4.0 (compatible;)"
205.213.111.52 - - [16/Jan/2006:05:37:40 -0900] "GET /gallery/documents/constitution/thumbs/AK%20constitution%20page%2014.jpg HTTP/1.1" 200 35104 "-" "Mozilla/4.0 (compatible;)"
66.151.181.10 - - [16/Jan/2006:05:37:44 -0900] "GET /gallery/photos/19890166/08/pages/1989-0166-00536a_print.html HTTP/1.1" 200 1960 "http://photolab.elmer.uaf.edu/gallery/photos/19890166/08/index_4.html" "FAST Enterprise Crawler 6 / Scirus scirus-crawler@fast.no; http://www.scirus.com/srsapp/contactus/"
205.213.111.52 - - [16/Jan/2006:05:37:40 -0900] "GET /gallery/documents/constitution/thumbs/AK%20constitution%20page%2013.jpg HTTP/1.1" 200 43359 "-" "Mozilla/4.0 (compatible;)"
205.213.111.52 - - [16/Jan/2006:05:37:39 -0900] "GET /gallery/documents/constitution/AK%20constitution%20page%2007.jpg HTTP/1.1" 200 313869 "http://images.google.com/imgres?imgurl=http://photolab.elmer.uaf.edu/gallery/documents/constitution/AK%2520constitution%2520page%252007.jpg&imgrefurl=http://photolab.elmer.uaf.edu/gallery/documents/constitution/constitution.html&h=1500&w=1147&sz=307&tbnid=aoB_L5QHBB2GtM:&tbnh=150&tbnw=114&hl=en&prev=/images%3Fq%3Dthe%2Bconstitution%26start%3D40%26svnum%3D10%26hl%3Den%26lr%3D%26ie%3DUTF-8%26sa%3DN&frame=small" "Mozilla/4.0 (compatible; MSIE 5.23; Mac_PowerPC)"
66.151.181.10 - - [16/Jan/2006:05:38:59 -0900] "GET /gallery/photos/19890166/08/pages/1989-0166-00537a_print.html HTTP/1.1" 200 1960 "http://photolab.elmer.uaf.edu/gallery/photos/19890166/08/index_4.html" "FAST Enterprise Crawler 6 / Scirus scirus-crawler@fast.no; http://www.scirus.com/srsapp/contactus/"
38.116.192.13 - - [16/Jan/2006:05:39:39 -0900] "GET /store/alaskanatives.html HTTP/1.1" 301 358 "http://images.google.ca/imgres?imgurl=http://photolab.elmer.uaf.edu/store/photos/largejpegs/(007)1972-0071-03234.jpg&imgrefurl=http://photolab.elmer.uaf.edu/store/alaskanatives.html&h=1000&w=774&sz=127&tbnid=cz5N__vdDNnKxM:&tbnh=149&tbnw=115&hl=en&start=4&prev=/images%3Fq%3D%2Bwomen%2Bparkas%26svnum%3D10%26hl%3Den%26lr%3D" "Mozilla/4.0 (compatible; MSIE 6.0; Windows NT 5.0; FunWebProducts)"
38.116.192.13 - - [16/Jan/2006:05:39:40 -0900] "GET /store/photos/largejpegs/(007)1972-0071-03234.jpg HTTP/1.1" 301 382 "http://images.google.ca/imgres?imgurl=http://photolab.elmer.uaf.edu/store/photos/largejpegs/(007)1972-0071-03234.jpg&imgrefurl=http://photolab.elmer.uaf.edu/store/alaskanatives.html&h=1000&w=774&sz=127&tbnid=cz5N__vdDNnKxM:&tbnh=149&tbnw=115&hl=en&prev=/images%3Fq%3D%2Bwomen%2Bparkas%26svnum%3D10%26hl%3Den%26lr%3D&frame=small" "Mozilla/4.0 (compatible; MSIE 6.0; Windows NT 5.0; FunWebProducts)"
66.151.181.10 - - [16/Jan/2006:05:40:14 -0900] "GET /gallery/photos/19890166/08/pages/1989-0166-00538a_print.html HTTP/1.1" 200 1960 "http://photolab.elmer.uaf.edu/gallery/photos/19890166/08/index_4.html" "FAST Enterprise Crawler 6 / Scirus scirus-crawler@fast.no; http://www.scirus.com/srsapp/contactus/"
66.151.181.10 - - [16/Jan/2006:05:41:29 -0900] "GET /gallery/photos/19890166/08/pages/1989-0166-00539a_print.html HTTP/1.1" 200 1960 "http://photolab.elmer.uaf.edu/gallery/photos/19890166/08/index_4.html" "FAST Enterprise Crawler 6 / Scirus scirus-crawler@fast.no; http://www.scirus.com/srsapp/contactus/"
64.12.116.200 - - [16/Jan/2006:05:41:32 -0900] "GET /gallery/panoramas/panosouthcentral.html HTTP/1.0" 200 18892 "http://www.google.com/search?hl=en&lr=&ie=ISO-8859-1&q=bonanza+mine+alaska" "Mozilla/4.0 (compatible; MSIE 6.0; AOL 9.0; Windows NT 5.1; SV1; .NET CLR 1.1.4322)"
64.12.116.65 - - [16/Jan/2006:05:41:33 -0900] "GET /index_files/lib.css HTTP/1.0" 200 2634 "http://photolab.elmer.uaf.edu/gallery/panoramas/panosouthcentral.html" "Mozilla/4.0 (compatible; MSIE 6.0; AOL 9.0; Windows NT 5.1; SV1; .NET CLR 1.1.4322)"
64.12.116.139 - - [16/Jan/2006:05:41:34 -0900] "GET /index_files/title.jpg HTTP/1.0" 200 5438 "http://photolab.elmer.uaf.edu/gallery/panoramas/panosouthcentral.html" "Mozilla/4.0 (compatible; MSIE 6.0; AOL 9.0; Windows NT 5.1; SV1; .NET CLR 1.1.4322)"
64.12.116.196 - - [16/Jan/2006:05:41:34 -0900] "GET /index_files/empty.gif HTTP/1.0" 200 45 "http://photolab.elmer.uaf.edu/gallery/panoramas/panosouthcentral.html" "Mozilla/4.0 (compatible; MSIE 6.0; AOL 9.0; Windows NT 5.1; SV1; .NET CLR 1.1.4322)"
64.12.116.11 - - [16/Jan/2006:05:41:34 -0900] "GET /index_files/apr.jpg HTTP/1.0" 200 6015 "http://photolab.elmer.uaf.edu/gallery/panoramas/panosouthcentral.html" "Mozilla/4.0 (compatible; MSIE 6.0; AOL 9.0; Windows NT 5.1; SV1; .NET CLR 1.1.4322)"
64.12.117.10 - - [16/Jan/2006:05:41:34 -0900] "GET /index_files/bar.gif HTTP/1.0" 200 342 "http://photolab.elmer.uaf.edu/gallery/panoramas/panosouthcentral.html" "Mozilla/4.0 (compatible; MSIE 6.0; AOL 9.0; Windows NT 5.1; SV1; .NET CLR 1.1.4322)"
64.12.117.8 - - [16/Jan/2006:05:41:35 -0900] "GET /index_files/small.dps.jpg HTTP/1.0" 200 5830 "http://photolab.elmer.uaf.edu/gallery/panoramas/panosouthcentral.html" "Mozilla/4.0 (compatible; MSIE 6.0; AOL 9.0; Windows NT 5.1; SV1; .NET CLR 1.1.4322)"
