68.101.199.220 - - [16/Jan/2006:07:58:06 -0900] "GET /gallery/maps/G3200/small/G3200%20%5B1652_%5D%20V571.jpg HTTP/1.1" 200 16733 "http://photolab.elmer.uaf.edu/gallery/maps/mapg3200.html" "Mozilla/4.0 (compatible; MSIE 6.0; Windows NT 5.1; SV1)"
68.101.199.220 - - [16/Jan/2006:07:58:06 -0900] "GET /gallery/maps/G3200/small/G3200%20%5B1562_%5D%20V34.jpg HTTP/1.1" 200 15334 "http://photolab.elmer.uaf.edu/gallery/maps/mapg3200.html" "Mozilla/4.0 (compatible; MSIE 6.0; Windows NT 5.1; SV1)"
68.101.199.220 - - [16/Jan/2006:07:58:06 -0900] "GET /gallery/maps/G3200/small/G3200%20%5B1670%5D.jpg HTTP/1.1" 200 17392 "http://photolab.elmer.uaf.edu/gallery/maps/mapg3200.html" "Mozilla/4.0 (compatible; MSIE 6.0; Windows NT 5.1; SV1)"
68.101.199.220 - - [16/Jan/2006:07:58:06 -0900] "GET /gallery/maps/G3200/small/G3200%20%5B1700%5D.jpg HTTP/1.1" 200 18077 "http://photolab.elmer.uaf.edu/gallery/maps/mapg3200.html" "Mozilla/4.0 (compatible; MSIE 6.0; Windows NT 5.1; SV1)"
66.151.181.10 - - [16/Jan/2006:07:58:53 -0900] "GET /gallery/photos/19890166/13/pages/1989-0166-01118_postcard.html HTTP/1.1" 200 1976 "http://photolab.elmer.uaf.edu/gallery/photos/19890166/13/index_4.html" "FAST Enterprise Crawler 6 / Scirus scirus-crawler@fast.no; http://www.scirus.com/srsapp/contactus/"
66.151.181.10 - - [16/Jan/2006:08:00:00 -0900] "GET /gallery/photos/19890166/13/pages/1989-0166-01119_postcard.html HTTP/1.1" 200 1976 "http://photolab.elmer.uaf.edu/gallery/photos/19890166/13/index_4.html" "FAST Enterprise Crawler 6 / Scirus scirus-crawler@fast.no; http://www.scirus.com/srsapp/contactus/"
66.151.181.10 - - [16/Jan/2006:08:01:08 -0900] "GET /gallery/photos/19890166/13/pages/1989-0166-01120_postcard.html HTTP/1.1" 200 1976 "http://photolab.elmer.uaf.edu/gallery/photos/19890166/13/index_4.html" "FAST Enterprise Crawler 6 / Scirus scirus-crawler@fast.no; http://www.scirus.com/srsapp/contactus/"
66.151.181.10 - - [16/Jan/2006:08:02:15 -0900] "GET /gallery/photos/19890166/13/pages/1989-0166-01121_postcard.html HTTP/1.1" 200 1976 "http://photolab.elmer.uaf.edu/gallery/photos/19890166/13/index_4.html" "FAST Enterprise Crawler 6 / Scirus scirus-crawler@fast.no; http://www.scirus.com/srsapp/contactus/"
66.151.181.10 - - [16/Jan/2006:08:03:23 -0900] "GET /gallery/photos/19890166/13/pages/1989-0166-01122_postcard.html HTTP/1.1" 200 1978 "http://photolab.elmer.uaf.edu/gallery/photos/19890166/13/index_4.html" "FAST Enterprise Crawler 6 / Scirus scirus-crawler@fast.no; http://www.scirus.com/srsapp/contactus/"
70.18.93.125 - - [16/Jan/2006:08:04:28 -0900] "GET /index_files/lib.css HTTP/1.1" 200 2634 "http://photolab.elmer.uaf.edu/gallery/maps/mapg3520.html" "Mozilla/5.0 (Macintosh; U; PPC Mac OS X Mach-O; en-US; rv:1.7.12) Gecko/20050915 Firefox/1.0.7"
70.18.93.125 - - [16/Jan/2006:08:04:27 -0900] "GET /gallery/maps/mapg3520.html HTTP/1.1" 200 12954 "http://images.google.com/imgres?imgurl=http://photolab.elmer.uaf.edu/gallery/maps/G3500/large/G3521%2520C5%25201898%2520C4.jpg&imgrefurl=http://photolab.elmer.uaf.edu/gallery/maps/mapg3520.html&h=1200&w=869&sz=122&tbnid=4ed6i1NFLZnmsM:&tbnh=150&tbnw=108&hl=en&start=4&prev=/images%3Fq%3Dyukon%2Bnorthwest%2Bterritory%2B%26svnum%3D10%26hl%3Den%26lr%3D%26safe%3Dactive%26client%3Dfirefox-a%26rls%3Dorg.mozilla:en-US:official_s%26sa%3DG" "Mozilla/5.0 (Macintosh; U; PPC Mac OS X Mach-O; en-US; rv:1.7.12) Gecko/20050915 Firefox/1.0.7"
70.18.93.125 - - [16/Jan/2006:08:04:28 -0900] "GET /index_files/title.jpg HTTP/1.1" 200 5438 "http://photolab.elmer.uaf.edu/gallery/maps/mapg3520.html" "Mozilla/5.0 (Macintosh; U; PPC Mac OS X Mach-O; en-US; rv:1.7.12) Gecko/20050915 Firefox/1.0.7"
70.18.93.125 - - [16/Jan/2006:08:04:28 -0900] "GET /index_files/empty.gif HTTP/1.1" 200 45 "http://photolab.elmer.uaf.edu/gallery/maps/mapg3520.html" "Mozilla/5.0 (Macintosh; U; PPC Mac OS X Mach-O; en-US; rv:1.7.12) Gecko/20050915 Firefox/1.0.7"
70.18.93.125 - - [16/Jan/2006:08:04:28 -0900] "GET /index_files/apr.jpg HTTP/1.1" 200 6015 "http://photolab.elmer.uaf.edu/gallery/maps/mapg3520.html" "Mozilla/5.0 (Macintosh; U; PPC Mac OS X Mach-O; en-US; rv:1.7.12) Gecko/20050915 Firefox/1.0.7"
70.18.93.125 - - [16/Jan/2006:08:04:28 -0900] "GET /index_files/small.dps.jpg HTTP/1.1" 200 5830 "http://photolab.elmer.uaf.edu/gallery/maps/mapg3520.html" "Mozilla/5.0 (Macintosh; U; PPC Mac OS X Mach-O; en-US; rv:1.7.12) Gecko/20050915 Firefox/1.0.7"
70.18.93.125 - - [16/Jan/2006:08:04:29 -0900] "GET /index_files/small.jpg HTTP/1.1" 200 2294 "http://photolab.elmer.uaf.edu/gallery/maps/mapg3520.html" "Mozilla/5.0 (Macintosh; U; PPC Mac OS X Mach-O; en-US; rv:1.7.12) Gecko/20050915 Firefox/1.0.7"
70.18.93.125 - - [16/Jan/2006:08:04:29 -0900] "GET /index_files/small_002.jpg HTTP/1.1" 200 1351 "http://photolab.elmer.uaf.edu/gallery/maps/mapg3520.html" "Mozilla/5.0 (Macintosh; U; PPC Mac OS X Mach-O; en-US; rv:1.7.12) Gecko/20050915 Firefox/1.0.7"
70.18.93.125 - - [16/Jan/2006:08:04:29 -0900] "GET /index_files/small_003.jpg HTTP/1.1" 200 1521 "http://photolab.elmer.uaf.edu/gallery/maps/mapg3520.html" "Mozilla/5.0 (Macintosh; U; PPC Mac OS X Mach-O; en-US; rv:1.7.12) Gecko/20050915 Firefox/1.0.7"
70.18.93.125 - - [16/Jan/2006:08:04:29 -0900] "GET /gallery/maps/G3500/small/G3562%20S641%20%5B1874%5D%20U58.jpg HTTP/1.1" 200 14159 "http://photolab.elmer.uaf.edu/gallery/maps/mapg3520.html" "Mozilla/5.0 (Macintosh; U; PPC Mac OS X Mach-O; en-US; rv:1.7.12) Gecko/20050915 Firefox/1.0.7"
70.18.93.125 - - [16/Jan/2006:08:04:29 -0900] "GET /gallery/maps/G3500/small/G3532%20G731%20%5B1827%5D%20V36.jpg HTTP/1.1" 200 14323 "http://photolab.elmer.uaf.edu/gallery/maps/mapg3520.html" "Mozilla/5.0 (Macintosh; U; PPC Mac OS X Mach-O; en-US; rv:1.7.12) Gecko/20050915 Firefox/1.0.7"
70.18.93.125 - - [16/Jan/2006:08:04:30 -0900] "GET /gallery/maps/G3500/small/G3562%20S641%20P1875%20G73.jpg HTTP/1.1" 200 14248 "http://photolab.elmer.uaf.edu/gallery/maps/mapg3520.html" "Mozilla/5.0 (Macintosh; U; PPC Mac OS X Mach-O; en-US; rv:1.7.12) Gecko/20050915 Firefox/1.0.7"
70.18.93.125 - - [16/Jan/2006:08:04:30 -0900] "GET /gallery/maps/G3500/small/G3522%20K5%20H2%201897%20R53.jpg HTTP/1.1" 200 18806 "http://photolab.elmer.uaf.edu/gallery/maps/mapg3520.html" "Mozilla/5.0 (Macintosh; U; PPC Mac OS X Mach-O; en-US; rv:1.7.12) Gecko/20050915 Firefox/1.0.7"
66.151.181.10 - - [16/Jan/2006:08:04:30 -0900] "GET /gallery/photos/19890166/13/pages/1989-0166-01123a_postcard.html HTTP/1.1" 200 1983 "http://photolab.elmer.uaf.edu/gallery/photos/19890166/13/index_4.html" "FAST Enterprise Crawler 6 / Scirus scirus-crawler@fast.no; http://www.scirus.com/srsapp/contactus/"
70.18.93.125 - - [16/Jan/2006:08:04:30 -0900] "GET /gallery/maps/G3500/small/G3521%20C5%201898%20C4.jpg HTTP/1.1" 200 13243 "http://photolab.elmer.uaf.edu/gallery/maps/mapg3520.html" "Mozilla/5.0 (Macintosh; U; PPC Mac OS X Mach-O; en-US; rv:1.7.12) Gecko/20050915 Firefox/1.0.7"
70.18.93.125 - - [16/Jan/2006:08:04:30 -0900] "GET /gallery/maps/G3500/small/G3522%20K5%20H1%201898%20F61.jpg HTTP/1.1" 200 16087 "http://photolab.elmer.uaf.edu/gallery/maps/mapg3520.html" "Mozilla/5.0 (Macintosh; U; PPC Mac OS X Mach-O; en-US; rv:1.7.12) Gecko/20050915 Firefox/1.0.7"
70.18.93.125 - - [16/Jan/2006:08:04:31 -0900] "GET /gallery/maps/G3500/small/G3522%20K5%20H2%201898%20L695.jpg HTTP/1.1" 200 15621 "http://photolab.elmer.uaf.edu/gallery/maps/mapg3520.html" "Mozilla/5.0 (Macintosh; U; PPC Mac OS X Mach-O; en-US; rv:1.7.12) Gecko/20050915 Firefox/1.0.7"
70.18.93.125 - - [16/Jan/2006:08:04:31 -0900] "GET /gallery/maps/G3500/small/G3522%20K5%20H2%201898%20L695%20C.2.jpg HTTP/1.1" 200 14777 "http://photolab.elmer.uaf.edu/gallery/maps/mapg3520.html" "Mozilla/5.0 (Macintosh; U; PPC Mac OS X Mach-O; en-US; rv:1.7.12) Gecko/20050915 Firefox/1.0.7"
70.18.93.125 - - [16/Jan/2006:08:04:31 -0900] "GET /gallery/maps/G3500/small/G3560%201902%20L6.jpg HTTP/1.1" 200 15720 "http://photolab.elmer.uaf.edu/gallery/maps/mapg3520.html" "Mozilla/5.0 (Macintosh; U; PPC Mac OS X Mach-O; en-US; rv:1.7.12) Gecko/20050915 Firefox/1.0.7"
70.18.93.125 - - [16/Jan/2006:08:04:32 -0900] "GET /gallery/maps/G3500/small/G3522%20W55%20H1%201904%20C32.jpg HTTP/1.1" 200 12592 "http://photolab.elmer.uaf.edu/gallery/maps/mapg3520.html" "Mozilla/5.0 (Macintosh; U; PPC Mac OS X Mach-O; en-US; rv:1.7.12) Gecko/20050915 Firefox/1.0.7"
70.18.93.125 - - [16/Jan/2006:08:04:32 -0900] "GET /gallery/maps/G3500/small/G3522%20K5%20H1%201908%20C41.jpg HTTP/1.1" 200 14363 "http://photolab.elmer.uaf.edu/gallery/maps/mapg3520.html" "Mozilla/5.0 (Macintosh; U; PPC Mac OS X Mach-O; en-US; rv:1.7.12) Gecko/20050915 Firefox/1.0.7"
70.18.93.125 - - [16/Jan/2006:08:04:32 -0900] "GET /index_files/bluebear.gif HTTP/1.1" 200 1263 "http://photolab.elmer.uaf.edu/gallery/maps/mapg3520.html" "Mozilla/5.0 (Macintosh; U; PPC Mac OS X Mach-O; en-US; rv:1.7.12) Gecko/20050915 Firefox/1.0.7"
70.18.93.125 - - [16/Jan/2006:08:04:33 -0900] "GET /index_files/sitemap.gif HTTP/1.1" 200 1503 "http://photolab.elmer.uaf.edu/gallery/maps/mapg3520.html" "Mozilla/5.0 (Macintosh; U; PPC Mac OS X Mach-O; en-US; rv:1.7.12) Gecko/20050915 Firefox/1.0.7"
70.18.93.125 - - [16/Jan/2006:08:04:33 -0900] "GET /index_files/bar.gif HTTP/1.1" 200 342 "http://photolab.elmer.uaf.edu/gallery/maps/mapg3520.html" "Mozilla/5.0 (Macintosh; U; PPC Mac OS X Mach-O; en-US; rv:1.7.12) Gecko/20050915 Firefox/1.0.7"
66.151.181.10 - - [16/Jan/2006:08:05:38 -0900] "GET /gallery/photos/19890166/14/pages/1989-0166-01200_postcard.html HTTP/1.1" 200 1976 "http://photolab.elmer.uaf.edu/gallery/photos/19890166/14/index_4.html" "FAST Enterprise Crawler 6 / Scirus scirus-crawler@fast.no; http://www.scirus.com/srsapp/contactus/"
66.151.181.10 - - [16/Jan/2006:08:06:46 -0900] "GET /gallery/photos/19890166/14/pages/1989-0166-01201_postcard.html HTTP/1.1" 200 1976 "http://photolab.elmer.uaf.edu/gallery/photos/19890166/14/index_4.html" "FAST Enterprise Crawler 6 / Scirus scirus-crawler@fast.no; http://www.scirus.com/srsapp/contactus/"
66.151.181.10 - - [16/Jan/2006:08:07:53 -0900] "GET /gallery/photos/19890166/14/pages/1989-0166-01202_postcard.html HTTP/1.1" 200 1976 "http://photolab.elmer.uaf.edu/gallery/photos/19890166/14/index_4.html" "FAST Enterprise Crawler 6 / Scirus scirus-crawler@fast.no; http://www.scirus.com/srsapp/contactus/"
66.151.181.10 - - [16/Jan/2006:08:09:01 -0900] "GET /gallery/photos/19890166/14/pages/1989-0166-01203_postcard.html HTTP/1.1" 200 1976 "http://photolab.elmer.uaf.edu/gallery/photos/19890166/14/index_4.html" "FAST Enterprise Crawler 6 / Scirus scirus-crawler@fast.no; http://www.scirus.com/srsapp/contactus/"
66.151.181.10 - - [16/Jan/2006:08:10:08 -0900] "GET /gallery/photos/19890166/14/pages/1989-0166-01204_postcard.html HTTP/1.1" 200 1976 "http://photolab.elmer.uaf.edu/gallery/photos/19890166/14/index_4.html" "FAST Enterprise Crawler 6 / Scirus scirus-crawler@fast.no; http://www.scirus.com/srsapp/contactus/"
81.36.252.167 - - [16/Jan/2006:08:11:15 -0900] "GET /store/photos/largejpegs/(006)1970-0058-00507.jpg HTTP/1.1" 301 382 "-" "Mozilla/3.0 (compatible; Indy Library)"
66.151.181.10 - - [16/Jan/2006:08:11:19 -0900] "GET /gallery/photos/19890166/14/pages/1989-0166-01205_postcard.html HTTP/1.1" 200 1976 "http://photolab.elmer.uaf.edu/gallery/photos/19890166/14/index_4.html" "FAST Enterprise Crawler 6 / Scirus scirus-crawler@fast.no; http://www.scirus.com/srsapp/contactus/"
66.151.181.10 - - [16/Jan/2006:08:12:24 -0900] "GET /gallery/photos/19890166/14/pages/1989-0166-01206_postcard.html HTTP/1.1" 200 1976 "http://photolab.elmer.uaf.edu/gallery/photos/19890166/14/index_4.html" "FAST Enterprise Crawler 6 / Scirus scirus-crawler@fast.no; http://www.scirus.com/srsapp/contactus/"
66.151.181.10 - - [16/Jan/2006:08:13:31 -0900] "GET /gallery/photos/19890166/14/pages/1989-0166-01207_postcard.html HTTP/1.1" 200 1976 "http://photolab.elmer.uaf.edu/gallery/photos/19890166/14/index_4.html" "FAST Enterprise Crawler 6 / Scirus scirus-crawler@fast.no; http://www.scirus.com/srsapp/contactus/"
68.74.71.131 - - [16/Jan/2006:08:13:42 -0900] "GET /index_files/aprbrown.jpg HTTP/1.1" 200 5509 "http://www.alaska.net/~johnd/urban/urban-eskimopage1.htm" "Mozilla/4.0 (compatible; MSIE 6.0; Windows NT 5.1; FunWebProducts; .NET CLR 1.0.3705; yplus 4.1.00b)"
209.128.11.130 - - [16/Jan/2006:08:14:25 -0900] "GET /store/people.html HTTP/1.1" 301 351 "http://images.google.ca/imgres?imgurl=http://photolab.elmer.uaf.edu/store/photos/largejpegs/(083)1989-0166-00380.jpg&imgrefurl=http://photolab.elmer.uaf.edu/store/people.html&h=1000&w=755&sz=139&tbnid=t4toWEdZw2lY4M:&tbnh=149&tbnw=112&hl=en&start=24&prev=/images%3Fq%3Deskimo%2Bpeople%26start%3D20%26svnum%3D10%26hl%3Den%26lr%3D%26ie%3DUTF-8%26sa%3DN" "Mozilla/4.0 (compatible; MSIE 5.01; Windows NT 5.0)"
209.128.11.130 - - [16/Jan/2006:08:14:29 -0900] "GET /store/photos/largejpegs/(083)1989-0166-00380.jpg HTTP/1.1" 301 382 "http://images.google.ca/imgres?imgurl=http://photolab.elmer.uaf.edu/store/photos/largejpegs/(083)1989-0166-00380.jpg&imgrefurl=http://photolab.elmer.uaf.edu/store/people.html&h=1000&w=755&sz=139&tbnid=t4toWEdZw2lY4M:&tbnh=149&tbnw=112&hl=en&prev=/images%3Fq%3Deskimo%2Bpeople%26start%3D20%26svnum%3D10%26hl%3Den%26lr%3D%26ie%3DUTF-8%26sa%3DN&frame=small" "Mozilla/4.0 (compatible; MSIE 5.01; Windows NT 5.0)"
66.151.181.10 - - [16/Jan/2006:08:14:39 -0900] "GET /gallery/photos/19890166/14/pages/1989-0166-01208_postcard.html HTTP/1.1" 200 1976 "http://photolab.elmer.uaf.edu/gallery/photos/19890166/14/index_4.html" "FAST Enterprise Crawler 6 / Scirus scirus-crawler@fast.no; http://www.scirus.com/srsapp/contactus/"
66.151.181.10 - - [16/Jan/2006:08:15:47 -0900] "GET /gallery/photos/19890166/14/pages/1989-0166-01209_postcard.html HTTP/1.1" 200 1976 "http://photolab.elmer.uaf.edu/gallery/photos/19890166/14/index_4.html" "FAST Enterprise Crawler 6 / Scirus scirus-crawler@fast.no; http://www.scirus.com/srsapp/contactus/"
66.151.181.10 - - [16/Jan/2006:08:16:55 -0900] "GET /gallery/photos/19890166/14/pages/1989-0166-01210_postcard.html HTTP/1.1" 200 1976 "http://photolab.elmer.uaf.edu/gallery/photos/19890166/14/index_4.html" "FAST Enterprise Crawler 6 / Scirus scirus-crawler@fast.no; http://www.scirus.com/srsapp/contactus/"
66.151.181.10 - - [16/Jan/2006:08:18:02 -0900] "GET /gallery/photos/19890166/14/pages/1989-0166-01211_postcard.html HTTP/1.1" 200 1976 "http://photolab.elmer.uaf.edu/gallery/photos/19890166/14/index_4.html" "FAST Enterprise Crawler 6 / Scirus scirus-crawler@fast.no; http://www.scirus.com/srsapp/contactus/"
66.151.181.10 - - [16/Jan/2006:08:19:10 -0900] "GET /gallery/photos/19890166/14/pages/1989-0166-01212_postcard.html HTTP/1.1" 200 1976 "http://photolab.elmer.uaf.edu/gallery/photos/19890166/14/index_4.html" "FAST Enterprise Crawler 6 / Scirus scirus-crawler@fast.no; http://www.scirus.com/srsapp/contactus/"
66.151.181.10 - - [16/Jan/2006:08:20:17 -0900] "GET /gallery/photos/19890166/14/pages/1989-0166-01213_postcard.html HTTP/1.1" 200 1976 "http://photolab.elmer.uaf.edu/gallery/photos/19890166/14/index_4.html" "FAST Enterprise Crawler 6 / Scirus scirus-crawler@fast.no; http://www.scirus.com/srsapp/contactus/"
66.151.181.10 - - [16/Jan/2006:08:21:28 -0900] "GET /gallery/photos/19890166/14/pages/1989-0166-01214_postcard.html HTTP/1.1" 200 1819 "http://photolab.elmer.uaf.edu/gallery/photos/19890166/14/index_4.html" "FAST Enterprise Crawler 6 / Scirus scirus-crawler@fast.no; http://www.scirus.com/srsapp/contactus/"
66.151.181.10 - - [16/Jan/2006:08:22:32 -0900] "GET /gallery/photos/19890199/0/index_5.html HTTP/1.1" 200 7225 "http://photolab.elmer.uaf.edu/gallery/photos/19890199/0/index_4.html" "FAST Enterprise Crawler 6 / Scirus scirus-crawler@fast.no; http://www.scirus.com/srsapp/contactus/"
69.244.151.92 - - [16/Jan/2006:08:22:51 -0900] "GET /store/photos/largejpegs/(040)1958-1026-01700.jpg HTTP/1.1" 301 382 "-" "Mozilla/4.0 (compatible; MSIE 6.0; Windows NT 5.1; SV1; .NET CLR 1.1.4322)"
69.244.151.92 - - [16/Jan/2006:08:23:13 -0900] "GET /store/photos/largejpegs/(040)1958-1026-01700.jpg HTTP/1.1" 301 382 "-" "Mozilla/4.0 (compatible; MSIE 6.0; Windows NT 5.1; SV1; .NET CLR 1.1.4322)"
66.151.181.10 - - [16/Jan/2006:08:23:40 -0900] "GET /gallery/photos/19890199/0/pages/1989-0199-00037.html HTTP/1.1" 200 1880 "http://photolab.elmer.uaf.edu/gallery/photos/19890199/0/index_4.html" "FAST Enterprise Crawler 6 / Scirus scirus-crawler@fast.no; http://www.scirus.com/srsapp/contactus/"
66.151.181.10 - - [16/Jan/2006:08:24:48 -0900] "GET /gallery/photos/19890199/0/pages/1989-0199-00038.html HTTP/1.1" 200 1880 "http://photolab.elmer.uaf.edu/gallery/photos/19890199/0/index_4.html" "FAST Enterprise Crawler 6 / Scirus scirus-crawler@fast.no; http://www.scirus.com/srsapp/contactus/"
66.151.181.10 - - [16/Jan/2006:08:25:55 -0900] "GET /gallery/photos/19890199/0/pages/1989-0199-00039.html HTTP/1.1" 200 1880 "http://photolab.elmer.uaf.edu/gallery/photos/19890199/0/index_4.html" "FAST Enterprise Crawler 6 / Scirus scirus-crawler@fast.no; http://www.scirus.com/srsapp/contactus/"
66.151.181.10 - - [16/Jan/2006:08:27:03 -0900] "GET /gallery/photos/19890199/0/pages/1989-0199-00040.html HTTP/1.1" 200 1880 "http://photolab.elmer.uaf.edu/gallery/photos/19890199/0/index_4.html" "FAST Enterprise Crawler 6 / Scirus scirus-crawler@fast.no; http://www.scirus.com/srsapp/contactus/"
66.151.181.10 - - [16/Jan/2006:08:28:14 -0900] "GET /gallery/photos/19890199/0/pages/1989-0199-00041.html HTTP/1.1" 200 1880 "http://photolab.elmer.uaf.edu/gallery/photos/19890199/0/index_4.html" "FAST Enterprise Crawler 6 / Scirus scirus-crawler@fast.no; http://www.scirus.com/srsapp/contactus/"
66.151.181.10 - - [16/Jan/2006:08:29:21 -0900] "GET /gallery/photos/19890199/0/pages/1989-0199-00042.html HTTP/1.1" 200 1880 "http://photolab.elmer.uaf.edu/gallery/photos/19890199/0/index_4.html" "FAST Enterprise Crawler 6 / Scirus scirus-crawler@fast.no; http://www.scirus.com/srsapp/contactus/"
68.142.251.149 - - [16/Jan/2006:08:30:09 -0900] "GET /robots.txt HTTP/1.0" 200 96 "-" "Mozilla/5.0 (compatible; Yahoo! Slurp; http://help.yahoo.com/help/us/ysearch/slurp)"
68.142.249.197 - - [16/Jan/2006:08:30:10 -0900] "GET /gallery/photos/19680069 HTTP/1.0" 301 360 "-" "Mozilla/5.0 (compatible; Yahoo! Slurp; http://help.yahoo.com/help/us/ysearch/slurp)"
68.142.249.197 - - [16/Jan/2006:08:30:10 -0900] "GET /gallery/photos/19680069/ HTTP/1.0" 200 954 "-" "Mozilla/5.0 (compatible; Yahoo! Slurp; http://help.yahoo.com/help/us/ysearch/slurp)"
66.151.181.10 - - [16/Jan/2006:08:30:26 -0900] "GET /gallery/photos/19890199/0/pages/1989-0199-00043.html HTTP/1.1" 200 1880 "http://photolab.elmer.uaf.edu/gallery/photos/19890199/0/index_4.html" "FAST Enterprise Crawler 6 / Scirus scirus-crawler@fast.no; http://www.scirus.com/srsapp/contactus/"
66.151.181.10 - - [16/Jan/2006:08:31:33 -0900] "GET /gallery/photos/19890199/0/pages/1989-0199-00044.html HTTP/1.1" 200 1880 "http://photolab.elmer.uaf.edu/gallery/photos/19890199/0/index_4.html" "FAST Enterprise Crawler 6 / Scirus scirus-crawler@fast.no; http://www.scirus.com/srsapp/contactus/"
62.39.254.111 - - [16/Jan/2006:08:32:37 -0900] "GET /gallery/maps/G3200/large/G3205%201781%20L68.jpg HTTP/1.1" 200 201493 "http://images.google.fr/imgres?imgurl=http://photolab.elmer.uaf.edu/gallery/maps/G3200/large/G3205%25201781%2520L68.jpg&imgrefurl=http://photolab.elmer.uaf.edu/gallery/maps/mapg3205.html&h=1000&w=1200&sz=197&tbnid=eiGBWaZVIoh8pM:&tbnh=125&tbnw=150&hl=fr&prev=/images%3Fq%3Dpacifique%2Bcarte%26start%3D20%26imgsz%3Dxxlarge%26svnum%3D10%26hl%3Dfr%26lr%3D%26client%3Dfirefox-a%26rls%3Dorg.mozilla:fr:official%26sa%3DN&frame=small" "Mozilla/5.0 (Windows; U; Windows NT 5.1; fr-FR; rv:1.7.12) Gecko/20050919 Firefox/1.0.7"
66.151.181.10 - - [16/Jan/2006:08:32:44 -0900] "GET /gallery/photos/19890199/0/pages/1989-0199-00045.html HTTP/1.1" 200 1880 "http://photolab.elmer.uaf.edu/gallery/photos/19890199/0/index_4.html" "FAST Enterprise Crawler 6 / Scirus scirus-crawler@fast.no; http://www.scirus.com/srsapp/contactus/"
66.151.181.10 - - [16/Jan/2006:08:33:49 -0900] "GET /gallery/photos/19890199/0/pages/1989-0199-00046.html HTTP/1.1" 200 1880 "http://photolab.elmer.uaf.edu/gallery/photos/19890199/0/index_4.html" "FAST Enterprise Crawler 6 / Scirus scirus-crawler@fast.no; http://www.scirus.com/srsapp/contactus/"
66.151.181.10 - - [16/Jan/2006:08:34:56 -0900] "GET /gallery/photos/19890199/0/pages/1989-0199-00047.html HTTP/1.1" 200 1880 "http://photolab.elmer.uaf.edu/gallery/photos/19890199/0/index_4.html" "FAST Enterprise Crawler 6 / Scirus scirus-crawler@fast.no; http://www.scirus.com/srsapp/contactus/"
66.99.73.25 - - [16/Jan/2006:08:35:12 -0900] "GET /gallery/maps/G3200/large/G3200%201882%20P461.jpg HTTP/1.0" 200 210685 "http://www.xanga.com/Angel_Girl_Annie" "Mozilla/4.0 (compatible; MSIE 6.0; Windows NT 5.1; SV1; .NET CLR 1.1.4322)"
66.151.181.10 - - [16/Jan/2006:08:36:04 -0900] "GET /gallery/photos/19890199/0/pages/1989-0199-00048.html HTTP/1.1" 200 1880 "http://photolab.elmer.uaf.edu/gallery/photos/19890199/0/index_4.html" "FAST Enterprise Crawler 6 / Scirus scirus-crawler@fast.no; http://www.scirus.com/srsapp/contactus/"
69.136.144.92 - - [16/Jan/2006:08:36:30 -0900] "GET /store/photos/largejpegs/(040)1958-1026-01700.jpg HTTP/1.1" 301 382 "http://profile.myspace.com/index.cfm?fuseaction=user.viewprofile&friendID=23572191" "Mozilla/4.0 (compatible; MSIE 6.0; Windows NT 5.1; en) Opera 8.50"
66.151.181.10 - - [16/Jan/2006:08:37:11 -0900] "GET /gallery/photos/19890199/1/index_5.html HTTP/1.1" 200 7223 "http://photolab.elmer.uaf.edu/gallery/photos/19890199/1/index_4.html" "FAST Enterprise Crawler 6 / Scirus scirus-crawler@fast.no; http://www.scirus.com/srsapp/contactus/"
66.151.181.10 - - [16/Jan/2006:08:38:19 -0900] "GET /gallery/photos/19890199/1/pages/1989-0199-00136.html HTTP/1.1" 200 1878 "http://photolab.elmer.uaf.edu/gallery/photos/19890199/1/index_4.html" "FAST Enterprise Crawler 6 / Scirus scirus-crawler@fast.no; http://www.scirus.com/srsapp/contactus/"
70.48.109.150 - - [16/Jan/2006:08:38:20 -0900] "GET /index_files/lib.css HTTP/1.1" 200 2634 "http://photolab.elmer.uaf.edu/gallery/maps/mapg3205.html" "Mozilla/5.0 (Windows; U; Windows NT 5.1; fr-FR; rv:1.7.12) Gecko/20050919 Firefox/1.0.7"
70.48.109.150 - - [16/Jan/2006:08:38:20 -0900] "GET /gallery/maps/mapg3205.html HTTP/1.1" 200 17091 "http://images.google.ca/imgres?imgurl=http://photolab.elmer.uaf.edu/gallery/maps/G3200/large/G3205%2520%255B1799%255D%2520R622.jpg&imgrefurl=http://photolab.elmer.uaf.edu/gallery/maps/mapg3205.html&h=950&w=1200&sz=161&tbnid=ZmocFdsO_49d_M:&tbnh=118&tbnw=150&hl=fr&start=17&prev=/images%3Fq%3Dmap%2Bof%2Bamerica%2Band%2Basia%26imgsz%3Dxxlarge%26svnum%3D10%26hl%3Dfr%26lr%3D%26sa%3DN" "Mozilla/5.0 (Windows; U; Windows NT 5.1; fr-FR; rv:1.7.12) Gecko/20050919 Firefox/1.0.7"
70.48.109.150 - - [16/Jan/2006:08:38:21 -0900] "GET /index_files/apr.jpg HTTP/1.1" 200 6015 "http://photolab.elmer.uaf.edu/gallery/maps/mapg3205.html" "Mozilla/5.0 (Windows; U; Windows NT 5.1; fr-FR; rv:1.7.12) Gecko/20050919 Firefox/1.0.7"
70.48.109.150 - - [16/Jan/2006:08:38:21 -0900] "GET /index_files/empty.gif HTTP/1.1" 200 45 "http://photolab.elmer.uaf.edu/gallery/maps/mapg3205.html" "Mozilla/5.0 (Windows; U; Windows NT 5.1; fr-FR; rv:1.7.12) Gecko/20050919 Firefox/1.0.7"
70.48.109.150 - - [16/Jan/2006:08:38:21 -0900] "GET /index_files/title.jpg HTTP/1.1" 200 5438 "http://photolab.elmer.uaf.edu/gallery/maps/mapg3205.html" "Mozilla/5.0 (Windows; U; Windows NT 5.1; fr-FR; rv:1.7.12) Gecko/20050919 Firefox/1.0.7"
70.48.109.150 - - [16/Jan/2006:08:38:21 -0900] "GET /index_files/small.dps.jpg HTTP/1.1" 200 5830 "http://photolab.elmer.uaf.edu/gallery/maps/mapg3205.html" "Mozilla/5.0 (Windows; U; Windows NT 5.1; fr-FR; rv:1.7.12) Gecko/20050919 Firefox/1.0.7"
70.48.109.150 - - [16/Jan/2006:08:38:21 -0900] "GET /index_files/small.jpg HTTP/1.1" 200 2294 "http://photolab.elmer.uaf.edu/gallery/maps/mapg3205.html" "Mozilla/5.0 (Windows; U; Windows NT 5.1; fr-FR; rv:1.7.12) Gecko/20050919 Firefox/1.0.7"
70.48.109.150 - - [16/Jan/2006:08:38:21 -0900] "GET /index_files/small_002.jpg HTTP/1.1" 200 1351 "http://photolab.elmer.uaf.edu/gallery/maps/mapg3205.html" "Mozilla/5.0 (Windows; U; Windows NT 5.1; fr-FR; rv:1.7.12) Gecko/20050919 Firefox/1.0.7"
70.48.109.150 - - [16/Jan/2006:08:38:21 -0900] "GET /index_files/small_003.jpg HTTP/1.1" 200 1521 "http://photolab.elmer.uaf.edu/gallery/maps/mapg3205.html" "Mozilla/5.0 (Windows; U; Windows NT 5.1; fr-FR; rv:1.7.12) Gecko/20050919 Firefox/1.0.7"
70.48.109.150 - - [16/Jan/2006:08:38:21 -0900] "GET /gallery/maps/G3200/small/G3205%201692%20S42.jpg HTTP/1.1" 200 16062 "http://photolab.elmer.uaf.edu/gallery/maps/mapg3205.html" "Mozilla/5.0 (Windows; U; Windows NT 5.1; fr-FR; rv:1.7.12) Gecko/20050919 Firefox/1.0.7"
70.48.109.150 - - [16/Jan/2006:08:38:22 -0900] "GET /gallery/maps/G3200/small/G3205%20%5B1750%5D%20B692.jpg HTTP/1.1" 200 14647 "http://photolab.elmer.uaf.edu/gallery/maps/mapg3205.html" "Mozilla/5.0 (Windows; U; Windows NT 5.1; fr-FR; rv:1.7.12) Gecko/20050919 Firefox/1.0.7"
70.48.109.150 - - [16/Jan/2006:08:38:22 -0900] "GET /gallery/maps/G3200/small/G3205%201750%20B92.jpg HTTP/1.1" 200 16206 "http://photolab.elmer.uaf.edu/gallery/maps/mapg3205.html" "Mozilla/5.0 (Windows; U; Windows NT 5.1; fr-FR; rv:1.7.12) Gecko/20050919 Firefox/1.0.7"
70.48.109.150 - - [16/Jan/2006:08:38:22 -0900] "GET /gallery/maps/G3200/small/G3205%201752%20B92.jpg HTTP/1.1" 200 16394 "http://photolab.elmer.uaf.edu/gallery/maps/mapg3205.html" "Mozilla/5.0 (Windows; U; Windows NT 5.1; fr-FR; rv:1.7.12) Gecko/20050919 Firefox/1.0.7"
70.48.109.150 - - [16/Jan/2006:08:38:23 -0900] "GET /gallery/maps/G3200/small/G3205%201752%20D44.jpg HTTP/1.1" 200 16347 "http://photolab.elmer.uaf.edu/gallery/maps/mapg3205.html" "Mozilla/5.0 (Windows; U; Windows NT 5.1; fr-FR; rv:1.7.12) Gecko/20050919 Firefox/1.0.7"
70.48.109.150 - - [16/Jan/2006:08:38:23 -0900] "GET /gallery/maps/G3200/small/G3205%20%5B1757%5D.jpg HTTP/1.1" 200 16017 "http://photolab.elmer.uaf.edu/gallery/maps/mapg3205.html" "Mozilla/5.0 (Windows; U; Windows NT 5.1; fr-FR; rv:1.7.12) Gecko/20050919 Firefox/1.0.7"
70.48.109.150 - - [16/Jan/2006:08:38:23 -0900] "GET /gallery/maps/G3200/small/G3205%201768%20J43.jpg HTTP/1.1" 200 15668 "http://photolab.elmer.uaf.edu/gallery/maps/mapg3205.html" "Mozilla/5.0 (Windows; U; Windows NT 5.1; fr-FR; rv:1.7.12) Gecko/20050919 Firefox/1.0.7"
70.48.109.150 - - [16/Jan/2006:08:38:23 -0900] "GET /gallery/maps/G3200/small/G3205%20%5B1757%5Da.jpg HTTP/1.1" 200 19431 "http://photolab.elmer.uaf.edu/gallery/maps/mapg3205.html" "Mozilla/5.0 (Windows; U; Windows NT 5.1; fr-FR; rv:1.7.12) Gecko/20050919 Firefox/1.0.7"
70.48.109.150 - - [16/Jan/2006:08:38:24 -0900] "GET /gallery/maps/G3200/small/G3205%201772%20R62.jpg HTTP/1.1" 200 15147 "http://photolab.elmer.uaf.edu/gallery/maps/mapg3205.html" "Mozilla/5.0 (Windows; U; Windows NT 5.1; fr-FR; rv:1.7.12) Gecko/20050919 Firefox/1.0.7"
70.48.109.150 - - [16/Jan/2006:08:38:24 -0900] "GET /gallery/maps/G3200/small/G3205%201772%20R62a.jpg HTTP/1.1" 200 16061 "http://photolab.elmer.uaf.edu/gallery/maps/mapg3205.html" "Mozilla/5.0 (Windows; U; Windows NT 5.1; fr-FR; rv:1.7.12) Gecko/20050919 Firefox/1.0.7"
70.48.109.150 - - [16/Jan/2006:08:38:24 -0900] "GET /gallery/maps/G3200/small/G3205%20%5B1779%5D%20H63.jpg HTTP/1.1" 200 13175 "http://photolab.elmer.uaf.edu/gallery/maps/mapg3205.html" "Mozilla/5.0 (Windows; U; Windows NT 5.1; fr-FR; rv:1.7.12) Gecko/20050919 Firefox/1.0.7"
70.48.109.150 - - [16/Jan/2006:08:38:24 -0900] "GET /gallery/maps/G3200/small/G3205%20%5B1779%5D%20H63a.jpg HTTP/1.1" 200 15965 "http://photolab.elmer.uaf.edu/gallery/maps/mapg3205.html" "Mozilla/5.0 (Windows; U; Windows NT 5.1; fr-FR; rv:1.7.12) Gecko/20050919 Firefox/1.0.7"
70.48.109.150 - - [16/Jan/2006:08:38:25 -0900] "GET /gallery/maps/G3200/small/G3205%20%5B1780%5D.jpg HTTP/1.1" 200 15225 "http://photolab.elmer.uaf.edu/gallery/maps/mapg3205.html" "Mozilla/5.0 (Windows; U; Windows NT 5.1; fr-FR; rv:1.7.12) Gecko/20050919 Firefox/1.0.7"
70.48.109.150 - - [16/Jan/2006:08:38:25 -0900] "GET /gallery/maps/G3200/small/G3205%201781%20L68.jpg HTTP/1.1" 200 15027 "http://photolab.elmer.uaf.edu/gallery/maps/mapg3205.html" "Mozilla/5.0 (Windows; U; Windows NT 5.1; fr-FR; rv:1.7.12) Gecko/20050919 Firefox/1.0.7"
70.48.109.150 - - [16/Jan/2006:08:38:25 -0900] "GET /gallery/maps/G3200/small/G3205%201781%20L68%20c2.jpg HTTP/1.1" 200 15359 "http://photolab.elmer.uaf.edu/gallery/maps/mapg3205.html" "Mozilla/5.0 (Windows; U; Windows NT 5.1; fr-FR; rv:1.7.12) Gecko/20050919 Firefox/1.0.7"
70.48.109.150 - - [16/Jan/2006:08:38:25 -0900] "GET /gallery/maps/G3200/small/G3205%20%5B1794%5D%20S36.jpg HTTP/1.1" 200 14613 "http://photolab.elmer.uaf.edu/gallery/maps/mapg3205.html" "Mozilla/5.0 (Windows; U; Windows NT 5.1; fr-FR; rv:1.7.12) Gecko/20050919 Firefox/1.0.7"
70.48.109.150 - - [16/Jan/2006:08:38:26 -0900] "GET /gallery/maps/G3200/small/G3205%20%5B1796%5D%20S36.jpg HTTP/1.1" 200 14081 "http://photolab.elmer.uaf.edu/gallery/maps/mapg3205.html" "Mozilla/5.0 (Windows; U; Windows NT 5.1; fr-FR; rv:1.7.12) Gecko/20050919 Firefox/1.0.7"
70.48.109.150 - - [16/Jan/2006:08:38:26 -0900] "GET /gallery/maps/G3200/small/G3205%20%5B1797%5D.jpg HTTP/1.1" 200 13431 "http://photolab.elmer.uaf.edu/gallery/maps/mapg3205.html" "Mozilla/5.0 (Windows; U; Windows NT 5.1; fr-FR; rv:1.7.12) Gecko/20050919 Firefox/1.0.7"
70.48.109.150 - - [16/Jan/2006:08:38:26 -0900] "GET /index_files/bar.gif HTTP/1.1" 200 342 "http://photolab.elmer.uaf.edu/gallery/maps/mapg3205.html" "Mozilla/5.0 (Windows; U; Windows NT 5.1; fr-FR; rv:1.7.12) Gecko/20050919 Firefox/1.0.7"
70.48.109.150 - - [16/Jan/2006:08:38:26 -0900] "GET /gallery/maps/G3200/large/G3205%201692%20S42.jpg HTTP/1.1" 200 224934 "http://photolab.elmer.uaf.edu/gallery/maps/mapg3205.html" "Mozilla/5.0 (Windows; U; Windows NT 5.1; fr-FR; rv:1.7.12) Gecko/20050919 Firefox/1.0.7"
70.48.109.150 - - [16/Jan/2006:08:38:52 -0900] "GET /gallery/maps/G3200/small/G3205%20%5B1797%5D.jpg HTTP/1.1" 200 13431 "http://photolab.elmer.uaf.edu/gallery/maps/mapg3205.html" "Mozilla/5.0 (Windows; U; Windows NT 5.1; fr-FR; rv:1.7.12) Gecko/20050919 Firefox/1.0.7"
70.48.109.150 - - [16/Jan/2006:08:38:52 -0900] "GET /gallery/maps/G3200/small/G3205%20%5B1796%5D%20S36.jpg HTTP/1.1" 200 14081 "http://photolab.elmer.uaf.edu/gallery/maps/mapg3205.html" "Mozilla/5.0 (Windows; U; Windows NT 5.1; fr-FR; rv:1.7.12) Gecko/20050919 Firefox/1.0.7"
70.48.109.150 - - [16/Jan/2006:08:38:53 -0900] "GET /gallery/maps/G3200/small/G3205%20%5B1799%5D%20R622.jpg HTTP/1.1" 200 14324 "http://photolab.elmer.uaf.edu/gallery/maps/mapg3205.html" "Mozilla/5.0 (Windows; U; Windows NT 5.1; fr-FR; rv:1.7.12) Gecko/20050919 Firefox/1.0.7"
70.48.109.150 - - [16/Jan/2006:08:38:53 -0900] "GET /gallery/maps/G3200/small/G3205%201808%20R621.jpg HTTP/1.1" 200 14012 "http://photolab.elmer.uaf.edu/gallery/maps/mapg3205.html" "Mozilla/5.0 (Windows; U; Windows NT 5.1; fr-FR; rv:1.7.12) Gecko/20050919 Firefox/1.0.7"
70.48.109.150 - - [16/Jan/2006:08:38:53 -0900] "GET /gallery/maps/G3200/small/G3205%20%5B1814%5D%20S36.jpg HTTP/1.1" 200 15239 "http://photolab.elmer.uaf.edu/gallery/maps/mapg3205.html" "Mozilla/5.0 (Windows; U; Windows NT 5.1; fr-FR; rv:1.7.12) Gecko/20050919 Firefox/1.0.7"
70.48.109.150 - - [16/Jan/2006:08:38:53 -0900] "GET /gallery/maps/G3200/small/G3205%201816%20N44.jpg HTTP/1.1" 200 14907 "http://photolab.elmer.uaf.edu/gallery/maps/mapg3205.html" "Mozilla/5.0 (Windows; U; Windows NT 5.1; fr-FR; rv:1.7.12) Gecko/20050919 Firefox/1.0.7"
70.48.109.150 - - [16/Jan/2006:08:38:54 -0900] "GET /index_files/bluebear.gif HTTP/1.1" 200 1263 "http://photolab.elmer.uaf.edu/gallery/maps/mapg3205.html" "Mozilla/5.0 (Windows; U; Windows NT 5.1; fr-FR; rv:1.7.12) Gecko/20050919 Firefox/1.0.7"
70.48.109.150 - - [16/Jan/2006:08:38:54 -0900] "GET /index_files/sitemap.gif HTTP/1.1" 200 1503 "http://photolab.elmer.uaf.edu/gallery/maps/mapg3205.html" "Mozilla/5.0 (Windows; U; Windows NT 5.1; fr-FR; rv:1.7.12) Gecko/20050919 Firefox/1.0.7"
70.48.109.150 - - [16/Jan/2006:08:38:54 -0900] "GET /favicon.ico HTTP/1.1" 404 307 "-" "Mozilla/5.0 (Windows; U; Windows NT 5.1; fr-FR; rv:1.7.12) Gecko/20050919 Firefox/1.0.7"
70.48.109.150 - - [16/Jan/2006:08:38:54 -0900] "GET /gallery/maps/G3200/small/G3205%201868%20U58.jpg HTTP/1.1" 200 13933 "http://photolab.elmer.uaf.edu/gallery/maps/mapg3205.html" "Mozilla/5.0 (Windows; U; Windows NT 5.1; fr-FR; rv:1.7.12) Gecko/20050919 Firefox/1.0.7"
70.48.109.150 - - [16/Jan/2006:08:38:55 -0900] "GET /gallery/maps/G3200/large/G3205%201750%20B92.jpg HTTP/1.1" 200 226599 "http://photolab.elmer.uaf.edu/gallery/maps/mapg3205.html" "Mozilla/5.0 (Windows; U; Windows NT 5.1; fr-FR; rv:1.7.12) Gecko/20050919 Firefox/1.0.7"
66.151.181.10 - - [16/Jan/2006:08:39:29 -0900] "GET /gallery/photos/19890199/1/pages/1989-0199-00137.html HTTP/1.1" 200 1878 "http://photolab.elmer.uaf.edu/gallery/photos/19890199/1/index_4.html" "FAST Enterprise Crawler 6 / Scirus scirus-crawler@fast.no; http://www.scirus.com/srsapp/contactus/"
70.48.109.150 - - [16/Jan/2006:08:39:46 -0900] "GET /gallery/maps/G3200/large/G3205%201816%20N44.jpg HTTP/1.1" 200 163019 "http://photolab.elmer.uaf.edu/gallery/maps/mapg3205.html" "Mozilla/5.0 (Windows; U; Windows NT 5.1; fr-FR; rv:1.7.12) Gecko/20050919 Firefox/1.0.7"
66.151.181.10 - - [16/Jan/2006:08:40:43 -0900] "GET /gallery/photos/19890199/1/pages/1989-0199-00138.html HTTP/1.1" 200 1878 "http://photolab.elmer.uaf.edu/gallery/photos/19890199/1/index_4.html" "FAST Enterprise Crawler 6 / Scirus scirus-crawler@fast.no; http://www.scirus.com/srsapp/contactus/"
66.151.181.10 - - [16/Jan/2006:08:41:41 -0900] "GET /gallery/photos/19890199/1/pages/1989-0199-00139.html HTTP/1.1" 200 1878 "http://photolab.elmer.uaf.edu/gallery/photos/19890199/1/index_4.html" "FAST Enterprise Crawler 6 / Scirus scirus-crawler@fast.no; http://www.scirus.com/srsapp/contactus/"
66.151.181.10 - - [16/Jan/2006:08:42:49 -0900] "GET /gallery/photos/19890199/1/pages/1989-0199-00140.html HTTP/1.1" 200 1878 "http://photolab.elmer.uaf.edu/gallery/photos/19890199/1/index_4.html" "FAST Enterprise Crawler 6 / Scirus scirus-crawler@fast.no; http://www.scirus.com/srsapp/contactus/"
66.151.181.10 - - [16/Jan/2006:08:43:56 -0900] "GET /gallery/photos/19890199/1/pages/1989-0199-00141.html HTTP/1.1" 200 1878 "http://photolab.elmer.uaf.edu/gallery/photos/19890199/1/index_4.html" "FAST Enterprise Crawler 6 / Scirus scirus-crawler@fast.no; http://www.scirus.com/srsapp/contactus/"
66.151.181.10 - - [16/Jan/2006:08:45:04 -0900] "GET /gallery/photos/19890199/1/pages/1989-0199-00142.html HTTP/1.1" 200 1878 "http://photolab.elmer.uaf.edu/gallery/photos/19890199/1/index_4.html" "FAST Enterprise Crawler 6 / Scirus scirus-crawler@fast.no; http://www.scirus.com/srsapp/contactus/"
66.151.181.10 - - [16/Jan/2006:08:46:12 -0900] "GET /gallery/photos/19890199/1/pages/1989-0199-00143.html HTTP/1.1" 200 1878 "http://photolab.elmer.uaf.edu/gallery/photos/19890199/1/index_4.html" "FAST Enterprise Crawler 6 / Scirus scirus-crawler@fast.no; http://www.scirus.com/srsapp/contactus/"
66.151.181.10 - - [16/Jan/2006:08:47:22 -0900] "GET /gallery/photos/19890199/1/pages/1989-0199-00144.html HTTP/1.1" 200 1878 "http://photolab.elmer.uaf.edu/gallery/photos/19890199/1/index_4.html" "FAST Enterprise Crawler 6 / Scirus scirus-crawler@fast.no; http://www.scirus.com/srsapp/contactus/"
66.151.181.10 - - [16/Jan/2006:08:48:30 -0900] "GET /gallery/photos/19890199/1/pages/1989-0199-00145.html HTTP/1.1" 200 1878 "http://photolab.elmer.uaf.edu/gallery/photos/19890199/1/index_4.html" "FAST Enterprise Crawler 6 / Scirus scirus-crawler@fast.no; http://www.scirus.com/srsapp/contactus/"
66.151.181.10 - - [16/Jan/2006:08:49:34 -0900] "GET /gallery/photos/19890199/1/pages/1989-0199-00146.html HTTP/1.1" 200 1878 "http://photolab.elmer.uaf.edu/gallery/photos/19890199/1/index_4.html" "FAST Enterprise Crawler 6 / Scirus scirus-crawler@fast.no; http://www.scirus.com/srsapp/contactus/"
66.151.181.10 - - [16/Jan/2006:08:50:42 -0900] "GET /gallery/photos/19890199/1/pages/1989-0199-00147.html HTTP/1.1" 200 1878 "http://photolab.elmer.uaf.edu/gallery/photos/19890199/1/index_4.html" "FAST Enterprise Crawler 6 / Scirus scirus-crawler@fast.no; http://www.scirus.com/srsapp/contactus/"
152.163.100.137 - - [16/Jan/2006:08:51:02 -0900] "HEAD /gallery/maps/G3200/large/G3270%201855%20C64.jpg HTTP/1.0" 200 - "-" "Mozilla/4.0 (compatible; MSIE 6.0; AOL 9.0; Windows NT 5.1; FunWebProducts; .NET CLR 1.0.3705)"
66.151.181.10 - - [16/Jan/2006:08:51:49 -0900] "GET /gallery/photos/19890199/2/index_5.html HTTP/1.1" 200 7241 "http://photolab.elmer.uaf.edu/gallery/photos/19890199/2/index_4.html" "FAST Enterprise Crawler 6 / Scirus scirus-crawler@fast.no; http://www.scirus.com/srsapp/contactus/"
152.163.100.137 - - [16/Jan/2006:08:51:50 -0900] "HEAD /gallery/maps/G3200/large/G3270%201855%20C64.jpg HTTP/1.1" 200 - "-" "Mozilla/4.0 (compatible; MSIE 6.0; AOL 9.0; Windows NT 5.1; FunWebProducts; .NET CLR 1.0.3705)"
152.163.100.137 - - [16/Jan/2006:08:52:14 -0900] "HEAD /gallery/maps/G3200/large/G3270%201855%20C64.jpg HTTP/1.1" 200 - "-" "Mozilla/4.0 (compatible; MSIE 6.0; AOL 9.0; Windows NT 5.1; FunWebProducts; .NET CLR 1.0.3705)"
66.151.181.10 - - [16/Jan/2006:08:52:57 -0900] "GET /gallery/photos/19890199/2/pages/1989-0199-00236.html HTTP/1.1" 200 1756 "http://photolab.elmer.uaf.edu/gallery/photos/19890199/2/index_4.html" "FAST Enterprise Crawler 6 / Scirus scirus-crawler@fast.no; http://www.scirus.com/srsapp/contactus/"
152.163.100.137 - - [16/Jan/2006:08:53:01 -0900] "HEAD /gallery/maps/G3200/large/G3270%201855%20C64.jpg HTTP/1.1" 200 - "-" "Mozilla/4.0 (compatible; MSIE 6.0; AOL 9.0; Windows NT 5.1; FunWebProducts; .NET CLR 1.0.3705)"
152.163.100.137 - - [16/Jan/2006:08:53:56 -0900] "HEAD /gallery/maps/G3200/large/G3270%201855%20C64.jpg HTTP/1.1" 200 - "-" "Mozilla/4.0 (compatible; MSIE 6.0; AOL 9.0; Windows NT 5.1; FunWebProducts; .NET CLR 1.0.3705)"
66.151.181.10 - - [16/Jan/2006:08:54:04 -0900] "GET /gallery/photos/19890199/2/pages/1989-0199-00237.html HTTP/1.1" 200 1756 "http://photolab.elmer.uaf.edu/gallery/photos/19890199/2/index_4.html" "FAST Enterprise Crawler 6 / Scirus scirus-crawler@fast.no; http://www.scirus.com/srsapp/contactus/"
152.163.100.137 - - [16/Jan/2006:08:54:58 -0900] "HEAD /gallery/maps/G3200/large/G3270%201855%20C64.jpg HTTP/1.1" 200 - "-" "Mozilla/4.0 (compatible; MSIE 6.0; AOL 9.0; Windows NT 5.1; FunWebProducts; .NET CLR 1.0.3705)"
66.151.181.10 - - [16/Jan/2006:08:55:12 -0900] "GET /gallery/photos/19890199/2/pages/1989-0199-00238.html HTTP/1.1" 200 1756 "http://photolab.elmer.uaf.edu/gallery/photos/19890199/2/index_4.html" "FAST Enterprise Crawler 6 / Scirus scirus-crawler@fast.no; http://www.scirus.com/srsapp/contactus/"
152.163.100.137 - - [16/Jan/2006:08:55:46 -0900] "HEAD /gallery/maps/G3200/large/G3270%201855%20C64.jpg HTTP/1.1" 200 - "-" "Mozilla/4.0 (compatible; MSIE 6.0; AOL 9.0; Windows NT 5.1; FunWebProducts; .NET CLR 1.0.3705)"
66.151.181.10 - - [16/Jan/2006:08:56:19 -0900] "GET /gallery/photos/19890199/2/pages/1989-0199-00239.html HTTP/1.1" 200 1756 "http://photolab.elmer.uaf.edu/gallery/photos/19890199/2/index_4.html" "FAST Enterprise Crawler 6 / Scirus scirus-crawler@fast.no; http://www.scirus.com/srsapp/contactus/"
152.163.100.137 - - [16/Jan/2006:08:57:36 -0900] "HEAD /gallery/maps/G3200/large/G3270%201855%20C64.jpg HTTP/1.1" 200 - "-" "Mozilla/4.0 (compatible; MSIE 6.0; AOL 9.0; Windows NT 5.1; FunWebProducts; .NET CLR 1.0.3705)"
66.151.181.10 - - [16/Jan/2006:08:57:36 -0900] "GET /gallery/photos/19890199/2/pages/1989-0199-00240.html HTTP/1.1" 200 1756 "http://photolab.elmer.uaf.edu/gallery/photos/19890199/2/index_4.html" "FAST Enterprise Crawler 6 / Scirus scirus-crawler@fast.no; http://www.scirus.com/srsapp/contactus/"
68.142.251.55 - - [16/Jan/2006:08:57:49 -0900] "GET /store/orderform.html HTTP/1.0" 301 354 "-" "Mozilla/5.0 (compatible; Yahoo! Slurp; http://help.yahoo.com/help/us/ysearch/slurp)"
66.151.181.10 - - [16/Jan/2006:08:58:34 -0900] "GET /gallery/photos/19890199/2/pages/1989-0199-00241.html HTTP/1.1" 200 1756 "http://photolab.elmer.uaf.edu/gallery/photos/19890199/2/index_4.html" "FAST Enterprise Crawler 6 / Scirus scirus-crawler@fast.no; http://www.scirus.com/srsapp/contactus/"
81.67.217.219 - - [16/Jan/2006:08:59:32 -0900] "GET /gallery/maps/mapg3270a.html HTTP/1.1" 200 16030 "-" "Mozilla/4.0 (compatible; MSIE 6.0; Windows NT 5.1; SV1; .NET CLR 1.1.4322)"
81.67.217.219 - - [16/Jan/2006:08:59:32 -0900] "GET /index_files/lib.css HTTP/1.1" 200 2634 "http://photolab.elmer.uaf.edu/gallery/maps/mapg3270a.html" "Mozilla/4.0 (compatible; MSIE 6.0; Windows NT 5.1; SV1; .NET CLR 1.1.4322)"
81.67.217.219 - - [16/Jan/2006:08:59:33 -0900] "GET /index_files/title.jpg HTTP/1.1" 200 5438 "http://photolab.elmer.uaf.edu/gallery/maps/mapg3270a.html" "Mozilla/4.0 (compatible; MSIE 6.0; Windows NT 5.1; SV1; .NET CLR 1.1.4322)"
81.67.217.219 - - [16/Jan/2006:08:59:33 -0900] "GET /index_files/empty.gif HTTP/1.1" 200 45 "http://photolab.elmer.uaf.edu/gallery/maps/mapg3270a.html" "Mozilla/4.0 (compatible; MSIE 6.0; Windows NT 5.1; SV1; .NET CLR 1.1.4322)"
81.67.217.219 - - [16/Jan/2006:08:59:33 -0900] "GET /index_files/apr.jpg HTTP/1.1" 200 6015 "http://photolab.elmer.uaf.edu/gallery/maps/mapg3270a.html" "Mozilla/4.0 (compatible; MSIE 6.0; Windows NT 5.1; SV1; .NET CLR 1.1.4322)"
81.67.217.219 - - [16/Jan/2006:08:59:34 -0900] "GET /index_files/small.dps.jpg HTTP/1.1" 200 5830 "http://photolab.elmer.uaf.edu/gallery/maps/mapg3270a.html" "Mozilla/4.0 (compatible; MSIE 6.0; Windows NT 5.1; SV1; .NET CLR 1.1.4322)"
81.67.217.219 - - [16/Jan/2006:08:59:34 -0900] "GET /index_files/small.jpg HTTP/1.1" 200 2294 "http://photolab.elmer.uaf.edu/gallery/maps/mapg3270a.html" "Mozilla/4.0 (compatible; MSIE 6.0; Windows NT 5.1; SV1; .NET CLR 1.1.4322)"
81.67.217.219 - - [16/Jan/2006:08:59:34 -0900] "GET /index_files/small_002.jpg HTTP/1.1" 200 1351 "http://photolab.elmer.uaf.edu/gallery/maps/mapg3270a.html" "Mozilla/4.0 (compatible; MSIE 6.0; Windows NT 5.1; SV1; .NET CLR 1.1.4322)"
81.67.217.219 - - [16/Jan/2006:08:59:34 -0900] "GET /index_files/small_003.jpg HTTP/1.1" 200 1521 "http://photolab.elmer.uaf.edu/gallery/maps/mapg3270a.html" "Mozilla/4.0 (compatible; MSIE 6.0; Windows NT 5.1; SV1; .NET CLR 1.1.4322)"
81.67.217.219 - - [16/Jan/2006:08:59:34 -0900] "GET /gallery/maps/G3200/small/G3270%20%5B1600_%5D%20B87.jpg HTTP/1.1" 200 17323 "http://photolab.elmer.uaf.edu/gallery/maps/mapg3270a.html" "Mozilla/4.0 (compatible; MSIE 6.0; Windows NT 5.1; SV1; .NET CLR 1.1.4322)"
81.67.217.219 - - [16/Jan/2006:08:59:34 -0900] "GET /gallery/maps/G3200/small/G3271%20S12%20%5B1601%5D%20B79.jpg HTTP/1.1" 200 19484 "http://photolab.elmer.uaf.edu/gallery/maps/mapg3270a.html" "Mozilla/4.0 (compatible; MSIE 6.0; Windows NT 5.1; SV1; .NET CLR 1.1.4322)"
81.67.217.219 - - [16/Jan/2006:08:59:35 -0900] "GET /gallery/maps/G3200/small/G3270%20%5B1613_%5D.jpg HTTP/1.1" 200 14983 "http://photolab.elmer.uaf.edu/gallery/maps/mapg3270a.html" "Mozilla/4.0 (compatible; MSIE 6.0; Windows NT 5.1; SV1; .NET CLR 1.1.4322)"
81.67.217.219 - - [16/Jan/2006:08:59:35 -0900] "GET /gallery/maps/G3200/small/G3270%201634%20M4.jpg HTTP/1.1" 200 15633 "http://photolab.elmer.uaf.edu/gallery/maps/mapg3270a.html" "Mozilla/4.0 (compatible; MSIE 6.0; Windows NT 5.1; SV1; .NET CLR 1.1.4322)"
81.67.217.219 - - [16/Jan/2006:08:59:36 -0900] "GET /gallery/maps/G3200/small/G3270%20%5B1662%5D%20B551.jpg HTTP/1.1" 200 18257 "http://photolab.elmer.uaf.edu/gallery/maps/mapg3270a.html" "Mozilla/4.0 (compatible; MSIE 6.0; Windows NT 5.1; SV1; .NET CLR 1.1.4322)"
81.67.217.219 - - [16/Jan/2006:08:59:36 -0900] "GET /gallery/maps/G3200/small/G3270%20%5B1645_%5D%20B551.jpg HTTP/1.1" 200 17323 "http://photolab.elmer.uaf.edu/gallery/maps/mapg3270a.html" "Mozilla/4.0 (compatible; MSIE 6.0; Windows NT 5.1; SV1; .NET CLR 1.1.4322)"
81.67.217.219 - - [16/Jan/2006:08:59:37 -0900] "GET /gallery/maps/G3200/small/G3270%20%5B1693%5D%20M665.jpg HTTP/1.1" 200 14538 "http://photolab.elmer.uaf.edu/gallery/maps/mapg3270a.html" "Mozilla/4.0 (compatible; MSIE 6.0; Windows NT 5.1; SV1; .NET CLR 1.1.4322)"
81.67.217.219 - - [16/Jan/2006:08:59:37 -0900] "GET /gallery/maps/G3200/small/G3270%20%5B1667_%5D%20B52.jpg HTTP/1.1" 200 17909 "http://photolab.elmer.uaf.edu/gallery/maps/mapg3270a.html" "Mozilla/4.0 (compatible; MSIE 6.0; Windows NT 5.1; SV1; .NET CLR 1.1.4322)"
81.67.217.219 - - [16/Jan/2006:08:59:38 -0900] "GET /gallery/maps/G3200/small/G3270%20%5B1698_%5D%20C68.jpg HTTP/1.1" 200 13328 "http://photolab.elmer.uaf.edu/gallery/maps/mapg3270a.html" "Mozilla/4.0 (compatible; MSIE 6.0; Windows NT 5.1; SV1; .NET CLR 1.1.4322)"
81.67.217.219 - - [16/Jan/2006:08:59:38 -0900] "GET /gallery/maps/G3200/small/G3270%20%5B1696_%5D%20C68.jpg HTTP/1.1" 200 16389 "http://photolab.elmer.uaf.edu/gallery/maps/mapg3270a.html" "Mozilla/4.0 (compatible; MSIE 6.0; Windows NT 5.1; SV1; .NET CLR 1.1.4322)"
81.67.217.219 - - [16/Jan/2006:08:59:38 -0900] "GET /gallery/maps/G3200/small/G3270%20%5B1720%5D%20B692.jpg HTTP/1.1" 200 17085 "http://photolab.elmer.uaf.edu/gallery/maps/mapg3270a.html" "Mozilla/4.0 (compatible; MSIE 6.0; Windows NT 5.1; SV1; .NET CLR 1.1.4322)"
81.67.217.219 - - [16/Jan/2006:08:59:39 -0900] "GET /gallery/maps/G3200/small/G3270%20%5B1720%5D%20B692a.jpg HTTP/1.1" 200 17098 "http://photolab.elmer.uaf.edu/gallery/maps/mapg3270a.html" "Mozilla/4.0 (compatible; MSIE 6.0; Windows NT 5.1; SV1; .NET CLR 1.1.4322)"
81.67.217.219 - - [16/Jan/2006:08:59:39 -0900] "GET /gallery/maps/G3200/small/G3270%20%5B1734_%5D.jpg HTTP/1.1" 200 16227 "http://photolab.elmer.uaf.edu/gallery/maps/mapg3270a.html" "Mozilla/4.0 (compatible; MSIE 6.0; Windows NT 5.1; SV1; .NET CLR 1.1.4322)"
81.67.217.219 - - [16/Jan/2006:08:59:39 -0900] "GET /gallery/maps/G3200/small/G3270%20%5B1734_%5D%20D87.jpg HTTP/1.1" 200 15709 "http://photolab.elmer.uaf.edu/gallery/maps/mapg3270a.html" "Mozilla/4.0 (compatible; MSIE 6.0; Windows NT 5.1; SV1; .NET CLR 1.1.4322)"
81.67.217.219 - - [16/Jan/2006:08:59:40 -0900] "GET /gallery/maps/G3200/small/G3270%201735%20T5.jpg HTTP/1.1" 200 15292 "http://photolab.elmer.uaf.edu/gallery/maps/mapg3270a.html" "Mozilla/4.0 (compatible; MSIE 6.0; Windows NT 5.1; SV1; .NET CLR 1.1.4322)"
81.67.217.219 - - [16/Jan/2006:08:59:40 -0900] "GET /gallery/maps/G3200/small/G3270%20%5B1736%5D%20B692.jpg HTTP/1.1" 200 16560 "http://photolab.elmer.uaf.edu/gallery/maps/mapg3270a.html" "Mozilla/4.0 (compatible; MSIE 6.0; Windows NT 5.1; SV1; .NET CLR 1.1.4322)"
81.67.217.219 - - [16/Jan/2006:08:59:41 -0900] "GET /gallery/maps/G3200/small/G3270%20%5B1747_%5D.jpg HTTP/1.1" 200 17753 "http://photolab.elmer.uaf.edu/gallery/maps/mapg3270a.html" "Mozilla/4.0 (compatible; MSIE 6.0; Windows NT 5.1; SV1; .NET CLR 1.1.4322)"
81.67.217.219 - - [16/Jan/2006:08:59:41 -0900] "GET /gallery/maps/G3200/small/G3270%20%5B1747%5D%20I55.jpg HTTP/1.1" 200 16563 "http://photolab.elmer.uaf.edu/gallery/maps/mapg3270a.html" "Mozilla/4.0 (compatible; MSIE 6.0; Windows NT 5.1; SV1; .NET CLR 1.1.4322)"
81.67.217.219 - - [16/Jan/2006:08:59:41 -0900] "GET /gallery/maps/G3200/small/G3270%201754%20G4.jpg HTTP/1.1" 200 17083 "http://photolab.elmer.uaf.edu/gallery/maps/mapg3270a.html" "Mozilla/4.0 (compatible; MSIE 6.0; Windows NT 5.1; SV1; .NET CLR 1.1.4322)"
66.151.181.10 - - [16/Jan/2006:08:59:42 -0900] "GET /gallery/photos/19890199/2/pages/1989-0199-00242.html HTTP/1.1" 200 1756 "http://photolab.elmer.uaf.edu/gallery/photos/19890199/2/index_4.html" "FAST Enterprise Crawler 6 / Scirus scirus-crawler@fast.no; http://www.scirus.com/srsapp/contactus/"
81.67.217.219 - - [16/Jan/2006:08:59:42 -0900] "GET /gallery/maps/G3200/small/G3270%20%5B1770_%5D%20G52.jpg HTTP/1.1" 200 17617 "http://photolab.elmer.uaf.edu/gallery/maps/mapg3270a.html" "Mozilla/4.0 (compatible; MSIE 6.0; Windows NT 5.1; SV1; .NET CLR 1.1.4322)"
81.67.217.219 - - [16/Jan/2006:08:59:43 -0900] "GET /gallery/maps/G3200/small/G3270%20%5B1794%5D.jpg HTTP/1.1" 200 19199 "http://photolab.elmer.uaf.edu/gallery/maps/mapg3270a.html" "Mozilla/4.0 (compatible; MSIE 6.0; Windows NT 5.1; SV1; .NET CLR 1.1.4322)"
81.67.217.219 - - [16/Jan/2006:08:59:42 -0900] "GET /gallery/maps/G3200/small/G3270%20%5B1779%5D%20V38.jpg HTTP/1.1" 200 16953 "http://photolab.elmer.uaf.edu/gallery/maps/mapg3270a.html" "Mozilla/4.0 (compatible; MSIE 6.0; Windows NT 5.1; SV1; .NET CLR 1.1.4322)"
81.67.217.219 - - [16/Jan/2006:08:59:44 -0900] "GET /index_files/bluebear.gif HTTP/1.1" 200 1263 "http://photolab.elmer.uaf.edu/gallery/maps/mapg3270a.html" "Mozilla/4.0 (compatible; MSIE 6.0; Windows NT 5.1; SV1; .NET CLR 1.1.4322)"
81.67.217.219 - - [16/Jan/2006:08:59:44 -0900] "GET /gallery/maps/G3200/small/G3270%201797%20K41.jpg HTTP/1.1" 200 14053 "http://photolab.elmer.uaf.edu/gallery/maps/mapg3270a.html" "Mozilla/4.0 (compatible; MSIE 6.0; Windows NT 5.1; SV1; .NET CLR 1.1.4322)"
81.67.217.219 - - [16/Jan/2006:08:59:44 -0900] "GET /index_files/sitemap.gif HTTP/1.1" 200 1503 "http://photolab.elmer.uaf.edu/gallery/maps/mapg3270a.html" "Mozilla/4.0 (compatible; MSIE 6.0; Windows NT 5.1; SV1; .NET CLR 1.1.4322)"
81.67.217.219 - - [16/Jan/2006:08:59:44 -0900] "GET /index_files/bar.gif HTTP/1.1" 200 342 "http://photolab.elmer.uaf.edu/gallery/maps/mapg3270a.html" "Mozilla/4.0 (compatible; MSIE 6.0; Windows NT 5.1; SV1; .NET CLR 1.1.4322)"
65.190.59.129 - - [16/Jan/2006:08:59:51 -0900] "GET /store/allphotos2.html HTTP/1.1" 301 355 "-" "Mozilla/4.0 (compatible; MSIE 6.0; Windows NT 5.1; SV1; .NET CLR 1.1.4322)"
65.190.59.129 - - [16/Jan/2006:08:59:53 -0900] "GET /store/photos/largejpegs/(044)1958-1026-02211.jpg HTTP/1.1" 301 382 "-" "Mozilla/4.0 (compatible; MSIE 6.0; Windows NT 5.1; SV1; .NET CLR 1.1.4322)"
65.190.59.129 - - [16/Jan/2006:09:00:00 -0900] "GET /store/allphotos2.html HTTP/1.1" 301 355 "-" "Mozilla/4.0 (compatible; MSIE 6.0; Windows NT 5.1; SV1; .NET CLR 1.1.4322)"
