66.151.181.10 - - [16/Jan/2006:07:05:23 -0900] "GET /gallery/photos/19890166/11/pages/1989-0166-00890a_print.html HTTP/1.1" 200 1960 "http://photolab.elmer.uaf.edu/gallery/photos/19890166/11/index_4.html" "FAST Enterprise Crawler 6 / Scirus scirus-crawler@fast.no; http://www.scirus.com/srsapp/contactus/"
66.151.181.10 - - [16/Jan/2006:07:06:38 -0900] "GET /gallery/photos/19890166/11/pages/1989-0166-00891a_print.html HTTP/1.1" 200 1960 "http://photolab.elmer.uaf.edu/gallery/photos/19890166/11/index_4.html" "FAST Enterprise Crawler 6 / Scirus scirus-crawler@fast.no; http://www.scirus.com/srsapp/contactus/"
66.151.181.10 - - [16/Jan/2006:07:07:53 -0900] "GET /gallery/photos/19890166/11/pages/1989-0166-00892a_print.html HTTP/1.1" 200 1960 "http://photolab.elmer.uaf.edu/gallery/photos/19890166/11/index_4.html" "FAST Enterprise Crawler 6 / Scirus scirus-crawler@fast.no; http://www.scirus.com/srsapp/contactus/"
66.151.181.10 - - [16/Jan/2006:07:09:08 -0900] "GET /gallery/photos/19890166/11/pages/1989-0166-00893a_print.html HTTP/1.1" 200 1960 "http://photolab.elmer.uaf.edu/gallery/photos/19890166/11/index_4.html" "FAST Enterprise Crawler 6 / Scirus scirus-crawler@fast.no; http://www.scirus.com/srsapp/contactus/"
66.151.181.10 - - [16/Jan/2006:07:10:24 -0900] "GET /gallery/photos/19890166/11/pages/1989-0166-00894a_print.html HTTP/1.1" 200 1960 "http://photolab.elmer.uaf.edu/gallery/photos/19890166/11/index_4.html" "FAST Enterprise Crawler 6 / Scirus scirus-crawler@fast.no; http://www.scirus.com/srsapp/contactus/"
65.95.76.31 - - [16/Jan/2006:07:11:16 -0900] "GET /index_files/lib.css HTTP/1.1" 200 2634 "http://photolab.elmer.uaf.edu/gallery/maps/mapg3300.html" "Mozilla/4.0 (compatible; MSIE 6.0; Windows NT 5.1; SV1)"
65.95.76.31 - - [16/Jan/2006:07:11:16 -0900] "GET /gallery/maps/mapg3300.html HTTP/1.1" 200 21851 "http://images.google.ca/imgres?imgurl=http://photolab.elmer.uaf.edu/gallery/maps/G3300/large/G3300%2520%255B1786_%255D%2520B691.jpg&imgrefurl=http://photolab.elmer.uaf.edu/gallery/maps/mapg3300.html&h=941&w=1200&sz=287&tbnid=cQBYogs4LLANKM:&tbnh=117&tbnw=150&hl=en&start=20&prev=/images%3Fq%3Dnorth%2Bamerica%2Bmaps%26svnum%3D10%26hl%3Den%26lr%3D" "Mozilla/4.0 (compatible; MSIE 6.0; Windows NT 5.1; SV1)"
65.95.76.31 - - [16/Jan/2006:07:11:17 -0900] "GET /index_files/title.jpg HTTP/1.1" 200 5438 "http://photolab.elmer.uaf.edu/gallery/maps/mapg3300.html" "Mozilla/4.0 (compatible; MSIE 6.0; Windows NT 5.1; SV1)"
65.95.76.31 - - [16/Jan/2006:07:11:17 -0900] "GET /index_files/empty.gif HTTP/1.1" 200 45 "http://photolab.elmer.uaf.edu/gallery/maps/mapg3300.html" "Mozilla/4.0 (compatible; MSIE 6.0; Windows NT 5.1; SV1)"
65.95.76.31 - - [16/Jan/2006:07:11:17 -0900] "GET /index_files/apr.jpg HTTP/1.1" 200 6015 "http://photolab.elmer.uaf.edu/gallery/maps/mapg3300.html" "Mozilla/4.0 (compatible; MSIE 6.0; Windows NT 5.1; SV1)"
65.95.76.31 - - [16/Jan/2006:07:11:18 -0900] "GET /gallery/maps/G3300/large/G3300%20%5B1786_%5D%20B691.jpg HTTP/1.1" 200 292922 "http://images.google.ca/imgres?imgurl=http://photolab.elmer.uaf.edu/gallery/maps/G3300/large/G3300%2520%255B1786_%255D%2520B691.jpg&imgrefurl=http://photolab.elmer.uaf.edu/gallery/maps/mapg3300.html&h=941&w=1200&sz=287&tbnid=cQBYogs4LLANKM:&tbnh=117&tbnw=150&hl=en&prev=/images%3Fq%3Dnorth%2Bamerica%2Bmaps%26svnum%3D10%26hl%3Den%26lr%3D&frame=small" "Mozilla/4.0 (compatible; MSIE 6.0; Windows NT 5.1; SV1)"
65.95.76.31 - - [16/Jan/2006:07:11:26 -0900] "GET /index_files/empty.gif HTTP/1.1" 200 45 "http://photolab.elmer.uaf.edu/gallery/maps/mapg3300.html" "Mozilla/4.0 (compatible; MSIE 6.0; Windows NT 5.1; SV1)"
65.95.76.31 - - [16/Jan/2006:07:11:27 -0900] "GET /index_files/apr.jpg HTTP/1.1" 206 1919 "http://photolab.elmer.uaf.edu/gallery/maps/mapg3300.html" "Mozilla/4.0 (compatible; MSIE 6.0; Windows NT 5.1; SV1)"
65.95.76.31 - - [16/Jan/2006:07:11:27 -0900] "GET /index_files/small.jpg HTTP/1.1" 200 2294 "http://photolab.elmer.uaf.edu/gallery/maps/mapg3300.html" "Mozilla/4.0 (compatible; MSIE 6.0; Windows NT 5.1; SV1)"
65.95.76.31 - - [16/Jan/2006:07:11:27 -0900] "GET /index_files/bar.gif HTTP/1.1" 200 342 "http://photolab.elmer.uaf.edu/gallery/maps/mapg3300.html" "Mozilla/4.0 (compatible; MSIE 6.0; Windows NT 5.1; SV1)"
65.95.76.31 - - [16/Jan/2006:07:11:27 -0900] "GET /index_files/small_003.jpg HTTP/1.1" 200 1521 "http://photolab.elmer.uaf.edu/gallery/maps/mapg3300.html" "Mozilla/4.0 (compatible; MSIE 6.0; Windows NT 5.1; SV1)"
65.95.76.31 - - [16/Jan/2006:07:11:27 -0900] "GET /index_files/small.dps.jpg HTTP/1.1" 200 5830 "http://photolab.elmer.uaf.edu/gallery/maps/mapg3300.html" "Mozilla/4.0 (compatible; MSIE 6.0; Windows NT 5.1; SV1)"
65.55.246.96 - - [16/Jan/2006:07:11:27 -0900] "GET /robots.txt HTTP/1.0" 200 96 "-" "msnbot/0.9 (+http://search.msn.com/msnbot.htm)"
65.55.246.96 - - [16/Jan/2006:07:11:28 -0900] "GET /gallery/photos/19940070/0/thumbnails/1994-0070-00019.jpg HTTP/1.0" 200 7792 "-" "msnbot/0.9 (+http://search.msn.com/msnbot.htm)"
66.151.181.10 - - [16/Jan/2006:07:11:39 -0900] "GET /gallery/photos/19890166/11/pages/1989-0166-00895a_print.html HTTP/1.1" 200 1960 "http://photolab.elmer.uaf.edu/gallery/photos/19890166/11/index_4.html" "FAST Enterprise Crawler 6 / Scirus scirus-crawler@fast.no; http://www.scirus.com/srsapp/contactus/"
216.115.226.89 - - [16/Jan/2006:07:12:46 -0900] "GET /store/alaskanatives.html HTTP/1.1" 301 358 "http://images.google.com/imgres?imgurl=http://photolab.elmer.uaf.edu/store/photos/largejpegs/(074)1968-0012-00009.jpg&imgrefurl=http://photolab.elmer.uaf.edu/store/alaskanatives.html&h=611&w=1000&sz=160&tbnid=HvhJvJEmruNrgM:&tbnh=91&tbnw=149&hl=en&start=5&prev=/images%3Fq%3DAlaska%2Bindians%26svnum%3D10%26hl%3Den%26lr%3D%26sa%3DG" "Mozilla/5.0 (Macintosh; U; PPC Mac OS X; en-us) AppleWebKit/312.8 (KHTML, like Gecko) Safari/312.5"
216.115.226.89 - - [16/Jan/2006:07:12:47 -0900] "GET /store/photos/largejpegs/(074)1968-0012-00009.jpg HTTP/1.1" 301 382 "http://images.google.com/imgres?imgurl=http://photolab.elmer.uaf.edu/store/photos/largejpegs/(074)1968-0012-00009.jpg&imgrefurl=http://photolab.elmer.uaf.edu/store/alaskanatives.html&h=611&w=1000&sz=160&tbnid=HvhJvJEmruNrgM:&tbnh=91&tbnw=149&hl=en&prev=/images%3Fq%3DAlaska%2Bindians%26svnum%3D10%26hl%3Den%26lr%3D%26sa%3DG&frame=small" "Mozilla/5.0 (Macintosh; U; PPC Mac OS X; en-us) AppleWebKit/312.8 (KHTML, like Gecko) Safari/312.5"
66.151.181.10 - - [16/Jan/2006:07:12:57 -0900] "GET /gallery/photos/19890166/12/index_5.html HTTP/1.1" 200 11954 "http://photolab.elmer.uaf.edu/gallery/photos/19890166/12/index_4.html" "FAST Enterprise Crawler 6 / Scirus scirus-crawler@fast.no; http://www.scirus.com/srsapp/contactus/"
216.115.226.89 - - [16/Jan/2006:07:13:10 -0900] "GET /store/alaskanatives.html HTTP/1.1" 301 358 "http://images.google.com/imgres?imgurl=http://photolab.elmer.uaf.edu/store/photos/largejpegs/(074)1968-0012-00009.jpg&imgrefurl=http://photolab.elmer.uaf.edu/store/alaskanatives.html&h=611&w=1000&sz=160&tbnid=HvhJvJEmruNrgM:&tbnh=91&tbnw=149&hl=en&start=5&prev=/images%3Fq%3DAlaska%2Bindians%26svnum%3D10%26hl%3Den%26lr%3D%26sa%3DG" "Mozilla/5.0 (Macintosh; U; PPC Mac OS X; en-us) AppleWebKit/312.8 (KHTML, like Gecko) Safari/312.5"
216.115.226.89 - - [16/Jan/2006:07:13:14 -0900] "GET /store/photos/largejpegs/(074)1968-0012-00009.jpg HTTP/1.1" 301 382 "http://images.google.com/imgres?imgurl=http://photolab.elmer.uaf.edu/store/photos/largejpegs/(074)1968-0012-00009.jpg&imgrefurl=http://photolab.elmer.uaf.edu/store/alaskanatives.html&h=611&w=1000&sz=160&tbnid=HvhJvJEmruNrgM:&tbnh=91&tbnw=149&hl=en&prev=/images%3Fq%3DAlaska%2Bindians%26svnum%3D10%26hl%3Den%26lr%3D%26sa%3DG&frame=small" "Mozilla/5.0 (Macintosh; U; PPC Mac OS X; en-us) AppleWebKit/312.8 (KHTML, like Gecko) Safari/312.5"
216.115.226.89 - - [16/Jan/2006:07:13:18 -0900] "GET /store/alaskanatives.html HTTP/1.1" 301 358 "http://images.google.com/imgres?imgurl=http://photolab.elmer.uaf.edu/store/photos/largejpegs/(074)1968-0012-00009.jpg&imgrefurl=http://photolab.elmer.uaf.edu/store/alaskanatives.html&h=611&w=1000&sz=160&tbnid=HvhJvJEmruNrgM:&tbnh=91&tbnw=149&hl=en&start=5&prev=/images%3Fq%3DAlaska%2Bindians%26svnum%3D10%26hl%3Den%26lr%3D%26sa%3DG" "Mozilla/5.0 (Macintosh; U; PPC Mac OS X; en-us) AppleWebKit/312.8 (KHTML, like Gecko) Safari/312.5"
216.115.226.89 - - [16/Jan/2006:07:13:22 -0900] "GET /store/photos/largejpegs/(074)1968-0012-00009.jpg HTTP/1.1" 301 382 "http://images.google.com/imgres?imgurl=http://photolab.elmer.uaf.edu/store/photos/largejpegs/(074)1968-0012-00009.jpg&imgrefurl=http://photolab.elmer.uaf.edu/store/alaskanatives.html&h=611&w=1000&sz=160&tbnid=HvhJvJEmruNrgM:&tbnh=91&tbnw=149&hl=en&prev=/images%3Fq%3DAlaska%2Bindians%26svnum%3D10%26hl%3Den%26lr%3D%26sa%3DG&frame=small" "Mozilla/5.0 (Macintosh; U; PPC Mac OS X; en-us) AppleWebKit/312.8 (KHTML, like Gecko) Safari/312.5"
216.115.226.89 - - [16/Jan/2006:07:13:22 -0900] "GET /store/photos/largejpegs/(074)1968-0012-00009.jpg HTTP/1.1" 301 382 "http://images.google.com/imgres?imgurl=http://photolab.elmer.uaf.edu/store/photos/largejpegs/(074)1968-0012-00009.jpg&imgrefurl=http://photolab.elmer.uaf.edu/store/alaskanatives.html&h=611&w=1000&sz=160&tbnid=HvhJvJEmruNrgM:&tbnh=91&tbnw=149&hl=en&prev=/images%3Fq%3DAlaska%2Bindians%26svnum%3D10%26hl%3Den%26lr%3D%26sa%3DG&frame=small" "Mozilla/5.0 (Macintosh; U; PPC Mac OS X; en-us) AppleWebKit/312.8 (KHTML, like Gecko) Safari/312.5"
216.115.226.89 - - [16/Jan/2006:07:13:31 -0900] "GET /store/alaskanatives.html HTTP/1.1" 301 358 "http://images.google.com/imgres?imgurl=http://photolab.elmer.uaf.edu/store/photos/largejpegs/(074)1968-0012-00009.jpg&imgrefurl=http://photolab.elmer.uaf.edu/store/alaskanatives.html&h=611&w=1000&sz=160&tbnid=HvhJvJEmruNrgM:&tbnh=91&tbnw=149&hl=en&start=5&prev=/images%3Fq%3DAlaska%2Bindians%26svnum%3D10%26hl%3Den%26lr%3D%26sa%3DG" "Mozilla/5.0 (Macintosh; U; PPC Mac OS X; en-us) AppleWebKit/312.8 (KHTML, like Gecko) Safari/312.5"
66.151.181.10 - - [16/Jan/2006:07:14:09 -0900] "GET /gallery/photos/19890166/12/pages/1989-0166-00974a_print.html HTTP/1.1" 200 1960 "http://photolab.elmer.uaf.edu/gallery/photos/19890166/12/index_4.html" "FAST Enterprise Crawler 6 / Scirus scirus-crawler@fast.no; http://www.scirus.com/srsapp/contactus/"
66.151.181.10 - - [16/Jan/2006:07:15:24 -0900] "GET /gallery/photos/19890166/12/pages/1989-0166-00975a_print.html HTTP/1.1" 200 1960 "http://photolab.elmer.uaf.edu/gallery/photos/19890166/12/index_4.html" "FAST Enterprise Crawler 6 / Scirus scirus-crawler@fast.no; http://www.scirus.com/srsapp/contactus/"
66.151.181.10 - - [16/Jan/2006:07:16:40 -0900] "GET /gallery/photos/19890166/12/pages/1989-0166-00976a_print.html HTTP/1.1" 200 1960 "http://photolab.elmer.uaf.edu/gallery/photos/19890166/12/index_4.html" "FAST Enterprise Crawler 6 / Scirus scirus-crawler@fast.no; http://www.scirus.com/srsapp/contactus/"
65.55.246.96 - - [16/Jan/2006:07:16:47 -0900] "GET /gallery/photos/19990204/images/1999-0204-00009.jpg HTTP/1.0" 200 31627 "-" "msnbot/0.9 (+http://search.msn.com/msnbot.htm)"
65.55.246.96 - - [16/Jan/2006:07:16:53 -0900] "GET /gallery/photos/20020087/0/images/home.gif HTTP/1.0" 200 268 "-" "msnbot/0.9 (+http://search.msn.com/msnbot.htm)"
65.55.246.96 - - [16/Jan/2006:07:16:56 -0900] "GET /gallery/photos/20030136/thumbnails/2003-0136-00008.jpg HTTP/1.0" 404 350 "-" "msnbot/0.9 (+http://search.msn.com/msnbot.htm)"
65.55.246.96 - - [16/Jan/2006:07:16:59 -0900] "GET /gallery/photos/20020087/thumbnails/2002-0087-00011.jpg HTTP/1.0" 404 350 "-" "msnbot/0.9 (+http://search.msn.com/msnbot.htm)"
65.55.246.96 - - [16/Jan/2006:07:17:09 -0900] "GET /gallery/photos/19890228/thumbnails/1989-0228-00001.jpg HTTP/1.0" 404 350 "-" "msnbot/0.9 (+http://search.msn.com/msnbot.htm)"
66.151.181.10 - - [16/Jan/2006:07:17:55 -0900] "GET /gallery/photos/19890166/12/pages/1989-0166-00977a_print.html HTTP/1.1" 200 1960 "http://photolab.elmer.uaf.edu/gallery/photos/19890166/12/index_4.html" "FAST Enterprise Crawler 6 / Scirus scirus-crawler@fast.no; http://www.scirus.com/srsapp/contactus/"
66.151.181.10 - - [16/Jan/2006:07:19:10 -0900] "GET /gallery/photos/19890166/12/pages/1989-0166-00978a_print.html HTTP/1.1" 200 1960 "http://photolab.elmer.uaf.edu/gallery/photos/19890166/12/index_4.html" "FAST Enterprise Crawler 6 / Scirus scirus-crawler@fast.no; http://www.scirus.com/srsapp/contactus/"
209.202.75.74 - - [16/Jan/2006:07:19:18 -0900] "GET /store/people.html HTTP/1.1" 301 351 "http://images.google.ca/imgres?imgurl=http://photolab.elmer.uaf.edu/store/photos/largejpegs/(024)1972-0116-00334.jpg&imgrefurl=http://photolab.elmer.uaf.edu/store/people.html&h=1000&w=678&sz=129&tbnid=RhoeXeLWg8w6XM:&tbnh=149&tbnw=101&hl=en&start=1&prev=/images%3Fq%3Dklondike%2Bkate%26svnum%3D10%26hl%3Den%26lr%3D%26sa%3DN" "Mozilla/4.0 (compatible; MSIE 6.0; Windows NT 5.1; SV1; .NET CLR 1.1.4322)"
209.202.75.74 - - [16/Jan/2006:07:19:19 -0900] "GET /store/photos/largejpegs/(024)1972-0116-00334.jpg HTTP/1.1" 301 382 "http://images.google.ca/imgres?imgurl=http://photolab.elmer.uaf.edu/store/photos/largejpegs/(024)1972-0116-00334.jpg&imgrefurl=http://photolab.elmer.uaf.edu/store/people.html&h=1000&w=678&sz=129&tbnid=RhoeXeLWg8w6XM:&tbnh=149&tbnw=101&hl=en&prev=/images%3Fq%3Dklondike%2Bkate%26svnum%3D10%26hl%3Den%26lr%3D%26sa%3DN&frame=small" "Mozilla/4.0 (compatible; MSIE 6.0; Windows NT 5.1; SV1; .NET CLR 1.1.4322)"
209.202.75.74 - - [16/Jan/2006:07:19:29 -0900] "GET /store/people.html HTTP/1.1" 301 351 "http://images.google.ca/imgres?imgurl=http://photolab.elmer.uaf.edu/store/photos/largejpegs/(024)1972-0116-00334.jpg&imgrefurl=http://photolab.elmer.uaf.edu/store/people.html&h=1000&w=678&sz=129&tbnid=RhoeXeLWg8w6XM:&tbnh=149&tbnw=101&hl=en&start=1&prev=/images%3Fq%3Dklondike%2Bkate%26svnum%3D10%26hl%3Den%26lr%3D%26sa%3DN" "Mozilla/4.0 (compatible; MSIE 6.0; Windows NT 5.1; SV1; .NET CLR 1.1.4322)"
209.202.75.74 - - [16/Jan/2006:07:19:30 -0900] "GET /store/photos/largejpegs/(024)1972-0116-00334.jpg HTTP/1.1" 301 382 "http://images.google.ca/imgres?imgurl=http://photolab.elmer.uaf.edu/store/photos/largejpegs/(024)1972-0116-00334.jpg&imgrefurl=http://photolab.elmer.uaf.edu/store/people.html&h=1000&w=678&sz=129&tbnid=RhoeXeLWg8w6XM:&tbnh=149&tbnw=101&hl=en&prev=/images%3Fq%3Dklondike%2Bkate%26svnum%3D10%26hl%3Den%26lr%3D%26sa%3DN&frame=small" "Mozilla/4.0 (compatible; MSIE 6.0; Windows NT 5.1; SV1; .NET CLR 1.1.4322)"
65.55.246.96 - - [16/Jan/2006:07:19:51 -0900] "GET /gallery/photos/19950244/04/images/home.gif HTTP/1.0" 200 268 "-" "msnbot/0.9 (+http://search.msn.com/msnbot.htm)"
65.55.246.96 - - [16/Jan/2006:07:19:54 -0900] "GET /gallery/photos/20030174/thumbnails/2003-0174-00201.jpg HTTP/1.0" 404 350 "-" "msnbot/0.9 (+http://search.msn.com/msnbot.htm)"
65.55.246.96 - - [16/Jan/2006:07:19:55 -0900] "GET /gallery/photos/19940070/0/thumbnails/1994-0070-00020.jpg HTTP/1.0" 200 5184 "-" "msnbot/0.9 (+http://search.msn.com/msnbot.htm)"
65.55.246.96 - - [16/Jan/2006:07:20:03 -0900] "GET /gallery/photos/19950244/thumbnails/1995-0244-00106.jpg HTTP/1.0" 404 350 "-" "msnbot/0.9 (+http://search.msn.com/msnbot.htm)"
65.55.246.96 - - [16/Jan/2006:07:20:13 -0900] "GET /gallery/photos/19990204/images/home.gif HTTP/1.0" 200 268 "-" "msnbot/0.9 (+http://search.msn.com/msnbot.htm)"
66.151.181.10 - - [16/Jan/2006:07:20:25 -0900] "GET /gallery/photos/19890166/12/pages/1989-0166-00979a_print.html HTTP/1.1" 200 1960 "http://photolab.elmer.uaf.edu/gallery/photos/19890166/12/index_4.html" "FAST Enterprise Crawler 6 / Scirus scirus-crawler@fast.no; http://www.scirus.com/srsapp/contactus/"
66.151.181.10 - - [16/Jan/2006:07:21:40 -0900] "GET /gallery/photos/19890166/12/pages/1989-0166-00980a_print.html HTTP/1.1" 200 1960 "http://photolab.elmer.uaf.edu/gallery/photos/19890166/12/index_4.html" "FAST Enterprise Crawler 6 / Scirus scirus-crawler@fast.no; http://www.scirus.com/srsapp/contactus/"
65.55.246.96 - - [16/Jan/2006:07:22:29 -0900] "GET /gallery/photos/19690092/4/images/previous.gif HTTP/1.0" 200 271 "-" "msnbot/0.9 (+http://search.msn.com/msnbot.htm)"
68.226.95.64 - - [16/Jan/2006:07:22:30 -0900] "GET /gallery/maps/mapg3290.html HTTP/1.1" 200 15535 "http://images.google.com/imgres?imgurl=http://photolab.elmer.uaf.edu/gallery/maps/G3200/large/G3290%2520%255B1851%255D%2520R36.jpg&imgrefurl=http://photolab.elmer.uaf.edu/gallery/maps/mapg3290.html&h=873&w=1200&sz=321&tbnid=2CWcKr1un_NlkM:&tbnh=109&tbnw=150&hl=en&start=21&prev=/images%3Fq%3Dwestern%2Bhemisphere%26start%3D20%26imgsz%3Dxxlarge%26svnum%3D10%26hl%3Den%26lr%3D%26sa%3DN" "Mozilla/4.0 (compatible; MSIE 6.0; Windows NT 5.1)"
68.226.95.64 - - [16/Jan/2006:07:22:30 -0900] "GET /index_files/lib.css HTTP/1.1" 200 2634 "http://photolab.elmer.uaf.edu/gallery/maps/mapg3290.html" "Mozilla/4.0 (compatible; MSIE 6.0; Windows NT 5.1)"
68.226.95.64 - - [16/Jan/2006:07:22:30 -0900] "GET /index_files/title.jpg HTTP/1.1" 200 5438 "http://photolab.elmer.uaf.edu/gallery/maps/mapg3290.html" "Mozilla/4.0 (compatible; MSIE 6.0; Windows NT 5.1)"
68.226.95.64 - - [16/Jan/2006:07:22:31 -0900] "GET /index_files/empty.gif HTTP/1.1" 200 45 "http://photolab.elmer.uaf.edu/gallery/maps/mapg3290.html" "Mozilla/4.0 (compatible; MSIE 6.0; Windows NT 5.1)"
68.226.95.64 - - [16/Jan/2006:07:22:30 -0900] "GET /index_files/apr.jpg HTTP/1.1" 200 6015 "http://photolab.elmer.uaf.edu/gallery/maps/mapg3290.html" "Mozilla/4.0 (compatible; MSIE 6.0; Windows NT 5.1)"
68.226.95.64 - - [16/Jan/2006:07:22:31 -0900] "GET /index_files/small.dps.jpg HTTP/1.1" 200 5830 "http://photolab.elmer.uaf.edu/gallery/maps/mapg3290.html" "Mozilla/4.0 (compatible; MSIE 6.0; Windows NT 5.1)"
68.226.95.64 - - [16/Jan/2006:07:22:31 -0900] "GET /index_files/small.jpg HTTP/1.1" 200 2294 "http://photolab.elmer.uaf.edu/gallery/maps/mapg3290.html" "Mozilla/4.0 (compatible; MSIE 6.0; Windows NT 5.1)"
68.226.95.64 - - [16/Jan/2006:07:22:31 -0900] "GET /index_files/small_003.jpg HTTP/1.1" 200 1521 "http://photolab.elmer.uaf.edu/gallery/maps/mapg3290.html" "Mozilla/4.0 (compatible; MSIE 6.0; Windows NT 5.1)"
68.226.95.64 - - [16/Jan/2006:07:22:31 -0900] "GET /index_files/small_002.jpg HTTP/1.1" 200 1351 "http://photolab.elmer.uaf.edu/gallery/maps/mapg3290.html" "Mozilla/4.0 (compatible; MSIE 6.0; Windows NT 5.1)"
68.226.95.64 - - [16/Jan/2006:07:22:31 -0900] "GET /gallery/maps/G3200/small/G3290%20%5B1544%5D%20M86.jpg HTTP/1.1" 200 15838 "http://photolab.elmer.uaf.edu/gallery/maps/mapg3290.html" "Mozilla/4.0 (compatible; MSIE 6.0; Windows NT 5.1)"
68.226.95.64 - - [16/Jan/2006:07:22:31 -0900] "GET /gallery/maps/G3200/small/G3290%201623%20B79.jpg HTTP/1.1" 200 16687 "http://photolab.elmer.uaf.edu/gallery/maps/mapg3290.html" "Mozilla/4.0 (compatible; MSIE 6.0; Windows NT 5.1)"
68.226.95.64 - - [16/Jan/2006:07:22:32 -0900] "GET /gallery/maps/G3200/small/G3290%20%5B1710%5D%20D361.jpg HTTP/1.1" 200 18567 "http://photolab.elmer.uaf.edu/gallery/maps/mapg3290.html" "Mozilla/4.0 (compatible; MSIE 6.0; Windows NT 5.1)"
68.226.95.64 - - [16/Jan/2006:07:22:32 -0900] "GET /gallery/maps/G3200/small/G3290%20%5B1630_%5D%20L33.jpg HTTP/1.1" 200 17677 "http://photolab.elmer.uaf.edu/gallery/maps/mapg3290.html" "Mozilla/4.0 (compatible; MSIE 6.0; Windows NT 5.1)"
68.226.95.64 - - [16/Jan/2006:07:22:32 -0900] "GET /gallery/maps/G3200/small/G3290%20%5B1710%5D%20H65.jpg HTTP/1.1" 200 17967 "http://photolab.elmer.uaf.edu/gallery/maps/mapg3290.html" "Mozilla/4.0 (compatible; MSIE 6.0; Windows NT 5.1)"
68.226.95.64 - - [16/Jan/2006:07:22:32 -0900] "GET /gallery/maps/G3200/small/G3290%201746%20R68.jpg HTTP/1.1" 200 15904 "http://photolab.elmer.uaf.edu/gallery/maps/mapg3290.html" "Mozilla/4.0 (compatible; MSIE 6.0; Windows NT 5.1)"
68.226.95.64 - - [16/Jan/2006:07:22:33 -0900] "GET /gallery/maps/G3200/small/G3290%201746%20R68a.jpg HTTP/1.1" 200 16373 "http://photolab.elmer.uaf.edu/gallery/maps/mapg3290.html" "Mozilla/4.0 (compatible; MSIE 6.0; Windows NT 5.1)"
68.226.95.64 - - [16/Jan/2006:07:22:33 -0900] "GET /gallery/maps/G3200/small/G3290%201762%20J35.jpg HTTP/1.1" 200 15410 "http://photolab.elmer.uaf.edu/gallery/maps/mapg3290.html" "Mozilla/4.0 (compatible; MSIE 6.0; Windows NT 5.1)"
68.226.95.64 - - [16/Jan/2006:07:22:33 -0900] "GET /gallery/maps/G3200/small/G3290%201775%20S29%20sheet%201.jpg HTTP/1.1" 200 16211 "http://photolab.elmer.uaf.edu/gallery/maps/mapg3290.html" "Mozilla/4.0 (compatible; MSIE 6.0; Windows NT 5.1)"
68.226.95.64 - - [16/Jan/2006:07:22:33 -0900] "GET /gallery/maps/G3200/small/G3290%201775%20S29%20sheet%202.jpg HTTP/1.1" 200 15886 "http://photolab.elmer.uaf.edu/gallery/maps/mapg3290.html" "Mozilla/4.0 (compatible; MSIE 6.0; Windows NT 5.1)"
68.226.95.64 - - [16/Jan/2006:07:22:34 -0900] "GET /gallery/maps/G3200/small/G3290%201783%20S82.jpg HTTP/1.1" 200 15695 "http://photolab.elmer.uaf.edu/gallery/maps/mapg3290.html" "Mozilla/4.0 (compatible; MSIE 6.0; Windows NT 5.1)"
68.226.95.64 - - [16/Jan/2006:07:22:34 -0900] "GET /gallery/maps/G3200/small/G3290%201828%20B3%20sheet%201.jpg HTTP/1.1" 200 14118 "http://photolab.elmer.uaf.edu/gallery/maps/mapg3290.html" "Mozilla/4.0 (compatible; MSIE 6.0; Windows NT 5.1)"
68.226.95.64 - - [16/Jan/2006:07:22:34 -0900] "GET /gallery/maps/G3200/small/G3290%20%5B1790_%5D%20B741.jpg HTTP/1.1" 200 16467 "http://photolab.elmer.uaf.edu/gallery/maps/mapg3290.html" "Mozilla/4.0 (compatible; MSIE 6.0; Windows NT 5.1)"
68.226.95.64 - - [16/Jan/2006:07:22:34 -0900] "GET /gallery/maps/G3200/small/G3290%20%5B1818%5D%20J85.jpg HTTP/1.1" 200 14747 "http://photolab.elmer.uaf.edu/gallery/maps/mapg3290.html" "Mozilla/4.0 (compatible; MSIE 6.0; Windows NT 5.1)"
65.55.246.96 - - [16/Jan/2006:07:22:40 -0900] "GET /gallery/photos/19700058/thumbnails/1970-0058-00305.jpg HTTP/1.0" 404 350 "-" "msnbot/0.9 (+http://search.msn.com/msnbot.htm)"
68.226.95.64 - - [16/Jan/2006:07:22:35 -0900] "GET /gallery/maps/G3200/large/G3290%20%5B1851%5D%20R36.jpg HTTP/1.1" 200 328686 "http://images.google.com/imgres?imgurl=http://photolab.elmer.uaf.edu/gallery/maps/G3200/large/G3290%2520%255B1851%255D%2520R36.jpg&imgrefurl=http://photolab.elmer.uaf.edu/gallery/maps/mapg3290.html&h=873&w=1200&sz=321&tbnid=2CWcKr1un_NlkM:&tbnh=109&tbnw=150&hl=en&prev=/images%3Fq%3Dwestern%2Bhemisphere%26start%3D20%26imgsz%3Dxxlarge%26svnum%3D10%26hl%3Den%26lr%3D%26sa%3DN&frame=small" "Mozilla/4.0 (compatible; MSIE 6.0; Windows NT 5.1)"
65.55.246.96 - - [16/Jan/2006:07:22:44 -0900] "GET /gallery/photos/19690092/4/thumbnails/1969-0092-00428.jpg HTTP/1.0" 200 7580 "-" "msnbot/0.9 (+http://search.msn.com/msnbot.htm)"
68.226.95.64 - - [16/Jan/2006:07:22:50 -0900] "GET /index_files/bar.gif HTTP/1.1" 200 342 "http://photolab.elmer.uaf.edu/gallery/maps/mapg3290.html" "Mozilla/4.0 (compatible; MSIE 6.0; Windows NT 5.1)"
68.226.95.64 - - [16/Jan/2006:07:22:50 -0900] "GET /gallery/maps/G3200/small/G3290%20%5B1818%5D%20J85.jpg HTTP/1.1" 206 2459 "http://photolab.elmer.uaf.edu/gallery/maps/mapg3290.html" "Mozilla/4.0 (compatible; MSIE 6.0; Windows NT 5.1)"
65.55.246.96 - - [16/Jan/2006:07:22:50 -0900] "GET /gallery/photos/19700011/images/home.gif HTTP/1.0" 200 268 "-" "msnbot/0.9 (+http://search.msn.com/msnbot.htm)"
68.226.95.64 - - [16/Jan/2006:07:22:50 -0900] "GET /gallery/maps/G3200/small/G3290%20%5B1790_%5D%20B741.jpg HTTP/1.1" 206 8275 "http://photolab.elmer.uaf.edu/gallery/maps/mapg3290.html" "Mozilla/4.0 (compatible; MSIE 6.0; Windows NT 5.1)"
68.226.95.64 - - [16/Jan/2006:07:22:50 -0900] "GET /gallery/maps/G3200/small/G3290%201828%20B3%20sheet%202.jpg HTTP/1.1" 200 14006 "http://photolab.elmer.uaf.edu/gallery/maps/mapg3290.html" "Mozilla/4.0 (compatible; MSIE 6.0; Windows NT 5.1)"
68.226.95.64 - - [16/Jan/2006:07:22:50 -0900] "GET /gallery/maps/G3200/small/G3290%201828%20B3%20sheet%204.jpg HTTP/1.1" 200 13003 "http://photolab.elmer.uaf.edu/gallery/maps/mapg3290.html" "Mozilla/4.0 (compatible; MSIE 6.0; Windows NT 5.1)"
68.226.95.64 - - [16/Jan/2006:07:22:51 -0900] "GET /gallery/maps/G3200/small/G3290%201828%20B3%20sheet%203.jpg HTTP/1.1" 200 14380 "http://photolab.elmer.uaf.edu/gallery/maps/mapg3290.html" "Mozilla/4.0 (compatible; MSIE 6.0; Windows NT 5.1)"
68.226.95.64 - - [16/Jan/2006:07:22:51 -0900] "GET /gallery/maps/G3200/small/G3290%201828%20B3%20sheet%208.jpg HTTP/1.1" 200 15500 "http://photolab.elmer.uaf.edu/gallery/maps/mapg3290.html" "Mozilla/4.0 (compatible; MSIE 6.0; Windows NT 5.1)"
68.226.95.64 - - [16/Jan/2006:07:22:51 -0900] "GET /gallery/maps/G3200/small/G3290%201828%20B3%20sheet%205.jpg HTTP/1.1" 200 13867 "http://photolab.elmer.uaf.edu/gallery/maps/mapg3290.html" "Mozilla/4.0 (compatible; MSIE 6.0; Windows NT 5.1)"
68.226.95.64 - - [16/Jan/2006:07:22:51 -0900] "GET /gallery/maps/G3200/small/G3290%201828%20B3%20sheet%206.jpg HTTP/1.1" 200 14235 "http://photolab.elmer.uaf.edu/gallery/maps/mapg3290.html" "Mozilla/4.0 (compatible; MSIE 6.0; Windows NT 5.1)"
65.55.246.96 - - [16/Jan/2006:07:23:16 -0900] "GET /gallery/photos/20020087/3/images/next.gif HTTP/1.0" 200 270 "-" "msnbot/0.9 (+http://search.msn.com/msnbot.htm)"
66.151.181.10 - - [16/Jan/2006:07:23:25 -0900] "GET /gallery/photos/19890166/12/pages/1989-0166-00981a_print.html HTTP/1.1" 200 1960 "http://photolab.elmer.uaf.edu/gallery/photos/19890166/12/index_4.html" "FAST Enterprise Crawler 6 / Scirus scirus-crawler@fast.no; http://www.scirus.com/srsapp/contactus/"
68.142.251.149 - - [16/Jan/2006:07:24:13 -0900] "GET /robots.txt HTTP/1.0" 200 96 "-" "Mozilla/5.0 (compatible; Yahoo! Slurp; http://help.yahoo.com/help/us/ysearch/slurp)"
66.151.181.10 - - [16/Jan/2006:07:24:13 -0900] "GET /gallery/photos/19890166/12/pages/1989-0166-00982a_print.html HTTP/1.1" 200 1960 "http://photolab.elmer.uaf.edu/gallery/photos/19890166/12/index_4.html" "FAST Enterprise Crawler 6 / Scirus scirus-crawler@fast.no; http://www.scirus.com/srsapp/contactus/"
68.142.251.15 - - [16/Jan/2006:07:24:13 -0900] "GET /gallery/photos/20030040/0/pages/2003-0040-00032.html HTTP/1.0" 200 1758 "-" "Mozilla/5.0 (compatible; Yahoo! Slurp; http://help.yahoo.com/help/us/ysearch/slurp)"
65.55.246.96 - - [16/Jan/2006:07:26:27 -0900] "GET /gallery/photos/20020087/3/images/2002-0087-00302.jpg HTTP/1.0" 200 54291 "-" "msnbot/0.9 (+http://search.msn.com/msnbot.htm)"
65.55.246.96 - - [16/Jan/2006:07:26:36 -0900] "GET /gallery/photos/19690092/4/images/home.gif HTTP/1.0" 200 268 "-" "msnbot/0.9 (+http://search.msn.com/msnbot.htm)"
65.55.246.96 - - [16/Jan/2006:07:28:41 -0900] "GET /gallery/photos/19950244/04/images/1995-0244-00401.jpg HTTP/1.0" 200 39713 "-" "msnbot/0.9 (+http://search.msn.com/msnbot.htm)"
65.214.44.197 - - [16/Jan/2006:07:28:45 -0900] "GET /robots.txt HTTP/1.0" 200 96 "-" "Mozilla/2.0 (compatible; Ask Jeeves/Teoma; +http://sp.ask.com/docs/about/tech_crawling.html)"
65.55.246.96 - - [16/Jan/2006:07:28:48 -0900] "GET /gallery/photos/19950244/04/images/previous.gif HTTP/1.0" 200 271 "-" "msnbot/0.9 (+http://search.msn.com/msnbot.htm)"
65.55.246.96 - - [16/Jan/2006:07:28:50 -0900] "GET /gallery/photos/19900080/0/images/next.gif HTTP/1.0" 200 270 "-" "msnbot/0.9 (+http://search.msn.com/msnbot.htm)"
65.55.246.96 - - [16/Jan/2006:07:28:51 -0900] "GET /gallery/photos/19700058/thumbnails/1970-0058-00311.jpg HTTP/1.0" 404 350 "-" "msnbot/0.9 (+http://search.msn.com/msnbot.htm)"
65.55.246.96 - - [16/Jan/2006:07:28:54 -0900] "GET /gallery/photos/19680069/thumbnails/1968-0069-02705.jpg HTTP/1.0" 404 350 "-" "msnbot/0.9 (+http://search.msn.com/msnbot.htm)"
65.55.246.96 - - [16/Jan/2006:07:28:56 -0900] "GET /gallery/photos/19690092/4/thumbnails/1969-0092-00415.jpg HTTP/1.0" 200 5376 "-" "msnbot/0.9 (+http://search.msn.com/msnbot.htm)"
65.55.246.96 - - [16/Jan/2006:07:29:00 -0900] "GET /gallery/photos/19690092/4/thumbnails/1969-0092-00422.jpg HTTP/1.0" 200 9499 "-" "msnbot/0.9 (+http://search.msn.com/msnbot.htm)"
82.83.74.47 - - [16/Jan/2006:07:29:30 -0900] "GET /store/transportation.html HTTP/1.1" 301 359 "http://images.google.de/imgres?imgurl=http://photolab.elmer.uaf.edu/store/photos/largejpegs/(123)2002-0134-00056.jpg&imgrefurl=http://photolab.elmer.uaf.edu/store/transportation.html&h=788&w=1000&sz=173&tbnid=9C0ugK_bUPAmhM:&tbnh=117&tbnw=149&hl=de&start=3&prev=/images%3Fq%3DWhaling%2Bin%2Balaska%26svnum%3D10%26hl%3Dde%26lr%3Dlang_de%26sa%3DN" "Mozilla/5.0 (Windows; U; Windows NT 5.1; de-DE; rv:1.7.12) Gecko/20050919 Firefox/1.0.7"
66.151.181.10 - - [16/Jan/2006:07:29:35 -0900] "GET /gallery/photos/19890166/12/pages/1989-0166-00983a_print.html HTTP/1.1" 200 1960 "http://photolab.elmer.uaf.edu/gallery/photos/19890166/12/index_4.html" "FAST Enterprise Crawler 6 / Scirus scirus-crawler@fast.no; http://www.scirus.com/srsapp/contactus/"
65.214.44.197 - - [16/Jan/2006:07:29:38 -0900] "GET /store/panoramas.html HTTP/1.0" 301 354 "-" "Mozilla/2.0 (compatible; Ask Jeeves/Teoma; +http://sp.ask.com/docs/about/tech_crawling.html)"
66.151.181.10 - - [16/Jan/2006:07:30:42 -0900] "GET /gallery/photos/19890166/12/pages/1989-0166-00984a_print.html HTTP/1.1" 200 1960 "http://photolab.elmer.uaf.edu/gallery/photos/19890166/12/index_4.html" "FAST Enterprise Crawler 6 / Scirus scirus-crawler@fast.no; http://www.scirus.com/srsapp/contactus/"
65.55.246.96 - - [16/Jan/2006:07:31:46 -0900] "GET /gallery/photos/19940070/0/thumbnails/1994-0070-00022.jpg HTTP/1.0" 200 7098 "-" "msnbot/0.9 (+http://search.msn.com/msnbot.htm)"
66.151.181.10 - - [16/Jan/2006:07:31:51 -0900] "GET /gallery/photos/19890166/12/pages/1989-0166-00985a_print.html HTTP/1.1" 200 1960 "http://photolab.elmer.uaf.edu/gallery/photos/19890166/12/index_4.html" "FAST Enterprise Crawler 6 / Scirus scirus-crawler@fast.no; http://www.scirus.com/srsapp/contactus/"
65.55.246.96 - - [16/Jan/2006:07:31:51 -0900] "GET /gallery/photos/19940070/0/images/next.gif HTTP/1.0" 200 270 "-" "msnbot/0.9 (+http://search.msn.com/msnbot.htm)"
65.55.246.96 - - [16/Jan/2006:07:31:56 -0900] "GET /gallery/photos/19940070/0/thumbnails/1994-0070-00018.jpg HTTP/1.0" 200 8541 "-" "msnbot/0.9 (+http://search.msn.com/msnbot.htm)"
65.55.246.96 - - [16/Jan/2006:07:31:59 -0900] "GET /gallery/photos/19940070/0/thumbnails/1994-0070-00016.jpg HTTP/1.0" 200 6551 "-" "msnbot/0.9 (+http://search.msn.com/msnbot.htm)"
65.55.246.96 - - [16/Jan/2006:07:32:01 -0900] "GET /gallery/photos/19940070/0/thumbnails/1994-0070-00015.jpg HTTP/1.0" 200 6487 "-" "msnbot/0.9 (+http://search.msn.com/msnbot.htm)"
65.55.246.96 - - [16/Jan/2006:07:32:06 -0900] "GET /gallery/photos/19690092/4/thumbnails/1969-0092-00421.jpg HTTP/1.0" 200 9150 "-" "msnbot/0.9 (+http://search.msn.com/msnbot.htm)"
66.151.181.10 - - [16/Jan/2006:07:32:58 -0900] "GET /gallery/photos/19890166/12/pages/1989-0166-00986a_print.html HTTP/1.1" 200 1960 "http://photolab.elmer.uaf.edu/gallery/photos/19890166/12/index_4.html" "FAST Enterprise Crawler 6 / Scirus scirus-crawler@fast.no; http://www.scirus.com/srsapp/contactus/"
66.151.181.10 - - [16/Jan/2006:07:34:05 -0900] "GET /gallery/photos/19890166/12/pages/1989-0166-00987a_print.html HTTP/1.1" 200 1960 "http://photolab.elmer.uaf.edu/gallery/photos/19890166/12/index_4.html" "FAST Enterprise Crawler 6 / Scirus scirus-crawler@fast.no; http://www.scirus.com/srsapp/contactus/"
65.55.246.96 - - [16/Jan/2006:07:35:03 -0900] "GET /gallery/photos/19940070/0/images/previous.gif HTTP/1.0" 200 271 "-" "msnbot/0.9 (+http://search.msn.com/msnbot.htm)"
65.55.246.96 - - [16/Jan/2006:07:35:12 -0900] "GET /gallery/photos/19940070/0/images/1994-0070-00009.jpg HTTP/1.0" 200 66379 "-" "msnbot/0.9 (+http://search.msn.com/msnbot.htm)"
66.151.181.10 - - [16/Jan/2006:07:35:13 -0900] "GET /gallery/photos/19890166/12/pages/1989-0166-00988a_print.html HTTP/1.1" 200 1960 "http://photolab.elmer.uaf.edu/gallery/photos/19890166/12/index_4.html" "FAST Enterprise Crawler 6 / Scirus scirus-crawler@fast.no; http://www.scirus.com/srsapp/contactus/"
65.55.246.96 - - [16/Jan/2006:07:35:25 -0900] "GET /gallery/photos/19700011/images/next.gif HTTP/1.0" 200 270 "-" "msnbot/0.9 (+http://search.msn.com/msnbot.htm)"
66.151.181.10 - - [16/Jan/2006:07:36:21 -0900] "GET /gallery/photos/19890166/12/pages/1989-0166-00989a_print.html HTTP/1.1" 200 1960 "http://photolab.elmer.uaf.edu/gallery/photos/19890166/12/index_4.html" "FAST Enterprise Crawler 6 / Scirus scirus-crawler@fast.no; http://www.scirus.com/srsapp/contactus/"
66.151.181.10 - - [16/Jan/2006:07:37:28 -0900] "GET /gallery/photos/19890166/12/pages/1989-0166-00990a_print.html HTTP/1.1" 200 1960 "http://photolab.elmer.uaf.edu/gallery/photos/19890166/12/index_4.html" "FAST Enterprise Crawler 6 / Scirus scirus-crawler@fast.no; http://www.scirus.com/srsapp/contactus/"
65.55.246.96 - - [16/Jan/2006:07:38:20 -0900] "GET /gallery/photos/19700011/images/previous.gif HTTP/1.0" 200 271 "-" "msnbot/0.9 (+http://search.msn.com/msnbot.htm)"
66.151.181.10 - - [16/Jan/2006:07:38:36 -0900] "GET /gallery/photos/19890166/12/pages/1989-0166-00991a_print.html HTTP/1.1" 200 1960 "http://photolab.elmer.uaf.edu/gallery/photos/19890166/12/index_4.html" "FAST Enterprise Crawler 6 / Scirus scirus-crawler@fast.no; http://www.scirus.com/srsapp/contactus/"
66.151.181.10 - - [16/Jan/2006:07:39:43 -0900] "GET /gallery/photos/19890166/12/pages/1989-0166-00992a_print.html HTTP/1.1" 200 1960 "http://photolab.elmer.uaf.edu/gallery/photos/19890166/12/index_4.html" "FAST Enterprise Crawler 6 / Scirus scirus-crawler@fast.no; http://www.scirus.com/srsapp/contactus/"
66.151.181.10 - - [16/Jan/2006:07:40:51 -0900] "GET /gallery/photos/19890166/12/pages/1989-0166-00993a_print.html HTTP/1.1" 200 1960 "http://photolab.elmer.uaf.edu/gallery/photos/19890166/12/index_4.html" "FAST Enterprise Crawler 6 / Scirus scirus-crawler@fast.no; http://www.scirus.com/srsapp/contactus/"
66.151.181.10 - - [16/Jan/2006:07:41:58 -0900] "GET /gallery/photos/19890166/13/index_5.html HTTP/1.1" 200 9353 "http://photolab.elmer.uaf.edu/gallery/photos/19890166/13/index_4.html" "FAST Enterprise Crawler 6 / Scirus scirus-crawler@fast.no; http://www.scirus.com/srsapp/contactus/"
66.151.181.10 - - [16/Jan/2006:07:43:06 -0900] "GET /gallery/photos/19890166/13/pages/1989-0166-01104_postcard.html HTTP/1.1" 200 1976 "http://photolab.elmer.uaf.edu/gallery/photos/19890166/13/index_4.html" "FAST Enterprise Crawler 6 / Scirus scirus-crawler@fast.no; http://www.scirus.com/srsapp/contactus/"
66.151.181.10 - - [16/Jan/2006:07:44:13 -0900] "GET /gallery/photos/19890166/13/pages/1989-0166-01105_postcard.html HTTP/1.1" 200 1976 "http://photolab.elmer.uaf.edu/gallery/photos/19890166/13/index_4.html" "FAST Enterprise Crawler 6 / Scirus scirus-crawler@fast.no; http://www.scirus.com/srsapp/contactus/"
68.142.251.151 - - [16/Jan/2006:07:44:53 -0900] "GET /store HTTP/1.0" 301 339 "-" "Mozilla/5.0 (compatible; Yahoo! Slurp; http://help.yahoo.com/help/us/ysearch/slurp)"
66.151.181.10 - - [16/Jan/2006:07:45:21 -0900] "GET /gallery/photos/19890166/13/pages/1989-0166-01106_postcard.html HTTP/1.1" 200 1976 "http://photolab.elmer.uaf.edu/gallery/photos/19890166/13/index_4.html" "FAST Enterprise Crawler 6 / Scirus scirus-crawler@fast.no; http://www.scirus.com/srsapp/contactus/"
66.151.181.10 - - [16/Jan/2006:07:46:29 -0900] "GET /gallery/photos/19890166/13/pages/1989-0166-01107_postcard.html HTTP/1.1" 200 1976 "http://photolab.elmer.uaf.edu/gallery/photos/19890166/13/index_4.html" "FAST Enterprise Crawler 6 / Scirus scirus-crawler@fast.no; http://www.scirus.com/srsapp/contactus/"
66.151.181.10 - - [16/Jan/2006:07:47:39 -0900] "GET /gallery/photos/19890166/13/pages/1989-0166-01108_postcard.html HTTP/1.1" 200 1976 "http://photolab.elmer.uaf.edu/gallery/photos/19890166/13/index_4.html" "FAST Enterprise Crawler 6 / Scirus scirus-crawler@fast.no; http://www.scirus.com/srsapp/contactus/"
207.200.116.65 - - [16/Jan/2006:07:47:45 -0900] "HEAD /gallery/maps/mapg3200.html HTTP/1.0" 200 - "-" "-"
207.200.116.65 - - [16/Jan/2006:07:47:46 -0900] "HEAD /gallery/maps/mapg3200.html HTTP/1.1" 200 - "-" "-"
66.151.181.10 - - [16/Jan/2006:07:48:44 -0900] "GET /gallery/photos/19890166/13/pages/1989-0166-01109_postcard.html HTTP/1.1" 200 1976 "http://photolab.elmer.uaf.edu/gallery/photos/19890166/13/index_4.html" "FAST Enterprise Crawler 6 / Scirus scirus-crawler@fast.no; http://www.scirus.com/srsapp/contactus/"
66.151.181.10 - - [16/Jan/2006:07:49:51 -0900] "GET /gallery/photos/19890166/13/pages/1989-0166-01110_postcard.html HTTP/1.1" 200 1976 "http://photolab.elmer.uaf.edu/gallery/photos/19890166/13/index_4.html" "FAST Enterprise Crawler 6 / Scirus scirus-crawler@fast.no; http://www.scirus.com/srsapp/contactus/"
66.151.181.10 - - [16/Jan/2006:07:50:59 -0900] "GET /gallery/photos/19890166/13/pages/1989-0166-01111_postcard.html HTTP/1.1" 200 1976 "http://photolab.elmer.uaf.edu/gallery/photos/19890166/13/index_4.html" "FAST Enterprise Crawler 6 / Scirus scirus-crawler@fast.no; http://www.scirus.com/srsapp/contactus/"
66.151.181.10 - - [16/Jan/2006:07:52:06 -0900] "GET /gallery/photos/19890166/13/pages/1989-0166-01112_postcard.html HTTP/1.1" 200 1976 "http://photolab.elmer.uaf.edu/gallery/photos/19890166/13/index_4.html" "FAST Enterprise Crawler 6 / Scirus scirus-crawler@fast.no; http://www.scirus.com/srsapp/contactus/"
69.161.164.248 - - [16/Jan/2006:07:52:07 -0900] "GET /store/allphotos2.html HTTP/1.1" 301 355 "http://images.google.com/imgres?imgurl=http://photolab.elmer.uaf.edu/store/photos/largejpegs/(062)1973-0050-00013.jpg&imgrefurl=http://photolab.elmer.uaf.edu/store/allphotos2.html&h=1000&w=792&sz=185&tbnid=It7kr_IFOaYO0M:&tbnh=149&tbnw=118&hl=en&start=33&prev=/images%3Fq%3Dgold%2Bminers%26start%3D20%26imgsz%3Dxxlarge%26svnum%3D10%26hl%3Den%26lr%3D%26safe%3Doff%26client%3Dfirefox-a%26rls%3Dorg.mozilla:en-US:official%26sa%3DN" "Mozilla/5.0 (Windows; U; Windows NT 5.1; en-US; rv:1.8) Gecko/20051111 Firefox/1.5"
69.161.164.248 - - [16/Jan/2006:07:52:10 -0900] "GET /store/photos/largejpegs/(062)1973-0050-00013.jpg HTTP/1.1" 301 382 "http://images.google.com/imgres?imgurl=http://photolab.elmer.uaf.edu/store/photos/largejpegs/(062)1973-0050-00013.jpg&imgrefurl=http://photolab.elmer.uaf.edu/store/allphotos2.html&h=1000&w=792&sz=185&tbnid=It7kr_IFOaYO0M:&tbnh=149&tbnw=118&hl=en&prev=/images%3Fq%3Dgold%2Bminers%26start%3D20%26imgsz%3Dxxlarge%26svnum%3D10%26hl%3Den%26lr%3D%26safe%3Doff%26client%3Dfirefox-a%26rls%3Dorg.mozilla:en-US:official%26sa%3DN&frame=small" "Mozilla/5.0 (Windows; U; Windows NT 5.1; en-US; rv:1.8) Gecko/20051111 Firefox/1.5"
66.151.181.10 - - [16/Jan/2006:07:53:14 -0900] "GET /gallery/photos/19890166/13/pages/1989-0166-01113_postcard.html HTTP/1.1" 200 1976 "http://photolab.elmer.uaf.edu/gallery/photos/19890166/13/index_4.html" "FAST Enterprise Crawler 6 / Scirus scirus-crawler@fast.no; http://www.scirus.com/srsapp/contactus/"
62.34.162.123 - - [16/Jan/2006:07:53:54 -0900] "GET /gallery/maps/mapg3200.html HTTP/1.1" 200 17235 "-" "Mozilla/4.0 (compatible; MSIE 6.0; Windows NT 5.1; .NET CLR 1.1.4322)"
62.34.162.123 - - [16/Jan/2006:07:53:55 -0900] "GET /index_files/empty.gif HTTP/1.1" 200 45 "-" "Mozilla/4.0 (compatible; MSIE 6.0; Windows NT 5.1; .NET CLR 1.1.4322)"
62.34.162.123 - - [16/Jan/2006:07:53:54 -0900] "GET /index_files/title.jpg HTTP/1.1" 200 5438 "-" "Mozilla/4.0 (compatible; MSIE 6.0; Windows NT 5.1; .NET CLR 1.1.4322)"
62.34.162.123 - - [16/Jan/2006:07:53:54 -0900] "GET /index_files/apr.jpg HTTP/1.1" 200 6015 "-" "Mozilla/4.0 (compatible; MSIE 6.0; Windows NT 5.1; .NET CLR 1.1.4322)"
62.34.162.123 - - [16/Jan/2006:07:53:55 -0900] "GET /index_files/small.dps.jpg HTTP/1.1" 200 5830 "-" "Mozilla/4.0 (compatible; MSIE 6.0; Windows NT 5.1; .NET CLR 1.1.4322)"
62.34.162.123 - - [16/Jan/2006:07:53:55 -0900] "GET /index_files/lib.css HTTP/1.1" 200 2634 "-" "Mozilla/4.0 (compatible; MSIE 6.0; Windows NT 5.1; .NET CLR 1.1.4322)"
62.34.162.123 - - [16/Jan/2006:07:53:55 -0900] "GET /index_files/small.jpg HTTP/1.1" 200 2294 "-" "Mozilla/4.0 (compatible; MSIE 6.0; Windows NT 5.1; .NET CLR 1.1.4322)"
62.34.162.123 - - [16/Jan/2006:07:53:55 -0900] "GET /index_files/small_002.jpg HTTP/1.1" 200 1351 "-" "Mozilla/4.0 (compatible; MSIE 6.0; Windows NT 5.1; .NET CLR 1.1.4322)"
62.34.162.123 - - [16/Jan/2006:07:53:55 -0900] "GET /index_files/small_003.jpg HTTP/1.1" 200 1521 "-" "Mozilla/4.0 (compatible; MSIE 6.0; Windows NT 5.1; .NET CLR 1.1.4322)"
62.34.162.123 - - [16/Jan/2006:07:53:56 -0900] "GET /gallery/maps/G3200/small/G3200%20%5B1562_%5D%20V34.jpg HTTP/1.1" 200 15334 "-" "Mozilla/4.0 (compatible; MSIE 6.0; Windows NT 5.1; .NET CLR 1.1.4322)"
62.34.162.123 - - [16/Jan/2006:07:53:56 -0900] "GET /gallery/maps/G3200/small/G3200%20%5B1652_%5D%20V571.jpg HTTP/1.1" 200 16733 "-" "Mozilla/4.0 (compatible; MSIE 6.0; Windows NT 5.1; .NET CLR 1.1.4322)"
62.34.162.123 - - [16/Jan/2006:07:53:56 -0900] "GET /gallery/maps/G3200/small/G3200%20%5B1670%5D.jpg HTTP/1.1" 200 17392 "-" "Mozilla/4.0 (compatible; MSIE 6.0; Windows NT 5.1; .NET CLR 1.1.4322)"
62.34.162.123 - - [16/Jan/2006:07:53:56 -0900] "GET /gallery/maps/G3200/small/G3200%20%5B1700%5D.jpg HTTP/1.1" 200 18077 "-" "Mozilla/4.0 (compatible; MSIE 6.0; Windows NT 5.1; .NET CLR 1.1.4322)"
62.34.162.123 - - [16/Jan/2006:07:53:56 -0900] "GET /gallery/maps/G3200/small/G3200%201752%20R62.jpg HTTP/1.1" 200 14597 "-" "Mozilla/4.0 (compatible; MSIE 6.0; Windows NT 5.1; .NET CLR 1.1.4322)"
62.34.162.123 - - [16/Jan/2006:07:53:57 -0900] "GET /gallery/maps/G3200/small/G3200%201755%20B43.jpg HTTP/1.1" 200 14396 "-" "Mozilla/4.0 (compatible; MSIE 6.0; Windows NT 5.1; .NET CLR 1.1.4322)"
62.34.162.123 - - [16/Jan/2006:07:53:57 -0900] "GET /gallery/maps/G3200/small/G3200%201783%20B68.jpg HTTP/1.1" 200 15727 "-" "Mozilla/4.0 (compatible; MSIE 6.0; Windows NT 5.1; .NET CLR 1.1.4322)"
62.34.162.123 - - [16/Jan/2006:07:53:57 -0900] "GET /gallery/maps/G3200/small/G3200%20%5B1774%5D%20S29.jpg HTTP/1.1" 200 14083 "-" "Mozilla/4.0 (compatible; MSIE 6.0; Windows NT 5.1; .NET CLR 1.1.4322)"
62.34.162.123 - - [16/Jan/2006:07:53:58 -0900] "GET /gallery/maps/G3200/small/G3200%20%5B1788%5D.jpg HTTP/1.1" 200 13885 "-" "Mozilla/4.0 (compatible; MSIE 6.0; Windows NT 5.1; .NET CLR 1.1.4322)"
62.34.162.123 - - [16/Jan/2006:07:53:58 -0900] "GET /gallery/maps/G3200/small/G3200%20%5B1798%5D%20R622.jpg HTTP/1.1" 200 13822 "-" "Mozilla/4.0 (compatible; MSIE 6.0; Windows NT 5.1; .NET CLR 1.1.4322)"
62.34.162.123 - - [16/Jan/2006:07:53:58 -0900] "GET /gallery/maps/G3200/large/G3200%201783%20B68.jpg HTTP/1.1" 200 243280 "-" "Mozilla/4.0 (compatible; MSIE 6.0; Windows NT 5.1; .NET CLR 1.1.4322)"
66.151.181.10 - - [16/Jan/2006:07:54:22 -0900] "GET /gallery/photos/19890166/13/pages/1989-0166-01114_postcard.html HTTP/1.1" 200 1976 "http://photolab.elmer.uaf.edu/gallery/photos/19890166/13/index_4.html" "FAST Enterprise Crawler 6 / Scirus scirus-crawler@fast.no; http://www.scirus.com/srsapp/contactus/"
62.34.162.123 - - [16/Jan/2006:07:54:34 -0900] "GET /gallery/maps/G3200/small/G3200%20%5B1774%5D%20S29.jpg HTTP/1.1" 206 5891 "-" "Mozilla/4.0 (compatible; MSIE 6.0; Windows NT 5.1; .NET CLR 1.1.4322)"
62.34.162.123 - - [16/Jan/2006:07:54:34 -0900] "GET /gallery/maps/G3200/small/G3200%201783%20B68.jpg HTTP/1.1" 200 15727 "-" "Mozilla/4.0 (compatible; MSIE 6.0; Windows NT 5.1; .NET CLR 1.1.4322)"
62.34.162.123 - - [16/Jan/2006:07:54:34 -0900] "GET /gallery/maps/G3200/small/G3200%20%5B1814%5D.jpg HTTP/1.1" 200 15377 "-" "Mozilla/4.0 (compatible; MSIE 6.0; Windows NT 5.1; .NET CLR 1.1.4322)"
62.34.162.123 - - [16/Jan/2006:07:54:34 -0900] "GET /gallery/maps/G3200/small/G3200%20%5B1788%5D.jpg HTTP/1.1" 200 13885 "-" "Mozilla/4.0 (compatible; MSIE 6.0; Windows NT 5.1; .NET CLR 1.1.4322)"
62.34.162.123 - - [16/Jan/2006:07:54:34 -0900] "GET /index_files/bar.gif HTTP/1.1" 200 342 "-" "Mozilla/4.0 (compatible; MSIE 6.0; Windows NT 5.1; .NET CLR 1.1.4322)"
66.151.181.10 - - [16/Jan/2006:07:55:29 -0900] "GET /gallery/photos/19890166/13/pages/1989-0166-01115_postcard.html HTTP/1.1" 200 1976 "http://photolab.elmer.uaf.edu/gallery/photos/19890166/13/index_4.html" "FAST Enterprise Crawler 6 / Scirus scirus-crawler@fast.no; http://www.scirus.com/srsapp/contactus/"
66.151.181.10 - - [16/Jan/2006:07:56:37 -0900] "GET /gallery/photos/19890166/13/pages/1989-0166-01116_postcard.html HTTP/1.1" 200 1976 "http://photolab.elmer.uaf.edu/gallery/photos/19890166/13/index_4.html" "FAST Enterprise Crawler 6 / Scirus scirus-crawler@fast.no; http://www.scirus.com/srsapp/contactus/"
209.128.11.130 - - [16/Jan/2006:07:56:39 -0900] "GET /store/alaskanatives.html HTTP/1.1" 301 358 "http://images.google.ca/imgres?imgurl=http://photolab.elmer.uaf.edu/store/photos/smalljpegs/(004)1958-1026-01477.jpg&imgrefurl=http://photolab.elmer.uaf.edu/store/alaskanatives.html&h=156&w=200&sz=31&tbnid=QBgv1h4UEBRizM:&tbnh=77&tbnw=99&hl=en&start=4&prev=/images%3Fq%3Deskimo%2Btransportation%26svnum%3D10%26hl%3Den%26lr%3D%26ie%3DUTF-8" "Mozilla/4.0 (compatible; MSIE 5.01; Windows NT 5.0)"
209.128.11.130 - - [16/Jan/2006:07:56:40 -0900] "GET /store/photos/smalljpegs/(004)1958-1026-01477.jpg HTTP/1.1" 301 382 "http://images.google.ca/imgres?imgurl=http://photolab.elmer.uaf.edu/store/photos/smalljpegs/(004)1958-1026-01477.jpg&imgrefurl=http://photolab.elmer.uaf.edu/store/alaskanatives.html&h=156&w=200&sz=31&tbnid=QBgv1h4UEBRizM:&tbnh=77&tbnw=99&hl=en&prev=/images%3Fq%3Deskimo%2Btransportation%26svnum%3D10%26hl%3Den%26lr%3D%26ie%3DUTF-8&frame=small" "Mozilla/4.0 (compatible; MSIE 5.01; Windows NT 5.0)"
209.128.11.130 - - [16/Jan/2006:07:56:50 -0900] "GET /store/alaskanatives.html HTTP/1.1" 301 358 "http://images.google.ca/imgres?imgurl=http://photolab.elmer.uaf.edu/store/photos/largejpegs/(004)1958-1026-01477.jpg&imgrefurl=http://photolab.elmer.uaf.edu/store/alaskanatives.html&h=780&w=1000&sz=142&tbnid=uQQAQpbrVT55kM:&tbnh=116&tbnw=149&hl=en&start=3&prev=/images%3Fq%3Deskimo%2Btransportation%26svnum%3D10%26hl%3Den%26lr%3D%26ie%3DUTF-8" "Mozilla/4.0 (compatible; MSIE 5.01; Windows NT 5.0)"
209.128.11.130 - - [16/Jan/2006:07:56:52 -0900] "GET /store/photos/largejpegs/(004)1958-1026-01477.jpg HTTP/1.1" 301 382 "http://images.google.ca/imgres?imgurl=http://photolab.elmer.uaf.edu/store/photos/largejpegs/(004)1958-1026-01477.jpg&imgrefurl=http://photolab.elmer.uaf.edu/store/alaskanatives.html&h=780&w=1000&sz=142&tbnid=uQQAQpbrVT55kM:&tbnh=116&tbnw=149&hl=en&prev=/images%3Fq%3Deskimo%2Btransportation%26svnum%3D10%26hl%3Den%26lr%3D%26ie%3DUTF-8&frame=small" "Mozilla/4.0 (compatible; MSIE 5.01; Windows NT 5.0)"
66.151.181.10 - - [16/Jan/2006:07:57:45 -0900] "GET /gallery/photos/19890166/13/pages/1989-0166-01117_postcard.html HTTP/1.1" 200 1976 "http://photolab.elmer.uaf.edu/gallery/photos/19890166/13/index_4.html" "FAST Enterprise Crawler 6 / Scirus scirus-crawler@fast.no; http://www.scirus.com/srsapp/contactus/"
68.101.199.220 - - [16/Jan/2006:07:57:53 -0900] "GET /index_files/lib.css HTTP/1.1" 200 2634 "http://photolab.elmer.uaf.edu/gallery/maps/mapg3200.html" "Mozilla/4.0 (compatible; MSIE 6.0; Windows NT 5.1; SV1)"
68.101.199.220 - - [16/Jan/2006:07:57:53 -0900] "GET /gallery/maps/mapg3200.html HTTP/1.1" 200 17235 "http://images.google.com/imgres?imgurl=http://photolab.elmer.uaf.edu/gallery/maps/G3200/large/G3200%2520%255B1824%255D%2520W95.jpg&imgrefurl=http://photolab.elmer.uaf.edu/gallery/maps/mapg3200.html&h=884&w=1200&sz=183&tbnid=Y7ENmtXH-E5AoM:&tbnh=110&tbnw=150&hl=en&start=20&prev=/images%3Fq%3Dworld%2Bmercator%2527s%2Bprojection%26svnum%3D10%26hl%3Den%26lr%3D%26sa%3DN" "Mozilla/4.0 (compatible; MSIE 6.0; Windows NT 5.1; SV1)"
68.101.199.220 - - [16/Jan/2006:07:57:53 -0900] "GET /index_files/title.jpg HTTP/1.1" 200 5438 "http://photolab.elmer.uaf.edu/gallery/maps/mapg3200.html" "Mozilla/4.0 (compatible; MSIE 6.0; Windows NT 5.1; SV1)"
68.101.199.220 - - [16/Jan/2006:07:57:53 -0900] "GET /index_files/empty.gif HTTP/1.1" 200 45 "http://photolab.elmer.uaf.edu/gallery/maps/mapg3200.html" "Mozilla/4.0 (compatible; MSIE 6.0; Windows NT 5.1; SV1)"
68.101.199.220 - - [16/Jan/2006:07:57:55 -0900] "GET /index_files/small.dps.jpg HTTP/1.1" 200 5830 "http://photolab.elmer.uaf.edu/gallery/maps/mapg3200.html" "Mozilla/4.0 (compatible; MSIE 6.0; Windows NT 5.1; SV1)"
68.101.199.220 - - [16/Jan/2006:07:57:53 -0900] "GET /index_files/apr.jpg HTTP/1.1" 200 6015 "http://photolab.elmer.uaf.edu/gallery/maps/mapg3200.html" "Mozilla/4.0 (compatible; MSIE 6.0; Windows NT 5.1; SV1)"
68.101.199.220 - - [16/Jan/2006:07:57:55 -0900] "GET /index_files/small.jpg HTTP/1.1" 200 2294 "http://photolab.elmer.uaf.edu/gallery/maps/mapg3200.html" "Mozilla/4.0 (compatible; MSIE 6.0; Windows NT 5.1; SV1)"
68.101.199.220 - - [16/Jan/2006:07:57:55 -0900] "GET /gallery/maps/G3200/large/G3200%20%5B1824%5D%20W95.jpg HTTP/1.1" 200 186507 "http://images.google.com/imgres?imgurl=http://photolab.elmer.uaf.edu/gallery/maps/G3200/large/G3200%2520%255B1824%255D%2520W95.jpg&imgrefurl=http://photolab.elmer.uaf.edu/gallery/maps/mapg3200.html&h=884&w=1200&sz=183&tbnid=Y7ENmtXH-E5AoM:&tbnh=110&tbnw=150&hl=en&prev=/images%3Fq%3Dworld%2Bmercator%2527s%2Bprojection%26svnum%3D10%26hl%3Den%26lr%3D%26sa%3DN&frame=small" "Mozilla/4.0 (compatible; MSIE 6.0; Windows NT 5.1; SV1)"
68.101.199.220 - - [16/Jan/2006:07:58:06 -0900] "GET /index_files/apr.jpg HTTP/1.1" 206 4851 "http://photolab.elmer.uaf.edu/gallery/maps/mapg3200.html" "Mozilla/4.0 (compatible; MSIE 6.0; Windows NT 5.1; SV1)"
68.101.199.220 - - [16/Jan/2006:07:58:06 -0900] "GET /index_files/small_003.jpg HTTP/1.1" 200 1521 "http://photolab.elmer.uaf.edu/gallery/maps/mapg3200.html" "Mozilla/4.0 (compatible; MSIE 6.0; Windows NT 5.1; SV1)"
68.101.199.220 - - [16/Jan/2006:07:58:06 -0900] "GET /index_files/small_002.jpg HTTP/1.1" 200 1351 "http://photolab.elmer.uaf.edu/gallery/maps/mapg3200.html" "Mozilla/4.0 (compatible; MSIE 6.0; Windows NT 5.1; SV1)"
68.101.199.220 - - [16/Jan/2006:07:58:06 -0900] "GET /index_files/small.jpg HTTP/1.1" 200 2294 "http://photolab.elmer.uaf.edu/gallery/maps/mapg3200.html" "Mozilla/4.0 (compatible; MSIE 6.0; Windows NT 5.1; SV1)"
68.101.199.220 - - [16/Jan/2006:07:58:06 -0900] "GET /index_files/bar.gif HTTP/1.1" 200 342 "http://photolab.elmer.uaf.edu/gallery/maps/mapg3200.html" "Mozilla/4.0 (compatible; MSIE 6.0; Windows NT 5.1; SV1)"
