65.190.59.129 - - [16/Jan/2006:09:00:00 -0900] "GET /store/photos/largejpegs/(044)1958-1026-02211.jpg HTTP/1.1" 301 382 "-" "Mozilla/4.0 (compatible; MSIE 6.0; Windows NT 5.1; SV1; .NET CLR 1.1.4322)"
81.67.217.219 - - [16/Jan/2006:08:59:55 -0900] "GET /gallery/maps/G3200/large/G3270%20%5B1693%5D%20M665.jpg HTTP/1.1" 200 181976 "http://photolab.elmer.uaf.edu/gallery/maps/mapg3270a.html" "Mozilla/4.0 (compatible; MSIE 6.0; Windows NT 5.1; SV1; .NET CLR 1.1.4322)"
65.190.59.129 - - [16/Jan/2006:09:00:04 -0900] "GET /store/allphotos2.html HTTP/1.1" 301 355 "-" "Mozilla/4.0 (compatible; MSIE 6.0; Windows NT 5.1; SV1; .NET CLR 1.1.4322)"
66.151.181.10 - - [16/Jan/2006:09:00:50 -0900] "GET /gallery/photos/19890199/2/pages/1989-0199-00243.html HTTP/1.1" 200 1756 "http://photolab.elmer.uaf.edu/gallery/photos/19890199/2/index_4.html" "FAST Enterprise Crawler 6 / Scirus scirus-crawler@fast.no; http://www.scirus.com/srsapp/contactus/"
66.151.181.10 - - [16/Jan/2006:09:01:58 -0900] "GET /gallery/photos/19890199/2/pages/1989-0199-00244.html HTTP/1.1" 200 1756 "http://photolab.elmer.uaf.edu/gallery/photos/19890199/2/index_4.html" "FAST Enterprise Crawler 6 / Scirus scirus-crawler@fast.no; http://www.scirus.com/srsapp/contactus/"
66.151.181.10 - - [16/Jan/2006:09:03:05 -0900] "GET /gallery/photos/19890199/2/pages/1989-0199-00245.html HTTP/1.1" 200 1756 "http://photolab.elmer.uaf.edu/gallery/photos/19890199/2/index_4.html" "FAST Enterprise Crawler 6 / Scirus scirus-crawler@fast.no; http://www.scirus.com/srsapp/contactus/"
24.172.222.10 - - [16/Jan/2006:09:03:26 -0900] "GET /index_files/aprbrown.jpg HTTP/1.1" 200 5509 "http://www.alaska.net/~johnd/urban/urban-eskimopage1.htm" "Mozilla/4.0 (compatible; MSIE 6.0; Windows NT 5.1; SV1; .NET CLR 1.1.4322; InfoPath.1; .NET CLR 2.0.50727)"
66.151.181.10 - - [16/Jan/2006:09:04:13 -0900] "GET /gallery/photos/19890199/2/pages/1989-0199-00246.html HTTP/1.1" 200 1756 "http://photolab.elmer.uaf.edu/gallery/photos/19890199/2/index_4.html" "FAST Enterprise Crawler 6 / Scirus scirus-crawler@fast.no; http://www.scirus.com/srsapp/contactus/"
66.151.181.10 - - [16/Jan/2006:09:05:20 -0900] "GET /gallery/photos/19890199/2/pages/1989-0199-00247.html HTTP/1.1" 200 1756 "http://photolab.elmer.uaf.edu/gallery/photos/19890199/2/index_4.html" "FAST Enterprise Crawler 6 / Scirus scirus-crawler@fast.no; http://www.scirus.com/srsapp/contactus/"
66.151.181.10 - - [16/Jan/2006:09:06:28 -0900] "GET /gallery/photos/19890207/0/index_5.html HTTP/1.1" 200 7223 "http://photolab.elmer.uaf.edu/gallery/photos/19890207/0/index_4.html" "FAST Enterprise Crawler 6 / Scirus scirus-crawler@fast.no; http://www.scirus.com/srsapp/contactus/"
66.151.181.10 - - [16/Jan/2006:09:07:35 -0900] "GET /gallery/photos/19890207/0/pages/1989-0207-00037.html HTTP/1.1" 200 1878 "http://photolab.elmer.uaf.edu/gallery/photos/19890207/0/index_4.html" "FAST Enterprise Crawler 6 / Scirus scirus-crawler@fast.no; http://www.scirus.com/srsapp/contactus/"
66.151.181.10 - - [16/Jan/2006:09:08:43 -0900] "GET /gallery/photos/19890207/0/pages/1989-0207-00038.html HTTP/1.1" 200 1878 "http://photolab.elmer.uaf.edu/gallery/photos/19890207/0/index_4.html" "FAST Enterprise Crawler 6 / Scirus scirus-crawler@fast.no; http://www.scirus.com/srsapp/contactus/"
66.151.181.10 - - [16/Jan/2006:09:09:51 -0900] "GET /gallery/photos/19890207/0/pages/1989-0207-00039.html HTTP/1.1" 200 1878 "http://photolab.elmer.uaf.edu/gallery/photos/19890207/0/index_4.html" "FAST Enterprise Crawler 6 / Scirus scirus-crawler@fast.no; http://www.scirus.com/srsapp/contactus/"
66.151.181.10 - - [16/Jan/2006:09:10:59 -0900] "GET /gallery/photos/19890207/0/pages/1989-0207-00040.html HTTP/1.1" 200 1878 "http://photolab.elmer.uaf.edu/gallery/photos/19890207/0/index_4.html" "FAST Enterprise Crawler 6 / Scirus scirus-crawler@fast.no; http://www.scirus.com/srsapp/contactus/"
66.151.181.10 - - [16/Jan/2006:09:12:06 -0900] "GET /gallery/photos/19890207/0/pages/1989-0207-00041.html HTTP/1.1" 200 1878 "http://photolab.elmer.uaf.edu/gallery/photos/19890207/0/index_4.html" "FAST Enterprise Crawler 6 / Scirus scirus-crawler@fast.no; http://www.scirus.com/srsapp/contactus/"
66.151.181.10 - - [16/Jan/2006:09:13:14 -0900] "GET /gallery/photos/19890207/0/pages/1989-0207-00042.html HTTP/1.1" 200 1878 "http://photolab.elmer.uaf.edu/gallery/photos/19890207/0/index_4.html" "FAST Enterprise Crawler 6 / Scirus scirus-crawler@fast.no; http://www.scirus.com/srsapp/contactus/"
66.151.181.10 - - [16/Jan/2006:09:14:22 -0900] "GET /gallery/photos/19890207/0/pages/1989-0207-00043.html HTTP/1.1" 200 1878 "http://photolab.elmer.uaf.edu/gallery/photos/19890207/0/index_4.html" "FAST Enterprise Crawler 6 / Scirus scirus-crawler@fast.no; http://www.scirus.com/srsapp/contactus/"
66.151.181.10 - - [16/Jan/2006:09:15:29 -0900] "GET /gallery/photos/19890207/0/pages/1989-0207-00044.html HTTP/1.1" 200 1878 "http://photolab.elmer.uaf.edu/gallery/photos/19890207/0/index_4.html" "FAST Enterprise Crawler 6 / Scirus scirus-crawler@fast.no; http://www.scirus.com/srsapp/contactus/"
66.151.181.10 - - [16/Jan/2006:09:16:37 -0900] "GET /gallery/photos/19890207/0/pages/1989-0207-00045.html HTTP/1.1" 200 1878 "http://photolab.elmer.uaf.edu/gallery/photos/19890207/0/index_4.html" "FAST Enterprise Crawler 6 / Scirus scirus-crawler@fast.no; http://www.scirus.com/srsapp/contactus/"
66.151.181.10 - - [16/Jan/2006:09:17:44 -0900] "GET /gallery/photos/19890207/0/pages/1989-0207-00046.html HTTP/1.1" 200 1878 "http://photolab.elmer.uaf.edu/gallery/photos/19890207/0/index_4.html" "FAST Enterprise Crawler 6 / Scirus scirus-crawler@fast.no; http://www.scirus.com/srsapp/contactus/"
66.151.181.10 - - [16/Jan/2006:09:18:52 -0900] "GET /gallery/photos/19890207/0/pages/1989-0207-00047.html HTTP/1.1" 200 1878 "http://photolab.elmer.uaf.edu/gallery/photos/19890207/0/index_4.html" "FAST Enterprise Crawler 6 / Scirus scirus-crawler@fast.no; http://www.scirus.com/srsapp/contactus/"
66.151.181.10 - - [16/Jan/2006:09:20:00 -0900] "GET /gallery/photos/19890207/0/pages/1989-0207-00048.html HTTP/1.1" 200 1878 "http://photolab.elmer.uaf.edu/gallery/photos/19890207/0/index_4.html" "FAST Enterprise Crawler 6 / Scirus scirus-crawler@fast.no; http://www.scirus.com/srsapp/contactus/"
66.151.181.10 - - [16/Jan/2006:09:21:07 -0900] "GET /gallery/photos/19890228/0/index_5.html HTTP/1.1" 200 7224 "http://photolab.elmer.uaf.edu/gallery/photos/19890228/0/index_4.html" "FAST Enterprise Crawler 6 / Scirus scirus-crawler@fast.no; http://www.scirus.com/srsapp/contactus/"
151.41.6.71 - - [16/Jan/2006:09:21:14 -0900] "GET /gallery/maps/mapg3200.html HTTP/1.1" 200 17235 "http://images.google.it/imgres?imgurl=http://photolab.elmer.uaf.edu/gallery/maps/G3200/large/G3200%25201755%2520B43.jpg&imgrefurl=http://photolab.elmer.uaf.edu/gallery/maps/mapg3200.html&h=812&w=1200&sz=212&tbnid=AqkPyBDAS2xVzM:&tbnh=101&tbnw=150&hl=it&start=150&prev=/images%3Fq%3Dmap%2Bglobe%26start%3D140%26imgsz%3Dxxlarge%26svnum%3D100%26hl%3Dit%26lr%3D%26sa%3DN" "Mozilla/4.0 (compatible; MSIE 6.0; Windows NT 5.1; SV1)"
151.41.6.71 - - [16/Jan/2006:09:21:14 -0900] "GET /index_files/lib.css HTTP/1.1" 200 2634 "http://photolab.elmer.uaf.edu/gallery/maps/mapg3200.html" "Mozilla/4.0 (compatible; MSIE 6.0; Windows NT 5.1; SV1)"
151.41.6.71 - - [16/Jan/2006:09:21:15 -0900] "GET /gallery/maps/G3200/large/G3200%201755%20B43.jpg HTTP/1.1" 200 216395 "http://images.google.it/imgres?imgurl=http://photolab.elmer.uaf.edu/gallery/maps/G3200/large/G3200%25201755%2520B43.jpg&imgrefurl=http://photolab.elmer.uaf.edu/gallery/maps/mapg3200.html&h=812&w=1200&sz=212&tbnid=AqkPyBDAS2xVzM:&tbnh=101&tbnw=150&hl=it&prev=/images%3Fq%3Dmap%2Bglobe%26start%3D140%26imgsz%3Dxxlarge%26svnum%3D100%26hl%3Dit%26lr%3D%26sa%3DN&frame=small" "Mozilla/4.0 (compatible; MSIE 6.0; Windows NT 5.1; SV1)"
151.41.6.71 - - [16/Jan/2006:09:22:03 -0900] "GET /gallery/maps/mapg3200.html HTTP/1.1" 206 10255 "http://images.google.it/imgres?imgurl=http://photolab.elmer.uaf.edu/gallery/maps/G3200/large/G3200%25201755%2520B43.jpg&imgrefurl=http://photolab.elmer.uaf.edu/gallery/maps/mapg3200.html&h=812&w=1200&sz=212&tbnid=AqkPyBDAS2xVzM:&tbnh=101&tbnw=150&hl=it&start=150&prev=/images%3Fq%3Dmap%2Bglobe%26start%3D140%26imgsz%3Dxxlarge%26svnum%3D100%26hl%3Dit%26lr%3D%26sa%3DN" "Mozilla/4.0 (compatible; MSIE 6.0; Windows NT 5.1; SV1)"
151.41.6.71 - - [16/Jan/2006:09:22:03 -0900] "GET /index_files/lib.css HTTP/1.1" 200 2634 "http://photolab.elmer.uaf.edu/gallery/maps/mapg3200.html" "Mozilla/4.0 (compatible; MSIE 6.0; Windows NT 5.1; SV1)"
151.41.6.71 - - [16/Jan/2006:09:22:03 -0900] "GET /index_files/title.jpg HTTP/1.1" 200 5438 "http://photolab.elmer.uaf.edu/gallery/maps/mapg3200.html" "Mozilla/4.0 (compatible; MSIE 6.0; Windows NT 5.1; SV1)"
151.41.6.71 - - [16/Jan/2006:09:22:04 -0900] "GET /index_files/empty.gif HTTP/1.1" 200 45 "http://photolab.elmer.uaf.edu/gallery/maps/mapg3200.html" "Mozilla/4.0 (compatible; MSIE 6.0; Windows NT 5.1; SV1)"
151.41.6.71 - - [16/Jan/2006:09:22:04 -0900] "GET /index_files/apr.jpg HTTP/1.1" 200 6015 "http://photolab.elmer.uaf.edu/gallery/maps/mapg3200.html" "Mozilla/4.0 (compatible; MSIE 6.0; Windows NT 5.1; SV1)"
151.41.6.71 - - [16/Jan/2006:09:22:04 -0900] "GET /index_files/small.dps.jpg HTTP/1.1" 200 5830 "http://photolab.elmer.uaf.edu/gallery/maps/mapg3200.html" "Mozilla/4.0 (compatible; MSIE 6.0; Windows NT 5.1; SV1)"
151.41.6.71 - - [16/Jan/2006:09:22:05 -0900] "GET /index_files/small.jpg HTTP/1.1" 200 2294 "http://photolab.elmer.uaf.edu/gallery/maps/mapg3200.html" "Mozilla/4.0 (compatible; MSIE 6.0; Windows NT 5.1; SV1)"
151.41.6.71 - - [16/Jan/2006:09:22:05 -0900] "GET /index_files/small_002.jpg HTTP/1.1" 200 1351 "http://photolab.elmer.uaf.edu/gallery/maps/mapg3200.html" "Mozilla/4.0 (compatible; MSIE 6.0; Windows NT 5.1; SV1)"
151.41.6.71 - - [16/Jan/2006:09:22:05 -0900] "GET /index_files/small_003.jpg HTTP/1.1" 200 1521 "http://photolab.elmer.uaf.edu/gallery/maps/mapg3200.html" "Mozilla/4.0 (compatible; MSIE 6.0; Windows NT 5.1; SV1)"
151.41.6.71 - - [16/Jan/2006:09:22:05 -0900] "GET /gallery/maps/G3200/small/G3200%20%5B1562_%5D%20V34.jpg HTTP/1.1" 200 15334 "http://photolab.elmer.uaf.edu/gallery/maps/mapg3200.html" "Mozilla/4.0 (compatible; MSIE 6.0; Windows NT 5.1; SV1)"
151.41.6.71 - - [16/Jan/2006:09:22:05 -0900] "GET /gallery/maps/G3200/small/G3200%20%5B1652_%5D%20V571.jpg HTTP/1.1" 200 16733 "http://photolab.elmer.uaf.edu/gallery/maps/mapg3200.html" "Mozilla/4.0 (compatible; MSIE 6.0; Windows NT 5.1; SV1)"
66.151.181.10 - - [16/Jan/2006:09:22:15 -0900] "GET /gallery/photos/19890228/0/pages/1989-0228-00037.html HTTP/1.1" 200 1878 "http://photolab.elmer.uaf.edu/gallery/photos/19890228/0/index_4.html" "FAST Enterprise Crawler 6 / Scirus scirus-crawler@fast.no; http://www.scirus.com/srsapp/contactus/"
68.142.250.128 - - [16/Jan/2006:09:23:10 -0900] "GET /store/buildings.html HTTP/1.0" 301 354 "-" "Mozilla/5.0 (compatible; Yahoo! Slurp; http://help.yahoo.com/help/us/ysearch/slurp)"
66.151.181.10 - - [16/Jan/2006:09:23:22 -0900] "GET /gallery/photos/19890228/0/pages/1989-0228-00038.html HTTP/1.1" 200 1878 "http://photolab.elmer.uaf.edu/gallery/photos/19890228/0/index_4.html" "FAST Enterprise Crawler 6 / Scirus scirus-crawler@fast.no; http://www.scirus.com/srsapp/contactus/"
151.41.6.71 - - [16/Jan/2006:09:23:41 -0900] "GET /gallery/maps/G3200/small/G3200%20%5B1562_%5D%20V34.jpg HTTP/1.1" 200 15334 "http://photolab.elmer.uaf.edu/gallery/maps/mapg3200.html" "Mozilla/4.0 (compatible; MSIE 6.0; Windows NT 5.1; SV1)"
151.41.6.71 - - [16/Jan/2006:09:23:41 -0900] "GET /gallery/maps/G3200/small/G3200%20%5B1652_%5D%20V571.jpg HTTP/1.1" 200 16733 "http://photolab.elmer.uaf.edu/gallery/maps/mapg3200.html" "Mozilla/4.0 (compatible; MSIE 6.0; Windows NT 5.1; SV1)"
151.41.6.71 - - [16/Jan/2006:09:23:42 -0900] "GET /gallery/maps/G3200/small/G3200%20%5B1700%5D.jpg HTTP/1.1" 200 18077 "http://photolab.elmer.uaf.edu/gallery/maps/mapg3200.html" "Mozilla/4.0 (compatible; MSIE 6.0; Windows NT 5.1; SV1)"
151.41.6.71 - - [16/Jan/2006:09:23:42 -0900] "GET /gallery/maps/G3200/small/G3200%20%5B1670%5D.jpg HTTP/1.1" 200 17392 "http://photolab.elmer.uaf.edu/gallery/maps/mapg3200.html" "Mozilla/4.0 (compatible; MSIE 6.0; Windows NT 5.1; SV1)"
151.41.6.71 - - [16/Jan/2006:09:23:43 -0900] "GET /gallery/maps/G3200/small/G3200%201752%20R62.jpg HTTP/1.1" 200 14597 "http://photolab.elmer.uaf.edu/gallery/maps/mapg3200.html" "Mozilla/4.0 (compatible; MSIE 6.0; Windows NT 5.1; SV1)"
151.41.6.71 - - [16/Jan/2006:09:23:43 -0900] "GET /gallery/maps/G3200/small/G3200%201755%20B43.jpg HTTP/1.1" 200 14396 "http://photolab.elmer.uaf.edu/gallery/maps/mapg3200.html" "Mozilla/4.0 (compatible; MSIE 6.0; Windows NT 5.1; SV1)"
151.41.6.71 - - [16/Jan/2006:09:23:44 -0900] "GET /gallery/maps/G3200/small/G3200%201783%20B68.jpg HTTP/1.1" 200 15727 "http://photolab.elmer.uaf.edu/gallery/maps/mapg3200.html" "Mozilla/4.0 (compatible; MSIE 6.0; Windows NT 5.1; SV1)"
151.41.6.71 - - [16/Jan/2006:09:23:44 -0900] "GET /gallery/maps/G3200/small/G3200%20%5B1774%5D%20S29.jpg HTTP/1.1" 200 14083 "http://photolab.elmer.uaf.edu/gallery/maps/mapg3200.html" "Mozilla/4.0 (compatible; MSIE 6.0; Windows NT 5.1; SV1)"
151.41.6.71 - - [16/Jan/2006:09:23:45 -0900] "GET /gallery/maps/G3200/small/G3200%20%5B1790%5D%20B65.jpg HTTP/1.1" 200 14544 "http://photolab.elmer.uaf.edu/gallery/maps/mapg3200.html" "Mozilla/4.0 (compatible; MSIE 6.0; Windows NT 5.1; SV1)"
151.41.6.71 - - [16/Jan/2006:09:23:45 -0900] "GET /gallery/maps/G3200/small/G3200%20%5B1788%5D.jpg HTTP/1.1" 200 13885 "http://photolab.elmer.uaf.edu/gallery/maps/mapg3200.html" "Mozilla/4.0 (compatible; MSIE 6.0; Windows NT 5.1; SV1)"
151.41.6.71 - - [16/Jan/2006:09:23:46 -0900] "GET /gallery/maps/G3200/small/G3200%20%5B1798%5D%20R622.jpg HTTP/1.1" 200 13822 "http://photolab.elmer.uaf.edu/gallery/maps/mapg3200.html" "Mozilla/4.0 (compatible; MSIE 6.0; Windows NT 5.1; SV1)"
151.41.6.71 - - [16/Jan/2006:09:23:46 -0900] "GET /gallery/maps/G3200/small/G3200%20%5B1814%5D.jpg HTTP/1.1" 200 15377 "http://photolab.elmer.uaf.edu/gallery/maps/mapg3200.html" "Mozilla/4.0 (compatible; MSIE 6.0; Windows NT 5.1; SV1)"
151.41.6.71 - - [16/Jan/2006:09:23:46 -0900] "GET /gallery/maps/G3200/small/G3200%20%5B1824%5D%20W95.jpg HTTP/1.1" 200 14196 "http://photolab.elmer.uaf.edu/gallery/maps/mapg3200.html" "Mozilla/4.0 (compatible; MSIE 6.0; Windows NT 5.1; SV1)"
151.41.6.71 - - [16/Jan/2006:09:23:46 -0900] "GET /gallery/maps/G3200/small/G3200%201827%20M3%20v2%20no20.jpg HTTP/1.1" 200 14004 "http://photolab.elmer.uaf.edu/gallery/maps/mapg3200.html" "Mozilla/4.0 (compatible; MSIE 6.0; Windows NT 5.1; SV1)"
151.41.6.71 - - [16/Jan/2006:09:23:47 -0900] "GET /gallery/maps/G3200/small/G3200%201827%20M3%20v2%20no39.jpg HTTP/1.1" 200 13883 "http://photolab.elmer.uaf.edu/gallery/maps/mapg3200.html" "Mozilla/4.0 (compatible; MSIE 6.0; Windows NT 5.1; SV1)"
151.41.6.71 - - [16/Jan/2006:09:23:47 -0900] "GET /gallery/maps/G3200/small/G3200%201827%20M3%20v2%20no38.jpg HTTP/1.1" 200 13806 "http://photolab.elmer.uaf.edu/gallery/maps/mapg3200.html" "Mozilla/4.0 (compatible; MSIE 6.0; Windows NT 5.1; SV1)"
151.41.6.71 - - [16/Jan/2006:09:23:48 -0900] "GET /gallery/maps/G3200/small/G3200%201827%20M3%20v4%20no5.jpg HTTP/1.1" 200 13417 "http://photolab.elmer.uaf.edu/gallery/maps/mapg3200.html" "Mozilla/4.0 (compatible; MSIE 6.0; Windows NT 5.1; SV1)"
151.41.6.71 - - [16/Jan/2006:09:23:48 -0900] "GET /gallery/maps/G3200/large/G3200%20%5B1670%5D.jpg HTTP/1.1" 200 338327 "http://photolab.elmer.uaf.edu/gallery/maps/mapg3200.html" "Mozilla/4.0 (compatible; MSIE 6.0; Windows NT 5.1; SV1)"
68.85.154.35 - - [16/Jan/2006:09:23:54 -0900] "GET /store/photos/largejpegs/(040)1958-1026-01700.jpg HTTP/1.1" 301 382 "http://profile.myspace.com/index.cfm?fuseaction=user.viewprofile&friendID=23572191" "Mozilla/5.0 (Macintosh; U; PPC Mac OS X; en) AppleWebKit/412 (KHTML, like Gecko) Safari/412"
151.41.6.71 - - [16/Jan/2006:09:23:55 -0900] "GET /gallery/maps/G3200/small/G3200%201827%20M3%20v2%20no38.jpg HTTP/1.1" 206 1518 "http://photolab.elmer.uaf.edu/gallery/maps/mapg3200.html" "Mozilla/4.0 (compatible; MSIE 6.0; Windows NT 5.1; SV1)"
151.41.6.71 - - [16/Jan/2006:09:23:55 -0900] "GET /index_files/bar.gif HTTP/1.1" 200 342 "http://photolab.elmer.uaf.edu/gallery/maps/mapg3200.html" "Mozilla/4.0 (compatible; MSIE 6.0; Windows NT 5.1; SV1)"
151.41.6.71 - - [16/Jan/2006:09:23:55 -0900] "GET /gallery/maps/G3200/small/G3200%201827%20M3%20v4%20no5.jpg HTTP/1.1" 200 13417 "http://photolab.elmer.uaf.edu/gallery/maps/mapg3200.html" "Mozilla/4.0 (compatible; MSIE 6.0; Windows NT 5.1; SV1)"
151.41.6.71 - - [16/Jan/2006:09:23:55 -0900] "GET /gallery/maps/G3200/small/G3200%201827%20M3%20v4%20no14.jpg HTTP/1.1" 200 14422 "http://photolab.elmer.uaf.edu/gallery/maps/mapg3200.html" "Mozilla/4.0 (compatible; MSIE 6.0; Windows NT 5.1; SV1)"
151.41.6.71 - - [16/Jan/2006:09:23:56 -0900] "GET /gallery/maps/G3200/small/G3200%201827%20M3%20v4%20no21.jpg HTTP/1.1" 200 13818 "http://photolab.elmer.uaf.edu/gallery/maps/mapg3200.html" "Mozilla/4.0 (compatible; MSIE 6.0; Windows NT 5.1; SV1)"
151.41.6.71 - - [16/Jan/2006:09:23:56 -0900] "GET /gallery/maps/G3200/small/G3200%201827%20M3%20v4%20no13%20c3.jpg HTTP/1.1" 200 15049 "http://photolab.elmer.uaf.edu/gallery/maps/mapg3200.html" "Mozilla/4.0 (compatible; MSIE 6.0; Windows NT 5.1; SV1)"
151.41.6.71 - - [16/Jan/2006:09:23:57 -0900] "GET /gallery/maps/G3200/small/G3200%201827%20M3%20v4%20no22.jpg HTTP/1.1" 200 14150 "http://photolab.elmer.uaf.edu/gallery/maps/mapg3200.html" "Mozilla/4.0 (compatible; MSIE 6.0; Windows NT 5.1; SV1)"
151.41.6.71 - - [16/Jan/2006:09:23:57 -0900] "GET /gallery/maps/G3200/small/G3200%201827%20M3%20v4%20no23.jpg HTTP/1.1" 200 14394 "http://photolab.elmer.uaf.edu/gallery/maps/mapg3200.html" "Mozilla/4.0 (compatible; MSIE 6.0; Windows NT 5.1; SV1)"
151.41.6.71 - - [16/Jan/2006:09:23:57 -0900] "GET /gallery/maps/G3200/small/G3200%201882%20P461.jpg HTTP/1.1" 200 14665 "http://photolab.elmer.uaf.edu/gallery/maps/mapg3200.html" "Mozilla/4.0 (compatible; MSIE 6.0; Windows NT 5.1; SV1)"
151.41.6.71 - - [16/Jan/2006:09:23:57 -0900] "GET /gallery/maps/G3200/small/G3200%20%5B1828%5D%20B67.jpg HTTP/1.1" 200 14879 "http://photolab.elmer.uaf.edu/gallery/maps/mapg3200.html" "Mozilla/4.0 (compatible; MSIE 6.0; Windows NT 5.1; SV1)"
151.41.6.71 - - [16/Jan/2006:09:23:58 -0900] "GET /index_files/bluebear.gif HTTP/1.1" 200 1263 "http://photolab.elmer.uaf.edu/gallery/maps/mapg3200.html" "Mozilla/4.0 (compatible; MSIE 6.0; Windows NT 5.1; SV1)"
151.41.6.71 - - [16/Jan/2006:09:23:58 -0900] "GET /gallery/maps/G3200/small/G3200%201827%20M3%20v4%20no30.jpg HTTP/1.1" 200 13615 "http://photolab.elmer.uaf.edu/gallery/maps/mapg3200.html" "Mozilla/4.0 (compatible; MSIE 6.0; Windows NT 5.1; SV1)"
151.41.6.71 - - [16/Jan/2006:09:23:59 -0900] "GET /index_files/sitemap.gif HTTP/1.1" 200 1503 "http://photolab.elmer.uaf.edu/gallery/maps/mapg3200.html" "Mozilla/4.0 (compatible; MSIE 6.0; Windows NT 5.1; SV1)"
151.41.6.71 - - [16/Jan/2006:09:24:03 -0900] "GET /gallery/maps/G3200/large/G3200%20%5B1774%5D%20S29.jpg HTTP/1.1" 200 208612 "http://photolab.elmer.uaf.edu/gallery/maps/mapg3200.html" "Mozilla/4.0 (compatible; MSIE 6.0; Windows NT 5.1; SV1)"
81.36.252.167 - - [16/Jan/2006:09:24:26 -0900] "GET /store/photos/largejpegs/(004)1958-1026-01477.jpg HTTP/1.1" 301 382 "-" "Mozilla/3.0 (compatible; Indy Library)"
66.151.181.10 - - [16/Jan/2006:09:24:30 -0900] "GET /gallery/photos/19890228/0/pages/1989-0228-00039.html HTTP/1.1" 200 1878 "http://photolab.elmer.uaf.edu/gallery/photos/19890228/0/index_4.html" "FAST Enterprise Crawler 6 / Scirus scirus-crawler@fast.no; http://www.scirus.com/srsapp/contactus/"
151.41.6.71 - - [16/Jan/2006:09:24:23 -0900] "GET /gallery/maps/G3200/large/G3200%20%5B1790%5D%20B65.jpg HTTP/1.1" 200 211575 "http://photolab.elmer.uaf.edu/gallery/maps/mapg3200.html" "Mozilla/4.0 (compatible; MSIE 6.0; Windows NT 5.1; SV1)"
84.173.122.207 - - [16/Jan/2006:09:24:40 -0900] "GET /store/transportation.html HTTP/1.1" 301 359 "http://images.google.de/imgres?imgurl=http://photolab.elmer.uaf.edu/store/photos/largejpegs/(123)2002-0134-00056.jpg&imgrefurl=http://photolab.elmer.uaf.edu/store/transportation.html&h=788&w=1000&sz=173&tbnid=9C0ugK_bUPAmhM:&tbnh=117&tbnw=149&hl=de&start=3&prev=/images%3Fq%3Dwhaling%2Bin%2Balaska%26svnum%3D10%26hl%3Dde%26lr%3D" "Mozilla/4.0 (compatible; MSIE 6.0; Windows NT 5.0; .NET CLR 1.1.4322)"
84.173.122.207 - - [16/Jan/2006:09:24:41 -0900] "GET /store/photos/largejpegs/(123)2002-0134-00056.jpg HTTP/1.1" 301 382 "http://images.google.de/imgres?imgurl=http://photolab.elmer.uaf.edu/store/photos/largejpegs/(123)2002-0134-00056.jpg&imgrefurl=http://photolab.elmer.uaf.edu/store/transportation.html&h=788&w=1000&sz=173&tbnid=9C0ugK_bUPAmhM:&tbnh=117&tbnw=149&hl=de&prev=/images%3Fq%3Dwhaling%2Bin%2Balaska%26svnum%3D10%26hl%3Dde%26lr%3D&frame=small" "Mozilla/4.0 (compatible; MSIE 6.0; Windows NT 5.0; .NET CLR 1.1.4322)"
151.41.6.71 - - [16/Jan/2006:09:24:35 -0900] "GET /gallery/maps/G3200/large/G3200%20%5B1824%5D%20W95.jpg HTTP/1.1" 200 186507 "http://photolab.elmer.uaf.edu/gallery/maps/mapg3200.html" "Mozilla/4.0 (compatible; MSIE 6.0; Windows NT 5.1; SV1)"
84.173.122.207 - - [16/Jan/2006:09:24:52 -0900] "GET /store/transportation.html HTTP/1.1" 301 359 "http://images.google.de/imgres?imgurl=http://photolab.elmer.uaf.edu/store/photos/largejpegs/(123)2002-0134-00056.jpg&imgrefurl=http://photolab.elmer.uaf.edu/store/transportation.html&h=788&w=1000&sz=173&tbnid=9C0ugK_bUPAmhM:&tbnh=117&tbnw=149&hl=de&start=3&prev=/images%3Fq%3Dwhaling%2Bin%2Balaska%26svnum%3D10%26hl%3Dde%26lr%3D" "Mozilla/4.0 (compatible; MSIE 6.0; Windows NT 5.0; .NET CLR 1.1.4322)"
65.214.44.197 - - [16/Jan/2006:09:24:14 -0900] "GET /gallery/maps/mapg3200.html HTTP/1.0" 200 17235 "-" "Mozilla/2.0 (compatible; Ask Jeeves/Teoma; +http://sp.ask.com/docs/about/tech_crawling.html)"
151.41.6.71 - - [16/Jan/2006:09:25:02 -0900] "GET /gallery/maps/G3200/large/G3200%201882%20P461.jpg HTTP/1.1" 200 210685 "http://photolab.elmer.uaf.edu/gallery/maps/mapg3200.html" "Mozilla/4.0 (compatible; MSIE 6.0; Windows NT 5.1; SV1)"
130.88.85.204 - - [16/Jan/2006:09:25:29 -0900] "GET /store/photos/largejpegs/(105)1989-0166-00522a.jpg HTTP/1.1" 301 383 "http://forums.narutofan.com/showthread.php?t=60191&page=3" "Mozilla/5.0 (Windows; U; Windows NT 5.1; en-GB; rv:1.7.8) Gecko/20050511 Firefox/1.0.4"
66.151.181.10 - - [16/Jan/2006:09:25:37 -0900] "GET /gallery/photos/19890228/0/pages/1989-0228-00040.html HTTP/1.1" 200 1878 "http://photolab.elmer.uaf.edu/gallery/photos/19890228/0/index_4.html" "FAST Enterprise Crawler 6 / Scirus scirus-crawler@fast.no; http://www.scirus.com/srsapp/contactus/"
65.214.44.197 - - [16/Jan/2006:09:25:47 -0900] "GET /gallery/panoramas/panosoutheast.html HTTP/1.0" 200 10872 "-" "Mozilla/2.0 (compatible; Ask Jeeves/Teoma; +http://sp.ask.com/docs/about/tech_crawling.html)"
68.218.98.6 - - [16/Jan/2006:09:26:37 -0900] "GET /store/alaskanatives.html HTTP/1.1" 301 358 "-" "Mozilla/4.0 (compatible; MSIE 6.0; Windows NT 5.1; SV1; .NET CLR 1.1.4322)"
68.218.98.6 - - [16/Jan/2006:09:26:42 -0900] "GET /store/photos/largejpegs/(184)2001-0129-00044.jpg HTTP/1.1" 301 382 "-" "Mozilla/4.0 (compatible; MSIE 6.0; Windows NT 5.1; SV1; .NET CLR 1.1.4322)"
66.151.181.10 - - [16/Jan/2006:09:26:45 -0900] "GET /gallery/photos/19890228/0/pages/1989-0228-00041.html HTTP/1.1" 200 1878 "http://photolab.elmer.uaf.edu/gallery/photos/19890228/0/index_4.html" "FAST Enterprise Crawler 6 / Scirus scirus-crawler@fast.no; http://www.scirus.com/srsapp/contactus/"
65.214.44.197 - - [16/Jan/2006:09:27:08 -0900] "GET /gallery/panoramas/panofairbanks.html HTTP/1.0" 200 21607 "-" "Mozilla/2.0 (compatible; Ask Jeeves/Teoma; +http://sp.ask.com/docs/about/tech_crawling.html)"
66.151.181.10 - - [16/Jan/2006:09:27:52 -0900] "GET /gallery/photos/19890228/0/pages/1989-0228-00042.html HTTP/1.1" 200 1878 "http://photolab.elmer.uaf.edu/gallery/photos/19890228/0/index_4.html" "FAST Enterprise Crawler 6 / Scirus scirus-crawler@fast.no; http://www.scirus.com/srsapp/contactus/"
68.61.124.117 - - [16/Jan/2006:09:28:16 -0900] "GET /index_files/aprbrown.jpg HTTP/1.1" 200 5509 "http://www.alaska.net/~johnd/urban/urban-eskimopage1.htm" "Mozilla/4.0 (compatible; MSIE 6.0; America Online Browser 1.1; rev1.2; Windows NT 5.1; SV1; .NET CLR 1.1.4322)"
66.151.181.10 - - [16/Jan/2006:09:29:00 -0900] "GET /gallery/photos/19890228/0/pages/1989-0228-00043.html HTTP/1.1" 200 1878 "http://photolab.elmer.uaf.edu/gallery/photos/19890228/0/index_4.html" "FAST Enterprise Crawler 6 / Scirus scirus-crawler@fast.no; http://www.scirus.com/srsapp/contactus/"
66.151.181.10 - - [16/Jan/2006:09:30:08 -0900] "GET /gallery/photos/19890228/0/pages/1989-0228-00044.html HTTP/1.1" 200 1878 "http://photolab.elmer.uaf.edu/gallery/photos/19890228/0/index_4.html" "FAST Enterprise Crawler 6 / Scirus scirus-crawler@fast.no; http://www.scirus.com/srsapp/contactus/"
66.151.181.10 - - [16/Jan/2006:09:31:15 -0900] "GET /gallery/photos/19890228/0/pages/1989-0228-00045.html HTTP/1.1" 200 1878 "http://photolab.elmer.uaf.edu/gallery/photos/19890228/0/index_4.html" "FAST Enterprise Crawler 6 / Scirus scirus-crawler@fast.no; http://www.scirus.com/srsapp/contactus/"
70.153.247.7 - - [16/Jan/2006:09:31:17 -0900] "GET /gallery/maps/mapg3300.html HTTP/1.1" 200 21851 "-" "Mozilla/5.0 (Windows; U; Windows NT 5.1; en-US; rv:1.7.5) Gecko/20041107 Firefox/1.0"
70.153.247.7 - - [16/Jan/2006:09:31:17 -0900] "GET /index_files/lib.css HTTP/1.1" 200 2634 "-" "Mozilla/5.0 (Windows; U; Windows NT 5.1; en-US; rv:1.7.5) Gecko/20041107 Firefox/1.0"
70.153.247.7 - - [16/Jan/2006:09:31:18 -0900] "GET /index_files/title.jpg HTTP/1.1" 200 5438 "-" "Mozilla/5.0 (Windows; U; Windows NT 5.1; en-US; rv:1.7.5) Gecko/20041107 Firefox/1.0"
70.153.247.7 - - [16/Jan/2006:09:31:18 -0900] "GET /index_files/apr.jpg HTTP/1.1" 200 6015 "-" "Mozilla/5.0 (Windows; U; Windows NT 5.1; en-US; rv:1.7.5) Gecko/20041107 Firefox/1.0"
70.153.247.7 - - [16/Jan/2006:09:31:18 -0900] "GET /index_files/empty.gif HTTP/1.1" 200 45 "-" "Mozilla/5.0 (Windows; U; Windows NT 5.1; en-US; rv:1.7.5) Gecko/20041107 Firefox/1.0"
66.151.181.10 - - [16/Jan/2006:09:32:23 -0900] "GET /gallery/photos/19890228/0/pages/1989-0228-00046.html HTTP/1.1" 200 1878 "http://photolab.elmer.uaf.edu/gallery/photos/19890228/0/index_4.html" "FAST Enterprise Crawler 6 / Scirus scirus-crawler@fast.no; http://www.scirus.com/srsapp/contactus/"
66.151.181.10 - - [16/Jan/2006:09:33:31 -0900] "GET /gallery/photos/19890228/0/pages/1989-0228-00047.html HTTP/1.1" 200 1878 "http://photolab.elmer.uaf.edu/gallery/photos/19890228/0/index_4.html" "FAST Enterprise Crawler 6 / Scirus scirus-crawler@fast.no; http://www.scirus.com/srsapp/contactus/"
66.151.181.10 - - [16/Jan/2006:09:34:38 -0900] "GET /gallery/photos/19890228/0/pages/1989-0228-00048.html HTTP/1.1" 200 1878 "http://photolab.elmer.uaf.edu/gallery/photos/19890228/0/index_4.html" "FAST Enterprise Crawler 6 / Scirus scirus-crawler@fast.no; http://www.scirus.com/srsapp/contactus/"
24.57.203.144 - - [16/Jan/2006:09:34:50 -0900] "GET /store/photos/largejpegs/(051)1981-0107-00008.jpg HTTP/1.1" 301 382 "http://www.gofuckyourself.com/showthread.php?t=489394&highlight=gold" "Mozilla/5.0 (Windows; U; Windows NT 5.1; en-US; rv:1.8) Gecko/20051111 Firefox/1.5"
66.151.181.10 - - [16/Jan/2006:09:35:46 -0900] "GET /gallery/photos/19890228/0/pages/1989-0228-00032.html HTTP/1.1" 200 1878 "http://photolab.elmer.uaf.edu/gallery/photos/19890228/0/pages/1989-0228-00031.html" "FAST Enterprise Crawler 6 / Scirus scirus-crawler@fast.no; http://www.scirus.com/srsapp/contactus/"
69.195.234.205 - - [16/Jan/2006:09:36:02 -0900] "GET /gallery/maps/mapg3220.html HTTP/1.1" 200 7853 "http://images.google.ca/imgres?imgurl=http://photolab.elmer.uaf.edu/gallery/maps/G3200/large/G3221%2520S12%25201809%2520C661.jpg&imgrefurl=http://photolab.elmer.uaf.edu/gallery/maps/mapg3220.html&h=1200&w=952&sz=291&tbnid=eICm56JWXZgiqM:&tbnh=150&tbnw=119&hl=en&start=8&prev=/images%3Fq%3Dsouthern%2Bhemisphere%26svnum%3D10%26hl%3Den%26lr%3Dlang_en%26safe%3Doff%26sa%3DN" "Mozilla/4.0 (compatible; MSIE 6.0; Windows NT 5.1)"
69.195.234.205 - - [16/Jan/2006:09:36:03 -0900] "GET /index_files/title.jpg HTTP/1.1" 200 5438 "http://photolab.elmer.uaf.edu/gallery/maps/mapg3220.html" "Mozilla/4.0 (compatible; MSIE 6.0; Windows NT 5.1)"
69.195.234.205 - - [16/Jan/2006:09:36:03 -0900] "GET /index_files/lib.css HTTP/1.1" 200 2634 "http://photolab.elmer.uaf.edu/gallery/maps/mapg3220.html" "Mozilla/4.0 (compatible; MSIE 6.0; Windows NT 5.1)"
69.195.234.205 - - [16/Jan/2006:09:36:03 -0900] "GET /index_files/empty.gif HTTP/1.1" 200 45 "http://photolab.elmer.uaf.edu/gallery/maps/mapg3220.html" "Mozilla/4.0 (compatible; MSIE 6.0; Windows NT 5.1)"
69.195.234.205 - - [16/Jan/2006:09:36:03 -0900] "GET /index_files/apr.jpg HTTP/1.1" 200 6015 "http://photolab.elmer.uaf.edu/gallery/maps/mapg3220.html" "Mozilla/4.0 (compatible; MSIE 6.0; Windows NT 5.1)"
69.195.234.205 - - [16/Jan/2006:09:36:04 -0900] "GET /index_files/small.dps.jpg HTTP/1.1" 200 5830 "http://photolab.elmer.uaf.edu/gallery/maps/mapg3220.html" "Mozilla/4.0 (compatible; MSIE 6.0; Windows NT 5.1)"
69.195.234.205 - - [16/Jan/2006:09:36:04 -0900] "GET /index_files/small.jpg HTTP/1.1" 200 2294 "http://photolab.elmer.uaf.edu/gallery/maps/mapg3220.html" "Mozilla/4.0 (compatible; MSIE 6.0; Windows NT 5.1)"
69.195.234.205 - - [16/Jan/2006:09:36:04 -0900] "GET /index_files/small_002.jpg HTTP/1.1" 200 1351 "http://photolab.elmer.uaf.edu/gallery/maps/mapg3220.html" "Mozilla/4.0 (compatible; MSIE 6.0; Windows NT 5.1)"
69.195.234.205 - - [16/Jan/2006:09:36:04 -0900] "GET /index_files/small_003.jpg HTTP/1.1" 200 1521 "http://photolab.elmer.uaf.edu/gallery/maps/mapg3220.html" "Mozilla/4.0 (compatible; MSIE 6.0; Windows NT 5.1)"
69.195.234.205 - - [16/Jan/2006:09:36:04 -0900] "GET /gallery/maps/G3200/small/G3220%20%5B1739%5D%20C69.jpg HTTP/1.1" 200 15427 "http://photolab.elmer.uaf.edu/gallery/maps/mapg3220.html" "Mozilla/4.0 (compatible; MSIE 6.0; Windows NT 5.1)"
69.195.234.205 - - [16/Jan/2006:09:36:04 -0900] "GET /gallery/maps/G3200/small/G3220%20%5B1783_%5D.jpg HTTP/1.1" 200 17053 "http://photolab.elmer.uaf.edu/gallery/maps/mapg3220.html" "Mozilla/4.0 (compatible; MSIE 6.0; Windows NT 5.1)"
69.195.234.205 - - [16/Jan/2006:09:36:05 -0900] "GET /gallery/maps/G3200/large/G3221%20S12%201809%20C661.jpg HTTP/1.1" 200 297756 "http://images.google.ca/imgres?imgurl=http://photolab.elmer.uaf.edu/gallery/maps/G3200/large/G3221%2520S12%25201809%2520C661.jpg&imgrefurl=http://photolab.elmer.uaf.edu/gallery/maps/mapg3220.html&h=1200&w=952&sz=291&tbnid=eICm56JWXZgiqM:&tbnh=150&tbnw=119&hl=en&prev=/images%3Fq%3Dsouthern%2Bhemisphere%26svnum%3D10%26hl%3Den%26lr%3Dlang_en%26safe%3Doff%26sa%3DN&frame=small" "Mozilla/4.0 (compatible; MSIE 6.0; Windows NT 5.1)"
68.142.251.149 - - [16/Jan/2006:09:36:12 -0900] "GET /robots.txt HTTP/1.0" 200 96 "-" "Mozilla/5.0 (compatible; Yahoo! Slurp; http://help.yahoo.com/help/us/ysearch/slurp)"
68.142.250.25 - - [16/Jan/2006:09:36:13 -0900] "GET /gallery/photos/20030024/ HTTP/1.0" 200 1060 "-" "Mozilla/5.0 (compatible; Yahoo! Slurp; http://help.yahoo.com/help/us/ysearch/slurp)"
66.151.181.10 - - [16/Jan/2006:09:36:53 -0900] "GET /gallery/photos/19900007/0/index_5.html HTTP/1.1" 200 7241 "http://photolab.elmer.uaf.edu/gallery/photos/19900007/0/index_4.html" "FAST Enterprise Crawler 6 / Scirus scirus-crawler@fast.no; http://www.scirus.com/srsapp/contactus/"
66.151.181.10 - - [16/Jan/2006:09:38:01 -0900] "GET /gallery/photos/19900007/0/pages/1990-0007-00037.html HTTP/1.1" 200 1756 "http://photolab.elmer.uaf.edu/gallery/photos/19900007/0/index_4.html" "FAST Enterprise Crawler 6 / Scirus scirus-crawler@fast.no; http://www.scirus.com/srsapp/contactus/"
205.188.117.5 - - [16/Jan/2006:09:38:19 -0900] "GET /gallery/photos/19640074/images/1964-0074-00152.jpg HTTP/1.0" 200 80706 "http://profile.myspace.com/index.cfm?fuseaction=user.viewprofile&friendID=27364828" "Mozilla/4.0 (compatible; MSIE 6.0; AOL 9.0; Windows NT 5.1; SV1; .NET CLR 1.1.4322)"
66.151.181.10 - - [16/Jan/2006:09:39:09 -0900] "GET /gallery/photos/19900007/0/pages/1990-0007-00038.html HTTP/1.1" 200 1756 "http://photolab.elmer.uaf.edu/gallery/photos/19900007/0/index_4.html" "FAST Enterprise Crawler 6 / Scirus scirus-crawler@fast.no; http://www.scirus.com/srsapp/contactus/"
66.151.181.10 - - [16/Jan/2006:09:40:16 -0900] "GET /gallery/photos/19900007/0/pages/1990-0007-00039.html HTTP/1.1" 200 1756 "http://photolab.elmer.uaf.edu/gallery/photos/19900007/0/index_4.html" "FAST Enterprise Crawler 6 / Scirus scirus-crawler@fast.no; http://www.scirus.com/srsapp/contactus/"
66.151.181.10 - - [16/Jan/2006:09:41:24 -0900] "GET /gallery/photos/19900007/0/pages/1990-0007-00040.html HTTP/1.1" 200 1756 "http://photolab.elmer.uaf.edu/gallery/photos/19900007/0/index_4.html" "FAST Enterprise Crawler 6 / Scirus scirus-crawler@fast.no; http://www.scirus.com/srsapp/contactus/"
66.151.181.10 - - [16/Jan/2006:09:42:31 -0900] "GET /gallery/photos/19900007/0/pages/1990-0007-00041.html HTTP/1.1" 200 1756 "http://photolab.elmer.uaf.edu/gallery/photos/19900007/0/index_4.html" "FAST Enterprise Crawler 6 / Scirus scirus-crawler@fast.no; http://www.scirus.com/srsapp/contactus/"
66.151.181.10 - - [16/Jan/2006:09:43:39 -0900] "GET /gallery/photos/19900007/0/pages/1990-0007-00042.html HTTP/1.1" 200 1756 "http://photolab.elmer.uaf.edu/gallery/photos/19900007/0/index_4.html" "FAST Enterprise Crawler 6 / Scirus scirus-crawler@fast.no; http://www.scirus.com/srsapp/contactus/"
84.151.26.26 - - [16/Jan/2006:09:44:07 -0900] "GET /store/allphotos2.html HTTP/1.1" 301 355 "http://images.google.de/imgres?imgurl=http://photolab.elmer.uaf.edu/store/photos/largejpegs/(068)1964-0029-00066.jpg&imgrefurl=http://photolab.elmer.uaf.edu/store/allphotos2.html&h=584&w=1000&sz=128&tbnid=xUw46uHw5FP7BM:&tbnh=87&tbnw=149&hl=de&start=547&prev=/images%3Fq%3DViolinist%26start%3D540%26svnum%3D10%26hl%3Dde%26lr%3D%26client%3Dfirefox-a%26rls%3Dorg.mozilla:de-DE:official_s%26sa%3DN" "Mozilla/5.0 (Windows; U; Win98; de-DE; rv:1.7.8) Gecko/20050511 Firefox/1.0.4"
84.151.26.26 - - [16/Jan/2006:09:44:09 -0900] "GET /store/photos/largejpegs/(068)1964-0029-00066.jpg HTTP/1.1" 301 382 "http://images.google.de/imgres?imgurl=http://photolab.elmer.uaf.edu/store/photos/largejpegs/(068)1964-0029-00066.jpg&imgrefurl=http://photolab.elmer.uaf.edu/store/allphotos2.html&h=584&w=1000&sz=128&tbnid=xUw46uHw5FP7BM:&tbnh=87&tbnw=149&hl=de&prev=/images%3Fq%3DViolinist%26start%3D540%26svnum%3D10%26hl%3Dde%26lr%3D%26client%3Dfirefox-a%26rls%3Dorg.mozilla:de-DE:official_s%26sa%3DN&frame=small" "Mozilla/5.0 (Windows; U; Win98; de-DE; rv:1.7.8) Gecko/20050511 Firefox/1.0.4"
84.151.26.26 - - [16/Jan/2006:09:44:12 -0900] "GET /store/photos/largejpegs/(068)1964-0029-00066.jpg HTTP/1.1" 301 382 "http://images.google.de/imgres?imgurl=http://photolab.elmer.uaf.edu/store/photos/largejpegs/(068)1964-0029-00066.jpg&imgrefurl=http://photolab.elmer.uaf.edu/store/allphotos2.html&h=584&w=1000&sz=128&tbnid=xUw46uHw5FP7BM:&tbnh=87&tbnw=149&hl=de&prev=/images%3Fq%3DViolinist%26start%3D540%26svnum%3D10%26hl%3Dde%26lr%3D%26client%3Dfirefox-a%26rls%3Dorg.mozilla:de-DE:official_s%26sa%3DN&frame=small" "Mozilla/5.0 (Windows; U; Win98; de-DE; rv:1.7.8) Gecko/20050511 Firefox/1.0.4"
84.151.26.26 - - [16/Jan/2006:09:44:18 -0900] "GET /store/allphotos2.html HTTP/1.1" 301 355 "http://images.google.de/imgres?imgurl=http://photolab.elmer.uaf.edu/store/photos/largejpegs/(068)1964-0029-00066.jpg&imgrefurl=http://photolab.elmer.uaf.edu/store/allphotos2.html&h=584&w=1000&sz=128&tbnid=xUw46uHw5FP7BM:&tbnh=87&tbnw=149&hl=de&start=547&prev=/images%3Fq%3DViolinist%26start%3D540%26svnum%3D10%26hl%3Dde%26lr%3D%26client%3Dfirefox-a%26rls%3Dorg.mozilla:de-DE:official_s%26sa%3DN" "Mozilla/5.0 (Windows; U; Win98; de-DE; rv:1.7.8) Gecko/20050511 Firefox/1.0.4"
84.151.26.26 - - [16/Jan/2006:09:44:20 -0900] "GET /store/photos/largejpegs/(068)1964-0029-00066.jpg HTTP/1.1" 301 382 "http://images.google.de/imgres?imgurl=http://photolab.elmer.uaf.edu/store/photos/largejpegs/(068)1964-0029-00066.jpg&imgrefurl=http://photolab.elmer.uaf.edu/store/allphotos2.html&h=584&w=1000&sz=128&tbnid=xUw46uHw5FP7BM:&tbnh=87&tbnw=149&hl=de&prev=/images%3Fq%3DViolinist%26start%3D540%26svnum%3D10%26hl%3Dde%26lr%3D%26client%3Dfirefox-a%26rls%3Dorg.mozilla:de-DE:official_s%26sa%3DN&frame=small" "Mozilla/5.0 (Windows; U; Win98; de-DE; rv:1.7.8) Gecko/20050511 Firefox/1.0.4"
198.68.56.212 - - [16/Jan/2006:09:44:33 -0900] "GET /index_files/aprbrown.jpg HTTP/1.1" 200 5509 "http://www.alaska.net/~johnd/urban/urban-eskimopage1.htm" "Mozilla/4.0 (compatible; MSIE 6.0; Windows NT 5.1; SV1; .NET CLR 1.0.3705; .NET CLR 1.1.4322)"
66.151.181.10 - - [16/Jan/2006:09:44:46 -0900] "GET /gallery/photos/19900007/0/pages/1990-0007-00043.html HTTP/1.1" 200 1756 "http://photolab.elmer.uaf.edu/gallery/photos/19900007/0/index_4.html" "FAST Enterprise Crawler 6 / Scirus scirus-crawler@fast.no; http://www.scirus.com/srsapp/contactus/"
84.151.26.26 - - [16/Jan/2006:09:44:56 -0900] "GET /store/allphotos2.html HTTP/1.1" 301 355 "http://images.google.de/imgres?imgurl=http://photolab.elmer.uaf.edu/store/photos/largejpegs/(068)1964-0029-00066.jpg&imgrefurl=http://photolab.elmer.uaf.edu/store/allphotos2.html&h=584&w=1000&sz=128&tbnid=xUw46uHw5FP7BM:&tbnh=87&tbnw=149&hl=de&start=547&prev=/images%3Fq%3DViolinist%26start%3D540%26svnum%3D10%26hl%3Dde%26lr%3D%26client%3Dfirefox-a%26rls%3Dorg.mozilla:de-DE:official_s%26sa%3DN" "Mozilla/5.0 (Windows; U; Win98; de-DE; rv:1.7.8) Gecko/20050511 Firefox/1.0.4"
66.151.181.10 - - [16/Jan/2006:09:45:54 -0900] "GET /gallery/photos/19900007/0/pages/1990-0007-00044.html HTTP/1.1" 200 1756 "http://photolab.elmer.uaf.edu/gallery/photos/19900007/0/index_4.html" "FAST Enterprise Crawler 6 / Scirus scirus-crawler@fast.no; http://www.scirus.com/srsapp/contactus/"
66.151.181.10 - - [16/Jan/2006:09:47:02 -0900] "GET /gallery/photos/19900007/0/pages/1990-0007-00045.html HTTP/1.1" 200 1756 "http://photolab.elmer.uaf.edu/gallery/photos/19900007/0/index_4.html" "FAST Enterprise Crawler 6 / Scirus scirus-crawler@fast.no; http://www.scirus.com/srsapp/contactus/"
66.151.181.10 - - [16/Jan/2006:09:48:09 -0900] "GET /gallery/photos/19900007/0/pages/1990-0007-00046.html HTTP/1.1" 200 1756 "http://photolab.elmer.uaf.edu/gallery/photos/19900007/0/index_4.html" "FAST Enterprise Crawler 6 / Scirus scirus-crawler@fast.no; http://www.scirus.com/srsapp/contactus/"
66.151.181.10 - - [16/Jan/2006:09:49:17 -0900] "GET /gallery/photos/19900007/0/pages/1990-0007-00047.html HTTP/1.1" 200 1756 "http://photolab.elmer.uaf.edu/gallery/photos/19900007/0/index_4.html" "FAST Enterprise Crawler 6 / Scirus scirus-crawler@fast.no; http://www.scirus.com/srsapp/contactus/"
66.151.181.10 - - [16/Jan/2006:09:50:24 -0900] "GET /gallery/photos/19900007/0/pages/1990-0007-00048.html HTTP/1.1" 200 1756 "http://photolab.elmer.uaf.edu/gallery/photos/19900007/0/index_4.html" "FAST Enterprise Crawler 6 / Scirus scirus-crawler@fast.no; http://www.scirus.com/srsapp/contactus/"
66.151.181.10 - - [16/Jan/2006:09:51:32 -0900] "GET /gallery/photos/19900043/08/index_5.html HTTP/1.1" 200 7275 "http://photolab.elmer.uaf.edu/gallery/photos/19900043/08/index_4.html" "FAST Enterprise Crawler 6 / Scirus scirus-crawler@fast.no; http://www.scirus.com/srsapp/contactus/"
66.151.181.10 - - [16/Jan/2006:09:52:39 -0900] "GET /gallery/photos/19900043/08/pages/1990-0043-00847.html HTTP/1.1" 200 1766 "http://photolab.elmer.uaf.edu/gallery/photos/19900043/08/index_4.html" "FAST Enterprise Crawler 6 / Scirus scirus-crawler@fast.no; http://www.scirus.com/srsapp/contactus/"
66.151.181.10 - - [16/Jan/2006:09:53:47 -0900] "GET /gallery/photos/19900043/08/pages/1990-0043-00848.html HTTP/1.1" 200 1766 "http://photolab.elmer.uaf.edu/gallery/photos/19900043/08/index_4.html" "FAST Enterprise Crawler 6 / Scirus scirus-crawler@fast.no; http://www.scirus.com/srsapp/contactus/"
66.151.181.10 - - [16/Jan/2006:09:54:55 -0900] "GET /gallery/photos/19900043/08/pages/1990-0043-00849.html HTTP/1.1" 200 1766 "http://photolab.elmer.uaf.edu/gallery/photos/19900043/08/index_4.html" "FAST Enterprise Crawler 6 / Scirus scirus-crawler@fast.no; http://www.scirus.com/srsapp/contactus/"
66.151.181.10 - - [16/Jan/2006:09:56:03 -0900] "GET /gallery/photos/19900043/08/pages/1990-0043-00850.html HTTP/1.1" 200 1766 "http://photolab.elmer.uaf.edu/gallery/photos/19900043/08/index_4.html" "FAST Enterprise Crawler 6 / Scirus scirus-crawler@fast.no; http://www.scirus.com/srsapp/contactus/"
200.47.112.33 - - [16/Jan/2006:09:56:37 -0900] "GET /gallery/maps/mapg3270a.html HTTP/1.0" 304 - "http://images.google.com.ar/imgres?imgurl=http://photolab.elmer.uaf.edu/gallery/maps/G3200/large/G3270%2520%255B1667_%255D%2520B52.jpg&imgrefurl=http://photolab.elmer.uaf.edu/gallery/maps/mapg3270a.html&h=1022&w=1200&sz=335&tbnid=yD_I4KAOk3EwoM:&tbnh=127&tbnw=150&hl=es&start=161&prev=/images%3Fq%3Db-52%26start%3D160%26svnum%3D10%26hl%3Des%26lr%3D%26sa%3DN" "Mozilla/4.0 (compatible; MSIE 6.0; Windows NT 5.0)"
200.47.112.33 - - [16/Jan/2006:09:56:37 -0900] "GET /index_files/lib.css HTTP/1.0" 304 - "http://photolab.elmer.uaf.edu/gallery/maps/mapg3270a.html" "Mozilla/4.0 (compatible; MSIE 6.0; Windows NT 5.0)"
200.47.112.33 - - [16/Jan/2006:09:56:38 -0900] "GET /index_files/apr.jpg HTTP/1.0" 304 - "http://photolab.elmer.uaf.edu/gallery/maps/mapg3270a.html" "Mozilla/4.0 (compatible; MSIE 6.0; Windows NT 5.0)"
200.47.112.33 - - [16/Jan/2006:09:56:38 -0900] "GET /index_files/title.jpg HTTP/1.0" 304 - "http://photolab.elmer.uaf.edu/gallery/maps/mapg3270a.html" "Mozilla/4.0 (compatible; MSIE 6.0; Windows NT 5.0)"
200.47.112.33 - - [16/Jan/2006:09:56:38 -0900] "GET /index_files/small.dps.jpg HTTP/1.0" 304 - "http://photolab.elmer.uaf.edu/gallery/maps/mapg3270a.html" "Mozilla/4.0 (compatible; MSIE 6.0; Windows NT 5.0)"
200.47.112.33 - - [16/Jan/2006:09:56:38 -0900] "GET /index_files/empty.gif HTTP/1.0" 304 - "http://photolab.elmer.uaf.edu/gallery/maps/mapg3270a.html" "Mozilla/4.0 (compatible; MSIE 6.0; Windows NT 5.0)"
200.47.112.33 - - [16/Jan/2006:09:56:38 -0900] "GET /index_files/small.jpg HTTP/1.0" 304 - "http://photolab.elmer.uaf.edu/gallery/maps/mapg3270a.html" "Mozilla/4.0 (compatible; MSIE 6.0; Windows NT 5.0)"
200.47.112.33 - - [16/Jan/2006:09:56:38 -0900] "GET /index_files/small_002.jpg HTTP/1.0" 304 - "http://photolab.elmer.uaf.edu/gallery/maps/mapg3270a.html" "Mozilla/4.0 (compatible; MSIE 6.0; Windows NT 5.0)"
200.47.112.33 - - [16/Jan/2006:09:56:38 -0900] "GET /index_files/small_003.jpg HTTP/1.0" 304 - "http://photolab.elmer.uaf.edu/gallery/maps/mapg3270a.html" "Mozilla/4.0 (compatible; MSIE 6.0; Windows NT 5.0)"
200.47.112.33 - - [16/Jan/2006:09:56:38 -0900] "GET /gallery/maps/G3200/small/G3270%20%5B1600_%5D%20B87.jpg HTTP/1.0" 304 - "http://photolab.elmer.uaf.edu/gallery/maps/mapg3270a.html" "Mozilla/4.0 (compatible; MSIE 6.0; Windows NT 5.0)"
200.47.112.33 - - [16/Jan/2006:09:56:38 -0900] "GET /gallery/maps/G3200/small/G3271%20S12%20%5B1601%5D%20B79.jpg HTTP/1.0" 304 - "http://photolab.elmer.uaf.edu/gallery/maps/mapg3270a.html" "Mozilla/4.0 (compatible; MSIE 6.0; Windows NT 5.0)"
200.47.112.33 - - [16/Jan/2006:09:56:38 -0900] "GET /gallery/maps/G3200/small/G3270%201634%20M4.jpg HTTP/1.0" 304 - "http://photolab.elmer.uaf.edu/gallery/maps/mapg3270a.html" "Mozilla/4.0 (compatible; MSIE 6.0; Windows NT 5.0)"
200.47.112.33 - - [16/Jan/2006:09:56:38 -0900] "GET /gallery/maps/G3200/small/G3270%20%5B1613_%5D.jpg HTTP/1.0" 304 - "http://photolab.elmer.uaf.edu/gallery/maps/mapg3270a.html" "Mozilla/4.0 (compatible; MSIE 6.0; Windows NT 5.0)"
200.47.112.33 - - [16/Jan/2006:09:56:38 -0900] "GET /gallery/maps/G3200/small/G3270%20%5B1645_%5D%20B551.jpg HTTP/1.0" 304 - "http://photolab.elmer.uaf.edu/gallery/maps/mapg3270a.html" "Mozilla/4.0 (compatible; MSIE 6.0; Windows NT 5.0)"
200.47.112.33 - - [16/Jan/2006:09:56:39 -0900] "GET /gallery/maps/G3200/small/G3270%20%5B1662%5D%20B551.jpg HTTP/1.0" 304 - "http://photolab.elmer.uaf.edu/gallery/maps/mapg3270a.html" "Mozilla/4.0 (compatible; MSIE 6.0; Windows NT 5.0)"
200.47.112.33 - - [16/Jan/2006:09:56:39 -0900] "GET /gallery/maps/G3200/small/G3270%20%5B1667_%5D%20B52.jpg HTTP/1.0" 304 - "http://photolab.elmer.uaf.edu/gallery/maps/mapg3270a.html" "Mozilla/4.0 (compatible; MSIE 6.0; Windows NT 5.0)"
200.47.112.33 - - [16/Jan/2006:09:56:39 -0900] "GET /gallery/maps/G3200/small/G3270%20%5B1693%5D%20M665.jpg HTTP/1.0" 304 - "http://photolab.elmer.uaf.edu/gallery/maps/mapg3270a.html" "Mozilla/4.0 (compatible; MSIE 6.0; Windows NT 5.0)"
200.47.112.33 - - [16/Jan/2006:09:56:39 -0900] "GET /gallery/maps/G3200/small/G3270%20%5B1696_%5D%20C68.jpg HTTP/1.0" 304 - "http://photolab.elmer.uaf.edu/gallery/maps/mapg3270a.html" "Mozilla/4.0 (compatible; MSIE 6.0; Windows NT 5.0)"
200.47.112.33 - - [16/Jan/2006:09:56:39 -0900] "GET /gallery/maps/G3200/small/G3270%20%5B1734_%5D.jpg HTTP/1.0" 304 - "http://photolab.elmer.uaf.edu/gallery/maps/mapg3270a.html" "Mozilla/4.0 (compatible; MSIE 6.0; Windows NT 5.0)"
200.47.112.33 - - [16/Jan/2006:09:56:39 -0900] "GET /gallery/maps/G3200/small/G3270%20%5B1698_%5D%20C68.jpg HTTP/1.0" 304 - "http://photolab.elmer.uaf.edu/gallery/maps/mapg3270a.html" "Mozilla/4.0 (compatible; MSIE 6.0; Windows NT 5.0)"
200.47.112.33 - - [16/Jan/2006:09:56:39 -0900] "GET /gallery/maps/G3200/small/G3270%20%5B1720%5D%20B692a.jpg HTTP/1.0" 304 - "http://photolab.elmer.uaf.edu/gallery/maps/mapg3270a.html" "Mozilla/4.0 (compatible; MSIE 6.0; Windows NT 5.0)"
200.47.112.33 - - [16/Jan/2006:09:56:39 -0900] "GET /gallery/maps/G3200/small/G3270%20%5B1720%5D%20B692.jpg HTTP/1.0" 304 - "http://photolab.elmer.uaf.edu/gallery/maps/mapg3270a.html" "Mozilla/4.0 (compatible; MSIE 6.0; Windows NT 5.0)"
200.47.112.33 - - [16/Jan/2006:09:56:39 -0900] "GET /gallery/maps/G3200/small/G3270%20%5B1736%5D%20B692.jpg HTTP/1.0" 304 - "http://photolab.elmer.uaf.edu/gallery/maps/mapg3270a.html" "Mozilla/4.0 (compatible; MSIE 6.0; Windows NT 5.0)"
200.47.112.33 - - [16/Jan/2006:09:56:39 -0900] "GET /gallery/maps/G3200/small/G3270%20%5B1747_%5D.jpg HTTP/1.0" 304 - "http://photolab.elmer.uaf.edu/gallery/maps/mapg3270a.html" "Mozilla/4.0 (compatible; MSIE 6.0; Windows NT 5.0)"
200.47.112.33 - - [16/Jan/2006:09:56:39 -0900] "GET /gallery/maps/G3200/small/G3270%20%5B1734_%5D%20D87.jpg HTTP/1.0" 304 - "http://photolab.elmer.uaf.edu/gallery/maps/mapg3270a.html" "Mozilla/4.0 (compatible; MSIE 6.0; Windows NT 5.0)"
200.47.112.33 - - [16/Jan/2006:09:56:39 -0900] "GET /gallery/maps/G3200/small/G3270%201735%20T5.jpg HTTP/1.0" 304 - "http://photolab.elmer.uaf.edu/gallery/maps/mapg3270a.html" "Mozilla/4.0 (compatible; MSIE 6.0; Windows NT 5.0)"
200.47.112.33 - - [16/Jan/2006:09:56:40 -0900] "GET /gallery/maps/G3200/small/G3270%20%5B1747%5D%20I55.jpg HTTP/1.0" 304 - "http://photolab.elmer.uaf.edu/gallery/maps/mapg3270a.html" "Mozilla/4.0 (compatible; MSIE 6.0; Windows NT 5.0)"
200.47.112.33 - - [16/Jan/2006:09:56:40 -0900] "GET /gallery/maps/G3200/small/G3270%201754%20G4.jpg HTTP/1.0" 304 - "http://photolab.elmer.uaf.edu/gallery/maps/mapg3270a.html" "Mozilla/4.0 (compatible; MSIE 6.0; Windows NT 5.0)"
200.47.112.33 - - [16/Jan/2006:09:56:40 -0900] "GET /gallery/maps/G3200/small/G3270%20%5B1770_%5D%20G52.jpg HTTP/1.0" 304 - "http://photolab.elmer.uaf.edu/gallery/maps/mapg3270a.html" "Mozilla/4.0 (compatible; MSIE 6.0; Windows NT 5.0)"
200.47.112.33 - - [16/Jan/2006:09:56:40 -0900] "GET /gallery/maps/G3200/small/G3270%20%5B1779%5D%20V38.jpg HTTP/1.0" 304 - "http://photolab.elmer.uaf.edu/gallery/maps/mapg3270a.html" "Mozilla/4.0 (compatible; MSIE 6.0; Windows NT 5.0)"
200.47.112.33 - - [16/Jan/2006:09:56:40 -0900] "GET /gallery/maps/G3200/small/G3270%20%5B1794%5D.jpg HTTP/1.0" 304 - "http://photolab.elmer.uaf.edu/gallery/maps/mapg3270a.html" "Mozilla/4.0 (compatible; MSIE 6.0; Windows NT 5.0)"
200.47.112.33 - - [16/Jan/2006:09:56:40 -0900] "GET /gallery/maps/G3200/small/G3270%201797%20K41.jpg HTTP/1.0" 304 - "http://photolab.elmer.uaf.edu/gallery/maps/mapg3270a.html" "Mozilla/4.0 (compatible; MSIE 6.0; Windows NT 5.0)"
200.47.112.33 - - [16/Jan/2006:09:56:40 -0900] "GET /index_files/bluebear.gif HTTP/1.0" 304 - "http://photolab.elmer.uaf.edu/gallery/maps/mapg3270a.html" "Mozilla/4.0 (compatible; MSIE 6.0; Windows NT 5.0)"
200.47.112.33 - - [16/Jan/2006:09:56:40 -0900] "GET /index_files/sitemap.gif HTTP/1.0" 304 - "http://photolab.elmer.uaf.edu/gallery/maps/mapg3270a.html" "Mozilla/4.0 (compatible; MSIE 6.0; Windows NT 5.0)"
200.47.112.33 - - [16/Jan/2006:09:56:40 -0900] "GET /index_files/bar.gif HTTP/1.0" 304 - "http://photolab.elmer.uaf.edu/gallery/maps/mapg3270a.html" "Mozilla/4.0 (compatible; MSIE 6.0; Windows NT 5.0)"
66.151.181.10 - - [16/Jan/2006:09:57:10 -0900] "GET /gallery/photos/19900043/08/pages/1990-0043-00851.html HTTP/1.1" 200 1767 "http://photolab.elmer.uaf.edu/gallery/photos/19900043/08/index_4.html" "FAST Enterprise Crawler 6 / Scirus scirus-crawler@fast.no; http://www.scirus.com/srsapp/contactus/"
200.47.112.33 - - [16/Jan/2006:09:58:13 -0900] "GET /gallery/maps/G3200/large/G3270%20%5B1662%5D%20B551.jpg HTTP/1.0" 200 345527 "http://photolab.elmer.uaf.edu/gallery/maps/mapg3270a.html" "Mozilla/4.0 (compatible; MSIE 6.0; Windows NT 5.0)"
66.151.181.10 - - [16/Jan/2006:09:58:21 -0900] "GET /gallery/photos/19900043/08/pages/1990-0043-00851A.html HTTP/1.1" 200 1771 "http://photolab.elmer.uaf.edu/gallery/photos/19900043/08/index_4.html" "FAST Enterprise Crawler 6 / Scirus scirus-crawler@fast.no; http://www.scirus.com/srsapp/contactus/"
200.47.112.33 - - [16/Jan/2006:09:58:13 -0900] "GET /gallery/maps/G3200/large/G3270%20%5B1662%5D%20B551.jpg HTTP/1.0" 200 345527 "http://photolab.elmer.uaf.edu/gallery/maps/mapg3270a.html" "Mozilla/4.0 (compatible; MSIE 6.0; Windows NT 5.0)"
