200.47.112.33 - - [16/Jan/2006:09:58:57 -0900] "GET /gallery/maps/G3200/large/G3271%20S12%20%5B1601%5D%20B79.jpg HTTP/1.0" 200 424343 "http://photolab.elmer.uaf.edu/gallery/maps/mapg3270a.html" "Mozilla/4.0 (compatible; MSIE 6.0; Windows NT 5.0)"
200.47.112.33 - - [16/Jan/2006:09:58:57 -0900] "GET /gallery/maps/G3200/large/G3271%20S12%20%5B1601%5D%20B79.jpg HTTP/1.0" 200 424343 "http://photolab.elmer.uaf.edu/gallery/maps/mapg3270a.html" "Mozilla/4.0 (compatible; MSIE 6.0; Windows NT 5.0)"
66.151.181.10 - - [16/Jan/2006:09:59:26 -0900] "GET /gallery/photos/19900043/08/pages/1990-0043-00852.html HTTP/1.1" 200 1768 "http://photolab.elmer.uaf.edu/gallery/photos/19900043/08/index_4.html" "FAST Enterprise Crawler 6 / Scirus scirus-crawler@fast.no; http://www.scirus.com/srsapp/contactus/"
200.47.112.33 - - [16/Jan/2006:09:59:31 -0900] "GET /gallery/maps/G3200/large/G3270%20%5B1698_%5D%20C68.jpg HTTP/1.0" 200 175098 "http://photolab.elmer.uaf.edu/gallery/maps/mapg3270a.html" "Mozilla/4.0 (compatible; MSIE 6.0; Windows NT 5.0)"
200.47.112.33 - - [16/Jan/2006:09:59:31 -0900] "GET /gallery/maps/G3200/large/G3270%20%5B1698_%5D%20C68.jpg HTTP/1.0" 200 175098 "http://photolab.elmer.uaf.edu/gallery/maps/mapg3270a.html" "Mozilla/4.0 (compatible; MSIE 6.0; Windows NT 5.0)"
200.47.112.33 - - [16/Jan/2006:09:59:40 -0900] "GET /gallery/maps/G3200/large/G3270%20%5B1720%5D%20B692.jpg HTTP/1.0" 200 313684 "http://photolab.elmer.uaf.edu/gallery/maps/mapg3270a.html" "Mozilla/4.0 (compatible; MSIE 6.0; Windows NT 5.0)"
200.47.112.33 - - [16/Jan/2006:09:59:40 -0900] "GET /gallery/maps/G3200/large/G3270%20%5B1720%5D%20B692.jpg HTTP/1.0" 200 313684 "http://photolab.elmer.uaf.edu/gallery/maps/mapg3270a.html" "Mozilla/4.0 (compatible; MSIE 6.0; Windows NT 5.0)"
200.47.112.33 - - [16/Jan/2006:09:59:55 -0900] "GET /gallery/maps/G3200/large/G3270%20%5B1734_%5D.jpg HTTP/1.0" 200 247911 "http://photolab.elmer.uaf.edu/gallery/maps/mapg3270a.html" "Mozilla/4.0 (compatible; MSIE 6.0; Windows NT 5.0)"
200.47.112.33 - - [16/Jan/2006:09:59:55 -0900] "GET /gallery/maps/G3200/large/G3270%20%5B1734_%5D.jpg HTTP/1.0" 200 247911 "http://photolab.elmer.uaf.edu/gallery/maps/mapg3270a.html" "Mozilla/4.0 (compatible; MSIE 6.0; Windows NT 5.0)"
66.151.181.10 - - [16/Jan/2006:10:00:33 -0900] "GET /gallery/photos/19900043/08/pages/1990-0043-00852A.html HTTP/1.1" 200 1771 "http://photolab.elmer.uaf.edu/gallery/photos/19900043/08/index_4.html" "FAST Enterprise Crawler 6 / Scirus scirus-crawler@fast.no; http://www.scirus.com/srsapp/contactus/"
66.151.181.10 - - [16/Jan/2006:10:01:41 -0900] "GET /gallery/photos/19900043/08/pages/1990-0043-00853.html HTTP/1.1" 200 1768 "http://photolab.elmer.uaf.edu/gallery/photos/19900043/08/index_4.html" "FAST Enterprise Crawler 6 / Scirus scirus-crawler@fast.no; http://www.scirus.com/srsapp/contactus/"
66.151.181.10 - - [16/Jan/2006:10:02:49 -0900] "GET /gallery/photos/19900043/08/pages/1990-0043-00853A.html HTTP/1.1" 200 1771 "http://photolab.elmer.uaf.edu/gallery/photos/19900043/08/index_4.html" "FAST Enterprise Crawler 6 / Scirus scirus-crawler@fast.no; http://www.scirus.com/srsapp/contactus/"
66.151.181.10 - - [16/Jan/2006:10:03:56 -0900] "GET /gallery/photos/19900043/08/pages/1990-0043-00854.html HTTP/1.1" 200 1768 "http://photolab.elmer.uaf.edu/gallery/photos/19900043/08/index_4.html" "FAST Enterprise Crawler 6 / Scirus scirus-crawler@fast.no; http://www.scirus.com/srsapp/contactus/"
66.151.181.10 - - [16/Jan/2006:10:05:04 -0900] "GET /gallery/photos/19900043/08/pages/1990-0043-00854A.html HTTP/1.1" 200 1771 "http://photolab.elmer.uaf.edu/gallery/photos/19900043/08/index_4.html" "FAST Enterprise Crawler 6 / Scirus scirus-crawler@fast.no; http://www.scirus.com/srsapp/contactus/"
66.151.181.10 - - [16/Jan/2006:10:06:12 -0900] "GET /gallery/photos/19900043/09/index_5.html HTTP/1.1" 200 7281 "http://photolab.elmer.uaf.edu/gallery/photos/19900043/09/index_4.html" "FAST Enterprise Crawler 6 / Scirus scirus-crawler@fast.no; http://www.scirus.com/srsapp/contactus/"
66.151.181.10 - - [16/Jan/2006:10:07:19 -0900] "GET /gallery/photos/19900043/09/pages/1990-0043-00929.html HTTP/1.1" 200 1768 "http://photolab.elmer.uaf.edu/gallery/photos/19900043/09/index_4.html" "FAST Enterprise Crawler 6 / Scirus scirus-crawler@fast.no; http://www.scirus.com/srsapp/contactus/"
66.151.181.10 - - [16/Jan/2006:10:08:27 -0900] "GET /gallery/photos/19900043/09/pages/1990-0043-00929A.html HTTP/1.1" 200 1771 "http://photolab.elmer.uaf.edu/gallery/photos/19900043/09/index_4.html" "FAST Enterprise Crawler 6 / Scirus scirus-crawler@fast.no; http://www.scirus.com/srsapp/contactus/"
66.151.181.10 - - [16/Jan/2006:10:09:34 -0900] "GET /gallery/photos/19900043/09/pages/1990-0043-00930.html HTTP/1.1" 200 1768 "http://photolab.elmer.uaf.edu/gallery/photos/19900043/09/index_4.html" "FAST Enterprise Crawler 6 / Scirus scirus-crawler@fast.no; http://www.scirus.com/srsapp/contactus/"
66.151.181.10 - - [16/Jan/2006:10:10:42 -0900] "GET /gallery/photos/19900043/09/pages/1990-0043-00930A.html HTTP/1.1" 200 1771 "http://photolab.elmer.uaf.edu/gallery/photos/19900043/09/index_4.html" "FAST Enterprise Crawler 6 / Scirus scirus-crawler@fast.no; http://www.scirus.com/srsapp/contactus/"
66.151.181.10 - - [16/Jan/2006:10:11:49 -0900] "GET /gallery/photos/19900043/09/pages/1990-0043-00931.html HTTP/1.1" 200 1768 "http://photolab.elmer.uaf.edu/gallery/photos/19900043/09/index_4.html" "FAST Enterprise Crawler 6 / Scirus scirus-crawler@fast.no; http://www.scirus.com/srsapp/contactus/"
66.151.181.10 - - [16/Jan/2006:10:12:57 -0900] "GET /gallery/photos/19900043/09/pages/1990-0043-00931A.html HTTP/1.1" 200 1771 "http://photolab.elmer.uaf.edu/gallery/photos/19900043/09/index_4.html" "FAST Enterprise Crawler 6 / Scirus scirus-crawler@fast.no; http://www.scirus.com/srsapp/contactus/"
67.70.114.169 - - [16/Jan/2006:10:13:07 -0900] "GET /gallery/maps/mapg3200.html HTTP/1.1" 200 17235 "http://images.google.ca/imgres?imgurl=http://photolab.elmer.uaf.edu/gallery/maps/G3200/large/G3200%2520%255B1652_%255D%2520V571.jpg&imgrefurl=http://photolab.elmer.uaf.edu/gallery/maps/mapg3200.html&h=1067&w=1200&sz=312&tbnid=7bFgFhRFNHOukM:&tbnh=133&tbnw=150&hl=fr&start=1&prev=/images%3Fq%3Dgeographica%2Bhydrographic%26svnum%3D10%26hl%3Dfr%26lr%3D" "Mozilla/4.0 (compatible; MSIE 6.0; Windows NT 5.1; SV1; .NET CLR 1.0.3705)"
67.70.114.169 - - [16/Jan/2006:10:13:08 -0900] "GET /index_files/lib.css HTTP/1.1" 200 2634 "http://photolab.elmer.uaf.edu/gallery/maps/mapg3200.html" "Mozilla/4.0 (compatible; MSIE 6.0; Windows NT 5.1; SV1; .NET CLR 1.0.3705)"
67.70.114.169 - - [16/Jan/2006:10:13:08 -0900] "GET /index_files/apr.jpg HTTP/1.1" 200 6015 "http://photolab.elmer.uaf.edu/gallery/maps/mapg3200.html" "Mozilla/4.0 (compatible; MSIE 6.0; Windows NT 5.1; SV1; .NET CLR 1.0.3705)"
67.70.114.169 - - [16/Jan/2006:10:13:09 -0900] "GET /index_files/empty.gif HTTP/1.1" 200 45 "http://photolab.elmer.uaf.edu/gallery/maps/mapg3200.html" "Mozilla/4.0 (compatible; MSIE 6.0; Windows NT 5.1; SV1; .NET CLR 1.0.3705)"
67.70.114.169 - - [16/Jan/2006:10:13:08 -0900] "GET /index_files/title.jpg HTTP/1.1" 200 5438 "http://photolab.elmer.uaf.edu/gallery/maps/mapg3200.html" "Mozilla/4.0 (compatible; MSIE 6.0; Windows NT 5.1; SV1; .NET CLR 1.0.3705)"
67.70.114.169 - - [16/Jan/2006:10:13:09 -0900] "GET /index_files/small.dps.jpg HTTP/1.1" 200 5830 "http://photolab.elmer.uaf.edu/gallery/maps/mapg3200.html" "Mozilla/4.0 (compatible; MSIE 6.0; Windows NT 5.1; SV1; .NET CLR 1.0.3705)"
67.70.114.169 - - [16/Jan/2006:10:13:09 -0900] "GET /index_files/small.jpg HTTP/1.1" 200 2294 "http://photolab.elmer.uaf.edu/gallery/maps/mapg3200.html" "Mozilla/4.0 (compatible; MSIE 6.0; Windows NT 5.1; SV1; .NET CLR 1.0.3705)"
67.70.114.169 - - [16/Jan/2006:10:13:09 -0900] "GET /index_files/small_002.jpg HTTP/1.1" 200 1351 "http://photolab.elmer.uaf.edu/gallery/maps/mapg3200.html" "Mozilla/4.0 (compatible; MSIE 6.0; Windows NT 5.1; SV1; .NET CLR 1.0.3705)"
67.70.114.169 - - [16/Jan/2006:10:13:09 -0900] "GET /index_files/small_003.jpg HTTP/1.1" 200 1521 "http://photolab.elmer.uaf.edu/gallery/maps/mapg3200.html" "Mozilla/4.0 (compatible; MSIE 6.0; Windows NT 5.1; SV1; .NET CLR 1.0.3705)"
67.70.114.169 - - [16/Jan/2006:10:13:09 -0900] "GET /gallery/maps/G3200/small/G3200%20%5B1562_%5D%20V34.jpg HTTP/1.1" 200 15334 "http://photolab.elmer.uaf.edu/gallery/maps/mapg3200.html" "Mozilla/4.0 (compatible; MSIE 6.0; Windows NT 5.1; SV1; .NET CLR 1.0.3705)"
67.70.114.169 - - [16/Jan/2006:10:13:09 -0900] "GET /gallery/maps/G3200/small/G3200%20%5B1652_%5D%20V571.jpg HTTP/1.1" 200 16733 "http://photolab.elmer.uaf.edu/gallery/maps/mapg3200.html" "Mozilla/4.0 (compatible; MSIE 6.0; Windows NT 5.1; SV1; .NET CLR 1.0.3705)"
67.70.114.169 - - [16/Jan/2006:10:13:10 -0900] "GET /gallery/maps/G3200/large/G3200%20%5B1652_%5D%20V571.jpg HTTP/1.1" 200 319486 "http://images.google.ca/imgres?imgurl=http://photolab.elmer.uaf.edu/gallery/maps/G3200/large/G3200%2520%255B1652_%255D%2520V571.jpg&imgrefurl=http://photolab.elmer.uaf.edu/gallery/maps/mapg3200.html&h=1067&w=1200&sz=312&tbnid=7bFgFhRFNHOukM:&tbnh=133&tbnw=150&hl=fr&prev=/images%3Fq%3Dgeographica%2Bhydrographic%26svnum%3D10%26hl%3Dfr%26lr%3D&frame=small" "Mozilla/4.0 (compatible; MSIE 6.0; Windows NT 5.1; SV1; .NET CLR 1.0.3705)"
67.70.114.169 - - [16/Jan/2006:10:13:24 -0900] "GET /index_files/bar.gif HTTP/1.1" 200 342 "http://photolab.elmer.uaf.edu/gallery/maps/mapg3200.html" "Mozilla/4.0 (compatible; MSIE 6.0; Windows NT 5.1; SV1; .NET CLR 1.0.3705)"
67.70.114.169 - - [16/Jan/2006:10:13:24 -0900] "GET /gallery/maps/G3200/small/G3200%20%5B1562_%5D%20V34.jpg HTTP/1.1" 206 11238 "http://photolab.elmer.uaf.edu/gallery/maps/mapg3200.html" "Mozilla/4.0 (compatible; MSIE 6.0; Windows NT 5.1; SV1; .NET CLR 1.0.3705)"
67.70.114.169 - - [16/Jan/2006:10:13:24 -0900] "GET /gallery/maps/G3200/small/G3200%20%5B1652_%5D%20V571.jpg HTTP/1.1" 200 16733 "http://photolab.elmer.uaf.edu/gallery/maps/mapg3200.html" "Mozilla/4.0 (compatible; MSIE 6.0; Windows NT 5.1; SV1; .NET CLR 1.0.3705)"
62.47.57.196 - - [16/Jan/2006:10:13:52 -0900] "GET /index_files/aprbrown.jpg HTTP/1.1" 200 5509 "http://www.alaska.net/~johnd/urban/urban-eskimopage1.htm" "Mozilla/4.0 (compatible; MSIE 6.0; Windows NT 5.1)"
66.151.181.10 - - [16/Jan/2006:10:14:04 -0900] "GET /gallery/photos/19900043/09/pages/1990-0043-00932.html HTTP/1.1" 200 1768 "http://photolab.elmer.uaf.edu/gallery/photos/19900043/09/index_4.html" "FAST Enterprise Crawler 6 / Scirus scirus-crawler@fast.no; http://www.scirus.com/srsapp/contactus/"
66.151.181.10 - - [16/Jan/2006:10:15:12 -0900] "GET /gallery/photos/19900043/09/pages/1990-0043-00932A.html HTTP/1.1" 200 1771 "http://photolab.elmer.uaf.edu/gallery/photos/19900043/09/index_4.html" "FAST Enterprise Crawler 6 / Scirus scirus-crawler@fast.no; http://www.scirus.com/srsapp/contactus/"
66.151.181.10 - - [16/Jan/2006:10:16:20 -0900] "GET /gallery/photos/19900043/09/pages/1990-0043-00933.html HTTP/1.1" 200 1768 "http://photolab.elmer.uaf.edu/gallery/photos/19900043/09/index_4.html" "FAST Enterprise Crawler 6 / Scirus scirus-crawler@fast.no; http://www.scirus.com/srsapp/contactus/"
207.46.98.86 - - [16/Jan/2006:10:16:44 -0900] "GET /robots.txt HTTP/1.0" 200 96 "-" "msnbot/1.0 (+http://search.msn.com/msnbot.htm)"
207.46.98.86 - - [16/Jan/2006:10:16:45 -0900] "GET /gallery/photos/19950244/05/pages/1995-0244-00550.html HTTP/1.0" 200 1889 "-" "msnbot/1.0 (+http://search.msn.com/msnbot.htm)"
207.46.98.86 - - [16/Jan/2006:10:16:45 -0900] "GET /gallery/photos/20020032/pages/2002-0032-00087.html HTTP/1.0" 200 1884 "-" "msnbot/1.0 (+http://search.msn.com/msnbot.htm)"
207.46.98.86 - - [16/Jan/2006:10:16:46 -0900] "GET /gallery/photos/20020032/pages/2002-0032-00089.html HTTP/1.0" 200 1884 "-" "msnbot/1.0 (+http://search.msn.com/msnbot.htm)"
207.46.98.86 - - [16/Jan/2006:10:17:15 -0900] "GET /gallery/photos/20020032/pages/2002-0032-00085.html HTTP/1.0" 200 1884 "-" "msnbot/1.0 (+http://search.msn.com/msnbot.htm)"
66.151.181.10 - - [16/Jan/2006:10:17:28 -0900] "GET /gallery/photos/19900043/09/pages/1990-0043-00933A.html HTTP/1.1" 200 1771 "http://photolab.elmer.uaf.edu/gallery/photos/19900043/09/index_4.html" "FAST Enterprise Crawler 6 / Scirus scirus-crawler@fast.no; http://www.scirus.com/srsapp/contactus/"
66.151.181.10 - - [16/Jan/2006:10:18:35 -0900] "GET /gallery/photos/19900043/09/pages/1990-0043-00934.html HTTP/1.1" 200 1768 "http://photolab.elmer.uaf.edu/gallery/photos/19900043/09/index_4.html" "FAST Enterprise Crawler 6 / Scirus scirus-crawler@fast.no; http://www.scirus.com/srsapp/contactus/"
207.195.51.241 - - [16/Jan/2006:10:19:11 -0900] "GET /store/people.html HTTP/1.1" 301 351 "http://images.google.ca/imgres?imgurl=http://photolab.elmer.uaf.edu/store/photos/largejpegs/(102)1972-0071-00804.jpg&imgrefurl=http://photolab.elmer.uaf.edu/store/people.html&h=1000&w=782&sz=133&tbnid=o2USyak8EJILAM:&tbnh=149&tbnw=116&hl=en&start=97&prev=/images%3Fq%3Dfamous%2Bphotographs%26start%3D80%26svnum%3D10%26hl%3Den%26lr%3D%26client%3Dfirefox-a%26rls%3Dorg.mozilla:en-US:official%26sa%3DN" "Mozilla/5.0 (Windows; U; Windows NT 5.1; en-US; rv:1.7.7) Gecko/20050414 Firefox/1.0.3"
207.195.51.241 - - [16/Jan/2006:10:19:15 -0900] "GET /store/photos/largejpegs/(102)1972-0071-00804.jpg HTTP/1.1" 301 382 "http://images.google.ca/imgres?imgurl=http://photolab.elmer.uaf.edu/store/photos/largejpegs/(102)1972-0071-00804.jpg&imgrefurl=http://photolab.elmer.uaf.edu/store/people.html&h=1000&w=782&sz=133&tbnid=o2USyak8EJILAM:&tbnh=149&tbnw=116&hl=en&prev=/images%3Fq%3Dfamous%2Bphotographs%26start%3D80%26svnum%3D10%26hl%3Den%26lr%3D%26client%3Dfirefox-a%26rls%3Dorg.mozilla:en-US:official%26sa%3DN&frame=small" "Mozilla/5.0 (Windows; U; Windows NT 5.1; en-US; rv:1.7.7) Gecko/20050414 Firefox/1.0.3"
66.151.181.10 - - [16/Jan/2006:10:19:43 -0900] "GET /gallery/photos/19900043/09/pages/1990-0043-00934A.html HTTP/1.1" 200 1771 "http://photolab.elmer.uaf.edu/gallery/photos/19900043/09/index_4.html" "FAST Enterprise Crawler 6 / Scirus scirus-crawler@fast.no; http://www.scirus.com/srsapp/contactus/"
66.151.181.10 - - [16/Jan/2006:10:20:50 -0900] "GET /gallery/photos/19900043/10/index_5.html HTTP/1.1" 200 7250 "http://photolab.elmer.uaf.edu/gallery/photos/19900043/10/index_4.html" "FAST Enterprise Crawler 6 / Scirus scirus-crawler@fast.no; http://www.scirus.com/srsapp/contactus/"
62.103.171.20 - - [16/Jan/2006:10:21:10 -0900] "GET /store/allphotos3.html HTTP/1.1" 301 355 "http://images.google.com.gr/imgres?imgurl=http://photolab.elmer.uaf.edu/store/photos/largejpegs/(087)1958-1026-01659.jpg&imgrefurl=http://photolab.elmer.uaf.edu/store/allphotos3.html&h=805&w=1000&sz=168&tbnid=kT4YKZw5V4RBqM:&tbnh=119&tbnw=149&hl=el&start=2&prev=/images%3Fq%3Dwinter%2Bfun%26svnum%3D10%26hl%3Del%26lr%3D%26sa%3DG" "Mozilla/4.0 (compatible; MSIE 6.0; Windows NT 5.1; SV1; .NET CLR 1.1.4322)"
62.103.171.20 - - [16/Jan/2006:10:21:12 -0900] "GET /store/photos/largejpegs/(087)1958-1026-01659.jpg HTTP/1.1" 301 382 "http://images.google.com.gr/imgres?imgurl=http://photolab.elmer.uaf.edu/store/photos/largejpegs/(087)1958-1026-01659.jpg&imgrefurl=http://photolab.elmer.uaf.edu/store/allphotos3.html&h=805&w=1000&sz=168&tbnid=kT4YKZw5V4RBqM:&tbnh=119&tbnw=149&hl=el&prev=/images%3Fq%3Dwinter%2Bfun%26svnum%3D10%26hl%3Del%26lr%3D%26sa%3DG&frame=small" "Mozilla/4.0 (compatible; MSIE 6.0; Windows NT 5.1; SV1; .NET CLR 1.1.4322)"
62.103.171.20 - - [16/Jan/2006:10:21:41 -0900] "GET /store/allphotos3.html HTTP/1.1" 301 355 "http://images.google.com.gr/imgres?imgurl=http://photolab.elmer.uaf.edu/store/photos/largejpegs/(087)1958-1026-01659.jpg&imgrefurl=http://photolab.elmer.uaf.edu/store/allphotos3.html&h=805&w=1000&sz=168&tbnid=kT4YKZw5V4RBqM:&tbnh=119&tbnw=149&hl=el&start=2&prev=/images%3Fq%3Dwinter%2Bfun%26svnum%3D10%26hl%3Del%26lr%3D%26sa%3DG" "Mozilla/4.0 (compatible; MSIE 6.0; Windows NT 5.1; SV1; .NET CLR 1.1.4322)"
67.173.100.161 - - [16/Jan/2006:10:21:41 -0900] "GET /store/photos/largejpegs/(105)1989-0166-00522a.jpg HTTP/1.1" 301 383 "http://forums.narutofan.com/showthread.php?t=60191&page=3" "Mozilla/4.0 (compatible; MSIE 6.0; Windows NT 5.1; SV1; .NET CLR 1.1.4322)"
66.151.181.10 - - [16/Jan/2006:10:21:58 -0900] "GET /gallery/photos/19900043/10/pages/1990-0043-01041.html HTTP/1.1" 200 1766 "http://photolab.elmer.uaf.edu/gallery/photos/19900043/10/index_4.html" "FAST Enterprise Crawler 6 / Scirus scirus-crawler@fast.no; http://www.scirus.com/srsapp/contactus/"
65.55.246.96 - - [16/Jan/2006:10:22:41 -0900] "GET /gallery/photos/19690092/4/thumbnails/1969-0092-00434.jpg HTTP/1.0" 200 3975 "-" "msnbot/0.9 (+http://search.msn.com/msnbot.htm)"
66.151.181.10 - - [16/Jan/2006:10:23:06 -0900] "GET /gallery/photos/19900043/10/pages/1990-0043-01044.html HTTP/1.1" 200 1766 "http://photolab.elmer.uaf.edu/gallery/photos/19900043/10/index_4.html" "FAST Enterprise Crawler 6 / Scirus scirus-crawler@fast.no; http://www.scirus.com/srsapp/contactus/"
68.210.152.57 - - [16/Jan/2006:10:23:37 -0900] "GET /index_files/lib.css HTTP/1.1" 200 2634 "http://photolab.elmer.uaf.edu/gallery/maps/mapg3200.html" "Mozilla/4.0 (compatible; MSIE 6.0; Windows NT 5.1; SV1; .NET CLR 1.1.4322)"
68.210.152.57 - - [16/Jan/2006:10:23:36 -0900] "GET /gallery/maps/mapg3200.html HTTP/1.1" 200 17235 "http://www.google.com/search?q=terraqueous+globe+map&hl=en&lr=&start=10&sa=N" "Mozilla/4.0 (compatible; MSIE 6.0; Windows NT 5.1; SV1; .NET CLR 1.1.4322)"
68.210.152.57 - - [16/Jan/2006:10:23:37 -0900] "GET /index_files/apr.jpg HTTP/1.1" 200 6015 "http://photolab.elmer.uaf.edu/gallery/maps/mapg3200.html" "Mozilla/4.0 (compatible; MSIE 6.0; Windows NT 5.1; SV1; .NET CLR 1.1.4322)"
68.210.152.57 - - [16/Jan/2006:10:23:37 -0900] "GET /index_files/title.jpg HTTP/1.1" 200 5438 "http://photolab.elmer.uaf.edu/gallery/maps/mapg3200.html" "Mozilla/4.0 (compatible; MSIE 6.0; Windows NT 5.1; SV1; .NET CLR 1.1.4322)"
68.210.152.57 - - [16/Jan/2006:10:23:37 -0900] "GET /index_files/small.dps.jpg HTTP/1.1" 200 5830 "http://photolab.elmer.uaf.edu/gallery/maps/mapg3200.html" "Mozilla/4.0 (compatible; MSIE 6.0; Windows NT 5.1; SV1; .NET CLR 1.1.4322)"
68.210.152.57 - - [16/Jan/2006:10:23:37 -0900] "GET /index_files/empty.gif HTTP/1.1" 200 45 "http://photolab.elmer.uaf.edu/gallery/maps/mapg3200.html" "Mozilla/4.0 (compatible; MSIE 6.0; Windows NT 5.1; SV1; .NET CLR 1.1.4322)"
68.210.152.57 - - [16/Jan/2006:10:23:37 -0900] "GET /index_files/small.jpg HTTP/1.1" 200 2294 "http://photolab.elmer.uaf.edu/gallery/maps/mapg3200.html" "Mozilla/4.0 (compatible; MSIE 6.0; Windows NT 5.1; SV1; .NET CLR 1.1.4322)"
68.210.152.57 - - [16/Jan/2006:10:23:38 -0900] "GET /index_files/small_002.jpg HTTP/1.1" 200 1351 "http://photolab.elmer.uaf.edu/gallery/maps/mapg3200.html" "Mozilla/4.0 (compatible; MSIE 6.0; Windows NT 5.1; SV1; .NET CLR 1.1.4322)"
68.210.152.57 - - [16/Jan/2006:10:23:38 -0900] "GET /index_files/small_003.jpg HTTP/1.1" 200 1521 "http://photolab.elmer.uaf.edu/gallery/maps/mapg3200.html" "Mozilla/4.0 (compatible; MSIE 6.0; Windows NT 5.1; SV1; .NET CLR 1.1.4322)"
68.210.152.57 - - [16/Jan/2006:10:23:38 -0900] "GET /gallery/maps/G3200/small/G3200%20%5B1562_%5D%20V34.jpg HTTP/1.1" 200 15334 "http://photolab.elmer.uaf.edu/gallery/maps/mapg3200.html" "Mozilla/4.0 (compatible; MSIE 6.0; Windows NT 5.1; SV1; .NET CLR 1.1.4322)"
68.210.152.57 - - [16/Jan/2006:10:23:38 -0900] "GET /gallery/maps/G3200/small/G3200%20%5B1652_%5D%20V571.jpg HTTP/1.1" 200 16733 "http://photolab.elmer.uaf.edu/gallery/maps/mapg3200.html" "Mozilla/4.0 (compatible; MSIE 6.0; Windows NT 5.1; SV1; .NET CLR 1.1.4322)"
68.210.152.57 - - [16/Jan/2006:10:23:38 -0900] "GET /gallery/maps/G3200/small/G3200%20%5B1670%5D.jpg HTTP/1.1" 200 17392 "http://photolab.elmer.uaf.edu/gallery/maps/mapg3200.html" "Mozilla/4.0 (compatible; MSIE 6.0; Windows NT 5.1; SV1; .NET CLR 1.1.4322)"
68.210.152.57 - - [16/Jan/2006:10:23:39 -0900] "GET /gallery/maps/G3200/small/G3200%20%5B1700%5D.jpg HTTP/1.1" 200 18077 "http://photolab.elmer.uaf.edu/gallery/maps/mapg3200.html" "Mozilla/4.0 (compatible; MSIE 6.0; Windows NT 5.1; SV1; .NET CLR 1.1.4322)"
68.210.152.57 - - [16/Jan/2006:10:23:39 -0900] "GET /gallery/maps/G3200/small/G3200%201755%20B43.jpg HTTP/1.1" 200 14396 "http://photolab.elmer.uaf.edu/gallery/maps/mapg3200.html" "Mozilla/4.0 (compatible; MSIE 6.0; Windows NT 5.1; SV1; .NET CLR 1.1.4322)"
68.210.152.57 - - [16/Jan/2006:10:23:39 -0900] "GET /gallery/maps/G3200/small/G3200%201752%20R62.jpg HTTP/1.1" 200 14597 "http://photolab.elmer.uaf.edu/gallery/maps/mapg3200.html" "Mozilla/4.0 (compatible; MSIE 6.0; Windows NT 5.1; SV1; .NET CLR 1.1.4322)"
68.210.152.57 - - [16/Jan/2006:10:23:40 -0900] "GET /gallery/maps/G3200/small/G3200%20%5B1774%5D%20S29.jpg HTTP/1.1" 200 14083 "http://photolab.elmer.uaf.edu/gallery/maps/mapg3200.html" "Mozilla/4.0 (compatible; MSIE 6.0; Windows NT 5.1; SV1; .NET CLR 1.1.4322)"
68.210.152.57 - - [16/Jan/2006:10:23:40 -0900] "GET /gallery/maps/G3200/small/G3200%201783%20B68.jpg HTTP/1.1" 200 15727 "http://photolab.elmer.uaf.edu/gallery/maps/mapg3200.html" "Mozilla/4.0 (compatible; MSIE 6.0; Windows NT 5.1; SV1; .NET CLR 1.1.4322)"
68.210.152.57 - - [16/Jan/2006:10:23:40 -0900] "GET /gallery/maps/G3200/small/G3200%20%5B1790%5D%20B65.jpg HTTP/1.1" 200 14544 "http://photolab.elmer.uaf.edu/gallery/maps/mapg3200.html" "Mozilla/4.0 (compatible; MSIE 6.0; Windows NT 5.1; SV1; .NET CLR 1.1.4322)"
68.210.152.57 - - [16/Jan/2006:10:23:40 -0900] "GET /gallery/maps/G3200/small/G3200%20%5B1788%5D.jpg HTTP/1.1" 200 13885 "http://photolab.elmer.uaf.edu/gallery/maps/mapg3200.html" "Mozilla/4.0 (compatible; MSIE 6.0; Windows NT 5.1; SV1; .NET CLR 1.1.4322)"
68.210.152.57 - - [16/Jan/2006:10:23:41 -0900] "GET /gallery/maps/G3200/small/G3200%20%5B1798%5D%20R622.jpg HTTP/1.1" 200 13822 "http://photolab.elmer.uaf.edu/gallery/maps/mapg3200.html" "Mozilla/4.0 (compatible; MSIE 6.0; Windows NT 5.1; SV1; .NET CLR 1.1.4322)"
68.210.152.57 - - [16/Jan/2006:10:23:41 -0900] "GET /gallery/maps/G3200/small/G3200%20%5B1814%5D.jpg HTTP/1.1" 200 15377 "http://photolab.elmer.uaf.edu/gallery/maps/mapg3200.html" "Mozilla/4.0 (compatible; MSIE 6.0; Windows NT 5.1; SV1; .NET CLR 1.1.4322)"
68.210.152.57 - - [16/Jan/2006:10:23:41 -0900] "GET /gallery/maps/G3200/small/G3200%201827%20M3%20v2%20no20.jpg HTTP/1.1" 200 14004 "http://photolab.elmer.uaf.edu/gallery/maps/mapg3200.html" "Mozilla/4.0 (compatible; MSIE 6.0; Windows NT 5.1; SV1; .NET CLR 1.1.4322)"
68.210.152.57 - - [16/Jan/2006:10:23:41 -0900] "GET /gallery/maps/G3200/small/G3200%20%5B1824%5D%20W95.jpg HTTP/1.1" 200 14196 "http://photolab.elmer.uaf.edu/gallery/maps/mapg3200.html" "Mozilla/4.0 (compatible; MSIE 6.0; Windows NT 5.1; SV1; .NET CLR 1.1.4322)"
68.210.152.57 - - [16/Jan/2006:10:23:42 -0900] "GET /gallery/maps/G3200/small/G3200%201827%20M3%20v2%20no38.jpg HTTP/1.1" 200 13806 "http://photolab.elmer.uaf.edu/gallery/maps/mapg3200.html" "Mozilla/4.0 (compatible; MSIE 6.0; Windows NT 5.1; SV1; .NET CLR 1.1.4322)"
68.210.152.57 - - [16/Jan/2006:10:23:42 -0900] "GET /gallery/maps/G3200/small/G3200%201827%20M3%20v2%20no39.jpg HTTP/1.1" 200 13883 "http://photolab.elmer.uaf.edu/gallery/maps/mapg3200.html" "Mozilla/4.0 (compatible; MSIE 6.0; Windows NT 5.1; SV1; .NET CLR 1.1.4322)"
68.210.152.57 - - [16/Jan/2006:10:23:42 -0900] "GET /gallery/maps/G3200/small/G3200%201827%20M3%20v4%20no5.jpg HTTP/1.1" 200 13417 "http://photolab.elmer.uaf.edu/gallery/maps/mapg3200.html" "Mozilla/4.0 (compatible; MSIE 6.0; Windows NT 5.1; SV1; .NET CLR 1.1.4322)"
68.210.152.57 - - [16/Jan/2006:10:23:43 -0900] "GET /gallery/maps/G3200/small/G3200%201827%20M3%20v4%20no14.jpg HTTP/1.1" 200 14422 "http://photolab.elmer.uaf.edu/gallery/maps/mapg3200.html" "Mozilla/4.0 (compatible; MSIE 6.0; Windows NT 5.1; SV1; .NET CLR 1.1.4322)"
68.210.152.57 - - [16/Jan/2006:10:23:43 -0900] "GET /gallery/maps/G3200/small/G3200%201827%20M3%20v4%20no13%20c3.jpg HTTP/1.1" 200 15049 "http://photolab.elmer.uaf.edu/gallery/maps/mapg3200.html" "Mozilla/4.0 (compatible; MSIE 6.0; Windows NT 5.1; SV1; .NET CLR 1.1.4322)"
68.210.152.57 - - [16/Jan/2006:10:23:44 -0900] "GET /gallery/maps/G3200/small/G3200%201827%20M3%20v4%20no21.jpg HTTP/1.1" 200 13818 "http://photolab.elmer.uaf.edu/gallery/maps/mapg3200.html" "Mozilla/4.0 (compatible; MSIE 6.0; Windows NT 5.1; SV1; .NET CLR 1.1.4322)"
68.210.152.57 - - [16/Jan/2006:10:23:44 -0900] "GET /gallery/maps/G3200/small/G3200%201827%20M3%20v4%20no22.jpg HTTP/1.1" 200 14150 "http://photolab.elmer.uaf.edu/gallery/maps/mapg3200.html" "Mozilla/4.0 (compatible; MSIE 6.0; Windows NT 5.1; SV1; .NET CLR 1.1.4322)"
68.210.152.57 - - [16/Jan/2006:10:23:44 -0900] "GET /gallery/maps/G3200/small/G3200%201827%20M3%20v4%20no30.jpg HTTP/1.1" 200 13615 "http://photolab.elmer.uaf.edu/gallery/maps/mapg3200.html" "Mozilla/4.0 (compatible; MSIE 6.0; Windows NT 5.1; SV1; .NET CLR 1.1.4322)"
68.210.152.57 - - [16/Jan/2006:10:23:44 -0900] "GET /gallery/maps/G3200/small/G3200%201827%20M3%20v4%20no23.jpg HTTP/1.1" 200 14394 "http://photolab.elmer.uaf.edu/gallery/maps/mapg3200.html" "Mozilla/4.0 (compatible; MSIE 6.0; Windows NT 5.1; SV1; .NET CLR 1.1.4322)"
68.210.152.57 - - [16/Jan/2006:10:23:45 -0900] "GET /gallery/maps/G3200/small/G3200%201882%20P461.jpg HTTP/1.1" 200 14665 "http://photolab.elmer.uaf.edu/gallery/maps/mapg3200.html" "Mozilla/4.0 (compatible; MSIE 6.0; Windows NT 5.1; SV1; .NET CLR 1.1.4322)"
68.210.152.57 - - [16/Jan/2006:10:23:45 -0900] "GET /gallery/maps/G3200/small/G3200%20%5B1828%5D%20B67.jpg HTTP/1.1" 200 14879 "http://photolab.elmer.uaf.edu/gallery/maps/mapg3200.html" "Mozilla/4.0 (compatible; MSIE 6.0; Windows NT 5.1; SV1; .NET CLR 1.1.4322)"
68.210.152.57 - - [16/Jan/2006:10:23:45 -0900] "GET /index_files/bar.gif HTTP/1.1" 200 342 "http://photolab.elmer.uaf.edu/gallery/maps/mapg3200.html" "Mozilla/4.0 (compatible; MSIE 6.0; Windows NT 5.1; SV1; .NET CLR 1.1.4322)"
68.210.152.57 - - [16/Jan/2006:10:23:45 -0900] "GET /index_files/bluebear.gif HTTP/1.1" 200 1263 "http://photolab.elmer.uaf.edu/gallery/maps/mapg3200.html" "Mozilla/4.0 (compatible; MSIE 6.0; Windows NT 5.1; SV1; .NET CLR 1.1.4322)"
68.210.152.57 - - [16/Jan/2006:10:23:46 -0900] "GET /index_files/sitemap.gif HTTP/1.1" 200 1503 "http://photolab.elmer.uaf.edu/gallery/maps/mapg3200.html" "Mozilla/4.0 (compatible; MSIE 6.0; Windows NT 5.1; SV1; .NET CLR 1.1.4322)"
66.151.181.10 - - [16/Jan/2006:10:24:13 -0900] "GET /gallery/photos/19900043/10/pages/1990-0043-01045.html HTTP/1.1" 200 1766 "http://photolab.elmer.uaf.edu/gallery/photos/19900043/10/index_4.html" "FAST Enterprise Crawler 6 / Scirus scirus-crawler@fast.no; http://www.scirus.com/srsapp/contactus/"
66.151.181.10 - - [16/Jan/2006:10:25:20 -0900] "GET /gallery/photos/19900043/10/pages/1990-0043-01046.html HTTP/1.1" 200 1766 "http://photolab.elmer.uaf.edu/gallery/photos/19900043/10/index_4.html" "FAST Enterprise Crawler 6 / Scirus scirus-crawler@fast.no; http://www.scirus.com/srsapp/contactus/"
66.151.181.10 - - [16/Jan/2006:10:26:28 -0900] "GET /gallery/photos/19900043/10/pages/1990-0043-01047.html HTTP/1.1" 200 1766 "http://photolab.elmer.uaf.edu/gallery/photos/19900043/10/index_4.html" "FAST Enterprise Crawler 6 / Scirus scirus-crawler@fast.no; http://www.scirus.com/srsapp/contactus/"
66.151.181.10 - - [16/Jan/2006:10:27:36 -0900] "GET /gallery/photos/19900043/10/pages/1990-0043-01048.html HTTP/1.1" 200 1766 "http://photolab.elmer.uaf.edu/gallery/photos/19900043/10/index_4.html" "FAST Enterprise Crawler 6 / Scirus scirus-crawler@fast.no; http://www.scirus.com/srsapp/contactus/"
66.151.181.10 - - [16/Jan/2006:10:28:43 -0900] "GET /gallery/photos/19900043/10/pages/1990-0043-01049.html HTTP/1.1" 200 1766 "http://photolab.elmer.uaf.edu/gallery/photos/19900043/10/index_4.html" "FAST Enterprise Crawler 6 / Scirus scirus-crawler@fast.no; http://www.scirus.com/srsapp/contactus/"
66.151.181.10 - - [16/Jan/2006:10:29:51 -0900] "GET /gallery/photos/19900043/10/pages/1990-0043-01050.html HTTP/1.1" 200 1766 "http://photolab.elmer.uaf.edu/gallery/photos/19900043/10/index_4.html" "FAST Enterprise Crawler 6 / Scirus scirus-crawler@fast.no; http://www.scirus.com/srsapp/contactus/"
66.194.6.84 - - [16/Jan/2006:10:29:59 -0900] "GET / HTTP/1.1" 200 8969 "-" "Mozilla/5.0 (compatible; Konqueror/3.1-rc3; i686 Linux; 20020424)"
65.55.246.96 - - [16/Jan/2006:10:30:19 -0900] "GET /gallery/photos/19950244/04/thumbnails/1995-0244-00404.jpg HTTP/1.0" 200 1342 "-" "msnbot/0.9 (+http://search.msn.com/msnbot.htm)"
65.55.246.96 - - [16/Jan/2006:10:30:27 -0900] "GET /gallery/photos/19690092/4/pages/1969-0092-00434.html HTTP/1.0" 200 1765 "-" "msnbot/0.9 (+http://search.msn.com/msnbot.htm)"
65.55.246.96 - - [16/Jan/2006:10:30:36 -0900] "GET /gallery/photos/20020087/3/thumbnails/2002-0087-00307.jpg HTTP/1.0" 200 12322 "-" "msnbot/0.9 (+http://search.msn.com/msnbot.htm)"
149.76.18.109 - - [16/Jan/2006:10:30:50 -0900] "GET /gallery/maps/mapg3520.html HTTP/1.1" 200 12954 "http://images.google.com/imgres?imgurl=http://photolab.elmer.uaf.edu/gallery/maps/G3500/large/G3522%2520K5%2520H1%25201898%2520F61.jpg&imgrefurl=http://photolab.elmer.uaf.edu/gallery/maps/mapg3520.html&h=880&w=1200&sz=252&tbnid=vGvA9k0R4pbQGM:&tbnh=110&tbnw=150&hl=en&start=2&prev=/images%3Fq%3Dmap%2B%252B%2Bgold%2Bfields%2B%252B%2Byukon%26svnum%3D10%26hl%3Den%26lr%3D%26sa%3DG" "Mozilla/4.0 (compatible; MSIE 6.0; Windows NT 5.1; SV1; InfoPath.1)"
149.76.18.109 - - [16/Jan/2006:10:30:50 -0900] "GET /index_files/lib.css HTTP/1.1" 200 2634 "http://photolab.elmer.uaf.edu/gallery/maps/mapg3520.html" "Mozilla/4.0 (compatible; MSIE 6.0; Windows NT 5.1; SV1; InfoPath.1)"
149.76.18.109 - - [16/Jan/2006:10:30:50 -0900] "GET /index_files/title.jpg HTTP/1.1" 200 5438 "http://photolab.elmer.uaf.edu/gallery/maps/mapg3520.html" "Mozilla/4.0 (compatible; MSIE 6.0; Windows NT 5.1; SV1; InfoPath.1)"
149.76.18.109 - - [16/Jan/2006:10:30:51 -0900] "GET /index_files/empty.gif HTTP/1.1" 200 45 "http://photolab.elmer.uaf.edu/gallery/maps/mapg3520.html" "Mozilla/4.0 (compatible; MSIE 6.0; Windows NT 5.1; SV1; InfoPath.1)"
149.76.18.109 - - [16/Jan/2006:10:30:50 -0900] "GET /index_files/apr.jpg HTTP/1.1" 200 6015 "http://photolab.elmer.uaf.edu/gallery/maps/mapg3520.html" "Mozilla/4.0 (compatible; MSIE 6.0; Windows NT 5.1; SV1; InfoPath.1)"
149.76.18.109 - - [16/Jan/2006:10:30:51 -0900] "GET /index_files/small.dps.jpg HTTP/1.1" 200 5830 "http://photolab.elmer.uaf.edu/gallery/maps/mapg3520.html" "Mozilla/4.0 (compatible; MSIE 6.0; Windows NT 5.1; SV1; InfoPath.1)"
149.76.18.109 - - [16/Jan/2006:10:30:51 -0900] "GET /index_files/small.jpg HTTP/1.1" 200 2294 "http://photolab.elmer.uaf.edu/gallery/maps/mapg3520.html" "Mozilla/4.0 (compatible; MSIE 6.0; Windows NT 5.1; SV1; InfoPath.1)"
149.76.18.109 - - [16/Jan/2006:10:30:51 -0900] "GET /index_files/small_002.jpg HTTP/1.1" 200 1351 "http://photolab.elmer.uaf.edu/gallery/maps/mapg3520.html" "Mozilla/4.0 (compatible; MSIE 6.0; Windows NT 5.1; SV1; InfoPath.1)"
149.76.18.109 - - [16/Jan/2006:10:30:51 -0900] "GET /index_files/small_003.jpg HTTP/1.1" 200 1521 "http://photolab.elmer.uaf.edu/gallery/maps/mapg3520.html" "Mozilla/4.0 (compatible; MSIE 6.0; Windows NT 5.1; SV1; InfoPath.1)"
65.55.246.96 - - [16/Jan/2006:10:30:51 -0900] "GET /gallery/photos/19900080/0/thumbnails/1990-0080-00001.jpg HTTP/1.0" 200 7038 "-" "msnbot/0.9 (+http://search.msn.com/msnbot.htm)"
149.76.18.109 - - [16/Jan/2006:10:30:51 -0900] "GET /gallery/maps/G3500/small/G3562%20S641%20%5B1874%5D%20U58.jpg HTTP/1.1" 200 14159 "http://photolab.elmer.uaf.edu/gallery/maps/mapg3520.html" "Mozilla/4.0 (compatible; MSIE 6.0; Windows NT 5.1; SV1; InfoPath.1)"
149.76.18.109 - - [16/Jan/2006:10:30:51 -0900] "GET /gallery/maps/G3500/small/G3532%20G731%20%5B1827%5D%20V36.jpg HTTP/1.1" 200 14323 "http://photolab.elmer.uaf.edu/gallery/maps/mapg3520.html" "Mozilla/4.0 (compatible; MSIE 6.0; Windows NT 5.1; SV1; InfoPath.1)"
149.76.18.109 - - [16/Jan/2006:10:30:52 -0900] "GET /gallery/maps/G3500/small/G3562%20S641%20P1875%20G73.jpg HTTP/1.1" 200 14248 "http://photolab.elmer.uaf.edu/gallery/maps/mapg3520.html" "Mozilla/4.0 (compatible; MSIE 6.0; Windows NT 5.1; SV1; InfoPath.1)"
149.76.18.109 - - [16/Jan/2006:10:30:52 -0900] "GET /gallery/maps/G3500/small/G3521%20C5%201898%20C4.jpg HTTP/1.1" 200 13243 "http://photolab.elmer.uaf.edu/gallery/maps/mapg3520.html" "Mozilla/4.0 (compatible; MSIE 6.0; Windows NT 5.1; SV1; InfoPath.1)"
149.76.18.109 - - [16/Jan/2006:10:30:53 -0900] "GET /gallery/maps/G3500/small/G3522%20K5%20H1%201898%20F61.jpg HTTP/1.1" 200 16087 "http://photolab.elmer.uaf.edu/gallery/maps/mapg3520.html" "Mozilla/4.0 (compatible; MSIE 6.0; Windows NT 5.1; SV1; InfoPath.1)"
149.76.18.109 - - [16/Jan/2006:10:30:52 -0900] "GET /gallery/maps/G3500/small/G3522%20K5%20H2%201897%20R53.jpg HTTP/1.1" 200 18806 "http://photolab.elmer.uaf.edu/gallery/maps/mapg3520.html" "Mozilla/4.0 (compatible; MSIE 6.0; Windows NT 5.1; SV1; InfoPath.1)"
149.76.18.109 - - [16/Jan/2006:10:30:53 -0900] "GET /gallery/maps/G3500/small/G3522%20K5%20H2%201898%20L695.jpg HTTP/1.1" 200 15621 "http://photolab.elmer.uaf.edu/gallery/maps/mapg3520.html" "Mozilla/4.0 (compatible; MSIE 6.0; Windows NT 5.1; SV1; InfoPath.1)"
149.76.18.109 - - [16/Jan/2006:10:30:54 -0900] "GET /gallery/maps/G3500/small/G3522%20K5%20H2%201898%20L695%20C.2.jpg HTTP/1.1" 200 14777 "http://photolab.elmer.uaf.edu/gallery/maps/mapg3520.html" "Mozilla/4.0 (compatible; MSIE 6.0; Windows NT 5.1; SV1; InfoPath.1)"
149.76.18.109 - - [16/Jan/2006:10:30:54 -0900] "GET /gallery/maps/G3500/small/G3560%201902%20L6.jpg HTTP/1.1" 200 15720 "http://photolab.elmer.uaf.edu/gallery/maps/mapg3520.html" "Mozilla/4.0 (compatible; MSIE 6.0; Windows NT 5.1; SV1; InfoPath.1)"
149.76.18.109 - - [16/Jan/2006:10:30:54 -0900] "GET /gallery/maps/G3500/small/G3522%20W55%20H1%201904%20C32.jpg HTTP/1.1" 200 12592 "http://photolab.elmer.uaf.edu/gallery/maps/mapg3520.html" "Mozilla/4.0 (compatible; MSIE 6.0; Windows NT 5.1; SV1; InfoPath.1)"
149.76.18.109 - - [16/Jan/2006:10:30:54 -0900] "GET /gallery/maps/G3500/small/G3522%20K5%20H1%201908%20C41.jpg HTTP/1.1" 200 14363 "http://photolab.elmer.uaf.edu/gallery/maps/mapg3520.html" "Mozilla/4.0 (compatible; MSIE 6.0; Windows NT 5.1; SV1; InfoPath.1)"
149.76.18.109 - - [16/Jan/2006:10:30:55 -0900] "GET /index_files/bluebear.gif HTTP/1.1" 200 1263 "http://photolab.elmer.uaf.edu/gallery/maps/mapg3520.html" "Mozilla/4.0 (compatible; MSIE 6.0; Windows NT 5.1; SV1; InfoPath.1)"
149.76.18.109 - - [16/Jan/2006:10:30:55 -0900] "GET /index_files/sitemap.gif HTTP/1.1" 200 1503 "http://photolab.elmer.uaf.edu/gallery/maps/mapg3520.html" "Mozilla/4.0 (compatible; MSIE 6.0; Windows NT 5.1; SV1; InfoPath.1)"
149.76.18.109 - - [16/Jan/2006:10:30:55 -0900] "GET /index_files/bar.gif HTTP/1.1" 200 342 "http://photolab.elmer.uaf.edu/gallery/maps/mapg3520.html" "Mozilla/4.0 (compatible; MSIE 6.0; Windows NT 5.1; SV1; InfoPath.1)"
66.151.181.10 - - [16/Jan/2006:10:30:58 -0900] "GET /gallery/photos/19900043/10/pages/1990-0043-01051.html HTTP/1.1" 200 1766 "http://photolab.elmer.uaf.edu/gallery/photos/19900043/10/index_4.html" "FAST Enterprise Crawler 6 / Scirus scirus-crawler@fast.no; http://www.scirus.com/srsapp/contactus/"
149.76.18.109 - - [16/Jan/2006:10:31:03 -0900] "GET /gallery/maps/G3500/large/G3522%20K5%20H1%201898%20F61.jpg HTTP/1.1" 200 257560 "http://photolab.elmer.uaf.edu/gallery/maps/mapg3520.html" "Mozilla/4.0 (compatible; MSIE 6.0; Windows NT 5.1; SV1; InfoPath.1)"
66.151.181.10 - - [16/Jan/2006:10:32:06 -0900] "GET /gallery/photos/19900043/10/pages/1990-0043-01052.html HTTP/1.1" 200 1766 "http://photolab.elmer.uaf.edu/gallery/photos/19900043/10/index_4.html" "FAST Enterprise Crawler 6 / Scirus scirus-crawler@fast.no; http://www.scirus.com/srsapp/contactus/"
66.151.181.10 - - [16/Jan/2006:10:33:16 -0900] "GET /gallery/photos/19900043/10/pages/1990-0043-01053.html HTTP/1.1" 200 1766 "http://photolab.elmer.uaf.edu/gallery/photos/19900043/10/index_4.html" "FAST Enterprise Crawler 6 / Scirus scirus-crawler@fast.no; http://www.scirus.com/srsapp/contactus/"
66.151.181.10 - - [16/Jan/2006:10:34:21 -0900] "GET /gallery/photos/19900043/10/pages/1990-0043-01054.html HTTP/1.1" 200 1766 "http://photolab.elmer.uaf.edu/gallery/photos/19900043/10/index_4.html" "FAST Enterprise Crawler 6 / Scirus scirus-crawler@fast.no; http://www.scirus.com/srsapp/contactus/"
65.55.246.96 - - [16/Jan/2006:10:34:27 -0900] "GET /gallery/photos/19950244/04/thumbnails/1995-0244-00406.jpg HTTP/1.0" 200 3083 "-" "msnbot/0.9 (+http://search.msn.com/msnbot.htm)"
81.174.137.234 - - [16/Jan/2006:10:34:51 -0900] "GET /index_files/lib.css HTTP/1.1" 200 2634 "http://photolab.elmer.uaf.edu/gallery/maps/mapg3200.html" "Mozilla/4.0 (compatible; MSIE 6.0; Windows NT 5.1; SV1)"
81.174.137.234 - - [16/Jan/2006:10:34:51 -0900] "GET /gallery/maps/mapg3200.html HTTP/1.1" 200 17235 "http://images.google.co.uk/imgres?imgurl=http://photolab.elmer.uaf.edu/gallery/maps/G3200/large/G3200%2520%255B1824%255D%2520W95.jpg&imgrefurl=http://photolab.elmer.uaf.edu/gallery/maps/mapg3200.html&h=884&w=1200&sz=183&tbnid=Y7ENmtXH-E5AoM:&tbnh=110&tbnw=150&hl=en&start=14&prev=/images%3Fq%3Dlarge%2Bmaps%2Bof%2Bthe%2Bworld%2B%26svnum%3D10%26hl%3Den%26lr%3D" "Mozilla/4.0 (compatible; MSIE 6.0; Windows NT 5.1; SV1)"
81.174.137.234 - - [16/Jan/2006:10:34:52 -0900] "GET /index_files/title.jpg HTTP/1.1" 200 5438 "http://photolab.elmer.uaf.edu/gallery/maps/mapg3200.html" "Mozilla/4.0 (compatible; MSIE 6.0; Windows NT 5.1; SV1)"
81.174.137.234 - - [16/Jan/2006:10:34:52 -0900] "GET /index_files/empty.gif HTTP/1.1" 200 45 "http://photolab.elmer.uaf.edu/gallery/maps/mapg3200.html" "Mozilla/4.0 (compatible; MSIE 6.0; Windows NT 5.1; SV1)"
81.174.137.234 - - [16/Jan/2006:10:34:52 -0900] "GET /index_files/apr.jpg HTTP/1.1" 200 6015 "http://photolab.elmer.uaf.edu/gallery/maps/mapg3200.html" "Mozilla/4.0 (compatible; MSIE 6.0; Windows NT 5.1; SV1)"
81.174.137.234 - - [16/Jan/2006:10:34:52 -0900] "GET /index_files/small.jpg HTTP/1.1" 200 2294 "http://photolab.elmer.uaf.edu/gallery/maps/mapg3200.html" "Mozilla/4.0 (compatible; MSIE 6.0; Windows NT 5.1; SV1)"
81.174.137.234 - - [16/Jan/2006:10:34:53 -0900] "GET /index_files/small.dps.jpg HTTP/1.1" 200 5830 "http://photolab.elmer.uaf.edu/gallery/maps/mapg3200.html" "Mozilla/4.0 (compatible; MSIE 6.0; Windows NT 5.1; SV1)"
81.174.137.234 - - [16/Jan/2006:10:34:53 -0900] "GET /index_files/small_002.jpg HTTP/1.1" 200 1351 "http://photolab.elmer.uaf.edu/gallery/maps/mapg3200.html" "Mozilla/4.0 (compatible; MSIE 6.0; Windows NT 5.1; SV1)"
81.174.137.234 - - [16/Jan/2006:10:34:53 -0900] "GET /index_files/small_003.jpg HTTP/1.1" 200 1521 "http://photolab.elmer.uaf.edu/gallery/maps/mapg3200.html" "Mozilla/4.0 (compatible; MSIE 6.0; Windows NT 5.1; SV1)"
81.174.137.234 - - [16/Jan/2006:10:34:53 -0900] "GET /gallery/maps/G3200/small/G3200%20%5B1562_%5D%20V34.jpg HTTP/1.1" 200 15334 "http://photolab.elmer.uaf.edu/gallery/maps/mapg3200.html" "Mozilla/4.0 (compatible; MSIE 6.0; Windows NT 5.1; SV1)"
81.174.137.234 - - [16/Jan/2006:10:34:53 -0900] "GET /gallery/maps/G3200/small/G3200%20%5B1652_%5D%20V571.jpg HTTP/1.1" 200 16733 "http://photolab.elmer.uaf.edu/gallery/maps/mapg3200.html" "Mozilla/4.0 (compatible; MSIE 6.0; Windows NT 5.1; SV1)"
81.174.137.234 - - [16/Jan/2006:10:34:54 -0900] "GET /gallery/maps/G3200/small/G3200%20%5B1670%5D.jpg HTTP/1.1" 200 17392 "http://photolab.elmer.uaf.edu/gallery/maps/mapg3200.html" "Mozilla/4.0 (compatible; MSIE 6.0; Windows NT 5.1; SV1)"
81.174.137.234 - - [16/Jan/2006:10:34:54 -0900] "GET /gallery/maps/G3200/small/G3200%20%5B1700%5D.jpg HTTP/1.1" 200 18077 "http://photolab.elmer.uaf.edu/gallery/maps/mapg3200.html" "Mozilla/4.0 (compatible; MSIE 6.0; Windows NT 5.1; SV1)"
81.174.137.234 - - [16/Jan/2006:10:34:54 -0900] "GET /gallery/maps/G3200/small/G3200%201752%20R62.jpg HTTP/1.1" 200 14597 "http://photolab.elmer.uaf.edu/gallery/maps/mapg3200.html" "Mozilla/4.0 (compatible; MSIE 6.0; Windows NT 5.1; SV1)"
81.174.137.234 - - [16/Jan/2006:10:34:55 -0900] "GET /gallery/maps/G3200/small/G3200%201755%20B43.jpg HTTP/1.1" 200 14396 "http://photolab.elmer.uaf.edu/gallery/maps/mapg3200.html" "Mozilla/4.0 (compatible; MSIE 6.0; Windows NT 5.1; SV1)"
81.174.137.234 - - [16/Jan/2006:10:35:16 -0900] "GET /index_files/bar.gif HTTP/1.1" 200 342 "http://photolab.elmer.uaf.edu/gallery/maps/mapg3200.html" "Mozilla/4.0 (compatible; MSIE 6.0; Windows NT 5.1; SV1)"
81.174.137.234 - - [16/Jan/2006:10:35:16 -0900] "GET /gallery/maps/G3200/large/G3200%20%5B1824%5D%20W95.jpg HTTP/1.1" 200 186507 "http://images.google.co.uk/imgres?imgurl=http://photolab.elmer.uaf.edu/gallery/maps/G3200/large/G3200%2520%255B1824%255D%2520W95.jpg&imgrefurl=http://photolab.elmer.uaf.edu/gallery/maps/mapg3200.html&h=884&w=1200&sz=183&tbnid=Y7ENmtXH-E5AoM:&tbnh=110&tbnw=150&hl=en&prev=/images%3Fq%3Dlarge%2Bmaps%2Bof%2Bthe%2Bworld%2B%26svnum%3D10%26hl%3Den%26lr%3D&frame=small" "Mozilla/4.0 (compatible; MSIE 6.0; Windows NT 5.1; SV1)"
66.151.181.10 - - [16/Jan/2006:10:35:29 -0900] "GET /gallery/photos/19900043/11/pages/1990-0043-01137.html HTTP/1.1" 200 1766 "http://photolab.elmer.uaf.edu/gallery/photos/19900043/11/index_4.html" "FAST Enterprise Crawler 6 / Scirus scirus-crawler@fast.no; http://www.scirus.com/srsapp/contactus/"
81.174.137.234 - - [16/Jan/2006:10:35:58 -0900] "GET /gallery/maps/G3200/large/G3200%20%5B1824%5D%20W95.jpg HTTP/1.1" 304 - "-" "Mozilla/4.0 (compatible; MSIE 6.0; Windows NT 5.1; SV1)"
66.151.181.10 - - [16/Jan/2006:10:36:40 -0900] "GET /gallery/photos/19900043/11/pages/1990-0043-01138.html HTTP/1.1" 200 1766 "http://photolab.elmer.uaf.edu/gallery/photos/19900043/11/index_4.html" "FAST Enterprise Crawler 6 / Scirus scirus-crawler@fast.no; http://www.scirus.com/srsapp/contactus/"
68.142.251.149 - - [16/Jan/2006:10:36:53 -0900] "GET /robots.txt HTTP/1.0" 200 96 "-" "Mozilla/5.0 (compatible; Yahoo! Slurp; http://help.yahoo.com/help/us/ysearch/slurp)"
68.142.251.115 - - [16/Jan/2006:10:36:53 -0900] "GET /gallery/maps/mapg3270b.html HTTP/1.0" 304 - "-" "Mozilla/5.0 (compatible; Yahoo! Slurp; http://help.yahoo.com/help/us/ysearch/slurp)"
66.151.181.10 - - [16/Jan/2006:10:37:44 -0900] "GET /gallery/photos/19900043/11/pages/1990-0043-01139.html HTTP/1.1" 200 1766 "http://photolab.elmer.uaf.edu/gallery/photos/19900043/11/index_4.html" "FAST Enterprise Crawler 6 / Scirus scirus-crawler@fast.no; http://www.scirus.com/srsapp/contactus/"
65.55.246.96 - - [16/Jan/2006:10:38:12 -0900] "GET /gallery/photos/19690092/4/thumbnails/1969-0092-00438.jpg HTTP/1.0" 200 4441 "-" "msnbot/0.9 (+http://search.msn.com/msnbot.htm)"
65.55.246.96 - - [16/Jan/2006:10:38:36 -0900] "GET /gallery/photos/19900080/0/thumbnails/1990-0080-00012.jpg HTTP/1.0" 200 7469 "-" "msnbot/0.9 (+http://search.msn.com/msnbot.htm)"
65.55.246.96 - - [16/Jan/2006:10:38:40 -0900] "GET /gallery/photos/19950244/04/thumbnails/1995-0244-00408.jpg HTTP/1.0" 200 3661 "-" "msnbot/0.9 (+http://search.msn.com/msnbot.htm)"
66.151.181.10 - - [16/Jan/2006:10:38:52 -0900] "GET /gallery/photos/19900043/11/pages/1990-0043-01140.html HTTP/1.1" 200 1766 "http://photolab.elmer.uaf.edu/gallery/photos/19900043/11/index_4.html" "FAST Enterprise Crawler 6 / Scirus scirus-crawler@fast.no; http://www.scirus.com/srsapp/contactus/"
66.151.181.10 - - [16/Jan/2006:10:39:59 -0900] "GET /gallery/photos/19900043/11/pages/1990-0043-01141.html HTTP/1.1" 200 1766 "http://photolab.elmer.uaf.edu/gallery/photos/19900043/11/index_4.html" "FAST Enterprise Crawler 6 / Scirus scirus-crawler@fast.no; http://www.scirus.com/srsapp/contactus/"
66.151.181.10 - - [16/Jan/2006:10:41:07 -0900] "GET /gallery/photos/19900043/11/pages/1990-0043-01143.html HTTP/1.1" 200 1766 "http://photolab.elmer.uaf.edu/gallery/photos/19900043/11/index_4.html" "FAST Enterprise Crawler 6 / Scirus scirus-crawler@fast.no; http://www.scirus.com/srsapp/contactus/"
66.151.181.10 - - [16/Jan/2006:10:42:15 -0900] "GET /gallery/photos/19900043/11/pages/1990-0043-01144.html HTTP/1.1" 200 1766 "http://photolab.elmer.uaf.edu/gallery/photos/19900043/11/index_4.html" "FAST Enterprise Crawler 6 / Scirus scirus-crawler@fast.no; http://www.scirus.com/srsapp/contactus/"
66.151.181.10 - - [16/Jan/2006:10:43:22 -0900] "GET /gallery/photos/19900043/11/pages/1990-0043-01145.html HTTP/1.1" 200 1766 "http://photolab.elmer.uaf.edu/gallery/photos/19900043/11/index_4.html" "FAST Enterprise Crawler 6 / Scirus scirus-crawler@fast.no; http://www.scirus.com/srsapp/contactus/"
65.55.246.96 - - [16/Jan/2006:10:43:25 -0900] "GET /gallery/photos/19690092/4/pages/1969-0092-00431.html HTTP/1.0" 200 1765 "-" "msnbot/0.9 (+http://search.msn.com/msnbot.htm)"
66.151.181.10 - - [16/Jan/2006:10:44:30 -0900] "GET /gallery/photos/19900043/11/pages/1990-0043-01146.html HTTP/1.1" 200 1766 "http://photolab.elmer.uaf.edu/gallery/photos/19900043/11/index_4.html" "FAST Enterprise Crawler 6 / Scirus scirus-crawler@fast.no; http://www.scirus.com/srsapp/contactus/"
66.151.181.10 - - [16/Jan/2006:10:45:38 -0900] "GET /gallery/photos/19900043/11/pages/1990-0043-01147.html HTTP/1.1" 200 1767 "http://photolab.elmer.uaf.edu/gallery/photos/19900043/11/index_4.html" "FAST Enterprise Crawler 6 / Scirus scirus-crawler@fast.no; http://www.scirus.com/srsapp/contactus/"
65.55.246.96 - - [16/Jan/2006:10:46:10 -0900] "GET /gallery/photos/20020087/3/thumbnails/2002-0087-00308.jpg HTTP/1.0" 200 11311 "-" "msnbot/0.9 (+http://search.msn.com/msnbot.htm)"
65.55.246.96 - - [16/Jan/2006:10:46:13 -0900] "GET /gallery/photos/19690092/4/index_4.html HTTP/1.0" 200 7249 "-" "msnbot/0.9 (+http://search.msn.com/msnbot.htm)"
65.55.246.96 - - [16/Jan/2006:10:46:16 -0900] "GET /gallery/photos/19690092/4/pages/1969-0092-00435.html HTTP/1.0" 200 1765 "-" "msnbot/0.9 (+http://search.msn.com/msnbot.htm)"
66.151.181.10 - - [16/Jan/2006:10:46:46 -0900] "GET /gallery/photos/19900043/11/pages/1990-0043-01148A.html HTTP/1.1" 200 1772 "http://photolab.elmer.uaf.edu/gallery/photos/19900043/11/index_4.html" "FAST Enterprise Crawler 6 / Scirus scirus-crawler@fast.no; http://www.scirus.com/srsapp/contactus/"
67.101.5.68 - - [16/Jan/2006:10:47:08 -0900] "GET /store/allphotos2.html HTTP/1.1" 301 355 "http://images.google.com/imgres?imgurl=http://photolab.elmer.uaf.edu/store/photos/largejpegs/(045)1989-0166-00025.jpg&imgrefurl=http://photolab.elmer.uaf.edu/store/allphotos2.html&h=805&w=1000&sz=201&tbnid=PqgJ2-WtWpqLRM:&tbnh=119&tbnw=149&hl=en&start=203&prev=/images%3Fq%3Dcompany%2Bstore%26start%3D200%26imgsz%3Dxxlarge%26svnum%3D10%26hl%3Den%26lr%3D%26safe%3Dactive%26sa%3DN" "Mozilla/5.0 (Macintosh; U; PPC Mac OS X; en-us) AppleWebKit/312.5.2 (KHTML, like Gecko) Safari/312.3.3"
67.101.5.68 - - [16/Jan/2006:10:47:09 -0900] "GET /store/photos/largejpegs/(045)1989-0166-00025.jpg HTTP/1.1" 301 382 "http://images.google.com/imgres?imgurl=http://photolab.elmer.uaf.edu/store/photos/largejpegs/(045)1989-0166-00025.jpg&imgrefurl=http://photolab.elmer.uaf.edu/store/allphotos2.html&h=805&w=1000&sz=201&tbnid=PqgJ2-WtWpqLRM:&tbnh=119&tbnw=149&hl=en&prev=/images%3Fq%3Dcompany%2Bstore%26start%3D200%26imgsz%3Dxxlarge%26svnum%3D10%26hl%3Den%26lr%3D%26safe%3Dactive%26sa%3DN&frame=small" "Mozilla/5.0 (Macintosh; U; PPC Mac OS X; en-us) AppleWebKit/312.5.2 (KHTML, like Gecko) Safari/312.3.3"
67.101.5.68 - - [16/Jan/2006:10:47:13 -0900] "GET /store/allphotos2.html HTTP/1.1" 301 355 "http://images.google.com/imgres?imgurl=http://photolab.elmer.uaf.edu/store/photos/largejpegs/(045)1989-0166-00025.jpg&imgrefurl=http://photolab.elmer.uaf.edu/store/allphotos2.html&h=805&w=1000&sz=201&tbnid=PqgJ2-WtWpqLRM:&tbnh=119&tbnw=149&hl=en&start=203&prev=/images%3Fq%3Dcompany%2Bstore%26start%3D200%26imgsz%3Dxxlarge%26svnum%3D10%26hl%3Den%26lr%3D%26safe%3Dactive%26sa%3DN" "Mozilla/5.0 (Macintosh; U; PPC Mac OS X; en-us) AppleWebKit/312.5.2 (KHTML, like Gecko) Safari/312.3.3"
67.101.5.68 - - [16/Jan/2006:10:47:15 -0900] "GET /store/photos/largejpegs/(045)1989-0166-00025.jpg HTTP/1.1" 301 382 "http://images.google.com/imgres?imgurl=http://photolab.elmer.uaf.edu/store/photos/largejpegs/(045)1989-0166-00025.jpg&imgrefurl=http://photolab.elmer.uaf.edu/store/allphotos2.html&h=805&w=1000&sz=201&tbnid=PqgJ2-WtWpqLRM:&tbnh=119&tbnw=149&hl=en&prev=/images%3Fq%3Dcompany%2Bstore%26start%3D200%26imgsz%3Dxxlarge%26svnum%3D10%26hl%3Den%26lr%3D%26safe%3Dactive%26sa%3DN&frame=small" "Mozilla/5.0 (Macintosh; U; PPC Mac OS X; en-us) AppleWebKit/312.5.2 (KHTML, like Gecko) Safari/312.3.3"
67.101.5.68 - - [16/Jan/2006:10:47:23 -0900] "GET /store/allphotos2.html HTTP/1.1" 301 355 "http://images.google.com/imgres?imgurl=http://photolab.elmer.uaf.edu/store/photos/largejpegs/(045)1989-0166-00025.jpg&imgrefurl=http://photolab.elmer.uaf.edu/store/allphotos2.html&h=805&w=1000&sz=201&tbnid=PqgJ2-WtWpqLRM:&tbnh=119&tbnw=149&hl=en&start=203&prev=/images%3Fq%3Dcompany%2Bstore%26start%3D200%26imgsz%3Dxxlarge%26svnum%3D10%26hl%3Den%26lr%3D%26safe%3Dactive%26sa%3DN" "Mozilla/5.0 (Macintosh; U; PPC Mac OS X; en-us) AppleWebKit/312.5.2 (KHTML, like Gecko) Safari/312.3.3"
66.151.181.10 - - [16/Jan/2006:10:47:53 -0900] "GET /gallery/photos/19900043/11/pages/1990-0043-01148B.html HTTP/1.1" 200 1623 "http://photolab.elmer.uaf.edu/gallery/photos/19900043/11/index_4.html" "FAST Enterprise Crawler 6 / Scirus scirus-crawler@fast.no; http://www.scirus.com/srsapp/contactus/"
66.151.181.10 - - [16/Jan/2006:10:49:01 -0900] "GET /gallery/photos/19900080/0/index_5.html HTTP/1.1" 200 7224 "http://photolab.elmer.uaf.edu/gallery/photos/19900080/0/index_4.html" "FAST Enterprise Crawler 6 / Scirus scirus-crawler@fast.no; http://www.scirus.com/srsapp/contactus/"
66.151.181.10 - - [16/Jan/2006:10:50:08 -0900] "GET /gallery/photos/19900080/0/pages/1990-0080-00037.html HTTP/1.1" 200 1878 "http://photolab.elmer.uaf.edu/gallery/photos/19900080/0/index_4.html" "FAST Enterprise Crawler 6 / Scirus scirus-crawler@fast.no; http://www.scirus.com/srsapp/contactus/"
