81.174.137.234 - - [16/Jan/2006:10:50:15 -0900] "GET /gallery/maps/mapg3200.html HTTP/1.1" 304 - "http://images.google.co.uk/imgres?imgurl=http://photolab.elmer.uaf.edu/gallery/maps/G3200/large/G3200%2520%255B1824%255D%2520W95.jpg&imgrefurl=http://photolab.elmer.uaf.edu/gallery/maps/mapg3200.html&h=884&w=1200&sz=183&tbnid=Y7ENmtXH-E5AoM:&tbnh=110&tbnw=150&hl=en&start=38&prev=/images%3Fq%3Dmaps%2Bof%2Bthe%2Bworld%26start%3D20%26svnum%3D10%26hl%3Den%26lr%3D%26sa%3DN" "Mozilla/4.0 (compatible; MSIE 6.0; Windows NT 5.1; SV1)"
81.174.137.234 - - [16/Jan/2006:10:50:15 -0900] "GET /index_files/lib.css HTTP/1.1" 304 - "http://photolab.elmer.uaf.edu/gallery/maps/mapg3200.html" "Mozilla/4.0 (compatible; MSIE 6.0; Windows NT 5.1; SV1)"
81.174.137.234 - - [16/Jan/2006:10:50:15 -0900] "GET /index_files/apr.jpg HTTP/1.1" 304 - "http://photolab.elmer.uaf.edu/gallery/maps/mapg3200.html" "Mozilla/4.0 (compatible; MSIE 6.0; Windows NT 5.1; SV1)"
81.174.137.234 - - [16/Jan/2006:10:50:15 -0900] "GET /index_files/title.jpg HTTP/1.1" 304 - "http://photolab.elmer.uaf.edu/gallery/maps/mapg3200.html" "Mozilla/4.0 (compatible; MSIE 6.0; Windows NT 5.1; SV1)"
81.174.137.234 - - [16/Jan/2006:10:50:15 -0900] "GET /index_files/small.dps.jpg HTTP/1.1" 304 - "http://photolab.elmer.uaf.edu/gallery/maps/mapg3200.html" "Mozilla/4.0 (compatible; MSIE 6.0; Windows NT 5.1; SV1)"
81.174.137.234 - - [16/Jan/2006:10:50:15 -0900] "GET /index_files/empty.gif HTTP/1.1" 304 - "http://photolab.elmer.uaf.edu/gallery/maps/mapg3200.html" "Mozilla/4.0 (compatible; MSIE 6.0; Windows NT 5.1; SV1)"
81.174.137.234 - - [16/Jan/2006:10:50:16 -0900] "GET /index_files/small.jpg HTTP/1.1" 304 - "http://photolab.elmer.uaf.edu/gallery/maps/mapg3200.html" "Mozilla/4.0 (compatible; MSIE 6.0; Windows NT 5.1; SV1)"
81.174.137.234 - - [16/Jan/2006:10:50:16 -0900] "GET /index_files/small_002.jpg HTTP/1.1" 304 - "http://photolab.elmer.uaf.edu/gallery/maps/mapg3200.html" "Mozilla/4.0 (compatible; MSIE 6.0; Windows NT 5.1; SV1)"
81.174.137.234 - - [16/Jan/2006:10:50:16 -0900] "GET /index_files/small_003.jpg HTTP/1.1" 304 - "http://photolab.elmer.uaf.edu/gallery/maps/mapg3200.html" "Mozilla/4.0 (compatible; MSIE 6.0; Windows NT 5.1; SV1)"
81.174.137.234 - - [16/Jan/2006:10:50:16 -0900] "GET /gallery/maps/G3200/small/G3200%20%5B1652_%5D%20V571.jpg HTTP/1.1" 304 - "http://photolab.elmer.uaf.edu/gallery/maps/mapg3200.html" "Mozilla/4.0 (compatible; MSIE 6.0; Windows NT 5.1; SV1)"
81.174.137.234 - - [16/Jan/2006:10:50:16 -0900] "GET /gallery/maps/G3200/small/G3200%20%5B1562_%5D%20V34.jpg HTTP/1.1" 304 - "http://photolab.elmer.uaf.edu/gallery/maps/mapg3200.html" "Mozilla/4.0 (compatible; MSIE 6.0; Windows NT 5.1; SV1)"
81.174.137.234 - - [16/Jan/2006:10:50:16 -0900] "GET /gallery/maps/G3200/small/G3200%20%5B1670%5D.jpg HTTP/1.1" 304 - "http://photolab.elmer.uaf.edu/gallery/maps/mapg3200.html" "Mozilla/4.0 (compatible; MSIE 6.0; Windows NT 5.1; SV1)"
81.174.137.234 - - [16/Jan/2006:10:50:16 -0900] "GET /gallery/maps/G3200/small/G3200%20%5B1700%5D.jpg HTTP/1.1" 304 - "http://photolab.elmer.uaf.edu/gallery/maps/mapg3200.html" "Mozilla/4.0 (compatible; MSIE 6.0; Windows NT 5.1; SV1)"
81.174.137.234 - - [16/Jan/2006:10:50:16 -0900] "GET /gallery/maps/G3200/small/G3200%201752%20R62.jpg HTTP/1.1" 206 6405 "http://photolab.elmer.uaf.edu/gallery/maps/mapg3200.html" "Mozilla/4.0 (compatible; MSIE 6.0; Windows NT 5.1; SV1)"
81.174.137.234 - - [16/Jan/2006:10:50:17 -0900] "GET /gallery/maps/G3200/small/G3200%201755%20B43.jpg HTTP/1.1" 200 14396 "http://photolab.elmer.uaf.edu/gallery/maps/mapg3200.html" "Mozilla/4.0 (compatible; MSIE 6.0; Windows NT 5.1; SV1)"
81.174.137.234 - - [16/Jan/2006:10:50:17 -0900] "GET /gallery/maps/G3200/small/G3200%20%5B1774%5D%20S29.jpg HTTP/1.1" 200 14083 "http://photolab.elmer.uaf.edu/gallery/maps/mapg3200.html" "Mozilla/4.0 (compatible; MSIE 6.0; Windows NT 5.1; SV1)"
81.174.137.234 - - [16/Jan/2006:10:50:17 -0900] "GET /gallery/maps/G3200/large/G3200%20%5B1824%5D%20W95.jpg HTTP/1.1" 304 - "http://images.google.co.uk/imgres?imgurl=http://photolab.elmer.uaf.edu/gallery/maps/G3200/large/G3200%2520%255B1824%255D%2520W95.jpg&imgrefurl=http://photolab.elmer.uaf.edu/gallery/maps/mapg3200.html&h=884&w=1200&sz=183&tbnid=Y7ENmtXH-E5AoM:&tbnh=110&tbnw=150&hl=en&prev=/images%3Fq%3Dmaps%2Bof%2Bthe%2Bworld%26start%3D20%26svnum%3D10%26hl%3Den%26lr%3D%26sa%3DN&frame=small" "Mozilla/4.0 (compatible; MSIE 6.0; Windows NT 5.1; SV1)"
81.174.137.234 - - [16/Jan/2006:10:50:17 -0900] "GET /index_files/bar.gif HTTP/1.1" 304 - "http://photolab.elmer.uaf.edu/gallery/maps/mapg3200.html" "Mozilla/4.0 (compatible; MSIE 6.0; Windows NT 5.1; SV1)"
66.151.181.10 - - [16/Jan/2006:10:51:16 -0900] "GET /gallery/photos/19900080/0/pages/1990-0080-00038.html HTTP/1.1" 200 1878 "http://photolab.elmer.uaf.edu/gallery/photos/19900080/0/index_4.html" "FAST Enterprise Crawler 6 / Scirus scirus-crawler@fast.no; http://www.scirus.com/srsapp/contactus/"
66.151.181.10 - - [16/Jan/2006:10:52:24 -0900] "GET /gallery/photos/19900080/0/pages/1990-0080-00039.html HTTP/1.1" 200 1878 "http://photolab.elmer.uaf.edu/gallery/photos/19900080/0/index_4.html" "FAST Enterprise Crawler 6 / Scirus scirus-crawler@fast.no; http://www.scirus.com/srsapp/contactus/"
66.151.181.10 - - [16/Jan/2006:10:53:31 -0900] "GET /gallery/photos/19900080/0/pages/1990-0080-00040.html HTTP/1.1" 200 1878 "http://photolab.elmer.uaf.edu/gallery/photos/19900080/0/index_4.html" "FAST Enterprise Crawler 6 / Scirus scirus-crawler@fast.no; http://www.scirus.com/srsapp/contactus/"
66.151.181.10 - - [16/Jan/2006:10:55:46 -0900] "GET /gallery/photos/19900080/0/pages/1990-0080-00041.html HTTP/1.1" 200 1878 "http://photolab.elmer.uaf.edu/gallery/photos/19900080/0/index_4.html" "FAST Enterprise Crawler 6 / Scirus scirus-crawler@fast.no; http://www.scirus.com/srsapp/contactus/"
66.151.181.10 - - [16/Jan/2006:10:56:54 -0900] "GET /gallery/photos/19900080/0/pages/1990-0080-00042.html HTTP/1.1" 200 1878 "http://photolab.elmer.uaf.edu/gallery/photos/19900080/0/index_4.html" "FAST Enterprise Crawler 6 / Scirus scirus-crawler@fast.no; http://www.scirus.com/srsapp/contactus/"
66.151.181.10 - - [16/Jan/2006:10:58:04 -0900] "GET /gallery/photos/19900080/0/pages/1990-0080-00043.html HTTP/1.1" 200 1878 "http://photolab.elmer.uaf.edu/gallery/photos/19900080/0/index_4.html" "FAST Enterprise Crawler 6 / Scirus scirus-crawler@fast.no; http://www.scirus.com/srsapp/contactus/"
66.151.181.10 - - [16/Jan/2006:10:59:09 -0900] "GET /gallery/photos/19900080/0/pages/1990-0080-00044.html HTTP/1.1" 200 1878 "http://photolab.elmer.uaf.edu/gallery/photos/19900080/0/index_4.html" "FAST Enterprise Crawler 6 / Scirus scirus-crawler@fast.no; http://www.scirus.com/srsapp/contactus/"
65.55.246.96 - - [16/Jan/2006:10:59:41 -0900] "GET /gallery/photos/19940070/0/images/1994-0070-00019.jpg HTTP/1.0" 200 93328 "-" "msnbot/0.9 (+http://search.msn.com/msnbot.htm)"
65.55.246.96 - - [16/Jan/2006:10:59:55 -0900] "GET /gallery/photos/19890228/0/thumbnails/1989-0228-00010.jpg HTTP/1.0" 200 6712 "-" "msnbot/0.9 (+http://search.msn.com/msnbot.htm)"
68.142.251.134 - - [16/Jan/2006:11:00:10 -0900] "GET /gallery/photos/20040086/1/pages/2004-0086-00105.htm HTTP/1.0" 304 - "-" "Mozilla/5.0 (compatible; Yahoo! Slurp; http://help.yahoo.com/help/us/ysearch/slurp)"
66.151.181.10 - - [16/Jan/2006:11:00:17 -0900] "GET /gallery/photos/19900080/0/pages/1990-0080-00045.html HTTP/1.1" 200 1878 "http://photolab.elmer.uaf.edu/gallery/photos/19900080/0/index_4.html" "FAST Enterprise Crawler 6 / Scirus scirus-crawler@fast.no; http://www.scirus.com/srsapp/contactus/"
66.151.181.10 - - [16/Jan/2006:11:01:25 -0900] "GET /gallery/photos/19900080/0/pages/1990-0080-00046.html HTTP/1.1" 200 1878 "http://photolab.elmer.uaf.edu/gallery/photos/19900080/0/index_4.html" "FAST Enterprise Crawler 6 / Scirus scirus-crawler@fast.no; http://www.scirus.com/srsapp/contactus/"
12.144.198.100 - - [16/Jan/2006:11:01:30 -0900] "GET /store/photos/largejpegs/(057)1972-0071-00823.jpg HTTP/1.1" 301 382 "http://profile.myspace.com/index.cfm?fuseaction=user.viewprofile&friendID=21524269" "Mozilla/4.0 (compatible; MSIE 6.0; Windows NT 5.1; SV1; .NET CLR 1.1.4322)"
66.151.181.10 - - [16/Jan/2006:11:02:32 -0900] "GET /gallery/photos/19900080/0/pages/1990-0080-00047.html HTTP/1.1" 200 1878 "http://photolab.elmer.uaf.edu/gallery/photos/19900080/0/index_4.html" "FAST Enterprise Crawler 6 / Scirus scirus-crawler@fast.no; http://www.scirus.com/srsapp/contactus/"
66.151.181.10 - - [16/Jan/2006:11:03:40 -0900] "GET /gallery/photos/19900080/0/pages/1990-0080-00048.html HTTP/1.1" 200 1878 "http://photolab.elmer.uaf.edu/gallery/photos/19900080/0/index_4.html" "FAST Enterprise Crawler 6 / Scirus scirus-crawler@fast.no; http://www.scirus.com/srsapp/contactus/"
66.151.181.10 - - [16/Jan/2006:11:04:48 -0900] "GET /gallery/photos/19910046/04/index_5.html HTTP/1.1" 200 7244 "http://photolab.elmer.uaf.edu/gallery/photos/19910046/04/index_4.html" "FAST Enterprise Crawler 6 / Scirus scirus-crawler@fast.no; http://www.scirus.com/srsapp/contactus/"
66.151.181.10 - - [16/Jan/2006:11:05:58 -0900] "GET /gallery/photos/19910046/04/pages/1991-0046-00446.html HTTP/1.1" 200 1760 "http://photolab.elmer.uaf.edu/gallery/photos/19910046/04/index_4.html" "FAST Enterprise Crawler 6 / Scirus scirus-crawler@fast.no; http://www.scirus.com/srsapp/contactus/"
67.101.222.210 - - [16/Jan/2006:11:06:01 -0900] "GET /index_files/aprbrown.jpg HTTP/1.1" 200 5509 "-" "Mozilla/5.0 (Windows; U; Windows NT 5.1; en-US; rv:1.7.5) Gecko/20041107 Firefox/1.0"
170.148.92.42 - - [16/Jan/2006:11:06:48 -0900] "GET /index_files/title.jpg HTTP/1.0" 200 5438 "-" "Mozilla/3.01 (compatible;)"
170.148.92.42 - - [16/Jan/2006:11:06:48 -0900] "GET /gallery/maps/mapg3200.html HTTP/1.0" 200 17235 "-" "Mozilla/3.01 (compatible;)"
170.148.92.42 - - [16/Jan/2006:11:06:48 -0900] "GET /index_files/bar.gif HTTP/1.0" 200 342 "-" "Mozilla/3.01 (compatible;)"
170.148.92.42 - - [16/Jan/2006:11:06:48 -0900] "GET /index_files/apr.jpg HTTP/1.0" 200 6015 "-" "Mozilla/3.01 (compatible;)"
170.148.92.42 - - [16/Jan/2006:11:06:49 -0900] "GET /index_files/lib.css HTTP/1.0" 200 2634 "http://photolab.elmer.uaf.edu/gallery/maps/mapg3200.html" "Mozilla/4.0 (compatible; MSIE 6.0; Windows NT 5.1; .NET CLR 1.0.3705; .NET CLR 1.1.4322)"
170.148.92.42 - - [16/Jan/2006:11:06:49 -0900] "GET /gallery/maps/G3200/small/G3200%201827%20M3%20v2%20no20.jpg HTTP/1.0" 200 14004 "-" "Mozilla/3.01 (compatible;)"
170.148.92.42 - - [16/Jan/2006:11:06:49 -0900] "GET /gallery/maps/G3200/small/G3200%201783%20B68.jpg HTTP/1.0" 200 15727 "-" "Mozilla/3.01 (compatible;)"
170.148.92.42 - - [16/Jan/2006:11:06:48 -0900] "GET /index_files/small.jpg HTTP/1.0" 200 2294 "-" "Mozilla/3.01 (compatible;)"
170.148.92.42 - - [16/Jan/2006:11:06:49 -0900] "GET /index_files/empty.gif HTTP/1.0" 200 45 "-" "Mozilla/3.01 (compatible;)"
170.148.92.42 - - [16/Jan/2006:11:06:49 -0900] "GET /gallery/maps/G3200/small/G3200%20%5B1790%5D%20B65.jpg HTTP/1.0" 200 14544 "-" "Mozilla/3.01 (compatible;)"
170.148.92.42 - - [16/Jan/2006:11:06:50 -0900] "GET /gallery/maps/G3200/small/G3200%20%5B1814%5D.jpg HTTP/1.0" 200 15377 "-" "Mozilla/3.01 (compatible;)"
170.148.92.42 - - [16/Jan/2006:11:06:49 -0900] "GET /index_files/small_002.jpg HTTP/1.0" 200 1351 "-" "Mozilla/3.01 (compatible;)"
170.148.92.42 - - [16/Jan/2006:11:06:50 -0900] "GET /gallery/maps/G3200/small/G3200%201827%20M3%20v2%20no39.jpg HTTP/1.0" 200 13883 "-" "Mozilla/3.01 (compatible;)"
170.148.92.42 - - [16/Jan/2006:11:06:50 -0900] "GET /gallery/maps/G3200/small/G3200%201827%20M3%20v4%20no14.jpg HTTP/1.0" 200 14422 "-" "Mozilla/3.01 (compatible;)"
170.148.92.42 - - [16/Jan/2006:11:06:50 -0900] "GET /gallery/maps/G3200/small/G3200%201827%20M3%20v4%20no23.jpg HTTP/1.0" 200 14394 "-" "Mozilla/3.01 (compatible;)"
170.148.92.42 - - [16/Jan/2006:11:06:50 -0900] "GET /gallery/maps/G3200/small/G3200%201827%20M3%20v4%20no21.jpg HTTP/1.0" 200 13818 "-" "Mozilla/3.01 (compatible;)"
170.148.92.42 - - [16/Jan/2006:11:06:49 -0900] "GET /gallery/maps/G3200/small/G3200%20%5B1652_%5D%20V571.jpg HTTP/1.0" 200 16733 "-" "Mozilla/3.01 (compatible;)"
170.148.92.42 - - [16/Jan/2006:11:06:49 -0900] "GET /index_files/small.dps.jpg HTTP/1.0" 200 5830 "-" "Mozilla/3.01 (compatible;)"
170.148.92.42 - - [16/Jan/2006:11:06:50 -0900] "GET /gallery/maps/G3200/small/G3200%201827%20M3%20v4%20no30.jpg HTTP/1.0" 200 13615 "-" "Mozilla/3.01 (compatible;)"
170.148.92.42 - - [16/Jan/2006:11:06:49 -0900] "GET /index_files/small_003.jpg HTTP/1.0" 200 1521 "-" "Mozilla/3.01 (compatible;)"
170.148.92.42 - - [16/Jan/2006:11:06:49 -0900] "GET /gallery/maps/G3200/small/G3200%20%5B1670%5D.jpg HTTP/1.0" 200 17392 "-" "Mozilla/3.01 (compatible;)"
170.148.92.42 - - [16/Jan/2006:11:06:49 -0900] "GET /gallery/maps/G3200/small/G3200%201752%20R62.jpg HTTP/1.0" 200 14597 "-" "Mozilla/3.01 (compatible;)"
170.148.92.42 - - [16/Jan/2006:11:06:49 -0900] "GET /gallery/maps/G3200/small/G3200%20%5B1700%5D.jpg HTTP/1.0" 200 18077 "-" "Mozilla/3.01 (compatible;)"
170.148.92.42 - - [16/Jan/2006:11:06:49 -0900] "GET /gallery/maps/G3200/small/G3200%20%5B1774%5D%20S29.jpg HTTP/1.0" 200 14083 "-" "Mozilla/3.01 (compatible;)"
170.148.92.42 - - [16/Jan/2006:11:06:49 -0900] "GET /gallery/maps/G3200/small/G3200%20%5B1798%5D%20R622.jpg HTTP/1.0" 200 13822 "-" "Mozilla/3.01 (compatible;)"
170.148.92.42 - - [16/Jan/2006:11:06:50 -0900] "GET /gallery/maps/G3200/small/G3200%201827%20M3%20v2%20no38.jpg HTTP/1.0" 200 13806 "-" "Mozilla/3.01 (compatible;)"
170.148.92.42 - - [16/Jan/2006:11:06:50 -0900] "GET /gallery/maps/G3200/small/G3200%20%5B1788%5D.jpg HTTP/1.0" 200 13885 "-" "Mozilla/3.01 (compatible;)"
170.148.92.42 - - [16/Jan/2006:11:06:50 -0900] "GET /gallery/maps/G3200/small/G3200%20%5B1824%5D%20W95.jpg HTTP/1.0" 200 14196 "-" "Mozilla/3.01 (compatible;)"
170.148.92.42 - - [16/Jan/2006:11:06:50 -0900] "GET /gallery/maps/G3200/small/G3200%201827%20M3%20v4%20no5.jpg HTTP/1.0" 200 13417 "-" "Mozilla/3.01 (compatible;)"
170.148.92.42 - - [16/Jan/2006:11:06:51 -0900] "GET /gallery/maps/G3200/small/G3200%201882%20P461.jpg HTTP/1.0" 200 14665 "-" "Mozilla/3.01 (compatible;)"
170.148.92.42 - - [16/Jan/2006:11:06:50 -0900] "GET /gallery/maps/G3200/small/G3200%20%5B1828%5D%20B67.jpg HTTP/1.0" 200 14879 "-" "Mozilla/3.01 (compatible;)"
170.148.92.42 - - [16/Jan/2006:11:06:50 -0900] "GET /gallery/maps/G3200/small/G3200%201827%20M3%20v4%20no13%20c3.jpg HTTP/1.0" 200 15049 "-" "Mozilla/3.01 (compatible;)"
170.148.92.42 - - [16/Jan/2006:11:06:50 -0900] "GET /gallery/maps/G3200/small/G3200%201827%20M3%20v4%20no22.jpg HTTP/1.0" 200 14150 "-" "Mozilla/3.01 (compatible;)"
170.148.92.42 - - [16/Jan/2006:11:06:49 -0900] "GET /gallery/maps/G3200/small/G3200%201755%20B43.jpg HTTP/1.0" 200 14396 "-" "Mozilla/3.01 (compatible;)"
170.148.92.42 - - [16/Jan/2006:11:06:51 -0900] "GET /index_files/sitemap.gif HTTP/1.0" 200 1503 "-" "Mozilla/3.01 (compatible;)"
170.148.92.42 - - [16/Jan/2006:11:06:51 -0900] "GET /index_files/bluebear.gif HTTP/1.0" 200 1263 "-" "Mozilla/3.01 (compatible;)"
170.148.92.42 - - [16/Jan/2006:11:06:49 -0900] "GET /gallery/maps/G3200/small/G3200%20%5B1562_%5D%20V34.jpg HTTP/1.0" 200 15334 "-" "Mozilla/3.01 (compatible;)"
170.148.92.42 - - [16/Jan/2006:11:06:52 -0900] "GET /gallery/maps/G3200/large/G3200%20%5B1824%5D%20W95.jpg HTTP/1.0" 200 186507 "http://images.google.com/imgres?imgurl=http://photolab.elmer.uaf.edu/gallery/maps/G3200/large/G3200%2520%255B1824%255D%2520W95.jpg&imgrefurl=http://photolab.elmer.uaf.edu/gallery/maps/mapg3200.html&h=884&w=1200&sz=183&tbnid=Y7ENmtXH-E5AoM:&tbnh=110&tbnw=150&hl=en&prev=/images%3Fq%3Dmaps%2Bof%2Bthe%2Bworld%26start%3D20%26svnum%3D10%26hl%3Den%26lr%3D%26sa%3DN&frame=small" "Mozilla/4.0 (compatible; MSIE 6.0; Windows NT 5.1; .NET CLR 1.0.3705; .NET CLR 1.1.4322)"
66.151.181.10 - - [16/Jan/2006:11:07:02 -0900] "GET /gallery/photos/19910046/04/pages/1991-0046-00447.html HTTP/1.1" 200 1760 "http://photolab.elmer.uaf.edu/gallery/photos/19910046/04/index_4.html" "FAST Enterprise Crawler 6 / Scirus scirus-crawler@fast.no; http://www.scirus.com/srsapp/contactus/"
170.148.92.42 - - [16/Jan/2006:11:07:07 -0900] "GET /gallery/maps/G3200/large/G3200%20%5B1824%5D%20W95.jpg HTTP/1.0" 304 - "-" "Mozilla/3.01 (compatible;)"
66.151.181.10 - - [16/Jan/2006:11:08:10 -0900] "GET /gallery/photos/19910046/04/pages/1991-0046-00448.html HTTP/1.1" 200 1760 "http://photolab.elmer.uaf.edu/gallery/photos/19910046/04/index_4.html" "FAST Enterprise Crawler 6 / Scirus scirus-crawler@fast.no; http://www.scirus.com/srsapp/contactus/"
65.55.246.96 - - [16/Jan/2006:11:08:37 -0900] "GET /gallery/photos/19890228/0/thumbnails/1989-0228-00011.jpg HTTP/1.0" 200 5873 "-" "msnbot/0.9 (+http://search.msn.com/msnbot.htm)"
66.151.181.10 - - [16/Jan/2006:11:09:18 -0900] "GET /gallery/photos/19910046/04/pages/1991-0046-00449.html HTTP/1.1" 200 1760 "http://photolab.elmer.uaf.edu/gallery/photos/19910046/04/index_4.html" "FAST Enterprise Crawler 6 / Scirus scirus-crawler@fast.no; http://www.scirus.com/srsapp/contactus/"
66.151.181.10 - - [16/Jan/2006:11:10:25 -0900] "GET /gallery/photos/19910046/04/pages/1991-0046-00450.html HTTP/1.1" 200 1760 "http://photolab.elmer.uaf.edu/gallery/photos/19910046/04/index_4.html" "FAST Enterprise Crawler 6 / Scirus scirus-crawler@fast.no; http://www.scirus.com/srsapp/contactus/"
65.93.243.194 - - [16/Jan/2006:11:10:59 -0900] "GET /store/photos/largejpegs/(105)1989-0166-00522a.jpg HTTP/1.1" 301 383 "http://www.514wrestling.com/forums/index.php?showtopic=3779" "Mozilla/4.0 (compatible; MSIE 6.0; Windows NT 5.1; SV1; FunWebProducts; .NET CLR 1.0.3705)"
66.151.181.10 - - [16/Jan/2006:11:11:33 -0900] "GET /gallery/photos/19910046/04/pages/1991-0046-00451.html HTTP/1.1" 200 1760 "http://photolab.elmer.uaf.edu/gallery/photos/19910046/04/index_4.html" "FAST Enterprise Crawler 6 / Scirus scirus-crawler@fast.no; http://www.scirus.com/srsapp/contactus/"
65.55.246.96 - - [16/Jan/2006:11:12:16 -0900] "GET /gallery/photos/19940070/0/images/1994-0070-00022.jpg HTTP/1.0" 200 58516 "-" "msnbot/0.9 (+http://search.msn.com/msnbot.htm)"
68.142.249.95 - - [16/Jan/2006:11:12:26 -0900] "GET /gallery/photos/19990293/0/pages/1999-0293-00001.html HTTP/1.0" 304 - "-" "Mozilla/5.0 (compatible; Yahoo! Slurp; http://help.yahoo.com/help/us/ysearch/slurp)"
66.151.181.10 - - [16/Jan/2006:11:12:40 -0900] "GET /gallery/photos/19910046/04/pages/1991-0046-00452.html HTTP/1.1" 200 1760 "http://photolab.elmer.uaf.edu/gallery/photos/19910046/04/index_4.html" "FAST Enterprise Crawler 6 / Scirus scirus-crawler@fast.no; http://www.scirus.com/srsapp/contactus/"
68.142.249.95 - - [16/Jan/2006:11:13:33 -0900] "GET /gallery/photos/19910046/04/pages/1991-0046-00416.html HTTP/1.0" 304 - "-" "Mozilla/5.0 (compatible; Yahoo! Slurp; http://help.yahoo.com/help/us/ysearch/slurp)"
66.151.181.10 - - [16/Jan/2006:11:13:48 -0900] "GET /gallery/photos/19910046/04/pages/1991-0046-00453.html HTTP/1.1" 200 1760 "http://photolab.elmer.uaf.edu/gallery/photos/19910046/04/index_4.html" "FAST Enterprise Crawler 6 / Scirus scirus-crawler@fast.no; http://www.scirus.com/srsapp/contactus/"
66.151.181.10 - - [16/Jan/2006:11:14:55 -0900] "GET /gallery/photos/19910046/04/pages/1991-0046-00454.html HTTP/1.1" 200 1760 "http://photolab.elmer.uaf.edu/gallery/photos/19910046/04/index_4.html" "FAST Enterprise Crawler 6 / Scirus scirus-crawler@fast.no; http://www.scirus.com/srsapp/contactus/"
66.151.181.10 - - [16/Jan/2006:11:16:03 -0900] "GET /gallery/photos/19910046/04/pages/1991-0046-00455.html HTTP/1.1" 200 1760 "http://photolab.elmer.uaf.edu/gallery/photos/19910046/04/index_4.html" "FAST Enterprise Crawler 6 / Scirus scirus-crawler@fast.no; http://www.scirus.com/srsapp/contactus/"
66.151.181.10 - - [16/Jan/2006:11:17:10 -0900] "GET /gallery/photos/19910046/04/pages/1991-0046-00456.html HTTP/1.1" 200 1760 "http://photolab.elmer.uaf.edu/gallery/photos/19910046/04/index_4.html" "FAST Enterprise Crawler 6 / Scirus scirus-crawler@fast.no; http://www.scirus.com/srsapp/contactus/"
66.151.181.10 - - [16/Jan/2006:11:18:18 -0900] "GET /gallery/photos/19910046/04/pages/1991-0046-00457.html HTTP/1.1" 200 1760 "http://photolab.elmer.uaf.edu/gallery/photos/19910046/04/index_4.html" "FAST Enterprise Crawler 6 / Scirus scirus-crawler@fast.no; http://www.scirus.com/srsapp/contactus/"
66.151.181.10 - - [16/Jan/2006:11:19:25 -0900] "GET /gallery/photos/19910046/05/index_5.html HTTP/1.1" 200 7244 "http://photolab.elmer.uaf.edu/gallery/photos/19910046/05/index_4.html" "FAST Enterprise Crawler 6 / Scirus scirus-crawler@fast.no; http://www.scirus.com/srsapp/contactus/"
66.151.181.10 - - [16/Jan/2006:11:20:33 -0900] "GET /gallery/photos/19910046/05/pages/1991-0046-00535.html HTTP/1.1" 200 1760 "http://photolab.elmer.uaf.edu/gallery/photos/19910046/05/index_4.html" "FAST Enterprise Crawler 6 / Scirus scirus-crawler@fast.no; http://www.scirus.com/srsapp/contactus/"
66.151.181.10 - - [16/Jan/2006:11:21:43 -0900] "GET /gallery/photos/19910046/05/pages/1991-0046-00536.html HTTP/1.1" 200 1760 "http://photolab.elmer.uaf.edu/gallery/photos/19910046/05/index_4.html" "FAST Enterprise Crawler 6 / Scirus scirus-crawler@fast.no; http://www.scirus.com/srsapp/contactus/"
66.151.181.10 - - [16/Jan/2006:11:22:48 -0900] "GET /gallery/photos/19910046/05/pages/1991-0046-00537.html HTTP/1.1" 200 1760 "http://photolab.elmer.uaf.edu/gallery/photos/19910046/05/index_4.html" "FAST Enterprise Crawler 6 / Scirus scirus-crawler@fast.no; http://www.scirus.com/srsapp/contactus/"
12.111.135.134 - - [16/Jan/2006:11:23:16 -0900] "GET /store/photos/largejpegs/(057)1972-0071-00823.jpg HTTP/1.0" 301 382 "http://profile.myspace.com/index.cfm?fuseaction=user.viewprofile&friendID=21524269" "Mozilla/4.0 (compatible; MSIE 6.0; Windows NT 5.1; SV1)"
12.111.135.134 - - [16/Jan/2006:11:23:52 -0900] "GET /store/photos/largejpegs/(057)1972-0071-00823.jpg HTTP/1.0" 301 382 "http://profile.myspace.com/index.cfm?fuseaction=user.viewprofile&friendID=21524269" "Mozilla/4.0 (compatible; MSIE 6.0; Windows NT 5.1; SV1)"
66.151.181.10 - - [16/Jan/2006:11:23:56 -0900] "GET /gallery/photos/19910046/05/pages/1991-0046-00538.html HTTP/1.1" 200 1760 "http://photolab.elmer.uaf.edu/gallery/photos/19910046/05/index_4.html" "FAST Enterprise Crawler 6 / Scirus scirus-crawler@fast.no; http://www.scirus.com/srsapp/contactus/"
65.55.246.96 - - [16/Jan/2006:11:24:04 -0900] "GET /gallery/photos/19700011/images/1970-0011-00091.jpg HTTP/1.0" 200 47355 "-" "msnbot/0.9 (+http://search.msn.com/msnbot.htm)"
66.151.181.10 - - [16/Jan/2006:11:25:03 -0900] "GET /gallery/photos/19910046/05/pages/1991-0046-00539.html HTTP/1.1" 200 1760 "http://photolab.elmer.uaf.edu/gallery/photos/19910046/05/index_4.html" "FAST Enterprise Crawler 6 / Scirus scirus-crawler@fast.no; http://www.scirus.com/srsapp/contactus/"
66.151.181.10 - - [16/Jan/2006:11:26:11 -0900] "GET /gallery/photos/19910046/05/pages/1991-0046-00540.html HTTP/1.1" 200 1760 "http://photolab.elmer.uaf.edu/gallery/photos/19910046/05/index_4.html" "FAST Enterprise Crawler 6 / Scirus scirus-crawler@fast.no; http://www.scirus.com/srsapp/contactus/"
68.142.251.18 - - [16/Jan/2006:11:26:35 -0900] "GET /gallery/photos/19940070/0/index_4.html HTTP/1.0" 200 7245 "-" "Mozilla/5.0 (compatible; Yahoo! Slurp; http://help.yahoo.com/help/us/ysearch/slurp)"
144.135.177.52 - - [16/Jan/2006:11:26:51 -0900] "GET /store/maps.html HTTP/1.1" 301 349 "http://www.wrinklesinfo.com" "Mozilla/4.0 (compatible; MSIE 5.01; Windows 98)"
66.151.181.10 - - [16/Jan/2006:11:27:18 -0900] "GET /gallery/photos/19910046/05/pages/1991-0046-00541.html HTTP/1.1" 200 1760 "http://photolab.elmer.uaf.edu/gallery/photos/19910046/05/index_4.html" "FAST Enterprise Crawler 6 / Scirus scirus-crawler@fast.no; http://www.scirus.com/srsapp/contactus/"
66.151.181.10 - - [16/Jan/2006:11:28:26 -0900] "GET /gallery/photos/19910046/05/pages/1991-0046-00542.html HTTP/1.1" 200 1760 "http://photolab.elmer.uaf.edu/gallery/photos/19910046/05/index_4.html" "FAST Enterprise Crawler 6 / Scirus scirus-crawler@fast.no; http://www.scirus.com/srsapp/contactus/"
65.55.246.96 - - [16/Jan/2006:11:28:38 -0900] "GET /gallery/photos/19700011/images/1970-0011-00079.jpg HTTP/1.0" 200 52006 "-" "msnbot/0.9 (+http://search.msn.com/msnbot.htm)"
66.151.181.10 - - [16/Jan/2006:11:29:33 -0900] "GET /gallery/photos/19910046/05/pages/1991-0046-00543.html HTTP/1.1" 200 1760 "http://photolab.elmer.uaf.edu/gallery/photos/19910046/05/index_4.html" "FAST Enterprise Crawler 6 / Scirus scirus-crawler@fast.no; http://www.scirus.com/srsapp/contactus/"
66.151.181.10 - - [16/Jan/2006:11:30:41 -0900] "GET /gallery/photos/19910046/05/pages/1991-0046-00544.html HTTP/1.1" 200 1760 "http://photolab.elmer.uaf.edu/gallery/photos/19910046/05/index_4.html" "FAST Enterprise Crawler 6 / Scirus scirus-crawler@fast.no; http://www.scirus.com/srsapp/contactus/"
66.151.181.10 - - [16/Jan/2006:11:31:49 -0900] "GET /gallery/photos/19910046/05/pages/1991-0046-00545.html HTTP/1.1" 200 1760 "http://photolab.elmer.uaf.edu/gallery/photos/19910046/05/index_4.html" "FAST Enterprise Crawler 6 / Scirus scirus-crawler@fast.no; http://www.scirus.com/srsapp/contactus/"
68.142.251.118 - - [16/Jan/2006:11:32:02 -0900] "GET /gallery/photos/20030129/1/index_3.html HTTP/1.0" 200 7253 "-" "Mozilla/5.0 (compatible; Yahoo! Slurp; http://help.yahoo.com/help/us/ysearch/slurp)"
65.55.246.96 - - [16/Jan/2006:11:32:21 -0900] "GET /gallery/photos/19700011/images/1970-0011-00057.jpg HTTP/1.0" 200 68396 "-" "msnbot/0.9 (+http://search.msn.com/msnbot.htm)"
65.55.246.96 - - [16/Jan/2006:11:32:32 -0900] "GET /gallery/photos/19700011/images/1970-0011-00105.jpg HTTP/1.0" 200 39185 "-" "msnbot/0.9 (+http://search.msn.com/msnbot.htm)"
65.55.246.96 - - [16/Jan/2006:11:32:38 -0900] "GET /gallery/photos/19700011/index_4.html HTTP/1.0" 200 7231 "-" "msnbot/0.9 (+http://search.msn.com/msnbot.htm)"
66.151.181.10 - - [16/Jan/2006:11:32:56 -0900] "GET /gallery/photos/19910046/05/pages/1991-0046-00546.html HTTP/1.1" 200 1760 "http://photolab.elmer.uaf.edu/gallery/photos/19910046/05/index_4.html" "FAST Enterprise Crawler 6 / Scirus scirus-crawler@fast.no; http://www.scirus.com/srsapp/contactus/"
66.151.181.10 - - [16/Jan/2006:11:34:04 -0900] "GET /gallery/photos/19910046/06/index_5.html HTTP/1.1" 200 7244 "http://photolab.elmer.uaf.edu/gallery/photos/19910046/06/index_4.html" "FAST Enterprise Crawler 6 / Scirus scirus-crawler@fast.no; http://www.scirus.com/srsapp/contactus/"
66.151.181.10 - - [16/Jan/2006:11:35:11 -0900] "GET /gallery/photos/19910046/06/pages/1991-0046-00636.html HTTP/1.1" 200 1760 "http://photolab.elmer.uaf.edu/gallery/photos/19910046/06/index_4.html" "FAST Enterprise Crawler 6 / Scirus scirus-crawler@fast.no; http://www.scirus.com/srsapp/contactus/"
47.234.0.51 - - [16/Jan/2006:11:36:10 -0900] "GET /store/people.html HTTP/1.1" 301 351 "http://images.google.com/imgres?imgurl=http://photolab.elmer.uaf.edu/store/photos/largejpegs/(145)1972-0071-02415.jpg&imgrefurl=http://photolab.elmer.uaf.edu/store/people.html&h=578&w=1000&sz=89&tbnid=9d9i9ttDbU8iJM:&tbnh=86&tbnw=149&hl=en&start=284&prev=/images%3Fq%3Dsanta%2Band%2Breindeer%26start%3D280%26svnum%3D10%26hl%3Den%26lr%3D%26rls%3DGGLD,GGLD:2004-32,GGLD:en%26sa%3DN" "Mozilla/4.0 (compatible; MSIE 6.0; Windows NT 5.0; T312461; FunWebProducts; PC SRP 2.0; .NET CLR 1.1.4322)"
47.234.0.51 - - [16/Jan/2006:11:36:23 -0900] "GET /store/photos/largejpegs/(145)1972-0071-02415.jpg HTTP/1.1" 301 382 "http://images.google.com/imgres?imgurl=http://photolab.elmer.uaf.edu/store/photos/largejpegs/(145)1972-0071-02415.jpg&imgrefurl=http://photolab.elmer.uaf.edu/store/people.html&h=578&w=1000&sz=89&tbnid=9d9i9ttDbU8iJM:&tbnh=86&tbnw=149&hl=en&prev=/images%3Fq%3Dsanta%2Band%2Breindeer%26start%3D280%26svnum%3D10%26hl%3Den%26lr%3D%26rls%3DGGLD,GGLD:2004-32,GGLD:en%26sa%3DN&frame=small" "Mozilla/4.0 (compatible; MSIE 6.0; Windows NT 5.0; T312461; FunWebProducts; PC SRP 2.0; .NET CLR 1.1.4322)"
66.151.181.10 - - [16/Jan/2006:11:36:22 -0900] "GET /gallery/photos/19910046/06/pages/1991-0046-00637.html HTTP/1.1" 200 1760 "http://photolab.elmer.uaf.edu/gallery/photos/19910046/06/index_4.html" "FAST Enterprise Crawler 6 / Scirus scirus-crawler@fast.no; http://www.scirus.com/srsapp/contactus/"
66.151.181.10 - - [16/Jan/2006:11:37:27 -0900] "GET /gallery/photos/19910046/06/pages/1991-0046-00638.html HTTP/1.1" 200 1760 "http://photolab.elmer.uaf.edu/gallery/photos/19910046/06/index_4.html" "FAST Enterprise Crawler 6 / Scirus scirus-crawler@fast.no; http://www.scirus.com/srsapp/contactus/"
66.151.181.10 - - [16/Jan/2006:11:38:34 -0900] "GET /gallery/photos/19910046/06/pages/1991-0046-00639.html HTTP/1.1" 200 1760 "http://photolab.elmer.uaf.edu/gallery/photos/19910046/06/index_4.html" "FAST Enterprise Crawler 6 / Scirus scirus-crawler@fast.no; http://www.scirus.com/srsapp/contactus/"
81.206.19.104 - - [16/Jan/2006:11:39:08 -0900] "GET /store/mining.html HTTP/1.1" 301 351 "http://images.google.nl/imgres?imgurl=http://photolab.elmer.uaf.edu/store/photos/largejpegs/(006)1970-0058-00507.jpg&imgrefurl=http://photolab.elmer.uaf.edu/store/mining.html&h=662&w=1000&sz=147&tbnid=XYvkeyWiRzHYYM:&tbnh=98&tbnw=149&hl=nl&start=134&prev=/images%3Fq%3Dgold%2Bmining%26start%3D120%26imgsz%3Dxxlarge%26svnum%3D10%26hl%3Dnl%26lr%3D%26sa%3DN" "Mozilla/4.0 (compatible; MSIE 6.0; Windows NT 5.1; SV1; .NET CLR 1.1.4322)"
81.206.19.104 - - [16/Jan/2006:11:39:09 -0900] "GET /store/photos/largejpegs/(006)1970-0058-00507.jpg HTTP/1.1" 301 382 "http://images.google.nl/imgres?imgurl=http://photolab.elmer.uaf.edu/store/photos/largejpegs/(006)1970-0058-00507.jpg&imgrefurl=http://photolab.elmer.uaf.edu/store/mining.html&h=662&w=1000&sz=147&tbnid=XYvkeyWiRzHYYM:&tbnh=98&tbnw=149&hl=nl&prev=/images%3Fq%3Dgold%2Bmining%26start%3D120%26imgsz%3Dxxlarge%26svnum%3D10%26hl%3Dnl%26lr%3D%26sa%3DN&frame=small" "Mozilla/4.0 (compatible; MSIE 6.0; Windows NT 5.1; SV1; .NET CLR 1.1.4322)"
66.151.181.10 - - [16/Jan/2006:11:39:42 -0900] "GET /gallery/photos/19910046/06/pages/1991-0046-00640.html HTTP/1.1" 200 1760 "http://photolab.elmer.uaf.edu/gallery/photos/19910046/06/index_4.html" "FAST Enterprise Crawler 6 / Scirus scirus-crawler@fast.no; http://www.scirus.com/srsapp/contactus/"
66.151.181.10 - - [16/Jan/2006:11:40:49 -0900] "GET /gallery/photos/19910046/06/pages/1991-0046-00641.html HTTP/1.1" 200 1760 "http://photolab.elmer.uaf.edu/gallery/photos/19910046/06/index_4.html" "FAST Enterprise Crawler 6 / Scirus scirus-crawler@fast.no; http://www.scirus.com/srsapp/contactus/"
65.55.246.96 - - [16/Jan/2006:11:40:54 -0900] "GET /gallery/photos/19700011/images/1970-0011-00076.jpg HTTP/1.0" 200 75030 "-" "msnbot/0.9 (+http://search.msn.com/msnbot.htm)"
66.151.181.10 - - [16/Jan/2006:11:41:57 -0900] "GET /gallery/photos/19910046/06/pages/1991-0046-00642.html HTTP/1.1" 200 1760 "http://photolab.elmer.uaf.edu/gallery/photos/19910046/06/index_4.html" "FAST Enterprise Crawler 6 / Scirus scirus-crawler@fast.no; http://www.scirus.com/srsapp/contactus/"
66.151.181.10 - - [16/Jan/2006:11:43:04 -0900] "GET /gallery/photos/19910046/06/pages/1991-0046-00643.html HTTP/1.1" 200 1760 "http://photolab.elmer.uaf.edu/gallery/photos/19910046/06/index_4.html" "FAST Enterprise Crawler 6 / Scirus scirus-crawler@fast.no; http://www.scirus.com/srsapp/contactus/"
66.151.181.10 - - [16/Jan/2006:11:44:12 -0900] "GET /gallery/photos/19910046/06/pages/1991-0046-00644.html HTTP/1.1" 200 1760 "http://photolab.elmer.uaf.edu/gallery/photos/19910046/06/index_4.html" "FAST Enterprise Crawler 6 / Scirus scirus-crawler@fast.no; http://www.scirus.com/srsapp/contactus/"
66.27.78.244 - - [16/Jan/2006:11:44:50 -0900] "GET /gallery/maps/mapg3200.html HTTP/1.1" 200 17235 "http://images.google.com/imgres?imgurl=http://photolab.elmer.uaf.edu/gallery/maps/G3200/large/G3200%2520%255B1824%255D%2520W95.jpg&imgrefurl=http://photolab.elmer.uaf.edu/gallery/maps/mapg3200.html&h=884&w=1200&sz=183&tbnid=Y7ENmtXH-E5AoM:&tbnh=110&tbnw=150&hl=en&start=41&prev=/images%3Fq%3Dmaps%2Bof%2Bthe%2Bworld%26start%3D40%26svnum%3D10%26hl%3Den%26lr%3D%26sa%3DN" "Mozilla/4.0 (compatible; MSIE 6.0; Windows NT 5.1; SV1)"
66.27.78.244 - - [16/Jan/2006:11:44:50 -0900] "GET /index_files/lib.css HTTP/1.1" 200 2634 "http://photolab.elmer.uaf.edu/gallery/maps/mapg3200.html" "Mozilla/4.0 (compatible; MSIE 6.0; Windows NT 5.1; SV1)"
66.27.78.244 - - [16/Jan/2006:11:44:50 -0900] "GET /index_files/apr.jpg HTTP/1.1" 200 6015 "http://photolab.elmer.uaf.edu/gallery/maps/mapg3200.html" "Mozilla/4.0 (compatible; MSIE 6.0; Windows NT 5.1; SV1)"
66.27.78.244 - - [16/Jan/2006:11:44:50 -0900] "GET /index_files/title.jpg HTTP/1.1" 200 5438 "http://photolab.elmer.uaf.edu/gallery/maps/mapg3200.html" "Mozilla/4.0 (compatible; MSIE 6.0; Windows NT 5.1; SV1)"
66.27.78.244 - - [16/Jan/2006:11:44:51 -0900] "GET /gallery/maps/G3200/large/G3200%20%5B1824%5D%20W95.jpg HTTP/1.1" 200 186507 "http://images.google.com/imgres?imgurl=http://photolab.elmer.uaf.edu/gallery/maps/G3200/large/G3200%2520%255B1824%255D%2520W95.jpg&imgrefurl=http://photolab.elmer.uaf.edu/gallery/maps/mapg3200.html&h=884&w=1200&sz=183&tbnid=Y7ENmtXH-E5AoM:&tbnh=110&tbnw=150&hl=en&prev=/images%3Fq%3Dmaps%2Bof%2Bthe%2Bworld%26start%3D40%26svnum%3D10%26hl%3Den%26lr%3D%26sa%3DN&frame=small" "Mozilla/4.0 (compatible; MSIE 6.0; Windows NT 5.1; SV1)"
66.27.78.244 - - [16/Jan/2006:11:44:56 -0900] "GET /index_files/title.jpg HTTP/1.1" 200 5438 "http://photolab.elmer.uaf.edu/gallery/maps/mapg3200.html" "Mozilla/4.0 (compatible; MSIE 6.0; Windows NT 5.1; SV1)"
66.27.78.244 - - [16/Jan/2006:11:44:56 -0900] "GET /index_files/empty.gif HTTP/1.1" 200 45 "http://photolab.elmer.uaf.edu/gallery/maps/mapg3200.html" "Mozilla/4.0 (compatible; MSIE 6.0; Windows NT 5.1; SV1)"
66.27.78.244 - - [16/Jan/2006:11:44:56 -0900] "GET /index_files/small_002.jpg HTTP/1.1" 200 1351 "http://photolab.elmer.uaf.edu/gallery/maps/mapg3200.html" "Mozilla/4.0 (compatible; MSIE 6.0; Windows NT 5.1; SV1)"
66.27.78.244 - - [16/Jan/2006:11:44:56 -0900] "GET /index_files/apr.jpg HTTP/1.1" 200 6015 "http://photolab.elmer.uaf.edu/gallery/maps/mapg3200.html" "Mozilla/4.0 (compatible; MSIE 6.0; Windows NT 5.1; SV1)"
66.27.78.244 - - [16/Jan/2006:11:44:56 -0900] "GET /index_files/small.jpg HTTP/1.1" 200 2294 "http://photolab.elmer.uaf.edu/gallery/maps/mapg3200.html" "Mozilla/4.0 (compatible; MSIE 6.0; Windows NT 5.1; SV1)"
66.151.181.10 - - [16/Jan/2006:11:45:20 -0900] "GET /gallery/photos/19910046/06/pages/1991-0046-00645.html HTTP/1.1" 200 1760 "http://photolab.elmer.uaf.edu/gallery/photos/19910046/06/index_4.html" "FAST Enterprise Crawler 6 / Scirus scirus-crawler@fast.no; http://www.scirus.com/srsapp/contactus/"
81.206.19.104 - - [16/Jan/2006:11:46:12 -0900] "GET /store/mining.html HTTP/1.1" 301 351 "http://images.google.nl/imgres?imgurl=http://photolab.elmer.uaf.edu/store/photos/largejpegs/(006)1970-0058-00507.jpg&imgrefurl=http://photolab.elmer.uaf.edu/store/mining.html&h=662&w=1000&sz=147&tbnid=XYvkeyWiRzHYYM:&tbnh=98&tbnw=149&hl=nl&start=134&prev=/images%3Fq%3Dgold%2Bmining%26start%3D120%26imgsz%3Dxxlarge%26svnum%3D10%26hl%3Dnl%26lr%3D%26sa%3DN" "Mozilla/4.0 (compatible; MSIE 6.0; Windows NT 5.1; SV1; .NET CLR 1.1.4322)"
66.151.181.10 - - [16/Jan/2006:11:46:27 -0900] "GET /gallery/photos/19910046/06/pages/1991-0046-00646.html HTTP/1.1" 200 1760 "http://photolab.elmer.uaf.edu/gallery/photos/19910046/06/index_4.html" "FAST Enterprise Crawler 6 / Scirus scirus-crawler@fast.no; http://www.scirus.com/srsapp/contactus/"
66.151.181.10 - - [16/Jan/2006:11:47:35 -0900] "GET /gallery/photos/19910046/06/pages/1991-0046-00647.html HTTP/1.1" 200 1760 "http://photolab.elmer.uaf.edu/gallery/photos/19910046/06/index_4.html" "FAST Enterprise Crawler 6 / Scirus scirus-crawler@fast.no; http://www.scirus.com/srsapp/contactus/"
66.151.181.10 - - [16/Jan/2006:11:48:43 -0900] "GET /gallery/photos/19910046/07/index_5.html HTTP/1.1" 200 7244 "http://photolab.elmer.uaf.edu/gallery/photos/19910046/07/index_4.html" "FAST Enterprise Crawler 6 / Scirus scirus-crawler@fast.no; http://www.scirus.com/srsapp/contactus/"
66.151.181.10 - - [16/Jan/2006:11:49:50 -0900] "GET /gallery/photos/19910046/07/pages/1991-0046-00736.html HTTP/1.1" 200 1760 "http://photolab.elmer.uaf.edu/gallery/photos/19910046/07/index_4.html" "FAST Enterprise Crawler 6 / Scirus scirus-crawler@fast.no; http://www.scirus.com/srsapp/contactus/"
66.151.181.10 - - [16/Jan/2006:11:50:58 -0900] "GET /gallery/photos/19910046/07/pages/1991-0046-00737.html HTTP/1.1" 200 1760 "http://photolab.elmer.uaf.edu/gallery/photos/19910046/07/index_4.html" "FAST Enterprise Crawler 6 / Scirus scirus-crawler@fast.no; http://www.scirus.com/srsapp/contactus/"
66.151.181.10 - - [16/Jan/2006:11:52:05 -0900] "GET /gallery/photos/19910046/07/pages/1991-0046-00738.html HTTP/1.1" 200 1760 "http://photolab.elmer.uaf.edu/gallery/photos/19910046/07/index_4.html" "FAST Enterprise Crawler 6 / Scirus scirus-crawler@fast.no; http://www.scirus.com/srsapp/contactus/"
66.151.181.10 - - [16/Jan/2006:11:53:13 -0900] "GET /gallery/photos/19910046/07/pages/1991-0046-00739.html HTTP/1.1" 200 1760 "http://photolab.elmer.uaf.edu/gallery/photos/19910046/07/index_4.html" "FAST Enterprise Crawler 6 / Scirus scirus-crawler@fast.no; http://www.scirus.com/srsapp/contactus/"
66.151.181.10 - - [16/Jan/2006:11:54:20 -0900] "GET /gallery/photos/19910046/07/pages/1991-0046-00740.html HTTP/1.1" 200 1760 "http://photolab.elmer.uaf.edu/gallery/photos/19910046/07/index_4.html" "FAST Enterprise Crawler 6 / Scirus scirus-crawler@fast.no; http://www.scirus.com/srsapp/contactus/"
84.158.248.245 - - [16/Jan/2006:11:54:38 -0900] "GET /store/allphotos4.html HTTP/1.1" 301 355 "http://www.google.de/imgres?imgurl=http://photolab.elmer.uaf.edu/store/photos/largejpegs/(128)1958-1026-01580.jpg&imgrefurl=http://photolab.elmer.uaf.edu/store/allphotos4.html&h=741&w=1000&sz=177&tbnid=KIoduBrkKxcHwM:&tbnh=110&tbnw=149&hl=de&start=224&prev=/images%3Fq%3Dsweet%2Bhome%26start%3D220%26imgsz%3Dxxlarge%26svnum%3D10%26hl%3Dde%26lr%3D%26sa%3DN" "Mozilla/5.0 (Windows; U; Windows NT 5.1; de-AT; rv:1.6) Gecko/20040113"
84.158.248.245 - - [16/Jan/2006:11:54:39 -0900] "GET /store/photos/largejpegs/(128)1958-1026-01580.jpg HTTP/1.1" 301 382 "http://www.google.de/imgres?imgurl=http://photolab.elmer.uaf.edu/store/photos/largejpegs/(128)1958-1026-01580.jpg&imgrefurl=http://photolab.elmer.uaf.edu/store/allphotos4.html&h=741&w=1000&sz=177&tbnid=KIoduBrkKxcHwM:&tbnh=110&tbnw=149&hl=de&prev=/images%3Fq%3Dsweet%2Bhome%26start%3D220%26imgsz%3Dxxlarge%26svnum%3D10%26hl%3Dde%26lr%3D%26sa%3DN&frame=small" "Mozilla/5.0 (Windows; U; Windows NT 5.1; de-AT; rv:1.6) Gecko/20040113"
84.158.248.245 - - [16/Jan/2006:11:54:49 -0900] "GET /store/allphotos4.html HTTP/1.1" 301 355 "http://www.google.de/imgres?imgurl=http://photolab.elmer.uaf.edu/store/photos/largejpegs/(128)1958-1026-01580.jpg&imgrefurl=http://photolab.elmer.uaf.edu/store/allphotos4.html&h=741&w=1000&sz=177&tbnid=KIoduBrkKxcHwM:&tbnh=110&tbnw=149&hl=de&start=224&prev=/images%3Fq%3Dsweet%2Bhome%26start%3D220%26imgsz%3Dxxlarge%26svnum%3D10%26hl%3Dde%26lr%3D%26sa%3DN" "Mozilla/5.0 (Windows; U; Windows NT 5.1; de-AT; rv:1.6) Gecko/20040113"
84.158.248.245 - - [16/Jan/2006:11:54:50 -0900] "GET /store/photos/largejpegs/(128)1958-1026-01580.jpg HTTP/1.1" 301 382 "http://www.google.de/imgres?imgurl=http://photolab.elmer.uaf.edu/store/photos/largejpegs/(128)1958-1026-01580.jpg&imgrefurl=http://photolab.elmer.uaf.edu/store/allphotos4.html&h=741&w=1000&sz=177&tbnid=KIoduBrkKxcHwM:&tbnh=110&tbnw=149&hl=de&prev=/images%3Fq%3Dsweet%2Bhome%26start%3D220%26imgsz%3Dxxlarge%26svnum%3D10%26hl%3Dde%26lr%3D%26sa%3DN&frame=small" "Mozilla/5.0 (Windows; U; Windows NT 5.1; de-AT; rv:1.6) Gecko/20040113"
66.151.181.10 - - [16/Jan/2006:11:55:28 -0900] "GET /gallery/photos/19910046/07/pages/1991-0046-00741.html HTTP/1.1" 200 1760 "http://photolab.elmer.uaf.edu/gallery/photos/19910046/07/index_4.html" "FAST Enterprise Crawler 6 / Scirus scirus-crawler@fast.no; http://www.scirus.com/srsapp/contactus/"
66.151.181.10 - - [16/Jan/2006:11:56:36 -0900] "GET /gallery/photos/19910046/07/pages/1991-0046-00742.html HTTP/1.1" 200 1760 "http://photolab.elmer.uaf.edu/gallery/photos/19910046/07/index_4.html" "FAST Enterprise Crawler 6 / Scirus scirus-crawler@fast.no; http://www.scirus.com/srsapp/contactus/"
72.161.100.35 - - [16/Jan/2006:11:56:36 -0900] "GET /store/alaskanatives.html HTTP/1.1" 301 358 "http://images.google.com/imgres?imgurl=http://photolab.elmer.uaf.edu/store/photos/largejpegs/(009)1975-0146-00003.jpg&imgrefurl=http://photolab.elmer.uaf.edu/store/alaskanatives.html&h=805&w=1000&sz=157&tbnid=oBiTj1RjxSOh1M:&tbnh=119&tbnw=149&hl=en&start=5&prev=/images%3Fq%3DIndian%2Bchiefs%26svnum%3D10%26hl%3Den%26lr%3D" "Mozilla/4.0 (compatible; MSIE 6.0; Windows NT 5.1; SV1; .NET CLR 1.1.4322)"
72.161.100.35 - - [16/Jan/2006:11:56:38 -0900] "GET /store/photos/largejpegs/(009)1975-0146-00003.jpg HTTP/1.1" 301 382 "http://images.google.com/imgres?imgurl=http://photolab.elmer.uaf.edu/store/photos/largejpegs/(009)1975-0146-00003.jpg&imgrefurl=http://photolab.elmer.uaf.edu/store/alaskanatives.html&h=805&w=1000&sz=157&tbnid=oBiTj1RjxSOh1M:&tbnh=119&tbnw=149&hl=en&prev=/images%3Fq%3DIndian%2Bchiefs%26svnum%3D10%26hl%3Den%26lr%3D&frame=small" "Mozilla/4.0 (compatible; MSIE 6.0; Windows NT 5.1; SV1; .NET CLR 1.1.4322)"
87.49.235.71 - - [16/Jan/2006:11:56:39 -0900] "GET /store/people.html HTTP/1.1" 301 351 "http://images.google.dk/imgres?imgurl=http://photolab.elmer.uaf.edu/store/photos/largejpegs/(090)1972-0071-02759.jpg&imgrefurl=http://photolab.elmer.uaf.edu/store/people.html&h=569&w=1000&sz=164&tbnid=7yEp6bVi3xyvtM:&tbnh=84&tbnw=149&hl=da&start=10&prev=/images%3Fq%3Dkarluk%26svnum%3D10%26hl%3Dda%26lr%3D%26sa%3DN" "Mozilla/4.0 (compatible; MSIE 6.0; Windows NT 5.1; SV1)"
72.161.100.35 - - [16/Jan/2006:11:56:53 -0900] "GET /store/photos/largejpegs/(009)1975-0146-00003.jpg HTTP/1.1" 301 382 "http://images.google.com/imgres?imgurl=http://photolab.elmer.uaf.edu/store/photos/largejpegs/(009)1975-0146-00003.jpg&imgrefurl=http://photolab.elmer.uaf.edu/store/alaskanatives.html&h=805&w=1000&sz=157&tbnid=oBiTj1RjxSOh1M:&tbnh=119&tbnw=149&hl=en&prev=/images%3Fq%3DIndian%2Bchiefs%26svnum%3D10%26hl%3Den%26lr%3D&frame=small" "Mozilla/4.0 (compatible; MSIE 6.0; Windows NT 5.1; SV1; .NET CLR 1.1.4322)"
87.49.235.71 - - [16/Jan/2006:11:57:16 -0900] "GET /store/photos/largejpegs/(090)1972-0071-02759.jpg HTTP/1.1" 301 382 "http://images.google.dk/imgres?imgurl=http://photolab.elmer.uaf.edu/store/photos/largejpegs/(090)1972-0071-02759.jpg&imgrefurl=http://photolab.elmer.uaf.edu/store/people.html&h=569&w=1000&sz=164&tbnid=7yEp6bVi3xyvtM:&tbnh=84&tbnw=149&hl=da&prev=/images%3Fq%3Dkarluk%26svnum%3D10%26hl%3Dda%26lr%3D%26sa%3DN&frame=small" "Mozilla/4.0 (compatible; MSIE 6.0; Windows NT 5.1; SV1)"
66.151.181.10 - - [16/Jan/2006:11:57:46 -0900] "GET /gallery/photos/19910046/07/pages/1991-0046-00743.html HTTP/1.1" 200 1760 "http://photolab.elmer.uaf.edu/gallery/photos/19910046/07/index_4.html" "FAST Enterprise Crawler 6 / Scirus scirus-crawler@fast.no; http://www.scirus.com/srsapp/contactus/"
68.142.251.149 - - [16/Jan/2006:11:58:20 -0900] "GET /robots.txt HTTP/1.0" 200 96 "-" "Mozilla/5.0 (compatible; Yahoo! Slurp; http://help.yahoo.com/help/us/ysearch/slurp)"
68.142.251.68 - - [16/Jan/2006:11:58:21 -0900] "GET /gallery/photos/20030109/3/index_2.html HTTP/1.0" 200 7238 "-" "Mozilla/5.0 (compatible; Yahoo! Slurp; http://help.yahoo.com/help/us/ysearch/slurp)"
66.151.181.10 - - [16/Jan/2006:11:58:52 -0900] "GET /gallery/photos/19910046/07/pages/1991-0046-00744.html HTTP/1.1" 200 1760 "http://photolab.elmer.uaf.edu/gallery/photos/19910046/07/index_4.html" "FAST Enterprise Crawler 6 / Scirus scirus-crawler@fast.no; http://www.scirus.com/srsapp/contactus/"
66.151.181.10 - - [16/Jan/2006:12:00:01 -0900] "GET /gallery/photos/19910046/07/pages/1991-0046-00745.html HTTP/1.1" 200 1760 "http://photolab.elmer.uaf.edu/gallery/photos/19910046/07/index_4.html" "FAST Enterprise Crawler 6 / Scirus scirus-crawler@fast.no; http://www.scirus.com/srsapp/contactus/"
66.151.181.10 - - [16/Jan/2006:12:01:06 -0900] "GET /gallery/photos/19910046/07/pages/1991-0046-00746.html HTTP/1.1" 200 1760 "http://photolab.elmer.uaf.edu/gallery/photos/19910046/07/index_4.html" "FAST Enterprise Crawler 6 / Scirus scirus-crawler@fast.no; http://www.scirus.com/srsapp/contactus/"
66.151.181.10 - - [16/Jan/2006:12:02:13 -0900] "GET /gallery/photos/19910046/07/pages/1991-0046-00747.html HTTP/1.1" 200 1760 "http://photolab.elmer.uaf.edu/gallery/photos/19910046/07/index_4.html" "FAST Enterprise Crawler 6 / Scirus scirus-crawler@fast.no; http://www.scirus.com/srsapp/contactus/"
66.151.181.10 - - [16/Jan/2006:12:03:21 -0900] "GET /gallery/photos/19910156/web/0/index_5.html HTTP/1.1" 200 4650 "http://photolab.elmer.uaf.edu/gallery/photos/19910156/web/0/index_4.html" "FAST Enterprise Crawler 6 / Scirus scirus-crawler@fast.no; http://www.scirus.com/srsapp/contactus/"
24.130.242.62 - - [16/Jan/2006:12:04:23 -0900] "GET /store/alaskanatives.html HTTP/1.1" 301 358 "http://images.google.com/imgres?imgurl=http://photolab.elmer.uaf.edu/store/photos/largejpegs/(057)1972-0071-00823.jpg&imgrefurl=http://photolab.elmer.uaf.edu/store/alaskanatives.html&h=1000&w=825&sz=102&tbnid=RdlD10cZ-Cy6OM:&tbnh=149&tbnw=122&hl=en&start=2&prev=/images%3Fq%3Deskimo%2Bspear%26svnum%3D10%26hl%3Den%26lr%3D%26safe%3Doff%26rls%3DGGLG,GGLG:2005-53,GGLG:en" "Mozilla/4.0 (compatible; MSIE 6.0; Windows NT 5.1; SV1; .NET CLR 1.0.3705; .NET CLR 1.1.4322; Media Center PC 4.0)"
24.130.242.62 - - [16/Jan/2006:12:04:24 -0900] "GET /store/photos/largejpegs/(057)1972-0071-00823.jpg HTTP/1.1" 301 382 "http://images.google.com/imgres?imgurl=http://photolab.elmer.uaf.edu/store/photos/largejpegs/(057)1972-0071-00823.jpg&imgrefurl=http://photolab.elmer.uaf.edu/store/alaskanatives.html&h=1000&w=825&sz=102&tbnid=RdlD10cZ-Cy6OM:&tbnh=149&tbnw=122&hl=en&prev=/images%3Fq%3Deskimo%2Bspear%26svnum%3D10%26hl%3Den%26lr%3D%26safe%3Doff%26rls%3DGGLG,GGLG:2005-53,GGLG:en&frame=small" "Mozilla/4.0 (compatible; MSIE 6.0; Windows NT 5.1; SV1; .NET CLR 1.0.3705; .NET CLR 1.1.4322; Media Center PC 4.0)"
66.151.181.10 - - [16/Jan/2006:12:04:28 -0900] "GET /gallery/photos/19910156/web/0/pages/1991-0156-00037.html HTTP/1.1" 200 1885 "http://photolab.elmer.uaf.edu/gallery/photos/19910156/web/0/index_4.html" "FAST Enterprise Crawler 6 / Scirus scirus-crawler@fast.no; http://www.scirus.com/srsapp/contactus/"
24.130.242.62 - - [16/Jan/2006:12:04:58 -0900] "GET /store/alaskanatives.html HTTP/1.1" 301 358 "http://images.google.com/imgres?imgurl=http://photolab.elmer.uaf.edu/store/photos/largejpegs/(057)1972-0071-00823.jpg&imgrefurl=http://photolab.elmer.uaf.edu/store/alaskanatives.html&h=1000&w=825&sz=102&tbnid=RdlD10cZ-Cy6OM:&tbnh=149&tbnw=122&hl=en&start=2&prev=/images%3Fq%3Deskimo%2Bspear%26svnum%3D10%26hl%3Den%26lr%3D%26safe%3Doff%26rls%3DGGLG,GGLG:2005-53,GGLG:en" "Mozilla/4.0 (compatible; MSIE 6.0; Windows NT 5.1; SV1; .NET CLR 1.0.3705; .NET CLR 1.1.4322; Media Center PC 4.0)"
213.140.22.71 - - [16/Jan/2006:12:05:10 -0900] "GET /gallery/maps/mapg3200.html HTTP/1.1" 200 17235 "http://images.google.it/imgres?imgurl=http://photolab.elmer.uaf.edu/gallery/maps/G3200/large/G3200%2520%255B1828%255D%2520B67.jpg&imgrefurl=http://photolab.elmer.uaf.edu/gallery/maps/mapg3200.html&h=861&w=1200&sz=186&tbnid=U-XJcUBu42I6mM:&tbnh=107&tbnw=150&hl=it&start=25&prev=/images%3Fq%3Dmappamondo%26start%3D20%26imgsz%3Dxxlarge%26svnum%3D10%26hl%3Dit%26lr%3D%26sa%3DN" "Mozilla/5.0 (Macintosh; U; PPC Mac OS X; it-it) AppleWebKit/312.5.1 (KHTML, like Gecko) Safari/312.3.1"
213.140.22.71 - - [16/Jan/2006:12:05:12 -0900] "GET /index_files/empty.gif HTTP/1.1" 200 45 "http://photolab.elmer.uaf.edu/gallery/maps/mapg3200.html" "Mozilla/5.0 (Macintosh; U; PPC Mac OS X; it-it) AppleWebKit/312.5.1 (KHTML, like Gecko) Safari/312.3.1"
213.140.22.71 - - [16/Jan/2006:12:05:11 -0900] "GET /index_files/lib.css HTTP/1.1" 200 2634 "http://photolab.elmer.uaf.edu/gallery/maps/mapg3200.html" "Mozilla/5.0 (Macintosh; U; PPC Mac OS X; it-it) AppleWebKit/312.5.1 (KHTML, like Gecko) Safari/312.3.1"
213.140.22.71 - - [16/Jan/2006:12:05:11 -0900] "GET /index_files/apr.jpg HTTP/1.1" 200 6015 "http://photolab.elmer.uaf.edu/gallery/maps/mapg3200.html" "Mozilla/5.0 (Macintosh; U; PPC Mac OS X; it-it) AppleWebKit/312.5.1 (KHTML, like Gecko) Safari/312.3.1"
213.140.22.71 - - [16/Jan/2006:12:05:11 -0900] "GET /index_files/title.jpg HTTP/1.1" 200 5438 "http://photolab.elmer.uaf.edu/gallery/maps/mapg3200.html" "Mozilla/5.0 (Macintosh; U; PPC Mac OS X; it-it) AppleWebKit/312.5.1 (KHTML, like Gecko) Safari/312.3.1"
213.140.22.71 - - [16/Jan/2006:12:05:12 -0900] "GET /index_files/small.jpg HTTP/1.1" 200 2294 "http://photolab.elmer.uaf.edu/gallery/maps/mapg3200.html" "Mozilla/5.0 (Macintosh; U; PPC Mac OS X; it-it) AppleWebKit/312.5.1 (KHTML, like Gecko) Safari/312.3.1"
213.140.22.71 - - [16/Jan/2006:12:05:12 -0900] "GET /index_files/small_002.jpg HTTP/1.1" 200 1351 "http://photolab.elmer.uaf.edu/gallery/maps/mapg3200.html" "Mozilla/5.0 (Macintosh; U; PPC Mac OS X; it-it) AppleWebKit/312.5.1 (KHTML, like Gecko) Safari/312.3.1"
213.140.22.71 - - [16/Jan/2006:12:05:12 -0900] "GET /index_files/small.dps.jpg HTTP/1.1" 200 5830 "http://photolab.elmer.uaf.edu/gallery/maps/mapg3200.html" "Mozilla/5.0 (Macintosh; U; PPC Mac OS X; it-it) AppleWebKit/312.5.1 (KHTML, like Gecko) Safari/312.3.1"
213.140.22.71 - - [16/Jan/2006:12:05:12 -0900] "GET /index_files/small_003.jpg HTTP/1.1" 200 1521 "http://photolab.elmer.uaf.edu/gallery/maps/mapg3200.html" "Mozilla/5.0 (Macintosh; U; PPC Mac OS X; it-it) AppleWebKit/312.5.1 (KHTML, like Gecko) Safari/312.3.1"
213.140.22.71 - - [16/Jan/2006:12:05:13 -0900] "GET /gallery/maps/G3200/small/G3200%20%5B1562_%5D%20V34.jpg HTTP/1.1" 200 15334 "http://photolab.elmer.uaf.edu/gallery/maps/mapg3200.html" "Mozilla/5.0 (Macintosh; U; PPC Mac OS X; it-it) AppleWebKit/312.5.1 (KHTML, like Gecko) Safari/312.3.1"
