213.140.22.71 - - [16/Jan/2006:12:05:13 -0900] "GET /gallery/maps/G3200/small/G3200%20%5B1670%5D.jpg HTTP/1.1" 200 17392 "http://photolab.elmer.uaf.edu/gallery/maps/mapg3200.html" "Mozilla/5.0 (Macintosh; U; PPC Mac OS X; it-it) AppleWebKit/312.5.1 (KHTML, like Gecko) Safari/312.3.1"
213.140.22.71 - - [16/Jan/2006:12:05:13 -0900] "GET /gallery/maps/G3200/small/G3200%20%5B1652_%5D%20V571.jpg HTTP/1.1" 200 16733 "http://photolab.elmer.uaf.edu/gallery/maps/mapg3200.html" "Mozilla/5.0 (Macintosh; U; PPC Mac OS X; it-it) AppleWebKit/312.5.1 (KHTML, like Gecko) Safari/312.3.1"
213.140.22.71 - - [16/Jan/2006:12:05:14 -0900] "GET /gallery/maps/G3200/small/G3200%201752%20R62.jpg HTTP/1.1" 200 14597 "http://photolab.elmer.uaf.edu/gallery/maps/mapg3200.html" "Mozilla/5.0 (Macintosh; U; PPC Mac OS X; it-it) AppleWebKit/312.5.1 (KHTML, like Gecko) Safari/312.3.1"
213.140.22.71 - - [16/Jan/2006:12:05:14 -0900] "GET /gallery/maps/G3200/small/G3200%201755%20B43.jpg HTTP/1.1" 200 14396 "http://photolab.elmer.uaf.edu/gallery/maps/mapg3200.html" "Mozilla/5.0 (Macintosh; U; PPC Mac OS X; it-it) AppleWebKit/312.5.1 (KHTML, like Gecko) Safari/312.3.1"
213.140.22.71 - - [16/Jan/2006:12:05:13 -0900] "GET /gallery/maps/G3200/small/G3200%20%5B1700%5D.jpg HTTP/1.1" 200 18077 "http://photolab.elmer.uaf.edu/gallery/maps/mapg3200.html" "Mozilla/5.0 (Macintosh; U; PPC Mac OS X; it-it) AppleWebKit/312.5.1 (KHTML, like Gecko) Safari/312.3.1"
140.180.133.197 - - [16/Jan/2006:12:05:16 -0900] "GET /store/mining.html HTTP/1.1" 301 351 "http://images.google.com/imgres?imgurl=http://photolab.elmer.uaf.edu/store/photos/largejpegs/(032)1964-0098-02647.jpg&imgrefurl=http://photolab.elmer.uaf.edu/store/mining.html&h=703&w=1000&sz=139&tbnid=ARkYpIkwWHbL-M:&tbnh=104&tbnw=149&hl=en&start=1&prev=/images%3Fq%3Dhydraulic%2Bmining%26svnum%3D10%26hl%3Den%26lr%3D%26rls%3DGGLD,GGLD:2004-19,GGLD:en%26sa%3DN" "Mozilla/4.0 (compatible; MSIE 6.0; Windows NT 5.1; SV1; .NET CLR 1.1.4322)"
213.140.22.71 - - [16/Jan/2006:12:05:15 -0900] "GET /gallery/maps/G3200/small/G3200%201783%20B68.jpg HTTP/1.1" 200 15727 "http://photolab.elmer.uaf.edu/gallery/maps/mapg3200.html" "Mozilla/5.0 (Macintosh; U; PPC Mac OS X; it-it) AppleWebKit/312.5.1 (KHTML, like Gecko) Safari/312.3.1"
213.140.22.71 - - [16/Jan/2006:12:05:14 -0900] "GET /gallery/maps/G3200/small/G3200%20%5B1774%5D%20S29.jpg HTTP/1.1" 200 14083 "http://photolab.elmer.uaf.edu/gallery/maps/mapg3200.html" "Mozilla/5.0 (Macintosh; U; PPC Mac OS X; it-it) AppleWebKit/312.5.1 (KHTML, like Gecko) Safari/312.3.1"
213.140.22.71 - - [16/Jan/2006:12:05:16 -0900] "GET /gallery/maps/G3200/small/G3200%20%5B1790%5D%20B65.jpg HTTP/1.1" 200 14544 "http://photolab.elmer.uaf.edu/gallery/maps/mapg3200.html" "Mozilla/5.0 (Macintosh; U; PPC Mac OS X; it-it) AppleWebKit/312.5.1 (KHTML, like Gecko) Safari/312.3.1"
213.140.22.71 - - [16/Jan/2006:12:05:16 -0900] "GET /gallery/maps/G3200/small/G3200%20%5B1788%5D.jpg HTTP/1.1" 200 13885 "http://photolab.elmer.uaf.edu/gallery/maps/mapg3200.html" "Mozilla/5.0 (Macintosh; U; PPC Mac OS X; it-it) AppleWebKit/312.5.1 (KHTML, like Gecko) Safari/312.3.1"
213.140.22.71 - - [16/Jan/2006:12:05:16 -0900] "GET /gallery/maps/G3200/large/G3200%20%5B1828%5D%20B67.jpg HTTP/1.1" 200 190302 "http://images.google.it/imgres?imgurl=http://photolab.elmer.uaf.edu/gallery/maps/G3200/large/G3200%2520%255B1828%255D%2520B67.jpg&imgrefurl=http://photolab.elmer.uaf.edu/gallery/maps/mapg3200.html&h=861&w=1200&sz=186&tbnid=U-XJcUBu42I6mM:&tbnh=107&tbnw=150&hl=it&prev=/images%3Fq%3Dmappamondo%26start%3D20%26imgsz%3Dxxlarge%26svnum%3D10%26hl%3Dit%26lr%3D%26sa%3DN&frame=small" "Mozilla/5.0 (Macintosh; U; PPC Mac OS X; it-it) AppleWebKit/312.5.1 (KHTML, like Gecko) Safari/312.3.1"
213.140.22.71 - - [16/Jan/2006:12:05:27 -0900] "GET /favicon.ico HTTP/1.1" 404 307 "-" "Mozilla/5.0 (Macintosh; U; PPC Mac OS X; it-it) AppleWebKit/312.5.1 (KHTML, like Gecko) Safari/312.3.1"
66.151.181.10 - - [16/Jan/2006:12:05:36 -0900] "GET /gallery/photos/19910156/web/0/pages/1991-0156-00038.html HTTP/1.1" 200 1885 "http://photolab.elmer.uaf.edu/gallery/photos/19910156/web/0/index_4.html" "FAST Enterprise Crawler 6 / Scirus scirus-crawler@fast.no; http://www.scirus.com/srsapp/contactus/"
213.140.22.71 - - [16/Jan/2006:12:05:51 -0900] "GET /index_files/bar.gif HTTP/1.1" 200 342 "http://photolab.elmer.uaf.edu/gallery/maps/mapg3200.html" "Mozilla/5.0 (Macintosh; U; PPC Mac OS X; it-it) AppleWebKit/312.5.1 (KHTML, like Gecko) Safari/312.3.1"
213.140.22.71 - - [16/Jan/2006:12:05:51 -0900] "GET /gallery/maps/G3200/small/G3200%20%5B1774%5D%20S29.jpg HTTP/1.1" 200 14083 "http://photolab.elmer.uaf.edu/gallery/maps/mapg3200.html" "Mozilla/5.0 (Macintosh; U; PPC Mac OS X; it-it) AppleWebKit/312.5.1 (KHTML, like Gecko) Safari/312.3.1"
213.140.22.71 - - [16/Jan/2006:12:05:51 -0900] "GET /gallery/maps/G3200/small/G3200%201783%20B68.jpg HTTP/1.1" 200 15727 "http://photolab.elmer.uaf.edu/gallery/maps/mapg3200.html" "Mozilla/5.0 (Macintosh; U; PPC Mac OS X; it-it) AppleWebKit/312.5.1 (KHTML, like Gecko) Safari/312.3.1"
213.140.22.71 - - [16/Jan/2006:12:05:52 -0900] "GET /gallery/maps/G3200/small/G3200%20%5B1790%5D%20B65.jpg HTTP/1.1" 200 14544 "http://photolab.elmer.uaf.edu/gallery/maps/mapg3200.html" "Mozilla/5.0 (Macintosh; U; PPC Mac OS X; it-it) AppleWebKit/312.5.1 (KHTML, like Gecko) Safari/312.3.1"
213.140.22.71 - - [16/Jan/2006:12:05:51 -0900] "GET /gallery/maps/G3200/small/G3200%20%5B1788%5D.jpg HTTP/1.1" 200 13885 "http://photolab.elmer.uaf.edu/gallery/maps/mapg3200.html" "Mozilla/5.0 (Macintosh; U; PPC Mac OS X; it-it) AppleWebKit/312.5.1 (KHTML, like Gecko) Safari/312.3.1"
213.140.22.71 - - [16/Jan/2006:12:05:53 -0900] "GET /gallery/maps/G3200/small/G3200%20%5B1798%5D%20R622.jpg HTTP/1.1" 200 13822 "http://photolab.elmer.uaf.edu/gallery/maps/mapg3200.html" "Mozilla/5.0 (Macintosh; U; PPC Mac OS X; it-it) AppleWebKit/312.5.1 (KHTML, like Gecko) Safari/312.3.1"
213.140.22.71 - - [16/Jan/2006:12:05:53 -0900] "GET /gallery/maps/G3200/small/G3200%20%5B1814%5D.jpg HTTP/1.1" 200 15377 "http://photolab.elmer.uaf.edu/gallery/maps/mapg3200.html" "Mozilla/5.0 (Macintosh; U; PPC Mac OS X; it-it) AppleWebKit/312.5.1 (KHTML, like Gecko) Safari/312.3.1"
213.140.22.71 - - [16/Jan/2006:12:05:54 -0900] "GET /gallery/maps/G3200/small/G3200%20%5B1824%5D%20W95.jpg HTTP/1.1" 200 14196 "http://photolab.elmer.uaf.edu/gallery/maps/mapg3200.html" "Mozilla/5.0 (Macintosh; U; PPC Mac OS X; it-it) AppleWebKit/312.5.1 (KHTML, like Gecko) Safari/312.3.1"
66.151.181.10 - - [16/Jan/2006:12:06:44 -0900] "GET /gallery/photos/19910156/web/0/pages/1991-0156-00039.html HTTP/1.1" 200 1885 "http://photolab.elmer.uaf.edu/gallery/photos/19910156/web/0/index_4.html" "FAST Enterprise Crawler 6 / Scirus scirus-crawler@fast.no; http://www.scirus.com/srsapp/contactus/"
24.225.31.148 - - [16/Jan/2006:12:07:41 -0900] "GET /store/mining.html HTTP/1.1" 301 351 "http://images.google.com/imgres?imgurl=http://photolab.elmer.uaf.edu/store/photos/largejpegs/(006)1970-0058-00507.jpg&imgrefurl=http://photolab.elmer.uaf.edu/store/mining.html&h=662&w=1000&sz=147&tbnid=XYvkeyWiRzHYYM:&tbnh=98&tbnw=149&hl=en&start=19&prev=/images%3Fq%3Dwomen%2Bin%2B%2Bthe%2BGold%2BRush%26svnum%3D10%26hl%3Den%26lr%3D%26sa%3DG" "Mozilla/5.0 (Macintosh; U; PPC Mac OS X; en) AppleWebKit/125.5.6 (KHTML, like Gecko) Safari/125.12"
24.225.31.148 - - [16/Jan/2006:12:07:45 -0900] "GET /store/photos/largejpegs/(006)1970-0058-00507.jpg HTTP/1.1" 301 382 "http://images.google.com/imgres?imgurl=http://photolab.elmer.uaf.edu/store/photos/largejpegs/(006)1970-0058-00507.jpg&imgrefurl=http://photolab.elmer.uaf.edu/store/mining.html&h=662&w=1000&sz=147&tbnid=XYvkeyWiRzHYYM:&tbnh=98&tbnw=149&hl=en&prev=/images%3Fq%3Dwomen%2Bin%2B%2Bthe%2BGold%2BRush%26svnum%3D10%26hl%3Den%26lr%3D%26sa%3DG&frame=small" "Mozilla/5.0 (Macintosh; U; PPC Mac OS X; en) AppleWebKit/125.5.6 (KHTML, like Gecko) Safari/125.12"
66.151.181.10 - - [16/Jan/2006:12:07:51 -0900] "GET /gallery/photos/19910156/web/0/pages/1991-0156-00040.html HTTP/1.1" 200 1885 "http://photolab.elmer.uaf.edu/gallery/photos/19910156/web/0/index_4.html" "FAST Enterprise Crawler 6 / Scirus scirus-crawler@fast.no; http://www.scirus.com/srsapp/contactus/"
24.225.31.148 - - [16/Jan/2006:12:08:00 -0900] "GET /store/mining.html HTTP/1.1" 301 351 "http://images.google.com/imgres?imgurl=http://photolab.elmer.uaf.edu/store/photos/largejpegs/(006)1970-0058-00507.jpg&imgrefurl=http://photolab.elmer.uaf.edu/store/mining.html&h=662&w=1000&sz=147&tbnid=XYvkeyWiRzHYYM:&tbnh=98&tbnw=149&hl=en&start=19&prev=/images%3Fq%3Dwomen%2Bin%2B%2Bthe%2BGold%2BRush%26svnum%3D10%26hl%3Den%26lr%3D%26sa%3DG" "Mozilla/5.0 (Macintosh; U; PPC Mac OS X; en) AppleWebKit/125.5.6 (KHTML, like Gecko) Safari/125.12"
24.225.31.148 - - [16/Jan/2006:12:08:04 -0900] "GET /store/photos/largejpegs/(006)1970-0058-00507.jpg HTTP/1.1" 301 382 "http://images.google.com/imgres?imgurl=http://photolab.elmer.uaf.edu/store/photos/largejpegs/(006)1970-0058-00507.jpg&imgrefurl=http://photolab.elmer.uaf.edu/store/mining.html&h=662&w=1000&sz=147&tbnid=XYvkeyWiRzHYYM:&tbnh=98&tbnw=149&hl=en&prev=/images%3Fq%3Dwomen%2Bin%2B%2Bthe%2BGold%2BRush%26svnum%3D10%26hl%3Den%26lr%3D%26sa%3DG&frame=small" "Mozilla/5.0 (Macintosh; U; PPC Mac OS X; en) AppleWebKit/125.5.6 (KHTML, like Gecko) Safari/125.12"
66.151.181.10 - - [16/Jan/2006:12:08:59 -0900] "GET /gallery/photos/19910156/web/0/pages/1991-0156-00041.html HTTP/1.1" 200 1885 "http://photolab.elmer.uaf.edu/gallery/photos/19910156/web/0/index_4.html" "FAST Enterprise Crawler 6 / Scirus scirus-crawler@fast.no; http://www.scirus.com/srsapp/contactus/"
66.151.181.10 - - [16/Jan/2006:12:10:06 -0900] "GET /gallery/photos/19910156/web/0/pages/1991-0156-00042.html HTTP/1.1" 200 1885 "http://photolab.elmer.uaf.edu/gallery/photos/19910156/web/0/index_4.html" "FAST Enterprise Crawler 6 / Scirus scirus-crawler@fast.no; http://www.scirus.com/srsapp/contactus/"
66.151.181.10 - - [16/Jan/2006:12:11:14 -0900] "GET /gallery/photos/19910156/web/0/pages/1991-0156-00043.html HTTP/1.1" 200 1885 "http://photolab.elmer.uaf.edu/gallery/photos/19910156/web/0/index_4.html" "FAST Enterprise Crawler 6 / Scirus scirus-crawler@fast.no; http://www.scirus.com/srsapp/contactus/"
64.12.116.135 - - [16/Jan/2006:12:11:50 -0900] "GET /store/allphotos3.html HTTP/1.0" 301 355 "http://images.google.com/imgres?imgurl=http://photolab.elmer.uaf.edu/store/photos/largejpegs/(088)1989-0166-00496a.jpg&imgrefurl=http://photolab.elmer.uaf.edu/store/allphotos3.html&h=576&w=1000&sz=112&tbnid=KcfiOlVnKhy3hM:&tbnh=85&tbnw=149&hl=en&start=39&prev=/images%3Fq%3Dpioneer%2527s%2Bwomen%26start%3D20%26svnum%3D10%26hl%3Den%26lr%3D%26ie%3DUTF-8%26sa%3DN" "Mozilla/4.0 (compatible; MSIE 6.0; AOL 9.0; Windows NT 5.1; SV1)"
66.151.181.10 - - [16/Jan/2006:12:12:22 -0900] "GET /gallery/photos/19910156/web/0/pages/1991-0156-00044.html HTTP/1.1" 200 1885 "http://photolab.elmer.uaf.edu/gallery/photos/19910156/web/0/index_4.html" "FAST Enterprise Crawler 6 / Scirus scirus-crawler@fast.no; http://www.scirus.com/srsapp/contactus/"
64.12.116.66 - - [16/Jan/2006:12:12:28 -0900] "GET /store/photos/largejpegs/(088)1989-0166-00496a.jpg HTTP/1.0" 301 383 "http://images.google.com/imgres?imgurl=http://photolab.elmer.uaf.edu/store/photos/largejpegs/(088)1989-0166-00496a.jpg&imgrefurl=http://photolab.elmer.uaf.edu/store/allphotos3.html&h=576&w=1000&sz=112&tbnid=KcfiOlVnKhy3hM:&tbnh=85&tbnw=149&hl=en&prev=/images%3Fq%3Dpioneer%2527s%2Bwomen%26start%3D20%26svnum%3D10%26hl%3Den%26lr%3D%26ie%3DUTF-8%26sa%3DN&frame=small" "Mozilla/4.0 (compatible; MSIE 6.0; AOL 9.0; Windows NT 5.1; SV1)"
66.151.181.10 - - [16/Jan/2006:12:13:29 -0900] "GET /gallery/photos/19910156/web/0/pages/1991-0156-00045.html HTTP/1.1" 200 1885 "http://photolab.elmer.uaf.edu/gallery/photos/19910156/web/0/index_4.html" "FAST Enterprise Crawler 6 / Scirus scirus-crawler@fast.no; http://www.scirus.com/srsapp/contactus/"
66.151.181.10 - - [16/Jan/2006:12:14:37 -0900] "GET /gallery/photos/19910156/web/0/pages/1991-0156-00046.html HTTP/1.1" 200 1885 "http://photolab.elmer.uaf.edu/gallery/photos/19910156/web/0/index_4.html" "FAST Enterprise Crawler 6 / Scirus scirus-crawler@fast.no; http://www.scirus.com/srsapp/contactus/"
66.151.181.10 - - [16/Jan/2006:12:15:45 -0900] "GET /gallery/photos/19910156/web/0/pages/1991-0156-00047.html HTTP/1.1" 200 1885 "http://photolab.elmer.uaf.edu/gallery/photos/19910156/web/0/index_4.html" "FAST Enterprise Crawler 6 / Scirus scirus-crawler@fast.no; http://www.scirus.com/srsapp/contactus/"
66.151.181.10 - - [16/Jan/2006:12:17:13 -0900] "GET /gallery/photos/19910156/web/0/pages/1991-0156-00048.html HTTP/1.1" 200 1885 "http://photolab.elmer.uaf.edu/gallery/photos/19910156/web/0/index_4.html" "FAST Enterprise Crawler 6 / Scirus scirus-crawler@fast.no; http://www.scirus.com/srsapp/contactus/"
66.151.181.10 - - [16/Jan/2006:12:18:09 -0900] "GET /gallery/photos/19930194/0/index_5.htm HTTP/1.1" 200 7207 "http://photolab.elmer.uaf.edu/gallery/photos/19930194/0/index_4.htm" "FAST Enterprise Crawler 6 / Scirus scirus-crawler@fast.no; http://www.scirus.com/srsapp/contactus/"
66.151.181.10 - - [16/Jan/2006:12:19:07 -0900] "GET /gallery/photos/19930194/0/pages/1993-0194-00037.htm HTTP/1.1" 200 1885 "http://photolab.elmer.uaf.edu/gallery/photos/19930194/0/index_4.htm" "FAST Enterprise Crawler 6 / Scirus scirus-crawler@fast.no; http://www.scirus.com/srsapp/contactus/"
68.142.249.86 - - [16/Jan/2006:12:19:32 -0900] "GET /gallery/photos/20000197/pages/2000-0197-00034.html HTTP/1.0" 304 - "-" "Mozilla/5.0 (compatible; Yahoo! Slurp; http://help.yahoo.com/help/us/ysearch/slurp)"
66.151.181.10 - - [16/Jan/2006:12:20:15 -0900] "GET /gallery/photos/19930194/0/pages/1993-0194-00038.htm HTTP/1.1" 200 1885 "http://photolab.elmer.uaf.edu/gallery/photos/19930194/0/index_4.htm" "FAST Enterprise Crawler 6 / Scirus scirus-crawler@fast.no; http://www.scirus.com/srsapp/contactus/"
64.65.219.37 - - [16/Jan/2006:12:21:03 -0900] "GET /index_files/aprbrown.jpg HTTP/1.1" 200 5509 "http://www.alaska.net/~johnd/urban/urban-eskimopage1.htm" "Mozilla/4.0 (compatible; MSIE 6.0; Windows NT 5.1; SV1)"
66.151.181.10 - - [16/Jan/2006:12:21:32 -0900] "GET /gallery/photos/19930194/0/pages/1993-0194-00039.htm HTTP/1.1" 200 1885 "http://photolab.elmer.uaf.edu/gallery/photos/19930194/0/index_4.htm" "FAST Enterprise Crawler 6 / Scirus scirus-crawler@fast.no; http://www.scirus.com/srsapp/contactus/"
66.151.181.10 - - [16/Jan/2006:12:22:30 -0900] "GET /gallery/photos/19930194/0/pages/1993-0194-00040.htm HTTP/1.1" 200 1885 "http://photolab.elmer.uaf.edu/gallery/photos/19930194/0/index_4.htm" "FAST Enterprise Crawler 6 / Scirus scirus-crawler@fast.no; http://www.scirus.com/srsapp/contactus/"
66.151.181.10 - - [16/Jan/2006:12:23:47 -0900] "GET /gallery/photos/19930194/0/pages/1993-0194-00041.htm HTTP/1.1" 200 1885 "http://photolab.elmer.uaf.edu/gallery/photos/19930194/0/index_4.htm" "FAST Enterprise Crawler 6 / Scirus scirus-crawler@fast.no; http://www.scirus.com/srsapp/contactus/"
66.151.181.10 - - [16/Jan/2006:12:24:45 -0900] "GET /gallery/photos/19930194/0/pages/1993-0194-00042.htm HTTP/1.1" 200 1885 "http://photolab.elmer.uaf.edu/gallery/photos/19930194/0/index_4.htm" "FAST Enterprise Crawler 6 / Scirus scirus-crawler@fast.no; http://www.scirus.com/srsapp/contactus/"
66.108.17.87 - - [16/Jan/2006:12:24:52 -0900] "GET /store/photos/largejpegs/(057)1972-0071-00823.jpg HTTP/1.1" 301 382 "-" "Mozilla/4.0 (compatible; MSIE 6.0; Windows NT 5.1; SV1; .NET CLR 1.1.4322)"
66.151.181.10 - - [16/Jan/2006:12:25:53 -0900] "GET /gallery/photos/19930194/0/pages/1993-0194-00043.htm HTTP/1.1" 200 1885 "http://photolab.elmer.uaf.edu/gallery/photos/19930194/0/index_4.htm" "FAST Enterprise Crawler 6 / Scirus scirus-crawler@fast.no; http://www.scirus.com/srsapp/contactus/"
66.151.181.10 - - [16/Jan/2006:12:27:04 -0900] "GET /gallery/photos/19930194/0/pages/1993-0194-00044.htm HTTP/1.1" 200 1885 "http://photolab.elmer.uaf.edu/gallery/photos/19930194/0/index_4.htm" "FAST Enterprise Crawler 6 / Scirus scirus-crawler@fast.no; http://www.scirus.com/srsapp/contactus/"
84.6.162.162 - - [16/Jan/2006:12:27:13 -0900] "GET /gallery/maps/mapg3200.html HTTP/1.1" 200 17235 "http://images.google.fr/imgres?imgurl=http://photolab.elmer.uaf.edu/gallery/maps/G3200/large/G3200%2520%255B1798%255D%2520R622.jpg&imgrefurl=http://photolab.elmer.uaf.edu/gallery/maps/mapg3200.html&h=828&w=1200&sz=160&tbnid=q6RGbR5hHv_uVM:&tbnh=103&tbnw=150&hl=fr&start=38&prev=/images%3Fq%3Dcarte%2B%252Bmappemonde%26start%3D20%26svnum%3D10%26hl%3Dfr%26lr%3D%26sa%3DN" "Mozilla/4.0 (compatible; MSIE 6.0; Windows NT 5.1; SV1; .NET CLR 1.0.3705)"
84.6.162.162 - - [16/Jan/2006:12:27:34 -0900] "GET /gallery/maps/G3200/large/G3200%20%5B1798%5D%20R622.jpg HTTP/1.1" 200 163399 "http://images.google.fr/imgres?imgurl=http://photolab.elmer.uaf.edu/gallery/maps/G3200/large/G3200%2520%255B1798%255D%2520R622.jpg&imgrefurl=http://photolab.elmer.uaf.edu/gallery/maps/mapg3200.html&h=828&w=1200&sz=160&tbnid=q6RGbR5hHv_uVM:&tbnh=103&tbnw=150&hl=fr&prev=/images%3Fq%3Dcarte%2B%252Bmappemonde%26start%3D20%26svnum%3D10%26hl%3Dfr%26lr%3D%26sa%3DN&frame=small" "Mozilla/4.0 (compatible; MSIE 6.0; Windows NT 5.1; SV1; .NET CLR 1.0.3705)"
66.151.181.10 - - [16/Jan/2006:12:28:09 -0900] "GET /gallery/photos/19930194/0/pages/1993-0194-00045.htm HTTP/1.1" 200 1887 "http://photolab.elmer.uaf.edu/gallery/photos/19930194/0/index_4.htm" "FAST Enterprise Crawler 6 / Scirus scirus-crawler@fast.no; http://www.scirus.com/srsapp/contactus/"
66.151.181.10 - - [16/Jan/2006:12:29:19 -0900] "GET /gallery/photos/19930194/0/pages/1993-0194-00045a.htm HTTP/1.1" 200 1890 "http://photolab.elmer.uaf.edu/gallery/photos/19930194/0/index_4.htm" "FAST Enterprise Crawler 6 / Scirus scirus-crawler@fast.no; http://www.scirus.com/srsapp/contactus/"
66.151.181.10 - - [16/Jan/2006:12:30:24 -0900] "GET /gallery/photos/19930194/0/pages/1993-0194-00046.htm HTTP/1.1" 200 1886 "http://photolab.elmer.uaf.edu/gallery/photos/19930194/0/index_4.htm" "FAST Enterprise Crawler 6 / Scirus scirus-crawler@fast.no; http://www.scirus.com/srsapp/contactus/"
66.151.181.10 - - [16/Jan/2006:12:31:32 -0900] "GET /gallery/photos/19930194/0/pages/1993-0194-00047.htm HTTP/1.1" 200 1885 "http://photolab.elmer.uaf.edu/gallery/photos/19930194/0/index_4.htm" "FAST Enterprise Crawler 6 / Scirus scirus-crawler@fast.no; http://www.scirus.com/srsapp/contactus/"
66.151.181.10 - - [16/Jan/2006:12:32:43 -0900] "GET /gallery/photos/19930194/1/index_5.htm HTTP/1.1" 200 7208 "http://photolab.elmer.uaf.edu/gallery/photos/19930194/1/index_4.htm" "FAST Enterprise Crawler 6 / Scirus scirus-crawler@fast.no; http://www.scirus.com/srsapp/contactus/"
66.151.181.10 - - [16/Jan/2006:12:33:47 -0900] "GET /gallery/photos/19930194/1/pages/1993-0194-00136.htm HTTP/1.1" 200 1885 "http://photolab.elmer.uaf.edu/gallery/photos/19930194/1/index_4.htm" "FAST Enterprise Crawler 6 / Scirus scirus-crawler@fast.no; http://www.scirus.com/srsapp/contactus/"
66.151.181.10 - - [16/Jan/2006:12:34:55 -0900] "GET /gallery/photos/19930194/1/pages/1993-0194-00137.htm HTTP/1.1" 200 1885 "http://photolab.elmer.uaf.edu/gallery/photos/19930194/1/index_4.htm" "FAST Enterprise Crawler 6 / Scirus scirus-crawler@fast.no; http://www.scirus.com/srsapp/contactus/"
66.151.181.10 - - [16/Jan/2006:12:36:03 -0900] "GET /gallery/photos/19930194/1/pages/1993-0194-00138.htm HTTP/1.1" 200 1885 "http://photolab.elmer.uaf.edu/gallery/photos/19930194/1/index_4.htm" "FAST Enterprise Crawler 6 / Scirus scirus-crawler@fast.no; http://www.scirus.com/srsapp/contactus/"
66.151.181.10 - - [16/Jan/2006:12:37:10 -0900] "GET /gallery/photos/19930194/1/pages/1993-0194-00139.htm HTTP/1.1" 200 1885 "http://photolab.elmer.uaf.edu/gallery/photos/19930194/1/index_4.htm" "FAST Enterprise Crawler 6 / Scirus scirus-crawler@fast.no; http://www.scirus.com/srsapp/contactus/"
66.151.181.10 - - [16/Jan/2006:12:38:18 -0900] "GET /gallery/photos/19930194/1/pages/1993-0194-00140.htm HTTP/1.1" 200 1885 "http://photolab.elmer.uaf.edu/gallery/photos/19930194/1/index_4.htm" "FAST Enterprise Crawler 6 / Scirus scirus-crawler@fast.no; http://www.scirus.com/srsapp/contactus/"
71.145.191.131 - - [16/Jan/2006:12:38:54 -0900] "GET /store/photos/largejpegs/(057)1972-0071-00823.jpg HTTP/1.1" 301 382 "http://profile.myspace.com/index.cfm?fuseaction=user.viewprofile&friendID=21524269" "Mozilla/5.0 (Macintosh; U; PPC Mac OS X; en) AppleWebKit/312.5.2 (KHTML, like Gecko) Safari/312.3.3"
66.151.181.10 - - [16/Jan/2006:12:39:25 -0900] "GET /gallery/photos/19930194/1/pages/1993-0194-00141.htm HTTP/1.1" 200 1885 "http://photolab.elmer.uaf.edu/gallery/photos/19930194/1/index_4.htm" "FAST Enterprise Crawler 6 / Scirus scirus-crawler@fast.no; http://www.scirus.com/srsapp/contactus/"
66.151.181.10 - - [16/Jan/2006:12:40:36 -0900] "GET /gallery/photos/19930194/1/pages/1993-0194-00142.htm HTTP/1.1" 200 1885 "http://photolab.elmer.uaf.edu/gallery/photos/19930194/1/index_4.htm" "FAST Enterprise Crawler 6 / Scirus scirus-crawler@fast.no; http://www.scirus.com/srsapp/contactus/"
66.151.181.10 - - [16/Jan/2006:12:41:41 -0900] "GET /gallery/photos/19930194/1/pages/1993-0194-00143.htm HTTP/1.1" 200 1885 "http://photolab.elmer.uaf.edu/gallery/photos/19930194/1/index_4.htm" "FAST Enterprise Crawler 6 / Scirus scirus-crawler@fast.no; http://www.scirus.com/srsapp/contactus/"
66.151.181.10 - - [16/Jan/2006:12:43:09 -0900] "GET /gallery/photos/19930194/1/pages/1993-0194-00144.htm HTTP/1.1" 200 1885 "http://photolab.elmer.uaf.edu/gallery/photos/19930194/1/index_4.htm" "FAST Enterprise Crawler 6 / Scirus scirus-crawler@fast.no; http://www.scirus.com/srsapp/contactus/"
66.151.181.10 - - [16/Jan/2006:12:48:05 -0900] "GET /gallery/photos/19930194/1/pages/1993-0194-00145.htm HTTP/1.1" 200 1885 "http://photolab.elmer.uaf.edu/gallery/photos/19930194/1/index_4.htm" "FAST Enterprise Crawler 6 / Scirus scirus-crawler@fast.no; http://www.scirus.com/srsapp/contactus/"
66.151.181.10 - - [16/Jan/2006:12:49:12 -0900] "GET /gallery/photos/19930194/1/pages/1993-0194-00146.htm HTTP/1.1" 200 1885 "http://photolab.elmer.uaf.edu/gallery/photos/19930194/1/index_4.htm" "FAST Enterprise Crawler 6 / Scirus scirus-crawler@fast.no; http://www.scirus.com/srsapp/contactus/"
66.151.181.10 - - [16/Jan/2006:12:50:13 -0900] "GET /gallery/photos/19930194/1/pages/1993-0194-00147.htm HTTP/1.1" 200 1885 "http://photolab.elmer.uaf.edu/gallery/photos/19930194/1/index_4.htm" "FAST Enterprise Crawler 6 / Scirus scirus-crawler@fast.no; http://www.scirus.com/srsapp/contactus/"
66.151.181.10 - - [16/Jan/2006:12:51:19 -0900] "GET /gallery/photos/19940096/0/index_5.html HTTP/1.1" 200 9250 "http://photolab.elmer.uaf.edu/gallery/photos/19940096/0/index_4.html" "FAST Enterprise Crawler 6 / Scirus scirus-crawler@fast.no; http://www.scirus.com/srsapp/contactus/"
66.151.181.10 - - [16/Jan/2006:12:52:22 -0900] "GET /gallery/photos/19940096/0/pages/1994-0096-00049.html HTTP/1.1" 200 1903 "http://photolab.elmer.uaf.edu/gallery/photos/19940096/0/index_4.html" "FAST Enterprise Crawler 6 / Scirus scirus-crawler@fast.no; http://www.scirus.com/srsapp/contactus/"
66.151.181.10 - - [16/Jan/2006:12:53:24 -0900] "GET /gallery/photos/19940096/0/pages/1994-0096-00050.html HTTP/1.1" 200 1903 "http://photolab.elmer.uaf.edu/gallery/photos/19940096/0/index_4.html" "FAST Enterprise Crawler 6 / Scirus scirus-crawler@fast.no; http://www.scirus.com/srsapp/contactus/"
68.142.249.141 - - [16/Jan/2006:12:53:41 -0900] "GET /gallery/photos/19890199/1/pages/1989-0199-00102.html HTTP/1.0" 200 1875 "-" "Mozilla/5.0 (compatible; Yahoo! Slurp; http://help.yahoo.com/help/us/ysearch/slurp)"
66.151.181.10 - - [16/Jan/2006:12:54:29