207.46.98.87 - - [01/Jan/2006:02:29:17 -0900] "GET /gallery/photos/19800068/2/index_5.html HTTP/1.0" 200 6952 "-" "msnbot/1.0 (+http://search.msn.com/msnbot.htm)"
66.249.64.28 - - [01/Jan/2006:02:31:50 -0900] "GET /gallery/photos/20030129/1 HTTP/1.0" 301 362 "-" "Googlebot/2.1 (+http://www.google.com/bot.html)"
66.249.64.28 - - [01/Jan/2006:02:32:37 -0900] "GET /gallery/photos/19950244/02 HTTP/1.0" 301 363 "-" "Googlebot/2.1 (+http://www.google.com/bot.html)"
66.249.71.33 - - [01/Jan/2006:02:33:02 -0900] "GET /gallery/photos/20040111/08/ HTTP/1.0" 200 7055 "-" "Googlebot/2.1 (+http://www.google.com/bot.html)"
66.249.64.58 - - [01/Jan/2006:02:33:07 -0900] "GET /gallery/photos/19900080/0 HTTP/1.0" 301 362 "-" "Googlebot/2.1 (+http://www.google.com/bot.html)"
66.249.71.13 - - [01/Jan/2006:02:33:17 -0900] "GET /gallery/photos/19940096/4 HTTP/1.0" 301 362 "-" "Googlebot/2.1 (+http://www.google.com/bot.html)"
66.249.64.58 - - [01/Jan/2006:02:33:44 -0900] "GET /gallery/photos/20040111/11/ HTTP/1.0" 200 7055 "-" "Googlebot/2.1 (+http://www.google.com/bot.html)"
66.249.71.33 - - [01/Jan/2006:02:34:35 -0900] "GET /gallery/photos/19581026/16 HTTP/1.0" 301 363 "-" "Googlebot/2.1 (+http://www.google.com/bot.html)"
66.249.71.44 - - [01/Jan/2006:02:34:58 -0900] "GET /gallery/photos/20030174/4 HTTP/1.0" 301 362 "-" "Googlebot/2.1 (+http://www.google.com/bot.html)"
81.70.80.14 - - [01/Jan/2006:02:35:13 -0900] "GET /store/photos/largejpegs/(040)1958-1026-01700.jpg HTTP/1.1" 301 382 "http://beusichem.web-log.nl/" "Mozilla/5.0 (Windows; U; Windows NT 5.1; en-US; rv:1.7.5) Gecko/20051012 Netscape/8.0.4"
66.249.71.69 - - [01/Jan/2006:02:35:35 -0900] "GET /gallery/photos/19940096/3 HTTP/1.0" 301 362 "-" "Googlebot/2.1 (+http://www.google.com/bot.html)"
66.249.64.10 - - [01/Jan/2006:02:37:12 -0900] "GET /gallery/photos/20030174/0 HTTP/1.0" 301 362 "-" "Googlebot/2.1 (+http://www.google.com/bot.html)"
66.249.64.58 - - [01/Jan/2006:02:37:49 -0900] "GET /gallery/photos/19680069/25 HTTP/1.0" 301 363 "-" "Googlebot/2.1 (+http://www.google.com/bot.html)"
66.249.64.58 - - [01/Jan/2006:02:38:40 -0900] "GET /gallery/photos/19581026/21 HTTP/1.0" 301 363 "-" "Googlebot/2.1 (+http://www.google.com/bot.html)"
66.249.71.28 - - [01/Jan/2006:02:39:18 -0900] "GET /gallery/books/C0022/maps/pages/C0022-M04.html HTTP/1.0" 200 2032 "-" "Googlebot/2.1 (+http://www.google.com/bot.html)"
68.142.251.150 - - [01/Jan/2006:02:39:51 -0900] "GET /robots.txt HTTP/1.0" 200 96 "-" "Mozilla/5.0 (compatible; Yahoo! Slurp; http://help.yahoo.com/help/us/ysearch/slurp)"
68.142.250.190 - - [01/Jan/2006:02:39:54 -0900] "GET /gallery/photos/20020134/pages/2002-0134-00027.html HTTP/1.0" 200 1769 "-" "Mozilla/5.0 (compatible; Yahoo! Slurp; http://help.yahoo.com/help/us/ysearch/slurp)"
66.249.64.37 - - [01/Jan/2006:02:40:20 -0900] "GET /gallery/photos/19640042/4 HTTP/1.0" 301 362 "-" "Googlebot/2.1 (+http://www.google.com/bot.html)"
66.249.64.79 - - [01/Jan/2006:02:40:22 -0900] "GET /gallery/books/C0015/illustrations/pages/C0015-07.html HTTP/1.0" 200 2033 "-" "Googlebot/2.1 (+http://www.google.com/bot.html)"
66.249.64.4 - - [01/Jan/2006:02:40:40 -0900] "GET /gallery/photos/20040014/2 HTTP/1.0" 301 362 "-" "Googlebot/2.1 (+http://www.google.com/bot.html)"
69.178.21.64 - - [01/Jan/2006:02:42:37 -0900] "GET /gallery/panoramas/panosiberia.html HTTP/1.1" 200 11635 "http://www.google.com/search?q=little+and+diomede&hl=en&lr=&rls=GGLR,GGLR:2005-47,GGLR:en&start=570&sa=N" "Mozilla/4.0 (compatible; MSIE 6.0; Windows NT 5.1; SV1; .NET CLR 1.1.4322; .NET CLR 2.0.50727)"
69.178.21.64 - - [01/Jan/2006:02:42:37 -0900] "GET /index_files/title.jpg HTTP/1.1" 200 5438 "http://photolab.elmer.uaf.edu/gallery/panoramas/panosiberia.html" "Mozilla/4.0 (compatible; MSIE 6.0; Windows NT 5.1; SV1; .NET CLR 1.1.4322; .NET CLR 2.0.50727)"
69.178.21.64 - - [01/Jan/2006:02:42:39 -0900] "GET /index_files/apr.jpg HTTP/1.1" 200 6015 "http://photolab.elmer.uaf.edu/gallery/panoramas/panosiberia.html" "Mozilla/4.0 (compatible; MSIE 6.0; Windows NT 5.1; SV1; .NET CLR 1.1.4322; .NET CLR 2.0.50727)"
69.178.21.64 - - [01/Jan/2006:02:42:39 -0900] "GET /index_files/empty.gif HTTP/1.1" 200 45 "http://photolab.elmer.uaf.edu/gallery/panoramas/panosiberia.html" "Mozilla/4.0 (compatible; MSIE 6.0; Windows NT 5.1; SV1; .NET CLR 1.1.4322; .NET CLR 2.0.50727)"
69.178.21.64 - - [01/Jan/2006:02:42:39 -0900] "GET /index_files/small.dps.jpg HTTP/1.1" 200 5830 "http://photolab.elmer.uaf.edu/gallery/panoramas/panosiberia.html" "Mozilla/4.0 (compatible; MSIE 6.0; Windows NT 5.1; SV1; .NET CLR 1.1.4322; .NET CLR 2.0.50727)"
69.178.21.64 - - [01/Jan/2006:02:42:40 -0900] "GET /index_files/small.jpg HTTP/1.1" 200 2294 "http://photolab.elmer.uaf.edu/gallery/panoramas/panosiberia.html" "Mozilla/4.0 (compatible; MSIE 6.0; Windows NT 5.1; SV1; .NET CLR 1.1.4322; .NET CLR 2.0.50727)"
69.178.21.64 - - [01/Jan/2006:02:42:40 -0900] "GET /index_files/small_002.jpg HTTP/1.1" 200 1351 "http://photolab.elmer.uaf.edu/gallery/panoramas/panosiberia.html" "Mozilla/4.0 (compatible; MSIE 6.0; Windows NT 5.1; SV1; .NET CLR 1.1.4322; .NET CLR 2.0.50727)"
69.178.21.64 - - [01/Jan/2006:02:42:40 -0900] "GET /index_files/small_003.jpg HTTP/1.1" 200 1521 "http://photolab.elmer.uaf.edu/gallery/panoramas/panosiberia.html" "Mozilla/4.0 (compatible; MSIE 6.0; Windows NT 5.1; SV1; .NET CLR 1.1.4322; .NET CLR 2.0.50727)"
69.178.21.64 - - [01/Jan/2006:02:42:37 -0900] "GET /index_files/lib.css HTTP/1.1" 200 2634 "http://photolab.elmer.uaf.edu/gallery/panoramas/panosiberia.html" "Mozilla/4.0 (compatible; MSIE 6.0; Windows NT 5.1; SV1; .NET CLR 1.1.4322; .NET CLR 2.0.50727)"
69.178.21.64 - - [01/Jan/2006:02:42:40 -0900] "GET /gallery/panoramas/smalljpegs/1964-0074-00150.jpg HTTP/1.1" 200 7496 "http://photolab.elmer.uaf.edu/gallery/panoramas/panosiberia.html" "Mozilla/4.0 (compatible; MSIE 6.0; Windows NT 5.1; SV1; .NET CLR 1.1.4322; .NET CLR 2.0.50727)"
69.178.21.64 - - [01/Jan/2006:02:42:43 -0900] "GET /gallery/panoramas/smalljpegs/1964-0074-00121.jpg HTTP/1.1" 200 7016 "http://photolab.elmer.uaf.edu/gallery/panoramas/panosiberia.html" "Mozilla/4.0 (compatible; MSIE 6.0; Windows NT 5.1; SV1; .NET CLR 1.1.4322; .NET CLR 2.0.50727)"
69.178.21.64 - - [01/Jan/2006:02:42:43 -0900] "GET /gallery/panoramas/smalljpegs/1964-0074-00108.jpg HTTP/1.1" 200 8763 "http://photolab.elmer.uaf.edu/gallery/panoramas/panosiberia.html" "Mozilla/4.0 (compatible; MSIE 6.0; Windows NT 5.1; SV1; .NET CLR 1.1.4322; .NET CLR 2.0.50727)"
69.178.21.64 - - [01/Jan/2006:02:42:43 -0900] "GET /gallery/panoramas/smalljpegs/1964-0074-00165.jpg HTTP/1.1" 200 10443 "http://photolab.elmer.uaf.edu/gallery/panoramas/panosiberia.html" "Mozilla/4.0 (compatible; MSIE 6.0; Windows NT 5.1; SV1; .NET CLR 1.1.4322; .NET CLR 2.0.50727)"
69.178.21.64 - - [01/Jan/2006:02:42:45 -0900] "GET /gallery/panoramas/smalljpegs/1964-0074-00101.jpg HTTP/1.1" 200 11679 "http://photolab.elmer.uaf.edu/gallery/panoramas/panosiberia.html" "Mozilla/4.0 (compatible; MSIE 6.0; Windows NT 5.1; SV1; .NET CLR 1.1.4322; .NET CLR 2.0.50727)"
69.178.21.64 - - [01/Jan/2006:02:42:46 -0900] "GET /gallery/panoramas/smalljpegs/1964-0074-00156.jpg HTTP/1.1" 200 9141 "http://photolab.elmer.uaf.edu/gallery/panoramas/panosiberia.html" "Mozilla/4.0 (compatible; MSIE 6.0; Windows NT 5.1; SV1; .NET CLR 1.1.4322; .NET CLR 2.0.50727)"
69.178.21.64 - - [01/Jan/2006:02:42:48 -0900] "GET /gallery/panoramas/smalljpegs/1964-0074-00135.jpg HTTP/1.1" 200 10214 "http://photolab.elmer.uaf.edu/gallery/panoramas/panosiberia.html" "Mozilla/4.0 (compatible; MSIE 6.0; Windows NT 5.1; SV1; .NET CLR 1.1.4322; .NET CLR 2.0.50727)"
69.178.21.64 - - [01/Jan/2006:02:42:49 -0900] "GET /gallery/panoramas/smalljpegs/1964-0074-00169.jpg HTTP/1.1" 200 7150 "http://photolab.elmer.uaf.edu/gallery/panoramas/panosiberia.html" "Mozilla/4.0 (compatible; MSIE 6.0; Windows NT 5.1; SV1; .NET CLR 1.1.4322; .NET CLR 2.0.50727)"
69.178.21.64 - - [01/Jan/2006:02:42:50 -0900] "GET /index_files/bluebear.gif HTTP/1.1" 200 1263 "http://photolab.elmer.uaf.edu/gallery/panoramas/panosiberia.html" "Mozilla/4.0 (compatible; MSIE 6.0; Windows NT 5.1; SV1; .NET CLR 1.1.4322; .NET CLR 2.0.50727)"
69.178.21.64 - - [01/Jan/2006:02:42:50 -0900] "GET /index_files/sitemap.gif HTTP/1.1" 200 1503 "http://photolab.elmer.uaf.edu/gallery/panoramas/panosiberia.html" "Mozilla/4.0 (compatible; MSIE 6.0; Windows NT 5.1; SV1; .NET CLR 1.1.4322; .NET CLR 2.0.50727)"
69.178.21.64 - - [01/Jan/2006:02:42:50 -0900] "GET /index_files/bar.gif HTTP/1.1" 200 342 "http://photolab.elmer.uaf.edu/gallery/panoramas/panosiberia.html" "Mozilla/4.0 (compatible; MSIE 6.0; Windows NT 5.1; SV1; .NET CLR 1.1.4322; .NET CLR 2.0.50727)"
69.178.21.64 - - [01/Jan/2006:02:42:40 -0900] "GET /gallery/panoramas/smalljpegs/1964-0074-00107.jpg HTTP/1.1" 200 7505 "http://photolab.elmer.uaf.edu/gallery/panoramas/panosiberia.html" "Mozilla/4.0 (compatible; MSIE 6.0; Windows NT 5.1; SV1; .NET CLR 1.1.4322; .NET CLR 2.0.50727)"
66.249.64.16 - - [01/Jan/2006:02:43:17 -0900] "GET /gallery/books/C0015/illustrations/pages/C0015-03.html HTTP/1.0" 200 2033 "-" "Googlebot/2.1 (+http://www.google.com/bot.html)"
62.58.119.222 - - [01/Jan/2006:02:43:20 -0900] "GET /store/photos/largejpegs/(040)1958-1026-01700.jpg HTTP/1.1" 301 382 "http://beusichem.web-log.nl/" "Mozilla/4.0 (compatible; MSIE 6.0; Windows NT 5.1; c't; SV1; .NET CLR 1.1.4322)"
69.178.21.64 - - [01/Jan/2006:02:43:48 -0900] "GET /gallery/panoramas/images/1964-0074-00150.jpg HTTP/1.1" 200 54138 "http://photolab.elmer.uaf.edu/gallery/panoramas/panosiberia.html" "Mozilla/4.0 (compatible; MSIE 6.0; Windows NT 5.1; SV1; .NET CLR 1.1.4322; .NET CLR 2.0.50727)"
66.249.71.69 - - [01/Jan/2006:02:44:26 -0900] "GET /gallery/photos/19900043/11 HTTP/1.0" 301 363 "-" "Googlebot/2.1 (+http://www.google.com/bot.html)"
66.249.64.79 - - [01/Jan/2006:02:45:38 -0900] "GET /gallery/photos/19800068/3 HTTP/1.0" 301 362 "-" "Googlebot/2.1 (+http://www.google.com/bot.html)"
66.249.64.4 - - [01/Jan/2006:02:47:57 -0900] "GET /gallery/photos/20040110/10 HTTP/1.0" 301 363 "-" "Googlebot/2.1 (+http://www.google.com/bot.html)"
66.249.64.28 - - [01/Jan/2006:02:49:45 -0900] "GET /gallery/photos/19890199/2 HTTP/1.0" 301 362 "-" "Googlebot/2.1 (+http://www.google.com/bot.html)"
66.249.64.37 - - [01/Jan/2006:02:51:16 -0900] "GET /gallery/photos/19990204 HTTP/1.0" 301 360 "-" "Googlebot/2.1 (+http://www.google.com/bot.html)"
68.142.250.93 - - [01/Jan/2006:02:51:29 -0900] "GET /gallery/photos/20020015/6/index_3.html HTTP/1.0" 304 - "-" "Mozilla/5.0 (compatible; Yahoo! Slurp; http://help.yahoo.com/help/us/ysearch/slurp)"
66.249.64.28 - - [01/Jan/2006:02:51:55 -0900] "GET /gallery/photos/20020087/2 HTTP/1.0" 301 362 "-" "Googlebot/2.1 (+http://www.google.com/bot.html)"
66.249.71.69 - - [01/Jan/2006:02:52:02 -0900] "GET /gallery/photos/20020087/3 HTTP/1.0" 301 362 "-" "Googlebot/2.1 (+http://www.google.com/bot.html)"
24.53.89.87 - - [01/Jan/2006:02:52:10 -0900] "GET /aboutus.html HTTP/1.1" 200 13011 "http://www.google.com/search?hl=en&lr=&q=epson+printer+rips&btnG=Search" "Mozilla/5.0 (Macintosh; U; PPC Mac OS X; en-us) AppleWebKit/312.5.2 (KHTML, like Gecko) Safari/312.3.3"
24.53.89.87 - - [01/Jan/2006:02:52:11 -0900] "GET /index_files/empty.gif HTTP/1.1" 200 45 "http://photolab.elmer.uaf.edu/aboutus.html" "Mozilla/5.0 (Macintosh; U; PPC Mac OS X; en-us) AppleWebKit/312.5.2 (KHTML, like Gecko) Safari/312.3.3"
24.53.89.87 - - [01/Jan/2006:02:52:11 -0900] "GET /index_files/lib.css HTTP/1.1" 200 2634 "http://photolab.elmer.uaf.edu/aboutus.html" "Mozilla/5.0 (Macintosh; U; PPC Mac OS X; en-us) AppleWebKit/312.5.2 (KHTML, like Gecko) Safari/312.3.3"
24.53.89.87 - - [01/Jan/2006:02:52:11 -0900] "GET /index_files/apr.jpg HTTP/1.1" 200 6015 "http://photolab.elmer.uaf.edu/aboutus.html" "Mozilla/5.0 (Macintosh; U; PPC Mac OS X; en-us) AppleWebKit/312.5.2 (KHTML, like Gecko) Safari/312.3.3"
24.53.89.87 - - [01/Jan/2006:02:52:11 -0900] "GET /index_files/small.dps.jpg HTTP/1.1" 200 5830 "http://photolab.elmer.uaf.edu/aboutus.html" "Mozilla/5.0 (Macintosh; U; PPC Mac OS X; en-us) AppleWebKit/312.5.2 (KHTML, like Gecko) Safari/312.3.3"
24.53.89.87 - - [01/Jan/2006:02:52:11 -0900] "GET /index_files/title.jpg HTTP/1.1" 200 5438 "http://photolab.elmer.uaf.edu/aboutus.html" "Mozilla/5.0 (Macintosh; U; PPC Mac OS X; en-us) AppleWebKit/312.5.2 (KHTML, like Gecko) Safari/312.3.3"
24.53.89.87 - - [01/Jan/2006:02:52:11 -0900] "GET /index_files/small.jpg HTTP/1.1" 200 2294 "http://photolab.elmer.uaf.edu/aboutus.html" "Mozilla/5.0 (Macintosh; U; PPC Mac OS X; en-us) AppleWebKit/312.5.2 (KHTML, like Gecko) Safari/312.3.3"
24.53.89.87 - - [01/Jan/2006:02:52:11 -0900] "GET /index_files/small_002.jpg HTTP/1.1" 200 1351 "http://photolab.elmer.uaf.edu/aboutus.html" "Mozilla/5.0 (Macintosh; U; PPC Mac OS X; en-us) AppleWebKit/312.5.2 (KHTML, like Gecko) Safari/312.3.3"
24.53.89.87 - - [01/Jan/2006:02:52:12 -0900] "GET /index_files/small_003.jpg HTTP/1.1" 200 1521 "http://photolab.elmer.uaf.edu/aboutus.html" "Mozilla/5.0 (Macintosh; U; PPC Mac OS X; en-us) AppleWebKit/312.5.2 (KHTML, like Gecko) Safari/312.3.3"
24.53.89.87 - - [01/Jan/2006:02:52:12 -0900] "GET /index_files/bluebear.gif HTTP/1.1" 200 1263 "http://photolab.elmer.uaf.edu/aboutus.html" "Mozilla/5.0 (Macintosh; U; PPC Mac OS X; en-us) AppleWebKit/312.5.2 (KHTML, like Gecko) Safari/312.3.3"
24.53.89.87 - - [01/Jan/2006:02:52:12 -0900] "GET /index_files/sitemap.gif HTTP/1.1" 200 1503 "http://photolab.elmer.uaf.edu/aboutus.html" "Mozilla/5.0 (Macintosh; U; PPC Mac OS X; en-us) AppleWebKit/312.5.2 (KHTML, like Gecko) Safari/312.3.3"
24.53.89.87 - - [01/Jan/2006:02:52:12 -0900] "GET /index_files/bar.gif HTTP/1.1" 200 342 "http://photolab.elmer.uaf.edu/aboutus.html" "Mozilla/5.0 (Macintosh; U; PPC Mac OS X; en-us) AppleWebKit/312.5.2 (KHTML, like Gecko) Safari/312.3.3"
24.53.89.87 - - [01/Jan/2006:02:52:12 -0900] "GET /index_files/dps.ico HTTP/1.1" 200 318 "-" "Mozilla/5.0 (Macintosh; U; PPC Mac OS X; en-us) AppleWebKit/312.5.2 (KHTML, like Gecko) Safari/312.3.3"
83.117.231.224 - - [01/Jan/2006:02:52:48 -0900] "GET /store/photos/largejpegs/(040)1958-1026-01700.jpg HTTP/1.1" 301 382 "http://www.beusichem.web-log.nl/" "Mozilla/5.0 (Windows; U; Windows NT 5.1; nl-NL; rv:1.7.12) Gecko/20050919 Firefox/1.0.7"
66.249.64.16 - - [01/Jan/2006:02:52:54 -0900] "GET /gallery/photos/19690092/5 HTTP/1.0" 301 362 "-" "Googlebot/2.1 (+http://www.google.com/bot.html)"
66.249.64.30 - - [01/Jan/2006:02:53:01 -0900] "GET /gallery/photos/20040014/0 HTTP/1.0" 301 362 "-" "Googlebot/2.1 (+http://www.google.com/bot.html)"
66.249.71.67 - - [01/Jan/2006:02:53:44 -0900] "GET /gallery/photos/20030063/3 HTTP/1.0" 301 362 "-" "Googlebot/2.1 (+http://www.google.com/bot.html)"
66.249.71.54 - - [01/Jan/2006:02:54:27 -0900] "GET /gallery/photos/20020032 HTTP/1.0" 301 360 "-" "Googlebot/2.1 (+http://www.google.com/bot.html)"
66.249.64.4 - - [01/Jan/2006:02:54:53 -0900] "GET /gallery/photos/20030183 HTTP/1.0" 301 360 "-" "Googlebot/2.1 (+http://www.google.com/bot.html)"
207.46.98.87 - - [01/Jan/2006:02:55:20 -0900] "GET /gallery/photos/20020087/4/pages/2002-0087-00444.html HTTP/1.0" 200 1767 "-" "msnbot/1.0 (+http://search.msn.com/msnbot.htm)"
222.235.13.40 - - [01/Jan/2006:02:59:38 -0900] "GET /gallery/maps/G3300/large/G3300%20[1822]%20F55.jpg HTTP/1.1" 200 382427 "http://www.worldmapfinder.com/Map_Detail.php?MAP=541&FN=G3300 [1822] F55.jpg&FU=http://photolab.elmer.uaf.edu/gallery/maps/G3300/large/G3300 [1822] F55.jpg&MW=1200&MH=959&FS=374&FT=jpg&SU=http://photolab.elmer.uaf.edu/gallery/maps/mapg3300.html&WO=0&CE=4&CO=0&CI=0&IT=0&LC=2&PG=1&CS=&FM=1" "Mozilla/4.0 (compatible; MSIE 6.0; Windows NT 5.1; SV1; .NET CLR 1.1.4322)"
222.235.13.40 - - [01/Jan/2006:02:59:40 -0900] "GET /index_files/lib.css HTTP/1.1" 200 2634 "http://photolab.elmer.uaf.edu/gallery/maps/mapg3300.html" "Mozilla/4.0 (compatible; MSIE 6.0; Windows NT 5.1; SV1; .NET CLR 1.1.4322)"
222.235.13.40 - - [01/Jan/2006:02:59:39 -0900] "GET /gallery/maps/mapg3300.html HTTP/1.1" 200 21851 "http://www.worldmapfinder.com/Map_Detail.php?MAP=541&FN=G3300 [1822] F55.jpg&FU=http://photolab.elmer.uaf.edu/gallery/maps/G3300/large/G3300 [1822] F55.jpg&MW=1200&MH=959&FS=374&FT=jpg&SU=http://photolab.elmer.uaf.edu/gallery/maps/mapg3300.html&WO=0&CE=4&CO=0&CI=0&IT=0&LC=2&PG=1&CS=&FM=1" "Mozilla/4.0 (compatible; MSIE 6.0; Windows NT 5.1; SV1; .NET CLR 1.1.4322)"
222.235.13.40 - - [01/Jan/2006:02:59:40 -0900] "GET /index_files/title.jpg HTTP/1.1" 200 5438 "http://photolab.elmer.uaf.edu/gallery/maps/mapg3300.html" "Mozilla/4.0 (compatible; MSIE 6.0; Windows NT 5.1; SV1; .NET CLR 1.1.4322)"
222.235.13.40 - - [01/Jan/2006:02:59:40 -0900] "GET /index_files/apr.jpg HTTP/1.1" 200 6015 "http://photolab.elmer.uaf.edu/gallery/maps/mapg3300.html" "Mozilla/4.0 (compatible; MSIE 6.0; Windows NT 5.1; SV1; .NET CLR 1.1.4322)"
222.235.13.40 - - [01/Jan/2006:02:59:41 -0900] "GET /index_files/empty.gif HTTP/1.1" 200 45 "http://photolab.elmer.uaf.edu/gallery/maps/mapg3300.html" "Mozilla/4.0 (compatible; MSIE 6.0; Windows NT 5.1; SV1; .NET CLR 1.1.4322)"
66.249.71.78 - - [01/Jan/2006:02:59:41 -0900] "GET /gallery/photos/19880041/0 HTTP/1.0" 301 362 "-" "Googlebot/2.1 (+http://www.google.com/bot.html)"
222.235.13.40 - - [01/Jan/2006:02:59:41 -0900] "GET /index_files/small.dps.jpg HTTP/1.1" 200 5830 "http://photolab.elmer.uaf.edu/gallery/maps/mapg3300.html" "Mozilla/4.0 (compatible; MSIE 6.0; Windows NT 5.1; SV1; .NET CLR 1.1.4322)"
222.235.13.40 - - [01/Jan/2006:02:59:41 -0900] "GET /index_files/small.jpg HTTP/1.1" 200 2294 "http://photolab.elmer.uaf.edu/gallery/maps/mapg3300.html" "Mozilla/4.0 (compatible; MSIE 6.0; Windows NT 5.1; SV1; .NET CLR 1.1.4322)"
222.235.13.40 - - [01/Jan/2006:02:59:41 -0900] "GET /index_files/small_002.jpg HTTP/1.1" 200 1351 "http://photolab.elmer.uaf.edu/gallery/maps/mapg3300.html" "Mozilla/4.0 (compatible; MSIE 6.0; Windows NT 5.1; SV1; .NET CLR 1.1.4322)"
222.235.13.40 - - [01/Jan/2006:02:59:41 -0900] "GET /index_files/small_003.jpg HTTP/1.1" 200 1521 "http://photolab.elmer.uaf.edu/gallery/maps/mapg3300.html" "Mozilla/4.0 (compatible; MSIE 6.0; Windows NT 5.1; SV1; .NET CLR 1.1.4322)"
222.235.13.40 - - [01/Jan/2006:02:59:41 -0900] "GET /gallery/maps/G3300/small/G3300%20%5B1590%5D%20P67.jpg HTTP/1.1" 200 14993 "http://photolab.elmer.uaf.edu/gallery/maps/mapg3300.html" "Mozilla/4.0 (compatible; MSIE 6.0; Windows NT 5.1; SV1; .NET CLR 1.1.4322)"
222.235.13.40 - - [01/Jan/2006:02:59:41 -0900] "GET /gallery/maps/G3300/small/G3300%20%5B1625%5D%20E47.jpg HTTP/1.1" 200 17451 "http://photolab.elmer.uaf.edu/gallery/maps/mapg3300.html" "Mozilla/4.0 (compatible; MSIE 6.0; Windows NT 5.1; SV1; .NET CLR 1.1.4322)"
222.235.13.40 - - [01/Jan/2006:02:59:42 -0900] "GET /gallery/maps/G3300/small/G3300%20%5B1740_%5D.jpg HTTP/1.1" 200 20134 "http://photolab.elmer.uaf.edu/gallery/maps/mapg3300.html" "Mozilla/4.0 (compatible; MSIE 6.0; Windows NT 5.1; SV1; .NET CLR 1.1.4322)"
222.235.13.40 - - [01/Jan/2006:02:59:42 -0900] "GET /gallery/maps/G3300/small/G3300%201755%20B431.jpg HTTP/1.1" 200 14901 "http://photolab.elmer.uaf.edu/gallery/maps/mapg3300.html" "Mozilla/4.0 (compatible; MSIE 6.0; Windows NT 5.1; SV1; .NET CLR 1.1.4322)"
222.235.13.40 - - [01/Jan/2006:02:59:43 -0900] "GET /gallery/maps/G3300/small/G3300%201772%20R62.jpg HTTP/1.1" 200 15425 "http://photolab.elmer.uaf.edu/gallery/maps/mapg3300.html" "Mozilla/4.0 (compatible; MSIE 6.0; Windows NT 5.1; SV1; .NET CLR 1.1.4322)"
222.235.13.40 - - [01/Jan/2006:02:59:43 -0900] "GET /gallery/maps/G3300/small/G3300%201774%20D861.jpg HTTP/1.1" 200 14984 "http://photolab.elmer.uaf.edu/gallery/maps/mapg3300.html" "Mozilla/4.0 (compatible; MSIE 6.0; Windows NT 5.1; SV1; .NET CLR 1.1.4322)"
222.235.13.40 - - [01/Jan/2006:02:59:43 -0900] "GET /gallery/maps/G3300/small/G3300%201775%20R621.jpg HTTP/1.1" 200 14889 "http://photolab.elmer.uaf.edu/gallery/maps/mapg3300.html" "Mozilla/4.0 (compatible; MSIE 6.0; Windows NT 5.1; SV1; .NET CLR 1.1.4322)"
222.235.13.40 - - [01/Jan/2006:02:59:44 -0900] "GET /gallery/maps/G3300/small/G3300%20%5B1779%5D%20C662.jpg HTTP/1.1" 200 15796 "http://photolab.elmer.uaf.edu/gallery/maps/mapg3300.html" "Mozilla/4.0 (compatible; MSIE 6.0; Windows NT 5.1; SV1; .NET CLR 1.1.4322)"
222.235.13.40 - - [01/Jan/2006:02:59:46 -0900] "GET /gallery/maps/G3300/small/G3300%20%5B1780_%5D%20C66a.jpg HTTP/1.1" 200 14727 "http://photolab.elmer.uaf.edu/gallery/maps/mapg3300.html" "Mozilla/4.0 (compatible; MSIE 6.0; Windows NT 5.1; SV1; .NET CLR 1.1.4322)"
222.235.13.40 - - [01/Jan/2006:02:59:44 -0900] "GET /gallery/maps/G3300/small/G3300%201783%20R62.jpg HTTP/1.1" 200 15342 "http://photolab.elmer.uaf.edu/gallery/maps/mapg3300.html" "Mozilla/4.0 (compatible; MSIE 6.0; Windows NT 5.1; SV1; .NET CLR 1.1.4322)"
222.235.13.40 - - [01/Jan/2006:02:59:46 -0900] "GET /gallery/maps/G3300/small/G3300%20%5B1780%5D%20C66.jpg HTTP/1.1" 200 17169 "http://photolab.elmer.uaf.edu/gallery/maps/mapg3300.html" "Mozilla/4.0 (compatible; MSIE 6.0; Windows NT 5.1; SV1; .NET CLR 1.1.4322)"
222.235.13.40 - - [01/Jan/2006:02:59:47 -0900] "GET /gallery/maps/G3300/small/G3300%20%5B1786_%5D%20B691.jpg HTTP/1.1" 200 16623 "http://photolab.elmer.uaf.edu/gallery/maps/mapg3300.html" "Mozilla/4.0 (compatible; MSIE 6.0; Windows NT 5.1; SV1; .NET CLR 1.1.4322)"
222.235.13.40 - - [01/Jan/2006:02:59:47 -0900] "GET /gallery/maps/G3300/small/G3300%20%5B1787%5D%20B66.jpg HTTP/1.1" 200 14342 "http://photolab.elmer.uaf.edu/gallery/maps/mapg3300.html" "Mozilla/4.0 (compatible; MSIE 6.0; Windows NT 5.1; SV1; .NET CLR 1.1.4322)"
222.235.13.40 - - [01/Jan/2006:02:59:48 -0900] "GET /gallery/maps/G3300/large/G3300%20[1822]%20F55.jpg HTTP/1.1" 206 357851 "http://www.worldmapfinder.com/Map_Detail.php?MAP=541&FN=G3300 [1822] F55.jpg&FU=http://photolab.elmer.uaf.edu/gallery/maps/G3300/large/G3300 [1822] F55.jpg&MW=1200&MH=959&FS=374&FT=jpg&SU=http://photolab.elmer.uaf.edu/gallery/maps/mapg3300.html&WO=0&CE=4&CO=0&CI=0&IT=0&LC=2&PG=1&CS=&FM=1" "Mozilla/4.0 (compatible; MSIE 6.0; Windows NT 5.1; SV1; .NET CLR 1.1.4322)"
222.235.13.40 - - [01/Jan/2006:02:59:51 -0900] "GET /index_files/bar.gif HTTP/1.1" 200 342 "http://photolab.elmer.uaf.edu/gallery/maps/mapg3300.html" "Mozilla/4.0 (compatible; MSIE 6.0; Windows NT 5.1; SV1; .NET CLR 1.1.4322)"
222.235.13.40 - - [01/Jan/2006:02:59:54 -0900] "GET /gallery/maps/G3300/small/G3300%20%5B1786_%5D%20B691.jpg HTTP/1.1" 206 4335 "http://photolab.elmer.uaf.edu/gallery/maps/mapg3300.html" "Mozilla/4.0 (compatible; MSIE 6.0; Windows NT 5.1; SV1; .NET CLR 1.1.4322)"
222.235.13.40 - - [01/Jan/2006:02:59:51 -0900] "GET /gallery/maps/G3300/small/G3300%20%5B1787%5D%20B66.jpg HTTP/1.1" 200 14342 "http://photolab.elmer.uaf.edu/gallery/maps/mapg3300.html" "Mozilla/4.0 (compatible; MSIE 6.0; Windows NT 5.1; SV1; .NET CLR 1.1.4322)"
222.235.13.40 - - [01/Jan/2006:02:59:54 -0900] "GET /gallery/maps/G3300/small/G3300%20%5B1822%5D%20F55.jpg HTTP/1.1" 200 16603 "http://photolab.elmer.uaf.edu/gallery/maps/mapg3300.html" "Mozilla/4.0 (compatible; MSIE 6.0; Windows NT 5.1; SV1; .NET CLR 1.1.4322)"
222.235.13.40 - - [01/Jan/2006:02:59:55 -0900] "GET /gallery/maps/G3300/small/G3300%201841%20S75.jpg HTTP/1.1" 200 17336 "http://photolab.elmer.uaf.edu/gallery/maps/mapg3300.html" "Mozilla/4.0 (compatible; MSIE 6.0; Windows NT 5.1; SV1; .NET CLR 1.1.4322)"
222.235.13.40 - - [01/Jan/2006:02:59:55 -0900] "GET /gallery/maps/G3300/small/G3300%201797%20N43.jpg HTTP/1.1" 200 15960 "http://photolab.elmer.uaf.edu/gallery/maps/mapg3300.html" "Mozilla/4.0 (compatible; MSIE 6.0; Windows NT 5.1; SV1; .NET CLR 1.1.4322)"
66.249.71.69 - - [01/Jan/2006:03:00:35 -0900] "GET /gallery/photos/20040084/1157-1288/ HTTP/1.0" 200 9093 "-" "Googlebot/2.1 (+http://www.google.com/bot.html)"
66.249.64.79 - - [01/Jan/2006:03:00:56 -0900] "GET /gallery/photos/19890166/00/ HTTP/1.0" 200 11725 "-" "Googlebot/2.1 (+http://www.google.com/bot.html)"
213.75.12.50 - - [01/Jan/2006:03:09:33 -0900] "GET /store/photos/largejpegs/(040)1958-1026-01700.jpg HTTP/1.1" 301 382 "http://beusichem.web-log.nl/" "Mozilla/4.0 (compatible; MSIE 6.0; Windows 98)"
68.142.251.53 - - [01/Jan/2006:03:13:38 -0900] "GET /Public?C=S%3BO=A HTTP/1.0" 301 353 "-" "Mozilla/5.0 (compatible; Yahoo! Slurp; http://help.yahoo.com/help/us/ysearch/slurp)"
68.142.251.53 - - [01/Jan/2006:03:13:44 -0900] "GET /Public/?C=S%3BO=A HTTP/1.0" 200 2765 "-" "Mozilla/5.0 (compatible; Yahoo! Slurp; http://help.yahoo.com/help/us/ysearch/slurp)"
64.12.116.200 - - [01/Jan/2006:03:16:49 -0900] "GET /store/allphotos2.html HTTP/1.0" 301 355 "http://images.google.com/imgres?imgurl=http://photolab.elmer.uaf.edu/store/photos/largejpegs/(075)2002-0155-00055.jpg&imgrefurl=http://photolab.elmer.uaf.edu/store/allphotos2.html&h=708&w=1000&sz=113&tbnid=6byj7_9a44wJ:&tbnh=105&tbnw=149&hl=en&start=42&prev=/images%3Fq%3Dfairbanks%2Balaska%26start%3D40%26svnum%3D10%26hl%3Den%26lr%3D%26ie%3DUTF-8%26sa%3DN" "Mozilla/4.0 (compatible; MSIE 6.0; AOL 9.0; Windows NT 5.1; SV1; .NET CLR 1.1.4322)"
68.142.251.150 - - [01/Jan/2006:03:28:27 -0900] "GET /robots.txt HTTP/1.0" 200 96 "-" "Mozilla/5.0 (compatible; Yahoo! Slurp; http://help.yahoo.com/help/us/ysearch/slurp)"
68.142.251.102 - - [01/Jan/2006:03:28:27 -0900] "GET /store/women.html HTTP/1.0" 301 350 "-" "Mozilla/5.0 (compatible; Yahoo! Slurp; http://help.yahoo.com/help/us/ysearch/slurp)"
213.148.225.198 - - [01/Jan/2006:03:41:16 -0900] "GET /store/photos/largejpegs/(040)1958-1026-01700.jpg HTTP/1.1" 301 382 "http://www.beusichem.web-log.nl/" "Mozilla/4.0 (compatible; MSIE 6.0; Windows NT 5.1; SV1)"
86.84.208.18 - - [01/Jan/2006:03:42:37 -0900] "GET /store/photos/largejpegs/(040)1958-1026-01700.jpg HTTP/1.1" 301 382 "http://beusichem.web-log.nl/" "Mozilla/5.0 (Windows; U; Windows NT 5.1; nl-NL; rv:1.7.10) Gecko/20050717 Firefox/1.0.6"
86.84.208.18 - - [01/Jan/2006:03:42:56 -0900] "GET /store/photos/largejpegs/(040)1958-1026-01700.jpg HTTP/1.1" 301 382 "http://beusichem.web-log.nl/" "Mozilla/5.0 (Windows; U; Windows NT 5.1; nl-NL; rv:1.7.10) Gecko/20050717 Firefox/1.0.6"
81.159.116.224 - - [01/Jan/2006:03:43:54 -0900] "GET /index_files/aprbrown.jpg HTTP/1.1" 200 5509 "http://www.alaska.net/~johnd/urban/" "Mozilla/4.0 (compatible; MSIE 6.0; Windows NT 5.1; SV1; YPC 3.2.0; .NET CLR 1.1.4322; yplus 5.3.01b)"
86.84.208.18 - - [01/Jan/2006:03:47:43 -0900] "GET /store/photos/largejpegs/(040)1958-1026-01700.jpg HTTP/1.1" 301 382 "http://beusichem.web-log.nl/" "Mozilla/5.0 (Windows; U; Windows NT 5.1; nl-NL; rv:1.7.12) Gecko/20050919 Firefox/1.0.7"
85.178.53.135 - - [01/Jan/2006:03:48:35 -0900] "GET /index_files/aprbrown.jpg HTTP/1.1" 200 5509 "http://www.alaska.net/~johnd/urban/" "Mozilla/5.0 (compatible; Konqueror/3.3; Linux) (KHTML, like Gecko)"
66.249.71.28 - - [01/Jan/2006:03:51:36 -0900] "GET /gallery/maps/mapg3290.html HTTP/1.0" 304 - "-" "Googlebot/2.1 (+http://www.google.com/bot.html)"
80.5.160.6 - - [01/Jan/2006:03:53:51 -0900] "GET /store/photos/largejpegs/(040)1958-1026-01700.jpg HTTP/1.1" 301 382 "http://www.beusichem.web-log.nl/" "Mozilla/4.0 (compatible; MSIE 6.0; Windows NT 5.1; SV1)"
195.191.18.40 - - [01/Jan/2006:03:55:44 -0900] "GET /store/maps/large%20jpegs/(022)%20G3270%20%5B1613_%5D.jpg HTTP/1.1" 301 390 "http://images.google.it/imgres?imgurl=http://photolab.elmer.uaf.edu/store/maps/large%2520jpegs/(022)%2520G3270%2520%255B1613_%255D.jpg&imgrefurl=http://photolab.elmer.uaf.edu/store/maps.html&h=1500&w=954&sz=309&tbnid=3-XBlPlu_FAJ:&tbnh=150&tbnw=95&hl=it&prev=/images%3Fq%3Dcartographer%26start%3D400%26svnum%3D10%26hl%3Dit%26lr%3D%26sa%3DN&frame=small" "Mozilla/5.0 (Macintosh; U; PPC Mac OS X Mach-O; en-US; rv:1.8) Gecko/20051111 Firefox/1.5"
66.249.64.52 - - [01/Jan/2006:03:56:11 -0900] "GET /gallery/photos/20030063/1 HTTP/1.0" 301 362 "-" "Googlebot/2.1 (+http://www.google.com/bot.html)"
66.249.71.33 - - [01/Jan/2006:03:56:57 -0900] "GET /gallery/photos/20040145/0 HTTP/1.0" 301 362 "-" "Googlebot/2.1 (+http://www.google.com/bot.html)"
66.249.71.44 - - [01/Jan/2006:03:57:06 -0900] "GET /gallery/photos/19910046/04 HTTP/1.0" 301 363 "-" "Googlebot/2.1 (+http://www.google.com/bot.html)"
66.249.64.16 - - [01/Jan/2006:03:57:31 -0900] "GET /gallery/photos/20030120/2 HTTP/1.0" 301 362 "-" "Googlebot/2.1 (+http://www.google.com/bot.html)"
68.142.249.77 - - [01/Jan/2006:03:58:56 -0900] "GET /gallery/photos/20020087/1/pages/2002-0087-00115.html HTTP/1.0" 200 1767 "-" "Mozilla/5.0 (compatible; Yahoo! Slurp; http://help.yahoo.com/help/us/ysearch/slurp)"
86.82.73.102 - - [01/Jan/2006:04:01:41 -0900] "GET /store/photos/largejpegs/(040)1958-1026-01700.jpg HTTP/1.1" 301 382 "http://www.beusichem.web-log.nl/" "Mozilla/4.0 (compatible; MSIE 6.0; Windows NT 5.1; SV1)"
66.249.71.45 - - [01/Jan/2006:04:02:05 -0900] "GET /gallery/photos/19680041/2 HTTP/1.0" 301 362 "-" "Googlebot/2.1 (+http://www.google.com/bot.html)"
66.249.71.44 - - [01/Jan/2006:04:02:31 -0900] "GET /gallery/photos/20010129/0 HTTP/1.0" 301 362 "-" "Googlebot/2.1 (+http://www.google.com/bot.html)"
66.249.71.69 - - [01/Jan/2006:04:02:40 -0900] "GET /gallery/photos/20040153/2 HTTP/1.0" 301 362 "-" "Googlebot/2.1 (+http://www.google.com/bot.html)"
66.249.71.45 - - [01/Jan/2006:04:03:12 -0900] "GET /gallery/books/C0022/maps/pages/C0022-M09.html HTTP/1.0" 200 2032 "-" "Googlebot/2.1 (+http://www.google.com/bot.html)"
195.191.18.40 - - [01/Jan/2006:04:05:32 -0900] "GET /store/maps.html HTTP/1.1" 301 349 "http://images.google.it/imgres?imgurl=http://photolab.elmer.uaf.edu/store/maps/large%2520jpegs/(022)%2520G3270%2520%255B1613_%255D.jpg&imgrefurl=http://photolab.elmer.uaf.edu/store/maps.html&h=1500&w=954&sz=309&tbnid=3-XBlPlu_FAJ:&tbnh=150&tbnw=95&hl=it&start=407&prev=/images%3Fq%3Dcartographer%26start%3D400%26svnum%3D10%26hl%3Dit%26lr%3D%26sa%3DN" "Mozilla/5.0 (Macintosh; U; PPC Mac OS X Mach-O; en-US; rv:1.8) Gecko/20051111 Firefox/1.5"
66.249.64.38 - - [01/Jan/2006:04:07:27 -0900] "GET /gallery/photos/20020015/5 HTTP/1.0" 301 362 "-" "Googlebot/2.1 (+http://www.google.com/bot.html)"
66.249.64.10 - - [01/Jan/2006:04:08:38 -0900] "GET /gallery/photos/19700058/2 HTTP/1.0" 301 362 "-" "Googlebot/2.1 (+http://www.google.com/bot.html)"
66.249.71.69 - - [01/Jan/2006:04:09:08 -0900] "GET /gallery/photos/19850072 HTTP/1.0" 301 360 "-" "Googlebot/2.1 (+http://www.google.com/bot.html)"
193.251.72.64 - - [01/Jan/2006:04:10:14 -0900] "GET /gallery/maps/mapg3200.html HTTP/1.1" 200 17235 "-" "Mozilla/4.0 (compatible; MSIE 6.0; Windows NT 5.1; SV1; .NET CLR 1.1.4322)"
193.251.72.64 - - [01/Jan/2006:04:10:15 -0900] "GET /index_files/lib.css HTTP/1.1" 200 2634 "-" "Mozilla/4.0 (compatible; MSIE 6.0; Windows NT 5.1; SV1; .NET CLR 1.1.4322)"
193.251.72.64 - - [01/Jan/2006:04:10:19 -0900] "GET /index_files/bar.gif HTTP/1.1" 200 342 "-" "Mozilla/4.0 (compatible; MSIE 6.0; Windows NT 5.1; SV1; .NET CLR 1.1.4322)"
193.251.72.64 - - [01/Jan/2006:04:10:19 -0900] "GET /index_files/title.jpg HTTP/1.1" 200 5438 "-" "Mozilla/4.0 (compatible; MSIE 6.0; Windows NT 5.1; SV1; .NET CLR 1.1.4322)"
193.251.72.64 - - [01/Jan/2006:04:10:20 -0900] "GET /gallery/maps/G3200/large/G3200%201755%20B43.jpg HTTP/1.1" 200 216395 "-" "Mozilla/4.0 (compatible; MSIE 6.0; Windows NT 5.1; SV1; .NET CLR 1.1.4322)"
66.249.71.67 - - [01/Jan/2006:04:10:46 -0900] "GET /gallery/books/C0022/maps/pages/C0022-M08.html HTTP/1.0" 200 2032 "-" "Googlebot/2.1 (+http://www.google.com/bot.html)"
193.251.72.64 - - [01/Jan/2006:04:11:19 -0900] "GET /index_files/title.jpg HTTP/1.1" 206 5438 "-" "Mozilla/4.0 (compatible; MSIE 6.0; Windows NT 5.1; SV1; .NET CLR 1.1.4322)"
193.251.72.64 - - [01/Jan/2006:04:11:19 -0900] "GET /index_files/apr.jpg HTTP/1.1" 200 6015 "-" "Mozilla/4.0 (compatible; MSIE 6.0; Windows NT 5.1; SV1; .NET CLR 1.1.4322)"
66.249.64.28 - - [01/Jan/2006:04:11:24 -0900] "GET /gallery/photos/20050010/0 HTTP/1.0" 301 362 "-" "Googlebot/2.1 (+http://www.google.com/bot.html)"
64.62.168.27 - - [01/Jan/2006:04:11:33 -0900] "GET /robots.txt HTTP/1.0" 200 96 "-" "Gigabot/2.0"
64.62.168.75 - - [01/Jan/2006:04:11:33 -0900] "GET /services.html HTTP/1.0" 200 5901 "-" "Gigabot/2.0"
66.249.71.54 - - [01/Jan/2006:04:11:35 -0900] "GET /gallery/photos/19800068/1 HTTP/1.0" 301 362 "-" "Googlebot/2.1 (+http://www.google.com/bot.html)"
66.249.64.42 - - [01/Jan/2006:04:13:19 -0900] "GET /gallery/photos/20040111/02/ HTTP/1.0" 200 7055 "-" "Googlebot/2.1 (+http://www.google.com/bot.html)"
66.249.64.16 - - [01/Jan/2006:04:15:33 -0900] "GET /gallery/photos/19940070/3 HTTP/1.0" 301 362 "-" "Googlebot/2.1 (+http://www.google.com/bot.html)"
66.249.71.67 - - [01/Jan/2006:04:16:12 -0900] "GET /gallery/photos/20030175 HTTP/1.0" 301 360 "-" "Googlebot/2.1 (+http://www.google.com/bot.html)"
66.249.71.29 - - [01/Jan/2006:04:16:46 -0900] "GET /gallery/photos/19690092/0 HTTP/1.0" 301 362 "-" "Googlebot/2.1 (+http://www.google.com/bot.html)"
66.249.71.45 - - [01/Jan/2006:04:17:04 -0900] "GET /store/people.html HTTP/1.0" 301 351 "-" "Googlebot/2.1 (+http://www.google.com/bot.html)"
66.249.64.30 - - [01/Jan/2006:04:18:01 -0900] "GET /gallery/photos/19690092/7 HTTP/1.0" 301 362 "-" "Googlebot/2.1 (+http://www.google.com/bot.html)"
66.249.71.78 - - [01/Jan/2006:04:18:34 -0900] "GET /gallery/photos/19690092/6 HTTP/1.0" 301 362 "-" "Googlebot/2.1 (+http://www.google.com/bot.html)"
66.249.64.79 - - [01/Jan/2006:04:19:47 -0900] "GET /gallery/photos/19890199/0 HTTP/1.0" 301 362 "-" "Googlebot/2.1 (+http://www.google.com/bot.html)"
66.249.64.58 - - [01/Jan/2006:04:20:27 -0900] "GET /gallery/photos/20030109/1 HTTP/1.0" 301 362 "-" "Googlebot/2.1 (+http://www.google.com/bot.html)"
66.249.71.39 - - [01/Jan/2006:04:22:21 -0900] "GET /gallery/photos/19900007/0 HTTP/1.0" 301 362 "-" "Googlebot/2.1 (+http://www.google.com/bot.html)"
66.249.64.28 - - [01/Jan/2006:04:25:45 -0900] "GET /gallery/photos/20010129/3 HTTP/1.0" 301 362 "-" "Googlebot/2.1 (+http://www.google.com/bot.html)"
63.226.196.189 - - [01/Jan/2006:04:26:26 -0900] "GET /store/photos/largejpegs/(057)1972-0071-00823.jpg HTTP/1.1" 301 382 "-" "Mozilla/4.0 (compatible; MSIE 6.0; Windows NT 5.1; SV1; FunWebProducts)"
82.37.170.187 - - [01/Jan/2006:04:26:29 -0900] "GET /store/photos/largejpegs/(040)1958-1026-01700.jpg HTTP/1.1" 301 382 "-" "Mozilla/4.0 (compatible; MSIE 6.0; Windows NT 5.1; SV1)"
63.226.196.189 - - [01/Jan/2006:04:26:33 -0900] "GET /store/photos/largejpegs/(057)1972-0071-00823.jpg HTTP/1.1" 301 382 "-" "Mozilla/4.0 (compatible; MSIE 6.0; Windows NT 5.1; SV1; FunWebProducts)"
83.245.89.143 - - [01/Jan/2006:04:29:13 -0900] "GET /store/photos/largejpegs/ HTTP/1.1" 301 358 "-" "Mozilla/5.0 (Windows; U; Windows NT 5.1; en-US; rv:1.7.5) Gecko/20041107 Firefox/1.0"
83.245.89.143 - - [01/Jan/2006:04:29:14 -0900] "GET /store/photos/largejpegs/ HTTP/1.1" 301 358 "-" "Mozilla/5.0 (Windows; U; Windows NT 5.1; en-US; rv:1.7.5) Gecko/20041107 Firefox/1.0"
83.245.89.143 - - [01/Jan/2006:04:29:52 -0900] "GET /store/photos/largejpegs/ HTTP/1.1" 301 358 "-" "Mozilla/5.0 (Windows; U; Windows NT 5.1; en-US; rv:1.7.5) Gecko/20041107 Firefox/1.0"
83.245.89.143 - - [01/Jan/2006:04:29:52 -0900] "GET /store/photos/largejpegs/ HTTP/1.1" 301 358 "-" "Mozilla/5.0 (Windows; U; Windows NT 5.1; en-US; rv:1.7.5) Gecko/20041107 Firefox/1.0"
83.245.89.143 - - [01/Jan/2006:04:31:33 -0900] "GET /store/photos/largejpegs/ HTTP/1.1" 301 358 "-" "Mozilla/5.0 (Windows; U; Windows NT 5.1; en-US; rv:1.7.5) Gecko/20041107 Firefox/1.0"
83.245.89.143 - - [01/Jan/2006:04:31:35 -0900] "GET /store/photos/largejpegs/ HTTP/1.1" 301 358 "-" "Mozilla/5.0 (Windows; U; Windows NT 5.1; en-US; rv:1.7.5) Gecko/20041107 Firefox/1.0"
66.249.71.78 - - [01/Jan/2006:04:31:57 -0900] "GET /gallery/photos/19940070/2 HTTP/1.0" 301 362 "-" "Googlebot/2.1 (+http://www.google.com/bot.html)"
83.245.89.143 - - [01/Jan/2006:04:32:00 -0900] "GET /store/photos/largejpegs/ HTTP/1.1" 301 358 "-" "Mozilla/5.0 (Windows; U; Windows NT 5.1; en-US; rv:1.7.5) Gecko/20041107 Firefox/1.0"
207.46.98.87 - - [01/Jan/2006:04:32:03 -0900] "GET /gallery/photos/19940070/0/index_9.html HTTP/1.0" 200 3792 "-" "msnbot/1.0 (+http://search.msn.com/msnbot.htm)"
83.245.89.143 - - [01/Jan/2006:04:32:10 -0900] "GET /store/photos/largejpegs/ HTTP/1.1" 301 358 "-" "Mozilla/5.0 (Windows; U; Windows NT 5.1; en-US; rv:1.7.5) Gecko/20041107 Firefox/1.0"
66.249.71.33 - - [01/Jan/2006:04:32:12 -0900] "GET /gallery/photos/20020093 HTTP/1.0" 301 360 "-" "Googlebot/2.1 (+http://www.google.com/bot.html)"
207.46.98.87 - - [01/Jan/2006:04:32:04 -0900] "GET /gallery/photos/20020087/4/pages/2002-0087-00446.html HTTP/1.0" 200 1767 "-" "msnbot/1.0 (+http://search.msn.com/msnbot.htm)"
83.245.89.143 - - [01/Jan/2006:04:33:07 -0900] "GET /store/photos/largejpegs/ HTTP/1.1" 301 358 "-" "Mozilla/5.0 (Windows; U; Windows NT 5.1; en-US; rv:1.7.5) Gecko/20041107 Firefox/1.0"
66.249.64.42 - - [01/Jan/2006:04:34:16 -0900] "GET /gallery/photos/19640033/butler/ HTTP/1.0" 200 6709 "-" "Googlebot/2.1 (+http://www.google.com/bot.html)"
66.249.71.69 - - [01/Jan/2006:04:34:33 -0900] "GET /gallery/photos/19890207/0 HTTP/1.0" 301 362 "-" "Googlebot/2.1 (+http://www.google.com/bot.html)"
66.249.71.67 - - [01/Jan/2006:04:34:53 -0900] "GET /gallery/photos/19750084/02/ HTTP/1.0" 200 7277 "-" "Googlebot/2.1 (+http://www.google.com/bot.html)"
207.46.98.87 - - [01/Jan/2006:04:35:00 -0900] "GET /gallery/photos/20030120/0/pages/2003-0120-00048.html HTTP/1.0" 200 1871 "-" "msnbot/1.0 (+http://search.msn.com/msnbot.htm)"
66.249.71.40 - - [01/Jan/2006:04:35:07 -0900] "GET /gallery/books/C0015/illustrations/pages/C0015-01.html HTTP/1.0" 200 1884 "-" "Googlebot/2.1 (+http://www.google.com/bot.html)"
66.249.64.37 - - [01/Jan/2006:04:35:17 -0900] "GET /gallery/photos/19940070/4 HTTP/1.0" 301 362 "-" "Googlebot/2.1 (+http://www.google.com/bot.html)"
66.249.64.28 - - [01/Jan/2006:04:35:44 -0900] "GET /gallery/books/C0015/illustrations/pages/C0015-09.html HTTP/1.0" 200 2033 "-" "Googlebot/2.1 (+http://www.google.com/bot.html)"
66.249.64.10 - - [01/Jan/2006:04:35:46 -0900] "GET /gallery/books/C0015/illustrations/pages/C0015-04.html HTTP/1.0" 200 2034 "-" "Googlebot/2.1 (+http://www.google.com/bot.html)"
207.46.98.87 - - [01/Jan/2006:04:36:27 -0900] "GET /gallery/photos/20030120/0/pages/2003-0120-00047.html HTTP/1.0" 200 1871 "-" "msnbot/1.0 (+http://search.msn.com/msnbot.htm)"
81.53.145.205 - - [01/Jan/2006:04:36:43 -0900] "GET /store/mining.html HTTP/1.1" 301 351 "http://images.google.fr/imgres?imgurl=http://photolab.elmer.uaf.edu/store/photos/largejpegs/(062)1973-0050-00013.jpg&imgrefurl=http://photolab.elmer.uaf.edu/store/mining.html&h=1000&w=792&sz=185&tbnid=It7kr_IFOaYJ:&tbnh=149&tbnw=118&hl=fr&start=524&prev=/images%3Fq%3Dp51%26start%3D520%26imgsz%3Dxxlarge%26svnum%3D10%26hl%3Dfr%26lr%3D%26sa%3DN" "Mozilla/4.0 (compatible; MSIE 6.0; Windows NT 5.1; KITV4.7 Wanadoo)"
81.53.145.205 - - [01/Jan/2006:04:36:52 -0900] "GET /store/photos/largejpegs/(062)1973-0050-00013.jpg HTTP/1.1" 301 382 "http://images.google.fr/imgres?imgurl=http://photolab.elmer.uaf.edu/store/photos/largejpegs/(062)1973-0050-00013.jpg&imgrefurl=http://photolab.elmer.uaf.edu/store/mining.html&h=1000&w=792&sz=185&tbnid=It7kr_IFOaYJ:&tbnh=149&tbnw=118&hl=fr&prev=/images%3Fq%3Dp51%26start%3D520%26imgsz%3Dxxlarge%26svnum%3D10%26hl%3Dfr%26lr%3D%26sa%3DN&frame=small" "Mozilla/4.0 (compatible; MSIE 6.0; Windows NT 5.1; KITV4.7 Wanadoo)"
81.53.145.205 - - [01/Jan/2006:04:37:01 -0900] "GET /store/mining.html HTTP/1.1" 301 351 "http://images.google.fr/imgres?imgurl=http://photolab.elmer.uaf.edu/store/photos/largejpegs/(062)1973-0050-00013.jpg&imgrefurl=http://photolab.elmer.uaf.edu/store/mining.html&h=1000&w=792&sz=185&tbnid=It7kr_IFOaYJ:&tbnh=149&tbnw=118&hl=fr&start=524&prev=/images%3Fq%3Dp51%26start%3D520%26imgsz%3Dxxlarge%26svnum%3D10%26hl%3Dfr%26lr%3D%26sa%3DN" "Mozilla/4.0 (compatible; MSIE 6.0; Windows NT 5.1; KITV4.7 Wanadoo)"
68.142.251.150 - - [01/Jan/2006:04:37:25 -0900] "GET /robots.txt HTTP/1.0" 200 96 "-" "Mozilla/5.0 (compatible; Yahoo! Slurp; http://help.yahoo.com/help/us/ysearch/slurp)"
68.142.249.204 - - [01/Jan/2006:04:37:26 -0900] "GET /gallery/photos/20040145/5/pages/2004-0145-00502.htm HTTP/1.0" 200 1887 "-" "Mozilla/5.0 (compatible; Yahoo! Slurp; http://help.yahoo.com/help/us/ysearch/slurp)"
66.249.71.33 - - [01/Jan/2006:04:37:26 -0900] "GET /gallery/maps/mapg3520.html HTTP/1.0" 304 - "-" "Googlebot/2.1 (+http://www.google.com/bot.html)"
68.142.250.126 - - [01/Jan/2006:04:38:10 -0900] "GET /gallery/photos/19581026/14/pages/1958-1026-01431.html HTTP/1.0" 304 - "-" "Mozilla/5.0 (compatible; Yahoo! Slurp; http://help.yahoo.com/help/us/ysearch/slurp)"
66.249.64.4 - - [01/Jan/2006:04:46:55 -0900] "GET /gallery/photos/19950244/03 HTTP/1.0" 301 363 "-" "Googlebot/2.1 (+http://www.google.com/bot.html)"
66.249.71.69 - - [01/Jan/2006:04:47:00 -0900] "GET /gallery/photos/19890166/06/ HTTP/1.0" 200 12469 "-" "Googlebot/2.1 (+http://www.google.com/bot.html)"
66.249.64.28 - - [01/Jan/2006:04:49:44 -0900] "GET /gallery/photos/20020015/0 HTTP/1.0" 301 362 "-" "Googlebot/2.1 (+http://www.google.com/bot.html)"
66.249.71.72 - - [01/Jan/2006:04:53:25 -0900] "GET /gallery/photos/20040153/1 HTTP/1.0" 301 362 "-" "Googlebot/2.1 (+http://www.google.com/bot.html)"
66.249.64.38 - - [01/Jan/2006:04:53:47 -0900] "GET /gallery/photos/20040145/6 HTTP/1.0" 301 362 "-" "Googlebot/2.1 (+http://www.google.com/bot.html)"
69.19.14.31 - - [01/Jan/2006:04:54:43 -0900] "GET /store/photos/largejpegs/(087)1958-1026-01659.jpg HTTP/1.1" 301 382 "http://mysearch.myway.com/jsp/GGimg.jsp?searchfor=winter+fun&st=site&ptnrS=&t=" "Mozilla/4.0 (compatible; MSIE 6.0; Windows NT 5.1; SV1; .NET CLR 1.1.4322)"
86.84.208.18 - - [01/Jan/2006:04:55:12 -0900] "GET /store/photos/largejpegs/(040)1958-1026-01700.jpg HTTP/1.1" 301 382 "http://beusichem.web-log.nl/" "Mozilla/5.0 (Windows; U; Windows NT 5.1; nl-NL; rv:1.7.12) Gecko/20050919 Firefox/1.0.7"
81.206.106.34 - - [01/Jan/2006:04:58:07 -0900] "GET /store/photos/largejpegs/(040)1958-1026-01700.jpg HTTP/1.1" 301 382 "-" "Mozilla/4.0 (compatible; MSIE 6.0; Windows NT 5.1; SV1; .NET CLR 1.1.4322)"
86.84.208.18 - - [01/Jan/2006:04:58:25 -0900] "GET /store/photos/largejpegs/(040)1958-1026-01700.jpg HTTP/1.1" 301 382 "http://beusichem.web-log.nl/" "Mozilla/5.0 (Windows; U; Windows NT 5.1; nl-NL; rv:1.7.12) Gecko/20050919 Firefox/1.0.7"
86.84.208.18 - - [01/Jan/2006:04:59:07 -0900] "GET /store/photos/largejpegs/(040)1958-1026-01700.jpg HTTP/1.1" 301 382 "http://beusichem.web-log.nl/" "Mozilla/5.0 (Windows; U; Windows NT 5.1; nl-NL; rv:1.7.12) Gecko/20050919 Firefox/1.0.7"
66.249.71.29 - - [01/Jan/2006:05:01:24 -0900] "GET /gallery/books/C0088/maps/pages/C0088-M02.html HTTP/1.0" 200 2032 "-" "Googlebot/2.1 (+http://www.google.com/bot.html)"
84.83.142.224 - - [01/Jan/2006:05:03:31 -0900] "GET /index_files/aprbrown.jpg HTTP/1.1" 200 5509 "http://www.alaska.net/~johnd/urban/" "Mozilla/5.0 (Macintosh; U; PPC Mac OS X; nl-nl) AppleWebKit/312.5.2 (KHTML, like Gecko) Safari/312.3.3"
86.84.208.18 - - [01/Jan/2006:05:04:32 -0900] "GET /store/photos/largejpegs/(040)1958-1026-01700.jpg HTTP/1.1" 301 382 "http://beusichem.web-log.nl/" "Mozilla/5.0 (Windows; U; Windows NT 5.1; nl-NL; rv:1.7.12) Gecko/20050919 Firefox/1.0.7"
84.25.46.47 - - [01/Jan/2006:05:05:07 -0900] "GET /store/photos/largejpegs/(040)1958-1026-01700.jpg HTTP/1.0" 301 382 "http://www.beusichem.web-log.nl/categorie/4810" "Mozilla/4.0 (compatible; MSIE 6.0; Windows 98; AtHome033)"
86.84.208.18 - - [01/Jan/2006:05:05:16 -0900] "GET /store/photos/largejpegs/(040)1958-1026-01700.jpg HTTP/1.1" 301 382 "http://beusichem.web-log.nl/" "Mozilla/5.0 (Windows; U; Windows NT 5.1; nl-NL; rv:1.7.12) Gecko/20050919 Firefox/1.0.7"
84.25.46.47 - - [01/Jan/2006:05:05:53 -0900] "GET /store/photos/largejpegs/(040)1958-1026-01700.jpg HTTP/1.0" 301 382 "http://www.beusichem.web-log.nl/categorie/4810" "Mozilla/4.0 (compatible; MSIE 6.0; Windows 98; AtHome033)"
86.84.208.18 - - [01/Jan/2006:05:06:35 -0900] "GET /store/photos/largejpegs/(040)1958-1026-01700.jpg HTTP/1.1" 301 382 "http://beusichem.web-log.nl/" "Mozilla/5.0 (Windows; U; Windows NT 5.1; nl-NL; rv:1.7.12) Gecko/20050919 Firefox/1.0.7"
66.249.71.69 - - [01/Jan/2006:05:08:43 -0900] "GET /gallery/photos/0728 HTTP/1.0" 301 356 "-" "Googlebot/2.1 (+http://www.google.com/bot.html)"
66.249.71.78 - - [01/Jan/2006:05:08:55 -0900] "GET /gallery/photos/19950244/14 HTTP/1.0" 301 363 "-" "Googlebot/2.1 (+http://www.google.com/bot.html)"
66.249.64.79 - - [01/Jan/2006:05:09:07 -0900] "GET /gallery/photos/20030136/0 HTTP/1.0" 301 362 "-" "Googlebot/2.1 (+http://www.google.com/bot.html)"
80.185.177.39 - - [01/Jan/2006:05:11:00 -0900] "GET /store/maps.html HTTP/1.1" 301 349 "http://images.google.de/imgres?imgurl=http://photolab.elmer.uaf.edu/store/maps/large%2520jpegs/(010)%2520G3200%2520%255B1700%255D.jpg&imgrefurl=http://photolab.elmer.uaf.edu/store/maps.html&h=1118&w=1500&sz=430&tbnid=mBBEkawFnPcJ:&tbnh=111&tbnw=150&hl=de&start=4&prev=/images%3Fq%3D1700%26svnum%3D10%26hl%3Dde%26lr%3D%26client%3Dfirefox-a%26rls%3Dorg.mozilla:de:official_s%26sa%3DG" "Mozilla/5.0 (Windows; U; Windows NT 5.1; de; rv:1.8) Gecko/20051111 Firefox/1.5"
80.185.177.39 - - [01/Jan/2006:05:11:52 -0900] "GET /store/maps/large%20jpegs/(010)%20G3200%20%5B1700%5D.jpg HTTP/1.1" 301 389 "http://images.google.de/imgres?imgurl=http://photolab.elmer.uaf.edu/store/maps/large%2520jpegs/(010)%2520G3200%2520%255B1700%255D.jpg&imgrefurl=http://photolab.elmer.uaf.edu/store/maps.html&h=1118&w=1500&sz=430&tbnid=mBBEkawFnPcJ:&tbnh=111&tbnw=150&hl=de&prev=/images%3Fq%3D1700%26svnum%3D10%26hl%3Dde%26lr%3D%26client%3Dfirefox-a%26rls%3Dorg.mozilla:de:official_s%26sa%3DG&frame=small" "Mozilla/5.0 (Windows; U; Windows NT 5.1; de; rv:1.8) Gecko/20051111 Firefox/1.5"
62.252.64.16 - - [01/Jan/2006:05:16:55 -0900] "GET /store/photos/largejpegs/(040)1958-1026-01700.jpg HTTP/1.1" 301 382 "http://www.beusichem.web-log.nl/" "Mozilla/4.0 (compatible; MSIE 6.0; Windows NT 5.1; SV1)"
66.249.71.33 - - [01/Jan/2006:05:17:17 -0900] "GET /gallery/photos/20020015/6 HTTP/1.0" 301 362 "-" "Googlebot/2.1 (+http://www.google.com/bot.html)"
66.249.71.78 - - [01/Jan/2006:05:17:19 -0900] "GET /gallery/photos/19650030/ HTTP/1.0" 200 7057 "-" "Googlebot/2.1 (+http://www.google.com/bot.html)"
66.249.71.73 - - [01/Jan/2006:05:17:23 -0900] "GET /gallery/books/C0088/maps/pages/C0088-M04.html HTTP/1.0" 200 2033 "-" "Googlebot/2.1 (+http://www.google.com/bot.html)"
86.82.73.102 - - [01/Jan/2006:05:22:32 -0900] "GET /store/photos/largejpegs/(040)1958-1026-01700.jpg HTTP/1.1" 301 382 "http://www.beusichem.web-log.nl/" "Mozilla/4.0 (compatible; MSIE 6.0; Windows NT 5.1; SV1)"
66.249.64.58 - - [01/Jan/2006:05:22:51 -0900] "GET /gallery/photos/20010129/2 HTTP/1.0" 301 362 "-" "Googlebot/2.1 (+http://www.google.com/bot.html)"
66.249.64.38 - - [01/Jan/2006:05:22:58 -0900] "GET /gallery/photos/20040109 HTTP/1.0" 301 360 "-" "Googlebot/2.1 (+http://www.google.com/bot.html)"
84.25.46.47 - - [01/Jan/2006:05:25:18 -0900] "GET /store/photos/largejpegs/(040)1958-1026-01700.jpg HTTP/1.0" 301 382 "http://www.beusichem.web-log.nl/categorie/4810" "Mozilla/4.0 (compatible; MSIE 6.0; Windows 98; AtHome033)"
66.249.71.39 - - [01/Jan/2006:05:39:17 -0900] "GET /gallery/books/C0088/maps/pages/C0088-M01.html HTTP/1.0" 200 1882 "-" "Googlebot/2.1 (+http://www.google.com/bot.html)"
66.249.64.42 - - [01/Jan/2006:05:39:28 -0900] "GET /gallery/photos/19960190/ HTTP/1.0" 200 9078 "-" "Googlebot/2.1 (+http://www.google.com/bot.html)"
66.249.71.33 - - [01/Jan/2006:05:39:25 -0900] "GET /gallery/photos/20040111/09/ HTTP/1.0" 200 7055 "-" "Googlebot/2.1 (+http://www.google.com/bot.html)"
66.249.64.10 - - [01/Jan/2006:05:39:37 -0900] "GET /gallery/photos/19690092/4 HTTP/1.0" 301 362 "-" "Googlebot/2.1 (+http://www.google.com/bot.html)"
66.68.102.193 - - [01/Jan/2006:05:42:14 -0900] "GET /store/photos/largejpegs/(057)1972-0071-00823.jpg HTTP/1.1" 301 382 "http://profile.myspace.com/index.cfm?fuseaction=user.viewprofile&friendid=21524269&MyToken=254bf7ae-1fb0-4800-b1cc-765d5556f6b5" "Mozilla/5.0 (Windows; U; Windows NT 5.1; en-US; rv:1.7.7) Gecko/20050414 Firefox/1.0.3"
68.142.251.150 - - [01/Jan/2006:05:44:15 -0900] "GET /robots.txt HTTP/1.0" 200 96 "-" "Mozilla/5.0 (compatible; Yahoo! Slurp; http://help.yahoo.com/help/us/ysearch/slurp)"
68.142.250.98 - - [01/Jan/2006:05:44:15 -0900] "GET /gallery/photos/20040145/5/index_3.htm HTTP/1.0" 200 7205 "-" "Mozilla/5.0 (compatible; Yahoo! Slurp; http://help.yahoo.com/help/us/ysearch/slurp)"
62.77.66.126 - - [01/Jan/2006:05:49:09 -0900] "GET /store/alaskanatives.html HTTP/1.1" 301 358 "http://images.google.com/imgres?imgurl=http://photolab.elmer.uaf.edu/store/photos/largejpegs/(102)1972-0071-00804.jpg&imgrefurl=http://photolab.elmer.uaf.edu/store/alaskanatives.html&h=1000&w=782&sz=133&tbnid=o2USyak8EJIJ:&tbnh=149&tbnw=116&hl=cs&start=50&prev=/images%3Fq%3Dsnow%2Bshoe%26start%3D40%26svnum%3D10%26hl%3Dcs%26lr%3D%26sa%3DN" "Mozilla/5.0 (Windows; U; Windows NT 5.1; cs; rv:1.8) Gecko/20051111 Firefox/1.5"
84.170.239.5 - - [01/Jan/2006:05:53:03 -0900] "GET /store/nome.html HTTP/1.1" 301 349 "http://images.google.de/imgres?imgurl=http://photolab.elmer.uaf.edu/store/photos/largejpegs/(006)1970-0058-00507.jpg&imgrefurl=http://photolab.elmer.uaf.edu/store/nome.html&h=662&w=1000&sz=147&tbnid=XYvkeyWiRzEJ:&tbnh=98&tbnw=149&hl=de&start=12&prev=/images%3Fq%3Dgold%2Bfever%26svnum%3D10%26hl%3Dde%26lr%3D" "Mozilla/4.0 (compatible; MSIE 6.0; Windows NT 5.1; SV1)"
84.170.239.5 - - [01/Jan/2006:05:53:04 -0900] "GET /store/photos/largejpegs/(006)1970-0058-00507.jpg HTTP/1.1" 301 382 "http://images.google.de/imgres?imgurl=http://photolab.elmer.uaf.edu/store/photos/largejpegs/(006)1970-0058-00507.jpg&imgrefurl=http://photolab.elmer.uaf.edu/store/nome.html&h=662&w=1000&sz=147&tbnid=XYvkeyWiRzEJ:&tbnh=98&tbnw=149&hl=de&prev=/images%3Fq%3Dgold%2Bfever%26svnum%3D10%26hl%3Dde%26lr%3D&frame=small" "Mozilla/4.0 (compatible; MSIE 6.0; Windows NT 5.1; SV1)"
