66.249.72.1 - - [01/Jan/2006:19:39:43 -0900] "GET /gallery/photos/19880041/2/pages/1988-0041-00202.htm HTTP/1.1" 304 - "-" "Mozilla/5.0 (compatible; Googlebot/2.1; +http://www.google.com/bot.html)"
66.249.72.1 - - [01/Jan/2006:19:39:46 -0900] "GET /gallery/photos/19890166/06/pages/1989-0166-00601_neg%20nitrate.html HTTP/1.1" 304 - "-" "Mozilla/5.0 (compatible; Googlebot/2.1; +http://www.google.com/bot.html)"
66.249.72.1 - - [01/Jan/2006:19:39:52 -0900] "GET /gallery/photos/20020087/6/index.html HTTP/1.1" 200 7105 "-" "Mozilla/5.0 (compatible; Googlebot/2.1; +http://www.google.com/bot.html)"
69.179.100.72 - - [01/Jan/2006:19:39:54 -0900] "GET /store/allphotos2.html HTTP/1.1" 301 355 "-" "Mozilla/4.0 (compatible; MSIE 6.0; Windows NT 5.1; SV1)"
66.249.72.1 - - [01/Jan/2006:19:40:04 -0900] "GET /gallery/photos/19700058/3/index.html HTTP/1.1" 200 7097 "-" "Mozilla/5.0 (compatible; Googlebot/2.1; +http://www.google.com/bot.html)"
68.142.251.150 - - [01/Jan/2006:19:43:36 -0900] "GET /robots.txt HTTP/1.0" 200 96 "-" "Mozilla/5.0 (compatible; Yahoo! Slurp; http://help.yahoo.com/help/us/ysearch/slurp)"
68.142.250.118 - - [01/Jan/2006:19:43:36 -0900] "GET /gallery/photos/20040110/10 HTTP/1.0" 301 363 "-" "Mozilla/5.0 (compatible; Yahoo! Slurp; http://help.yahoo.com/help/us/ysearch/slurp)"
68.142.250.118 - - [01/Jan/2006:19:43:36 -0900] "GET /gallery/photos/20040110/10/ HTTP/1.0" 200 7059 "-" "Mozilla/5.0 (compatible; Yahoo! Slurp; http://help.yahoo.com/help/us/ysearch/slurp)"
70.110.5.66 - - [01/Jan/2006:19:47:08 -0900] "GET /store/photos/largejpegs/(040)1958-1026-01700.jpg HTTP/1.1" 301 382 "http://profile.myspace.com/index.cfm?fuseaction=user.viewprofile&friendID=188341" "Mozilla/4.0 (compatible; MSIE 6.0; Windows NT 5.1; SV1; .NET CLR 1.1.4322)"
68.142.249.209 - - [01/Jan/2006:19:52:24 -0900] "GET /gallery/photos/20030174/0/pages/2003-0174-00011.html HTTP/1.0" 304 - "-" "Mozilla/5.0 (compatible; Yahoo! Slurp; http://help.yahoo.com/help/us/ysearch/slurp)"
222.67.188.75 - - [01/Jan/2006:19:57:02 -0900] "GET /index_files/lib.css HTTP/1.1" 200 2634 "http://photolab.elmer.uaf.edu/gallery/maps/mapg3300.html" "Mozilla/4.0 (compatible; MSIE 6.0; Windows NT 5.1; SV1; .NET CLR 1.1.4322)"
222.67.188.75 - - [01/Jan/2006:19:57:00 -0900] "GET /gallery/maps/mapg3300.html HTTP/1.1" 200 21851 "http://www.worldmapfinder.com/Map_Detail.php?MAP=541&FN=G3300%20%5B1822%5D%20F55.jpg&MW=1200&MH=959&FS=374&FT=jpg&WO=0&CE=4&CO=0&CI=0&IT=0&LC=4&PG=1&CS=iso-8859-1&FU=http://photolab.elmer.uaf.edu/gallery/maps/G3300/large/G3300%20%5B1822%5D%20F55.jpg&SU=http://photolab.elmer.uaf.edu/gallery/maps/mapg3300.html" "Mozilla/4.0 (compatible; MSIE 6.0; Windows NT 5.1; SV1; .NET CLR 1.1.4322)"
222.67.188.75 - - [01/Jan/2006:19:57:02 -0900] "GET /index_files/apr.jpg HTTP/1.1" 200 6015 "http://photolab.elmer.uaf.edu/gallery/maps/mapg3300.html" "Mozilla/4.0 (compatible; MSIE 6.0; Windows NT 5.1; SV1; .NET CLR 1.1.4322)"
222.67.188.75 - - [01/Jan/2006:19:57:02 -0900] "GET /index_files/title.jpg HTTP/1.1" 200 5438 "http://photolab.elmer.uaf.edu/gallery/maps/mapg3300.html" "Mozilla/4.0 (compatible; MSIE 6.0; Windows NT 5.1; SV1; .NET CLR 1.1.4322)"
24.236.147.227 - - [01/Jan/2006:20:08:41 -0900] "GET /store/humor.html HTTP/1.1" 301 350 "http://images.google.com/imgres?imgurl=http://photolab.elmer.uaf.edu/store/photos/largejpegs/(144)1974-0027-00525.jpg&imgrefurl=http://photolab.elmer.uaf.edu/store/humor.html&h=581&w=1000&sz=151&tbnid=CD_frpggA0QJ:&tbnh=86&tbnw=149&hl=en&start=26&prev=/images%3Fq%3Dvelocipede%26start%3D20%26svnum%3D10%26hl%3Den%26lr%3D%26sa%3DN" "Mozilla/4.0 (compatible; MSIE 6.0; Windows NT 5.1; SV1)"
24.236.147.227 - - [01/Jan/2006:20:08:45 -0900] "GET /store/photos/largejpegs/(144)1974-0027-00525.jpg HTTP/1.1" 301 382 "http://images.google.com/imgres?imgurl=http://photolab.elmer.uaf.edu/store/photos/largejpegs/(144)1974-0027-00525.jpg&imgrefurl=http://photolab.elmer.uaf.edu/store/humor.html&h=581&w=1000&sz=151&tbnid=CD_frpggA0QJ:&tbnh=86&tbnw=149&hl=en&prev=/images%3Fq%3Dvelocipede%26start%3D20%26svnum%3D10%26hl%3Den%26lr%3D%26sa%3DN&frame=small" "Mozilla/4.0 (compatible; MSIE 6.0; Windows NT 5.1; SV1)"
24.236.147.227 - - [01/Jan/2006:20:09:12 -0900] "GET /store/photos/largejpegs/(144)1974-0027-00525.jpg HTTP/1.1" 301 382 "http://images.google.com/imgres?imgurl=http://photolab.elmer.uaf.edu/store/photos/largejpegs/(144)1974-0027-00525.jpg&imgrefurl=http://photolab.elmer.uaf.edu/store/humor.html&h=581&w=1000&sz=151&tbnid=CD_frpggA0QJ:&tbnh=86&tbnw=149&hl=en&prev=/images%3Fq%3Dvelocipede%26start%3D20%26svnum%3D10%26hl%3Den%26lr%3D%26sa%3DN&frame=small" "Mozilla/4.0 (compatible; MSIE 6.0; Windows NT 5.1; SV1)"
71.99.227.24 - - [01/Jan/2006:20:09:19 -0900] "GET /store/photos/largejpegs/(130)1958-1026-01545.jpg HTTP/1.1" 301 382 "http://photolab.elmer.uaf.edu/store/akcanada.html" "Mozilla/4.0 (compatible; MSIE 6.0; Windows 98; Win 9x 4.90)"
66.249.72.1 - - [01/Jan/2006:20:10:34 -0900] "GET /gallery/photos/20040069/pages/2002-0032-00002.html HTTP/1.1" 304 - "-" "Mozilla/5.0 (compatible; Googlebot/2.1; +http://www.google.com/bot.html)"
66.249.72.1 - - [01/Jan/2006:20:10:37 -0900] "GET /gallery/photos/19640042/2/index.htm HTTP/1.1" 200 7054 "-" "Mozilla/5.0 (compatible; Googlebot/2.1; +http://www.google.com/bot.html)"
66.249.72.1 - - [01/Jan/2006:20:10:46 -0900] "GET /gallery/photos/20030174/4/index.html HTTP/1.1" 200 7068 "-" "Mozilla/5.0 (compatible; Googlebot/2.1; +http://www.google.com/bot.html)"
66.249.72.1 - - [01/Jan/2006:20:10:51 -0900] "GET /gallery/photos/20020015/2/index.html HTTP/1.1" 200 7161 "-" "Mozilla/5.0 (compatible; Googlebot/2.1; +http://www.google.com/bot.html)"
66.249.72.1 - - [01/Jan/2006:20:10:53 -0900] "GET /gallery/photos/20020087/4/index_2.html HTTP/1.1" 200 7249 "-" "Mozilla/5.0 (compatible; Googlebot/2.1; +http://www.google.com/bot.html)"
66.249.72.1 - - [01/Jan/2006:20:10:55 -0900] "GET /gallery/photos/19800068/0/pages/1980-0068-00002.html HTTP/1.1" 200 1857 "-" "Mozilla/5.0 (compatible; Googlebot/2.1; +http://www.google.com/bot.html)"
66.249.72.1 - - [01/Jan/2006:20:10:56 -0900] "GET /gallery/photos/19640042/1/pages/1964-0042-00101.htm HTTP/1.1" 200 1881 "-" "Mozilla/5.0 (compatible; Googlebot/2.1; +http://www.google.com/bot.html)"
66.249.72.1 - - [01/Jan/2006:20:10:59 -0900] "GET /gallery/photos/20040069/pages/2002-0032-00006.html HTTP/1.1" 200 1881 "-" "Mozilla/5.0 (compatible; Googlebot/2.1; +http://www.google.com/bot.html)"
66.249.72.1 - - [01/Jan/2006:20:11:00 -0900] "GET /gallery/photos/19750084/05/pages/1975-0084-00512.html HTTP/1.1" 200 2086 "-" "Mozilla/5.0 (compatible; Googlebot/2.1; +http://www.google.com/bot.html)"
66.249.72.1 - - [01/Jan/2006:20:11:00 -0900] "GET /gallery/photos/19750084/04/pages/1975-0084-00412.html HTTP/1.1" 200 2086 "-" "Mozilla/5.0 (compatible; Googlebot/2.1; +http://www.google.com/bot.html)"
66.249.72.1 - - [01/Jan/2006:20:11:01 -0900] "GET /gallery/photos/20040086/1/pages/2004-0086-00113.htm HTTP/1.1" 200 1879 "-" "Mozilla/5.0 (compatible; Googlebot/2.1; +http://www.google.com/bot.html)"
66.249.72.1 - - [01/Jan/2006:20:11:02 -0900] "GET /gallery/photos/20020015/2/pages/2002-0015-00212m.html HTTP/1.1" 200 1770 "-" "Mozilla/5.0 (compatible; Googlebot/2.1; +http://www.google.com/bot.html)"
66.249.72.1 - - [01/Jan/2006:20:11:04 -0900] "GET /gallery/photos/19750084/05/pages/1975-0084-00513.html HTTP/1.1" 200 2086 "-" "Mozilla/5.0 (compatible; Googlebot/2.1; +http://www.google.com/bot.html)"
66.249.72.1 - - [01/Jan/2006:20:11:05 -0900] "GET /gallery/photos/19750084/04/pages/1975-0084-00413.html HTTP/1.1" 200 2086 "-" "Mozilla/5.0 (compatible; Googlebot/2.1; +http://www.google.com/bot.html)"
66.249.72.1 - - [01/Jan/2006:20:11:15 -0900] "GET /gallery/photos/20020015/2/pages/2002-0015-00213m.html HTTP/1.1" 200 1770 "-" "Mozilla/5.0 (compatible; Googlebot/2.1; +http://www.google.com/bot.html)"
66.249.72.1 - - [01/Jan/2006:20:11:17 -0900] "GET /gallery/photos/20040086/1/pages/2004-0086-00114.htm HTTP/1.1" 200 1879 "-" "Mozilla/5.0 (compatible; Googlebot/2.1; +http://www.google.com/bot.html)"
66.249.72.1 - - [01/Jan/2006:20:11:18 -0900] "GET /gallery/photos/19750084/05/pages/1975-0084-00514.html HTTP/1.1" 200 2086 "-" "Mozilla/5.0 (compatible; Googlebot/2.1; +http://www.google.com/bot.html)"
66.249.72.1 - - [01/Jan/2006:20:11:18 -0900] "GET /gallery/photos/19750084/04/pages/1975-0084-00414.html HTTP/1.1" 200 2086 "-" "Mozilla/5.0 (compatible; Googlebot/2.1; +http://www.google.com/bot.html)"
66.249.72.1 - - [01/Jan/2006:20:11:19 -0900] "GET /gallery/photos/19750084/05/index_3.html HTTP/1.1" 200 7431 "-" "Mozilla/5.0 (compatible; Googlebot/2.1; +http://www.google.com/bot.html)"
66.249.72.1 - - [01/Jan/2006:20:11:21 -0900] "GET /gallery/photos/19750084/04/index_3.html HTTP/1.1" 200 7431 "-" "Mozilla/5.0 (compatible; Googlebot/2.1; +http://www.google.com/bot.html)"
66.249.72.1 - - [01/Jan/2006:20:11:21 -0900] "GET /gallery/photos/20020015/2/index_3.html HTTP/1.1" 200 7307 "-" "Mozilla/5.0 (compatible; Googlebot/2.1; +http://www.google.com/bot.html)"
66.249.72.1 - - [01/Jan/2006:20:11:21 -0900] "GET /gallery/photos/20040086/1/pages/2004-0086-00115.htm HTTP/1.1" 200 1879 "-" "Mozilla/5.0 (compatible; Googlebot/2.1; +http://www.google.com/bot.html)"
66.249.72.1 - - [01/Jan/2006:20:11:22 -0900] "GET /gallery/photos/20020015/2/pages/2002-0015-00214m.html HTTP/1.1" 200 1770 "-" "Mozilla/5.0 (compatible; Googlebot/2.1; +http://www.google.com/bot.html)"
66.249.72.1 - - [01/Jan/2006:20:11:23 -0900] "GET /gallery/photos/19750084/05/pages/1975-0084-00515.html HTTP/1.1" 200 2086 "-" "Mozilla/5.0 (compatible; Googlebot/2.1; +http://www.google.com/bot.html)"
66.249.72.1 - - [01/Jan/2006:20:11:24 -0900] "GET /gallery/photos/19750084/04/pages/1975-0084-00422.html HTTP/1.1" 200 2086 "-" "Mozilla/5.0 (compatible; Googlebot/2.1; +http://www.google.com/bot.html)"
66.249.72.1 - - [01/Jan/2006:20:11:25 -0900] "GET /gallery/photos/19750084/04/pages/1975-0084-00415.html HTTP/1.1" 200 2086 "-" "Mozilla/5.0 (compatible; Googlebot/2.1; +http://www.google.com/bot.html)"
66.249.72.1 - - [01/Jan/2006:20:11:26 -0900] "GET /gallery/photos/19750084/04/pages/1975-0084-00416.html HTTP/1.1" 200 2086 "-" "Mozilla/5.0 (compatible; Googlebot/2.1; +http://www.google.com/bot.html)"
66.249.72.1 - - [01/Jan/2006:20:11:27 -0900] "GET /gallery/photos/19750084/05/pages/1975-0084-00516.html HTTP/1.1" 200 2086 "-" "Mozilla/5.0 (compatible; Googlebot/2.1; +http://www.google.com/bot.html)"
66.249.72.1 - - [01/Jan/2006:20:11:28 -0900] "GET /gallery/photos/19750084/05/pages/1975-0084-00517.html HTTP/1.1" 200 2086 "-" "Mozilla/5.0 (compatible; Googlebot/2.1; +http://www.google.com/bot.html)"
66.249.72.1 - - [01/Jan/2006:20:11:30 -0900] "GET /gallery/photos/19750084/04/pages/1975-0084-00417.html HTTP/1.1" 200 2086 "-" "Mozilla/5.0 (compatible; Googlebot/2.1; +http://www.google.com/bot.html)"
66.249.72.1 - - [01/Jan/2006:20:11:31 -0900] "GET /gallery/photos/19750084/05/pages/1975-0084-00518.html HTTP/1.1" 200 2086 "-" "Mozilla/5.0 (compatible; Googlebot/2.1; +http://www.google.com/bot.html)"
66.249.72.1 - - [01/Jan/2006:20:11:35 -0900] "GET /gallery/photos/19750084/04/pages/1975-0084-00418.html HTTP/1.1" 200 2086 "-" "Mozilla/5.0 (compatible; Googlebot/2.1; +http://www.google.com/bot.html)"
66.249.72.1 - - [01/Jan/2006:20:11:36 -0900] "GET /gallery/photos/19750084/04/pages/1975-0084-00419.html HTTP/1.1" 200 2086 "-" "Mozilla/5.0 (compatible; Googlebot/2.1; +http://www.google.com/bot.html)"
66.249.72.1 - - [01/Jan/2006:20:11:38 -0900] "GET /gallery/photos/19750084/05/pages/1975-0084-00519.html HTTP/1.1" 200 2086 "-" "Mozilla/5.0 (compatible; Googlebot/2.1; +http://www.google.com/bot.html)"
66.249.72.1 - - [01/Jan/2006:20:11:39 -0900] "GET /gallery/photos/19750084/05/pages/1975-0084-00520.html HTTP/1.1" 200 2086 "-" "Mozilla/5.0 (compatible; Googlebot/2.1; +http://www.google.com/bot.html)"
66.249.72.1 - - [01/Jan/2006:20:11:41 -0900] "GET /gallery/photos/19750084/04/pages/1975-0084-00420.html HTTP/1.1" 200 2086 "-" "Mozilla/5.0 (compatible; Googlebot/2.1; +http://www.google.com/bot.html)"
66.249.72.1 - - [01/Jan/2006:20:11:42 -0900] "GET /gallery/photos/19750084/04/pages/1975-0084-00421.html HTTP/1.1" 200 2086 "-" "Mozilla/5.0 (compatible; Googlebot/2.1; +http://www.google.com/bot.html)"
66.249.72.1 - - [01/Jan/2006:20:11:44 -0900] "GET /gallery/photos/19750084/05/pages/1975-0084-00521.html HTTP/1.1" 200 2086 "-" "Mozilla/5.0 (compatible; Googlebot/2.1; +http://www.google.com/bot.html)"
66.249.72.1 - - [01/Jan/2006:20:11:44 -0900] "GET /gallery/photos/19750084/05/pages/1975-0084-00522.html HTTP/1.1" 200 2086 "-" "Mozilla/5.0 (compatible; Googlebot/2.1; +http://www.google.com/bot.html)"
66.249.72.1 - - [01/Jan/2006:20:11:45 -0900] "GET /gallery/photos/19750084/05/pages/1975-0084-00523.html HTTP/1.1" 200 2086 "-" "Mozilla/5.0 (compatible; Googlebot/2.1; +http://www.google.com/bot.html)"
66.249.72.1 - - [01/Jan/2006:20:11:46 -0900] "GET /gallery/photos/19940096/0/index.html HTTP/1.1" 200 9096 "-" "Mozilla/5.0 (compatible; Googlebot/2.1; +http://www.google.com/bot.html)"
66.249.72.1 - - [01/Jan/2006:20:11:46 -0900] "GET /gallery/photos/20020087/4/index.html HTTP/1.1" 200 7105 "-" "Mozilla/5.0 (compatible; Googlebot/2.1; +http://www.google.com/bot.html)"
66.249.72.1 - - [01/Jan/2006:20:11:47 -0900] "GET /gallery/photos/20020015/0/index.html HTTP/1.1" 200 7161 "-" "Mozilla/5.0 (compatible; Googlebot/2.1; +http://www.google.com/bot.html)"
66.249.72.1 - - [01/Jan/2006:20:11:48 -0900] "GET /gallery/photos/19750084/04/pages/1975-0084-00423.html HTTP/1.1" 200 2086 "-" "Mozilla/5.0 (compatible; Googlebot/2.1; +http://www.google.com/bot.html)"
66.249.72.1 - - [01/Jan/2006:20:11:51 -0900] "GET /gallery/photos/20020087/3/index.html HTTP/1.1" 200 7105 "-" "Mozilla/5.0 (compatible; Googlebot/2.1; +http://www.google.com/bot.html)"
68.142.249.72 - - [01/Jan/2006:20:11:52 -0900] "GET /gallery/photos/19880041/0 HTTP/1.0" 301 362 "-" "Mozilla/5.0 (compatible; Yahoo! Slurp; http://help.yahoo.com/help/us/ysearch/slurp)"
66.249.72.1 - - [01/Jan/2006:20:11:52 -0900] "GET /gallery/photos/19950244/13/index.html HTTP/1.1" 200 7078 "-" "Mozilla/5.0 (compatible; Googlebot/2.1; +http://www.google.com/bot.html)"
68.142.249.72 - - [01/Jan/2006:20:11:52 -0900] "GET /gallery/photos/19880041/0/ HTTP/1.0" 200 7049 "-" "Mozilla/5.0 (compatible; Yahoo! Slurp; http://help.yahoo.com/help/us/ysearch/slurp)"
66.249.72.1 - - [01/Jan/2006:20:11:52 -0900] "GET /gallery/photos/19900043/09/index.html HTTP/1.1" 200 7165 "-" "Mozilla/5.0 (compatible; Googlebot/2.1; +http://www.google.com/bot.html)"
66.249.72.1 - - [01/Jan/2006:20:11:53 -0900] "GET /gallery/photos/20040153/6/index.html HTTP/1.1" 200 7279 "-" "Mozilla/5.0 (compatible; Googlebot/2.1; +http://www.google.com/bot.html)"
66.249.72.1 - - [01/Jan/2006:20:11:55 -0900] "GET /gallery/photos/19690092/ HTTP/1.1" 200 1712 "-" "Mozilla/5.0 (compatible; Googlebot/2.1; +http://www.google.com/bot.html)"
66.249.72.1 - - [01/Jan/2006:20:11:55 -0900] "GET /gallery/photos/19930194/ HTTP/1.1" 200 840 "-" "Mozilla/5.0 (compatible; Googlebot/2.1; +http://www.google.com/bot.html)"
66.249.72.1 - - [01/Jan/2006:20:11:56 -0900] "GET /gallery/photos/20040111/?C=S;O=A HTTP/1.1" 200 2052 "-" "Mozilla/5.0 (compatible; Googlebot/2.1; +http://www.google.com/bot.html)"
66.249.72.1 - - [01/Jan/2006:20:11:57 -0900] "GET /gallery/photos/20040111/?C=D;O=A HTTP/1.1" 200 2052 "-" "Mozilla/5.0 (compatible; Googlebot/2.1; +http://www.google.com/bot.html)"
68.142.250.34 - - [01/Jan/2006:20:11:58 -0900] "GET /gallery/photos/19880041/2 HTTP/1.0" 301 362 "-" "Mozilla/5.0 (compatible; Yahoo! Slurp; http://help.yahoo.com/help/us/ysearch/slurp)"
68.142.250.34 - - [01/Jan/2006:20:11:58 -0900] "GET /gallery/photos/19880041/2/ HTTP/1.0" 200 7049 "-" "Mozilla/5.0 (compatible; Yahoo! Slurp; http://help.yahoo.com/help/us/ysearch/slurp)"
66.249.72.1 - - [01/Jan/2006:20:11:59 -0900] "GET /gallery/photos/20040111/ HTTP/1.1" 200 2052 "-" "Mozilla/5.0 (compatible; Googlebot/2.1; +http://www.google.com/bot.html)"
66.249.72.1 - - [01/Jan/2006:20:11:59 -0900] "GET /gallery/photos/19640033/butler/single_images/?C=S;O=A HTTP/1.1" 200 18928 "-" "Mozilla/5.0 (compatible; Googlebot/2.1; +http://www.google.com/bot.html)"
66.249.72.1 - - [01/Jan/2006:20:12:02 -0900] "GET /gallery/photos/19950244/03/ HTTP/1.1" 200 7079 "-" "Mozilla/5.0 (compatible; Googlebot/2.1; +http://www.google.com/bot.html)"
66.249.72.1 - - [01/Jan/2006:20:12:03 -0900] "GET /gallery/photos/19581026/16/ HTTP/1.1" 200 7283 "-" "Mozilla/5.0 (compatible; Googlebot/2.1; +http://www.google.com/bot.html)"
66.249.72.1 - - [01/Jan/2006:20:12:03 -0900] "GET /store/orderform.pdf HTTP/1.1" 301 351 "-" "Mozilla/5.0 (compatible; Googlebot/2.1; +http://www.google.com/bot.html)"
4.142.81.17 - - [01/Jan/2006:20:10:07 -0900] "GET /index_files/aprbrown.jpg HTTP/1.1" 200 5509 "-" "Mozilla/4.0 (compatible; MSIE 6.0; Windows NT 5.1; SV1; MSN 9.0;MSN 9.1; MSNbMSNI; MSNmen-us; MSNcIA)"
211.104.113.93 - - [01/Jan/2006:20:17:28 -0900] "GET /gallery/maps/mapg3300.html HTTP/1.1" 200 21851 "http://www.worldmapfinder.com/Map_Detail.php?MAP=541&FN=G3300%20%5B1822%5D%20F55.jpg&MW=1200&MH=959&FS=374&FT=jpg&WO=0&CE=4&CO=0&CI=0&IT=0&LC=2&PG=1&CS=iso-8859-1&FU=http://photolab.elmer.uaf.edu/gallery/maps/G3300/large/G3300%20%5B1822%5D%20F55.jpg&SU=http://photolab.elmer.uaf.edu/gallery/maps/mapg3300.html" "Mozilla/4.0 (compatible; MSIE 6.0; Windows NT 5.1)"
211.104.113.93 - - [01/Jan/2006:20:17:29 -0900] "GET /index_files/lib.css HTTP/1.1" 200 2634 "http://photolab.elmer.uaf.edu/gallery/maps/mapg3300.html" "Mozilla/4.0 (compatible; MSIE 6.0; Windows NT 5.1)"
211.104.113.93 - - [01/Jan/2006:20:17:32 -0900] "GET /gallery/maps/G3300/large/G3300%20[1822]%20F55.jpg HTTP/1.1" 200 382427 "http://www.worldmapfinder.com/Map_Detail.php?MAP=541&FN=G3300 [1822] F55.jpg&FU=http://photolab.elmer.uaf.edu/gallery/maps/G3300/large/G3300 [1822] F55.jpg&MW=1200&MH=959&FS=374&FT=jpg&SU=http://photolab.elmer.uaf.edu/gallery/maps/mapg3300.html&WO=0&CE=4&CO=0&CI=0&IT=0&LC=2&PG=1&CS=&FM=1" "Mozilla/4.0 (compatible; MSIE 6.0; Windows NT 5.1)"
211.104.113.93 - - [01/Jan/2006:20:17:40 -0900] "GET /gallery/maps/G3300/large/G3300%20[1822]%20F55.jpg HTTP/1.1" 200 382427 "http://www.worldmapfinder.com/Map_Detail.php?MAP=541&FN=G3300 [1822] F55.jpg&FU=http://photolab.elmer.uaf.edu/gallery/maps/G3300/large/G3300 [1822] F55.jpg&MW=1200&MH=959&FS=374&FT=jpg&SU=http://photolab.elmer.uaf.edu/gallery/maps/mapg3300.html&WO=0&CE=4&CO=0&CI=0&IT=0&LC=2&PG=1&CS=&FM=1" "Mozilla/4.0 (compatible; MSIE 6.0; Windows NT 5.1)"
211.104.113.93 - - [01/Jan/2006:20:17:44 -0900] "GET /index_files/empty.gif HTTP/1.1" 200 45 "http://photolab.elmer.uaf.edu/gallery/maps/mapg3300.html" "Mozilla/4.0 (compatible; MSIE 6.0; Windows NT 5.1)"
211.104.113.93 - - [01/Jan/2006:20:17:43 -0900] "GET /gallery/maps/mapg3300.html HTTP/1.1" 206 10490 "http://www.worldmapfinder.com/Map_Detail.php?MAP=549&FN=G3300%20%5B1780%5D%20C66.jpg&MW=1200&MH=896&FS=242&FT=jpg&WO=0&CE=4&CO=0&CI=0&IT=0&LC=2&PG=1&CS=iso-8859-1&FU=http://photolab.elmer.uaf.edu/gallery/maps/G3300/large/G3300%20%5B1780%5D%20C66.jpg&SU=http://photolab.elmer.uaf.edu/gallery/maps/mapg3300.html" "Mozilla/4.0 (compatible; MSIE 6.0; Windows NT 5.1)"
211.104.113.93 - - [01/Jan/2006:20:17:44 -0900] "GET /index_files/lib.css HTTP/1.1" 206 8 "http://photolab.elmer.uaf.edu/gallery/maps/mapg3300.html" "Mozilla/4.0 (compatible; MSIE 6.0; Windows NT 5.1)"
211.104.113.93 - - [01/Jan/2006:20:17:44 -0900] "GET /index_files/title.jpg HTTP/1.1" 200 5438 "http://photolab.elmer.uaf.edu/gallery/maps/mapg3300.html" "Mozilla/4.0 (compatible; MSIE 6.0; Windows NT 5.1)"
211.104.113.93 - - [01/Jan/2006:20:17:44 -0900] "GET /index_files/apr.jpg HTTP/1.1" 200 6015 "http://photolab.elmer.uaf.edu/gallery/maps/mapg3300.html" "Mozilla/4.0 (compatible; MSIE 6.0; Windows NT 5.1)"
211.104.113.93 - - [01/Jan/2006:20:17:45 -0900] "GET /index_files/small_003.jpg HTTP/1.1" 200 1521 "http://photolab.elmer.uaf.edu/gallery/maps/mapg3300.html" "Mozilla/4.0 (compatible; MSIE 6.0; Windows NT 5.1)"
211.104.113.93 - - [01/Jan/2006:20:17:45 -0900] "GET /index_files/small_002.jpg HTTP/1.1" 200 1351 "http://photolab.elmer.uaf.edu/gallery/maps/mapg3300.html" "Mozilla/4.0 (compatible; MSIE 6.0; Windows NT 5.1)"
211.104.113.93 - - [01/Jan/2006:20:17:45 -0900] "GET /index_files/small.jpg HTTP/1.1" 200 2294 "http://photolab.elmer.uaf.edu/gallery/maps/mapg3300.html" "Mozilla/4.0 (compatible; MSIE 6.0; Windows NT 5.1)"
211.104.113.93 - - [01/Jan/2006:20:17:45 -0900] "GET /index_files/small.dps.jpg HTTP/1.1" 200 5830 "http://photolab.elmer.uaf.edu/gallery/maps/mapg3300.html" "Mozilla/4.0 (compatible; MSIE 6.0; Windows NT 5.1)"
211.104.113.93 - - [01/Jan/2006:20:17:45 -0900] "GET /gallery/maps/G3300/small/G3300%20%5B1590%5D%20P67.jpg HTTP/1.1" 200 14993 "http://photolab.elmer.uaf.edu/gallery/maps/mapg3300.html" "Mozilla/4.0 (compatible; MSIE 6.0; Windows NT 5.1)"
211.104.113.93 - - [01/Jan/2006:20:17:45 -0900] "GET /gallery/maps/G3300/small/G3300%20%5B1625%5D%20E47.jpg HTTP/1.1" 200 17451 "http://photolab.elmer.uaf.edu/gallery/maps/mapg3300.html" "Mozilla/4.0 (compatible; MSIE 6.0; Windows NT 5.1)"
211.104.113.93 - - [01/Jan/2006:20:17:46 -0900] "GET /gallery/maps/G3300/small/G3300%201772%20R62.jpg HTTP/1.1" 200 15425 "http://photolab.elmer.uaf.edu/gallery/maps/mapg3300.html" "Mozilla/4.0 (compatible; MSIE 6.0; Windows NT 5.1)"
211.104.113.93 - - [01/Jan/2006:20:17:46 -0900] "GET /gallery/maps/G3300/small/G3300%201755%20B431.jpg HTTP/1.1" 200 14901 "http://photolab.elmer.uaf.edu/gallery/maps/mapg3300.html" "Mozilla/4.0 (compatible; MSIE 6.0; Windows NT 5.1)"
211.104.113.93 - - [01/Jan/2006:20:17:47 -0900] "GET /gallery/maps/G3300/small/G3300%201775%20R621.jpg HTTP/1.1" 200 14889 "http://photolab.elmer.uaf.edu/gallery/maps/mapg3300.html" "Mozilla/4.0 (compatible; MSIE 6.0; Windows NT 5.1)"
211.104.113.93 - - [01/Jan/2006:20:17:47 -0900] "GET /gallery/maps/G3300/small/G3300%20%5B1740_%5D.jpg HTTP/1.1" 200 20134 "http://photolab.elmer.uaf.edu/gallery/maps/mapg3300.html" "Mozilla/4.0 (compatible; MSIE 6.0; Windows NT 5.1)"
211.104.113.93 - - [01/Jan/2006:20:17:48 -0900] "GET /gallery/maps/G3300/small/G3300%201774%20D861.jpg HTTP/1.1" 200 14984 "http://photolab.elmer.uaf.edu/gallery/maps/mapg3300.html" "Mozilla/4.0 (compatible; MSIE 6.0; Windows NT 5.1)"
211.104.113.93 - - [01/Jan/2006:20:17:48 -0900] "GET /gallery/maps/G3300/small/G3300%20%5B1779%5D%20C662.jpg HTTP/1.1" 200 15796 "http://photolab.elmer.uaf.edu/gallery/maps/mapg3300.html" "Mozilla/4.0 (compatible; MSIE 6.0; Windows NT 5.1)"
211.104.113.93 - - [01/Jan/2006:20:17:50 -0900] "GET /gallery/maps/G3300/large/G3300%20%5B1740_%5D.jpg HTTP/1.1" 200 291860 "http://photolab.elmer.uaf.edu/gallery/maps/mapg3300.html" "Mozilla/4.0 (compatible; MSIE 6.0; Windows NT 5.1)"
63.231.152.18 - - [01/Jan/2006:20:19:44 -0900] "GET /index_files/aprbrown.jpg HTTP/1.1" 200 5509 "http://www.alaska.net/~johnd/urban/" "Mozilla/4.0 (compatible; MSIE 6.0; Windows NT 5.1; SV1; .NET CLR 1.0.3705; .NET CLR 1.1.4322; Media Center PC 2.8)"
203.253.197.242 - - [01/Jan/2006:20:29:15 -0900] "GET /gallery/maps/mapg3300.html HTTP/1.1" 206 14870 "http://www.worldmapfinder.com/Map_Detail.php?MAP=541&FN=G3300 [1822] F55.jpg&FU=http://photolab.elmer.uaf.edu/gallery/maps/G3300/large/G3300 [1822] F55.jpg&MW=1200&MH=959&FS=374&FT=jpg&SU=http://photolab.elmer.uaf.edu/gallery/maps/mapg3300.html&WO=0&CE=4&CO=0&CI=0&IT=0&LC=2&PG=1&CS=&FM=1" "Mozilla/4.0 (compatible; MSIE 6.0; Windows NT 5.1; SV1)"
203.253.197.242 - - [01/Jan/2006:20:29:16 -0900] "GET /index_files/lib.css HTTP/1.1" 200 2634 "http://photolab.elmer.uaf.edu/gallery/maps/mapg3300.html" "Mozilla/4.0 (compatible; MSIE 6.0; Windows NT 5.1; SV1)"
203.253.197.242 - - [01/Jan/2006:20:29:16 -0900] "GET /index_files/title.jpg HTTP/1.1" 200 5438 "http://photolab.elmer.uaf.edu/gallery/maps/mapg3300.html" "Mozilla/4.0 (compatible; MSIE 6.0; Windows NT 5.1; SV1)"
203.253.197.242 - - [01/Jan/2006:20:29:17 -0900] "GET /index_files/empty.gif HTTP/1.1" 200 45 "http://photolab.elmer.uaf.edu/gallery/maps/mapg3300.html" "Mozilla/4.0 (compatible; MSIE 6.0; Windows NT 5.1; SV1)"
203.253.197.242 - - [01/Jan/2006:20:29:17 -0900] "GET /index_files/apr.jpg HTTP/1.1" 200 6015 "http://photolab.elmer.uaf.edu/gallery/maps/mapg3300.html" "Mozilla/4.0 (compatible; MSIE 6.0; Windows NT 5.1; SV1)"
203.253.197.242 - - [01/Jan/2006:20:29:17 -0900] "GET /index_files/small.dps.jpg HTTP/1.1" 200 5830 "http://photolab.elmer.uaf.edu/gallery/maps/mapg3300.html" "Mozilla/4.0 (compatible; MSIE 6.0; Windows NT 5.1; SV1)"
203.253.197.242 - - [01/Jan/2006:20:29:17 -0900] "GET /index_files/small.jpg HTTP/1.1" 200 2294 "http://photolab.elmer.uaf.edu/gallery/maps/mapg3300.html" "Mozilla/4.0 (compatible; MSIE 6.0; Windows NT 5.1; SV1)"
203.253.197.242 - - [01/Jan/2006:20:29:17 -0900] "GET /index_files/small_002.jpg HTTP/1.1" 200 1351 "http://photolab.elmer.uaf.edu/gallery/maps/mapg3300.html" "Mozilla/4.0 (compatible; MSIE 6.0; Windows NT 5.1; SV1)"
203.253.197.242 - - [01/Jan/2006:20:29:17 -0900] "GET /index_files/small_003.jpg HTTP/1.1" 200 1521 "http://photolab.elmer.uaf.edu/gallery/maps/mapg3300.html" "Mozilla/4.0 (compatible; MSIE 6.0; Windows NT 5.1; SV1)"
203.253.197.242 - - [01/Jan/2006:20:29:18 -0900] "GET /gallery/maps/G3300/small/G3300%20%5B1590%5D%20P67.jpg HTTP/1.1" 200 14993 "http://photolab.elmer.uaf.edu/gallery/maps/mapg3300.html" "Mozilla/4.0 (compatible; MSIE 6.0; Windows NT 5.1; SV1)"
203.253.197.242 - - [01/Jan/2006:20:29:20 -0900] "GET /gallery/maps/G3300/small/G3300%20%5B1740_%5D.jpg HTTP/1.1" 200 20134 "http://photolab.elmer.uaf.edu/gallery/maps/mapg3300.html" "Mozilla/4.0 (compatible; MSIE 6.0; Windows NT 5.1; SV1)"
203.253.197.242 - - [01/Jan/2006:20:29:20 -0900] "GET /gallery/maps/G3300/small/G3300%20%5B1625%5D%20E47.jpg HTTP/1.1" 200 17451 "http://photolab.elmer.uaf.edu/gallery/maps/mapg3300.html" "Mozilla/4.0 (compatible; MSIE 6.0; Windows NT 5.1; SV1)"
203.253.197.242 - - [01/Jan/2006:20:29:21 -0900] "GET /gallery/maps/G3300/small/G3300%201755%20B431.jpg HTTP/1.1" 200 14901 "http://photolab.elmer.uaf.edu/gallery/maps/mapg3300.html" "Mozilla/4.0 (compatible; MSIE 6.0; Windows NT 5.1; SV1)"
203.253.197.242 - - [01/Jan/2006:20:29:21 -0900] "GET /gallery/maps/G3300/small/G3300%201772%20R62.jpg HTTP/1.1" 200 15425 "http://photolab.elmer.uaf.edu/gallery/maps/mapg3300.html" "Mozilla/4.0 (compatible; MSIE 6.0; Windows NT 5.1; SV1)"
203.253.197.242 - - [01/Jan/2006:20:29:22 -0900] "GET /gallery/maps/G3300/small/G3300%201774%20D861.jpg HTTP/1.1" 200 14984 "http://photolab.elmer.uaf.edu/gallery/maps/mapg3300.html" "Mozilla/4.0 (compatible; MSIE 6.0; Windows NT 5.1; SV1)"
203.253.197.242 - - [01/Jan/2006:20:29:22 -0900] "GET /gallery/maps/G3300/small/G3300%201775%20R621.jpg HTTP/1.1" 200 14889 "http://photolab.elmer.uaf.edu/gallery/maps/mapg3300.html" "Mozilla/4.0 (compatible; MSIE 6.0; Windows NT 5.1; SV1)"
203.253.197.242 - - [01/Jan/2006:20:29:23 -0900] "GET /gallery/maps/G3300/small/G3300%20%5B1779%5D%20C662.jpg HTTP/1.1" 200 15796 "http://photolab.elmer.uaf.edu/gallery/maps/mapg3300.html" "Mozilla/4.0 (compatible; MSIE 6.0; Windows NT 5.1; SV1)"
203.253.197.242 - - [01/Jan/2006:20:29:24 -0900] "GET /gallery/maps/G3300/large/G3300%20[1822]%20F55.jpg HTTP/1.1" 200 382427 "http://www.worldmapfinder.com/Map_Detail.php?MAP=541&FN=G3300 [1822] F55.jpg&FU=http://photolab.elmer.uaf.edu/gallery/maps/G3300/large/G3300 [1822] F55.jpg&MW=1200&MH=959&FS=374&FT=jpg&SU=http://photolab.elmer.uaf.edu/gallery/maps/mapg3300.html&WO=0&CE=4&CO=0&CI=0&IT=0&LC=2&PG=1&CS=&FM=1" "Mozilla/4.0 (compatible; MSIE 6.0; Windows NT 5.1; SV1)"
203.255.169.34 - - [01/Jan/2006:20:29:44 -0900] "GET /gallery/maps/mapg3300.html HTTP/1.1" 200 21851 "http://www.worldmapfinder.com/Map_Detail.php?MAP=541&FN=G3300%20%5B1822%5D%20F55.jpg&MW=1200&MH=959&FS=374&FT=jpg&WO=0&CE=4&CO=0&CI=0&IT=0&LC=2&PG=1&CS=iso-8859-1&FU=http://photolab.elmer.uaf.edu/gallery/maps/G3300/large/G3300%20%5B1822%5D%20F55.jpg&SU=http://photolab.elmer.uaf.edu/gallery/maps/mapg3300.html" "Mozilla/4.0 (compatible; MSIE 6.0; Windows NT 5.1)"
203.255.169.34 - - [01/Jan/2006:20:29:46 -0900] "GET /index_files/title.jpg HTTP/1.1" 200 5438 "http://photolab.elmer.uaf.edu/gallery/maps/mapg3300.html" "Mozilla/4.0 (compatible; MSIE 6.0; Windows NT 5.1)"
203.255.169.34 - - [01/Jan/2006:20:29:47 -0900] "GET /index_files/apr.jpg HTTP/1.1" 200 6015 "http://photolab.elmer.uaf.edu/gallery/maps/mapg3300.html" "Mozilla/4.0 (compatible; MSIE 6.0; Windows NT 5.1)"
203.255.169.34 - - [01/Jan/2006:20:29:50 -0900] "GET /index_files/empty.gif HTTP/1.1" 200 45 "http://photolab.elmer.uaf.edu/gallery/maps/mapg3300.html" "Mozilla/4.0 (compatible; MSIE 6.0; Windows NT 5.1)"
203.255.169.34 - - [01/Jan/2006:20:29:50 -0900] "GET /index_files/lib.css HTTP/1.1" 200 2634 "http://photolab.elmer.uaf.edu/gallery/maps/mapg3300.html" "Mozilla/4.0 (compatible; MSIE 6.0; Windows NT 5.1)"
203.253.197.242 - - [01/Jan/2006:20:29:50 -0900] "GET /gallery/maps/G3300/large/G3300%20[1822]%20F55.jpg HTTP/1.1" 206 5595 "http://www.worldmapfinder.com/Map_Detail.php?MAP=541&FN=G3300 [1822] F55.jpg&FU=http://photolab.elmer.uaf.edu/gallery/maps/G3300/large/G3300 [1822] F55.jpg&MW=1200&MH=959&FS=374&FT=jpg&SU=http://photolab.elmer.uaf.edu/gallery/maps/mapg3300.html&WO=0&CE=4&CO=0&CI=0&IT=0&LC=2&PG=1&CS=&FM=1" "Mozilla/4.0 (compatible; MSIE 6.0; Windows NT 5.1; SV1)"
203.255.169.34 - - [01/Jan/2006:20:29:50 -0900] "GET /index_files/small.dps.jpg HTTP/1.1" 200 5830 "http://photolab.elmer.uaf.edu/gallery/maps/mapg3300.html" "Mozilla/4.0 (compatible; MSIE 6.0; Windows NT 5.1)"
203.255.169.34 - - [01/Jan/2006:20:29:54 -0900] "GET /index_files/small.jpg HTTP/1.1" 200 2294 "http://photolab.elmer.uaf.edu/gallery/maps/mapg3300.html" "Mozilla/4.0 (compatible; MSIE 6.0; Windows NT 5.1)"
203.255.169.34 - - [01/Jan/2006:20:29:55 -0900] "GET /gallery/maps/G3300/small/G3300%20%5B1590%5D%20P67.jpg HTTP/1.1" 200 14993 "http://photolab.elmer.uaf.edu/gallery/maps/mapg3300.html" "Mozilla/4.0 (compatible; MSIE 6.0; Windows NT 5.1)"
203.253.197.242 - - [01/Jan/2006:20:29:46 -0900] "GET /gallery/maps/G3300/large/G3300%20[1822]%20F55.jpg HTTP/1.1" 200 382427 "http://www.worldmapfinder.com/Map_Detail.php?MAP=541&FN=G3300 [1822] F55.jpg&FU=http://photolab.elmer.uaf.edu/gallery/maps/G3300/large/G3300 [1822] F55.jpg&MW=1200&MH=959&FS=374&FT=jpg&SU=http://photolab.elmer.uaf.edu/gallery/maps/mapg3300.html&WO=0&CE=4&CO=0&CI=0&IT=0&LC=2&PG=1&CS=&FM=1" "Mozilla/4.0 (compatible; MSIE 6.0; Windows NT 5.1; SV1)"
203.255.169.34 - - [01/Jan/2006:20:30:00 -0900] "GET /index_files/small_003.jpg HTTP/1.1" 200 1521 "http://photolab.elmer.uaf.edu/gallery/maps/mapg3300.html" "Mozilla/4.0 (compatible; MSIE 6.0; Windows NT 5.1)"
203.255.169.34 - - [01/Jan/2006:20:30:00 -0900] "GET /index_files/small_002.jpg HTTP/1.1" 200 1351 "http://photolab.elmer.uaf.edu/gallery/maps/mapg3300.html" "Mozilla/4.0 (compatible; MSIE 6.0; Windows NT 5.1)"
203.255.169.34 - - [01/Jan/2006:20:30:00 -0900] "GET /gallery/maps/G3300/small/G3300%20%5B1625%5D%20E47.jpg HTTP/1.1" 200 17451 "http://photolab.elmer.uaf.edu/gallery/maps/mapg3300.html" "Mozilla/4.0 (compatible; MSIE 6.0; Windows NT 5.1)"
203.255.169.34 - - [01/Jan/2006:20:30:00 -0900] "GET /gallery/maps/G3300/small/G3300%20%5B1740_%5D.jpg HTTP/1.1" 200 20134 "http://photolab.elmer.uaf.edu/gallery/maps/mapg3300.html" "Mozilla/4.0 (compatible; MSIE 6.0; Windows NT 5.1)"
203.255.169.34 - - [01/Jan/2006:20:30:01 -0900] "GET /gallery/maps/G3300/small/G3300%201755%20B431.jpg HTTP/1.1" 200 14901 "http://photolab.elmer.uaf.edu/gallery/maps/mapg3300.html" "Mozilla/4.0 (compatible; MSIE 6.0; Windows NT 5.1)"
203.255.169.34 - - [01/Jan/2006:20:30:02 -0900] "GET /gallery/maps/G3300/small/G3300%201772%20R62.jpg HTTP/1.1" 200 15425 "http://photolab.elmer.uaf.edu/gallery/maps/mapg3300.html" "Mozilla/4.0 (compatible; MSIE 6.0; Windows NT 5.1)"
203.255.169.34 - - [01/Jan/2006:20:30:04 -0900] "GET /gallery/maps/G3300/small/G3300%201774%20D861.jpg HTTP/1.1" 200 14984 "http://photolab.elmer.uaf.edu/gallery/maps/mapg3300.html" "Mozilla/4.0 (compatible; MSIE 6.0; Windows NT 5.1)"
203.255.169.34 - - [01/Jan/2006:20:30:05 -0900] "GET /gallery/maps/G3300/small/G3300%201775%20R621.jpg HTTP/1.1" 200 14889 "http://photolab.elmer.uaf.edu/gallery/maps/mapg3300.html" "Mozilla/4.0 (compatible; MSIE 6.0; Windows NT 5.1)"
203.253.197.242 - - [01/Jan/2006:20:30:07 -0900] "GET /gallery/maps/mapg3300.html HTTP/1.1" 304 - "http://www.worldmapfinder.com/Map_Detail.php?MAP=549&FN=G3300%20%5B1780%5D%20C66.jpg&MW=1200&MH=896&FS=242&FT=jpg&WO=0&CE=4&CO=0&CI=0&IT=0&LC=2&PG=1&CS=iso-8859-1&FU=http://photolab.elmer.uaf.edu/gallery/maps/G3300/large/G3300%20%5B1780%5D%20C66.jpg&SU=http://photolab.elmer.uaf.edu/gallery/maps/mapg3300.html" "Mozilla/4.0 (compatible; MSIE 6.0; Windows NT 5.1; SV1)"
203.255.169.34 - - [01/Jan/2006:20:30:06 -0900] "GET /gallery/maps/G3300/small/G3300%20%5B1779%5D%20C662.jpg HTTP/1.1" 200 15796 "http://photolab.elmer.uaf.edu/gallery/maps/mapg3300.html" "Mozilla/4.0 (compatible; MSIE 6.0; Windows NT 5.1)"
203.253.197.242 - - [01/Jan/2006:20:30:07 -0900] "GET /index_files/lib.css HTTP/1.1" 304 - "http://photolab.elmer.uaf.edu/gallery/maps/mapg3300.html" "Mozilla/4.0 (compatible; MSIE 6.0; Windows NT 5.1; SV1)"
203.253.197.242 - - [01/Jan/2006:20:30:07 -0900] "GET /index_files/apr.jpg HTTP/1.1" 304 - "http://photolab.elmer.uaf.edu/gallery/maps/mapg3300.html" "Mozilla/4.0 (compatible; MSIE 6.0; Windows NT 5.1; SV1)"
203.253.197.242 - - [01/Jan/2006:20:30:07 -0900] "GET /index_files/title.jpg HTTP/1.1" 304 - "http://photolab.elmer.uaf.edu/gallery/maps/mapg3300.html" "Mozilla/4.0 (compatible; MSIE 6.0; Windows NT 5.1; SV1)"
203.253.197.242 - - [01/Jan/2006:20:30:07 -0900] "GET /index_files/empty.gif HTTP/1.1" 304 - "http://photolab.elmer.uaf.edu/gallery/maps/mapg3300.html" "Mozilla/4.0 (compatible; MSIE 6.0; Windows NT 5.1; SV1)"
203.253.197.242 - - [01/Jan/2006:20:30:07 -0900] "GET /index_files/small.dps.jpg HTTP/1.1" 304 - "http://photolab.elmer.uaf.edu/gallery/maps/mapg3300.html" "Mozilla/4.0 (compatible; MSIE 6.0; Windows NT 5.1; SV1)"
203.255.169.34 - - [01/Jan/2006:20:30:06 -0900] "GET /gallery/maps/G3300/small/G3300%20%5B1780%5D%20C66.jpg HTTP/1.1" 200 17169 "http://photolab.elmer.uaf.edu/gallery/maps/mapg3300.html" "Mozilla/4.0 (compatible; MSIE 6.0; Windows NT 5.1)"
203.253.197.242 - - [01/Jan/2006:20:30:07 -0900] "GET /index_files/small.jpg HTTP/1.1" 304 - "http://photolab.elmer.uaf.edu/gallery/maps/mapg3300.html" "Mozilla/4.0 (compatible; MSIE 6.0; Windows NT 5.1; SV1)"
203.253.197.242 - - [01/Jan/2006:20:30:07 -0900] "GET /index_files/small_002.jpg HTTP/1.1" 304 - "http://photolab.elmer.uaf.edu/gallery/maps/mapg3300.html" "Mozilla/4.0 (compatible; MSIE 6.0; Windows NT 5.1; SV1)"
203.253.197.242 - - [01/Jan/2006:20:30:08 -0900] "GET /index_files/small_003.jpg HTTP/1.1" 304 - "http://photolab.elmer.uaf.edu/gallery/maps/mapg3300.html" "Mozilla/4.0 (compatible; MSIE 6.0; Windows NT 5.1; SV1)"
203.253.197.242 - - [01/Jan/2006:20:30:08 -0900] "GET /gallery/maps/G3300/small/G3300%20%5B1590%5D%20P67.jpg HTTP/1.1" 304 - "http://photolab.elmer.uaf.edu/gallery/maps/mapg3300.html" "Mozilla/4.0 (compatible; MSIE 6.0; Windows NT 5.1; SV1)"
203.255.169.34 - - [01/Jan/2006:20:30:07 -0900] "GET /gallery/maps/G3300/small/G3300%20%5B1780_%5D%20C66a.jpg HTTP/1.1" 200 14727 "http://photolab.elmer.uaf.edu/gallery/maps/mapg3300.html" "Mozilla/4.0 (compatible; MSIE 6.0; Windows NT 5.1)"
203.253.197.242 - - [01/Jan/2006:20:30:08 -0900] "GET /gallery/maps/G3300/small/G3300%20%5B1625%5D%20E47.jpg HTTP/1.1" 304 - "http://photolab.elmer.uaf.edu/gallery/maps/mapg3300.html" "Mozilla/4.0 (compatible; MSIE 6.0; Windows NT 5.1; SV1)"
203.253.197.242 - - [01/Jan/2006:20:30:08 -0900] "GET /gallery/maps/G3300/small/G3300%20%5B1740_%5D.jpg HTTP/1.1" 304 - "http://photolab.elmer.uaf.edu/gallery/maps/mapg3300.html" "Mozilla/4.0 (compatible; MSIE 6.0; Windows NT 5.1; SV1)"
203.253.197.242 - - [01/Jan/2006:20:30:08 -0900] "GET /gallery/maps/G3300/small/G3300%201755%20B431.jpg HTTP/1.1" 304 - "http://photolab.elmer.uaf.edu/gallery/maps/mapg3300.html" "Mozilla/4.0 (compatible; MSIE 6.0; Windows NT 5.1; SV1)"
203.253.197.242 - - [01/Jan/2006:20:30:08 -0900] "GET /gallery/maps/G3300/small/G3300%201772%20R62.jpg HTTP/1.1" 304 - "http://photolab.elmer.uaf.edu/gallery/maps/mapg3300.html" "Mozilla/4.0 (compatible; MSIE 6.0; Windows NT 5.1; SV1)"
203.255.169.34 - - [01/Jan/2006:20:30:07 -0900] "GET /gallery/maps/G3300/small/G3300%201783%20R62.jpg HTTP/1.1" 200 15342 "http://photolab.elmer.uaf.edu/gallery/maps/mapg3300.html" "Mozilla/4.0 (compatible; MSIE 6.0; Windows NT 5.1)"
203.255.169.34 - - [01/Jan/2006:20:30:08 -0900] "GET /gallery/maps/G3300/small/G3300%20%5B1786_%5D%20B691.jpg HTTP/1.1" 200 16623 "http://photolab.elmer.uaf.edu/gallery/maps/mapg3300.html" "Mozilla/4.0 (compatible; MSIE 6.0; Windows NT 5.1)"
203.253.197.242 - - [01/Jan/2006:20:30:11 -0900] "GET /gallery/maps/G3300/large/G3300%20[1780]%20C66.jpg HTTP/1.1" 200 246809 "http://www.worldmapfinder.com/Map_Detail.php?MAP=549&FN=G3300 [1780] C66.jpg&FU=http://photolab.elmer.uaf.edu/gallery/maps/G3300/large/G3300 [1780] C66.jpg&MW=1200&MH=896&FS=242&FT=jpg&SU=http://photolab.elmer.uaf.edu/gallery/maps/mapg3300.html&WO=0&CE=4&CO=0&CI=0&IT=0&LC=2&PG=1&CS=&FM=1" "Mozilla/4.0 (compatible; MSIE 6.0; Windows NT 5.1; SV1)"
203.253.197.242 - - [01/Jan/2006:20:29:12 -0900] "GET /gallery/maps/mapg3300.html HTTP/1.1" 200 21851 "http://www.worldmapfinder.com/Map_Detail.php?MAP=541&FN=G3300%20%5B1822%5D%20F55.jpg&MW=1200&MH=959&FS=374&FT=jpg&WO=0&CE=4&CO=0&CI=0&IT=0&LC=2&PG=1&CS=iso-8859-1&FU=http://photolab.elmer.uaf.edu/gallery/maps/G3300/large/G3300%20%5B1822%5D%20F55.jpg&SU=http://photolab.elmer.uaf.edu/gallery/maps/mapg3300.html" "Mozilla/4.0 (compatible; MSIE 6.0; Windows NT 5.1; SV1)"
69.212.71.148 - - [01/Jan/2006:20:32:36 -0900] "GET /store/photos/largejpegs/(040)1958-1026-01700.jpg HTTP/1.1" 301 382 "http://profile.myspace.com/index.cfm?fuseaction=user.viewprofile&friendid=23572191&MyToken=2333acfc-146e-41e5-acdc-837db9a4fa36" "Mozilla/5.0 (Windows; U; Windows NT 5.1; en-US; rv:1.7.12) Gecko/20050915 Firefox/1.0.7"
68.83.8.99 - - [01/Jan/2006:20:50:36 -0900] "GET /gallery/maps/mapg3400.html HTTP/1.1" 200 12674 "-" "Mozilla/4.0 (compatible; MSIE 6.0; Windows NT 5.1; SV1; .NET CLR 1.0.3705; .NET CLR 1.1.4322; Media Center PC 2.8)"
68.83.8.99 - - [01/Jan/2006:20:50:37 -0900] "GET /index_files/lib.css HTTP/1.1" 200 2634 "http://photolab.elmer.uaf.edu/gallery/maps/mapg3400.html" "Mozilla/4.0 (compatible; MSIE 6.0; Windows NT 5.1; SV1; .NET CLR 1.0.3705; .NET CLR 1.1.4322; Media Center PC 2.8)"
68.83.8.99 - - [01/Jan/2006:20:50:37 -0900] "GET /gallery/maps/G3400/large/G3402%20H8%20%5B1758%5D%20J4.jpg HTTP/1.1" 200 367089 "-" "Mozilla/4.0 (compatible; MSIE 6.0; Windows NT 5.1; SV1; .NET CLR 1.0.3705; .NET CLR 1.1.4322; Media Center PC 2.8)"
68.83.8.99 - - [01/Jan/2006:20:51:09 -0900] "GET /gallery/maps/mapg3400.html HTTP/1.1" 200 12674 "-" "Mozilla/4.0 (compatible; MSIE 6.0; Windows NT 5.1; SV1; .NET CLR 1.0.3705; .NET CLR 1.1.4322; Media Center PC 2.8)"
68.83.8.99 - - [01/Jan/2006:20:51:09 -0900] "GET /index_files/lib.css HTTP/1.1" 200 2634 "http://photolab.elmer.uaf.edu/gallery/maps/mapg3400.html" "Mozilla/4.0 (compatible; MSIE 6.0; Windows NT 5.1; SV1; .NET CLR 1.0.3705; .NET CLR 1.1.4322; Media Center PC 2.8)"
68.142.251.150 - - [01/Jan/2006:20:56:26 -0900] "GET /robots.txt HTTP/1.0" 200 96 "-" "Mozilla/5.0 (compatible; Yahoo! Slurp; http://help.yahoo.com/help/us/ysearch/slurp)"
68.142.249.197 - - [01/Jan/2006:20:56:27 -0900] "GET /gallery/photos/20020087/1/pages/2002-0087-00134.html HTTP/1.0" 200 1767 "-" "Mozilla/5.0 (compatible; Yahoo! Slurp; http://help.yahoo.com/help/us/ysearch/slurp)"
207.46.98.87 - - [01/Jan/2006:21:02:00 -0900] "GET /robots.txt HTTP/1.0" 200 96 "-" "msnbot/1.0 (+http://search.msn.com/msnbot.htm)"
207.46.98.87 - - [01/Jan/2006:21:02:00 -0900] "GET /gallery/photos/19950244/09/index_8.html HTTP/1.0" 200 7234 "-" "msnbot/1.0 (+http://search.msn.com/msnbot.htm)"
68.248.15.113 - - [01/Jan/2006:21:04:56 -0900] "GET /store/photos/largejpegs/(040)1958-1026-01700.jpg HTTP/1.1" 301 382 "http://profile.myspace.com/index.cfm?fuseaction=user.viewprofile&friendID=23572191" "Mozilla/5.0 (Macintosh; U; PPC Mac OS X; en) AppleWebKit/124 (KHTML, like Gecko) Safari/125.1"
66.230.117.78 - - [01/Jan/2006:21:05:57 -0900] "GET /index_files/aprbrown.jpg HTTP/1.1" 304 - "http://www.alaska.net/~johnd/urban/" "Mozilla/4.0 (compatible; MSIE 6.0; Windows NT 5.1; .NET CLR 1.1.4322)"
24.19.13.72 - - [01/Jan/2006:21:08:34 -0900] "GET /store/photos/largejpegs/(057)1972-0071-00823.jpg HTTP/1.1" 301 382 "http://profile.myspace.com/index.cfm?fuseaction=user.viewprofile&friendid=21524269&MyToken=aa9cdfb9-e928-4289-b4e2-56cf17390022" "Mozilla/5.0 (Windows; U; Windows NT 5.1; en-US; rv:1.7.11) Gecko/20050728"
24.19.13.72 - - [01/Jan/2006:21:08:56 -0900] "GET /store/photos/largejpegs/(057)1972-0071-00823.jpg HTTP/1.1" 301 382 "http://profile.myspace.com/index.cfm?fuseaction=user.viewprofile&friendid=21524269&MyToken=aa9cdfb9-e928-4289-b4e2-56cf17390022" "Mozilla/5.0 (Windows; U; Windows NT 5.1; en-US; rv:1.7.11) Gecko/20050728"
66.249.72.1 - - [01/Jan/2006:21:17:18 -0900] "GET /store/aboutus.html HTTP/1.1" 301 352 "-" "Mozilla/5.0 (compatible; Googlebot/2.1; +http://www.google.com/bot.html)"
66.230.117.78 - - [01/Jan/2006:21:17:25 -0900] "GET /index_files/aprbrown.jpg HTTP/1.1" 304 - "http://www.alaska.net/~johnd/urban/" "Mozilla/4.0 (compatible; MSIE 6.0; Windows NT 5.1; .NET CLR 1.1.4322)"
66.249.72.1 - - [01/Jan/2006:21:17:25 -0900] "GET /gallery/photos/19950244/02/ HTTP/1.1" 200 7078 "-" "Mozilla/5.0 (compatible; Googlebot/2.1; +http://www.google.com/bot.html)"
66.249.72.1 - - [01/Jan/2006:21:17:32 -0900] "GET /gallery/photos/19910046/05/index.html HTTP/1.1" 200 7098 "-" "Mozilla/5.0 (compatible; Googlebot/2.1; +http://www.google.com/bot.html)"
66.249.72.1 - - [01/Jan/2006:21:17:38 -0900] "GET /gallery/books/C0088/?C=N;O=A HTTP/1.1" 200 974 "-" "Mozilla/5.0 (compatible; Googlebot/2.1; +http://www.google.com/bot.html)"
66.249.72.1 - - [01/Jan/2006:21:17:52 -0900] "GET /gallery/photos/20030120/2/index.html HTTP/1.1" 200 6809 "-" "Mozilla/5.0 (compatible; Googlebot/2.1; +http://www.google.com/bot.html)"
151.201.43.70 - - [01/Jan/2006:21:19:45 -0900] "GET /gallery/maps/G3300/large/G3300%20%5B1740_%5D.jpg HTTP/1.1" 200 291860 "http://images.google.com/imgres?imgurl=http://photolab.elmer.uaf.edu/gallery/maps/G3300/large/G3300%2520%255B1740_%255D.jpg&imgrefurl=http://photolab.elmer.uaf.edu/gallery/maps/mapg3300.html&h=936&w=1200&sz=286&tbnid=P9gbbmymz6gJ:&tbnh=117&tbnw=150&hl=en&prev=/images%3Fq%3D1740%2Bmap%2Bof%2Bnorth%2Bamerica%26svnum%3D10%26hl%3Den%26lr%3D&frame=small" "Mozilla/4.0 (compatible; MSIE 6.0; Windows NT 5.1; SV1; .NET CLR 1.0.3705; .NET CLR 1.1.4322; .NET CLR 2.0.50727)"
151.201.43.70 - - [01/Jan/2006:21:20:14 -0900] "GET /gallery/maps/mapg3300.html HTTP/1.1" 200 21851 "http://images.google.com/imgres?imgurl=http://photolab.elmer.uaf.edu/gallery/maps/G3300/large/G3300%2520%255B1740_%255D.jpg&imgrefurl=http://photolab.elmer.uaf.edu/gallery/maps/mapg3300.html&h=936&w=1200&sz=286&tbnid=P9gbbmymz6gJ:&tbnh=117&tbnw=150&hl=en&start=7&prev=/images%3Fq%3D1740%2Bmap%2Bof%2Bnorth%2Bamerica%26svnum%3D10%26hl%3Den%26lr%3D" "Mozilla/4.0 (compatible; MSIE 6.0; Windows NT 5.1; SV1; .NET CLR 1.0.3705; .NET CLR 1.1.4322; .NET CLR 2.0.50727)"
151.201.43.70 - - [01/Jan/2006:21:20:15 -0900] "GET /index_files/title.jpg HTTP/1.1" 200 5438 "http://photolab.elmer.uaf.edu/gallery/maps/mapg3300.html" "Mozilla/4.0 (compatible; MSIE 6.0; Windows NT 5.1; SV1; .NET CLR 1.0.3705; .NET CLR 1.1.4322; .NET CLR 2.0.50727)"
66.249.72.1 - - [01/Jan/2006:21:20:48 -0900] "GET /gallery/photos/19680041/1/index.htm HTTP/1.1" 200 7059 "-" "Mozilla/5.0 (compatible; Googlebot/2.1; +http://www.google.com/bot.html)"
66.249.72.1 - - [01/Jan/2006:21:21:09 -0900] "GET /gallery/photos/19690092/1/index.html HTTP/1.1" 200 7103 "-" "Mozilla/5.0 (compatible; Googlebot/2.1; +http://www.google.com/bot.html)"
66.249.72.1 - - [01/Jan/2006:21:21:31 -0900] "GET /gallery/photos/20020015/5/index.html HTTP/1.1" 200 7161 "-" "Mozilla/5.0 (compatible; Googlebot/2.1; +http://www.google.com/bot.html)"
66.249.72.1 - - [01/Jan/2006:21:21:38 -0900] "GET /gallery/photos/20040145/2/index.htm HTTP/1.1" 200 7060 "-" "Mozilla/5.0 (compatible; Googlebot/2.1; +http://www.google.com/bot.html)"
66.230.117.78 - - [01/Jan/2006:21:21:40 -0900] "GET /index_files/aprbrown.jpg HTTP/1.1" 304 - "http://www.alaska.net/~johnd/urban/" "Mozilla/4.0 (compatible; MSIE 6.0; Windows NT 5.1; .NET CLR 1.1.4322)"
216.79.34.22 - - [01/Jan/2006:21:21:47 -0900] "GET /store/photos/largejpegs/(040)1958-1026-01700.jpg HTTP/1.1" 301 382 "http://profile.myspace.com/index.cfm?fuseaction=user.viewprofile&friendid=188341&MyToken=91d62119-464d-445a-9780-47980a1b8aff" "Mozilla/4.0 (compatible; MSIE 6.0; Windows NT 5.1; SV1; .NET CLR 1.1.4322; InfoPath.1; .NET CLR 2.0.50727)"
66.230.117.78 - - [01/Jan/2006:21:21:53 -0900] "GET /index_files/aprbrown.jpg HTTP/1.1" 304 - "http://www.alaska.net/~johnd/urban/" "Mozilla/4.0 (compatible; MSIE 6.0; Windows NT 5.1; .NET CLR 1.1.4322)"
66.249.72.1 - - [01/Jan/2006:21:22:05 -0900] "GET /gallery/photos/19890166/06/index_3.html HTTP/1.1" 304 - "-" "Mozilla/5.0 (compatible; Googlebot/2.1; +http://www.google.com/bot.html)"
66.230.117.78 - - [01/Jan/2006:21:22:12 -0900] "GET /index_files/aprbrown.jpg HTTP/1.1" 304 - "http://www.alaska.net/~johnd/urban/" "Mozilla/4.0 (compatible; MSIE 6.0; Windows NT 5.1; .NET CLR 1.1.4322)"
66.230.117.78 - - [01/Jan/2006:21:22:20 -0900] "GET /index_files/aprbrown.jpg HTTP/1.1" 304 - "http://www.alaska.net/~johnd/urban/" "Mozilla/4.0 (compatible; MSIE 6.0; Windows NT 5.1; .NET CLR 1.1.4322)"
66.249.72.1 - - [01/Jan/2006:21:22:30 -0900] "GET /gallery/photos/19640033/butler/pages/p15.html HTTP/1.1" 304 - "-" "Mozilla/5.0 (compatible; Googlebot/2.1; +http://www.google.com/bot.html)"
66.249.72.1 - - [01/Jan/2006:21:22:39 -0900] "GET /gallery/photos/19640033/butler/pages/p18.html HTTP/1.1" 200 9339 "-" "Mozilla/5.0 (compatible; Googlebot/2.1; +http://www.google.com/bot.html)"
66.249.72.1 - - [01/Jan/2006:21:23:16 -0900] "GET /gallery/books/?C=D;O=A HTTP/1.1" 200 936 "-" "Mozilla/5.0 (compatible; Googlebot/2.1; +http://www.google.com/bot.html)"
66.249.72.1 - - [01/Jan/2006:21:23:24 -0900] "GET /gallery/books/C0015/?C=N;O=A HTTP/1.1" 200 848 "-" "Mozilla/5.0 (compatible; Googlebot/2.1; +http://www.google.com/bot.html)"
66.230.117.78 - - [01/Jan/2006:21:23:28 -0900] "GET /index_files/aprbrown.jpg HTTP/1.1" 304 - "http://www.alaska.net/~johnd/urban/" "Mozilla/4.0 (compatible; MSIE 6.0; Windows NT 5.1; .NET CLR 1.1.4322)"
66.230.117.78 - - [01/Jan/2006:21:23:41 -0900] "GET /index_files/aprbrown.jpg HTTP/1.1" 304 - "http://www.alaska.net/~johnd/urban/" "Mozilla/4.0 (compatible; MSIE 6.0; Windows NT 5.1; .NET CLR 1.1.4322)"
66.249.72.1 - - [01/Jan/2006:21:23:51 -0900] "GET /gallery/photos/19640033/butler/pages/p14.html HTTP/1.1" 304 - "-" "Mozilla/5.0 (compatible; Googlebot/2.1; +http://www.google.com/bot.html)"
66.230.117.78 - - [01/Jan/2006:21:24:11 -0900] "GET /index_files/aprbrown.jpg HTTP/1.1" 304 - "http://www.alaska.net/~johnd/urban/" "Mozilla/4.0 (compatible; MSIE 6.0; Windows NT 5.1; .NET CLR 1.1.4322)"
66.249.72.1 - - [01/Jan/2006:21:24:10 -0900] "GET /gallery/photos/19640033/butler/pages/p19.html HTTP/1.1" 200 9324 "-" "Mozilla/5.0 (compatible; Googlebot/2.1; +http://www.google.com/bot.html)"
66.249.72.1 - - [01/Jan/2006:21:24:27 -0900] "GET /gallery/photos/19640033/butler/pages/p17.html HTTP/1.1" 200 9373 "-" "Mozilla/5.0 (compatible; Googlebot/2.1; +http://www.google.com/bot.html)"
66.249.72.1 - - [01/Jan/2006:21:25:32 -0900] "GET /gallery/photos/20040008/pages/2004-0008-00004.html HTTP/1.1" 200 1867 "-" "Mozilla/5.0 (compatible; Googlebot/2.1; +http://www.google.com/bot.html)"
66.249.72.1 - - [01/Jan/2006:21:26:11 -0900] "GET /store/order.html HTTP/1.1" 301 350 "-" "Mozilla/5.0 (compatible; Googlebot/2.1; +http://www.google.com/bot.html)"
66.249.72.1 - - [01/Jan/2006:21:26:17 -0900] "GET /store/new.html HTTP/1.1" 301 348 "-" "Mozilla/5.0 (compatible; Googlebot/2.1; +http://www.google.com/bot.html)"
66.249.72.1 - - [01/Jan/2006:21:26:35 -0900] "GET /gallery/photos/19950244/09/ HTTP/1.1" 200 7079 "-" "Mozilla/5.0 (compatible; Googlebot/2.1; +http://www.google.com/bot.html)"
66.249.72.1 - - [01/Jan/2006:21:26:55 -0900] "GET /gallery/photos/20040008/pages/2004-0008-00005.html HTTP/1.1" 200 1867 "-" "Mozilla/5.0 (compatible; Googlebot/2.1; +http://www.google.com/bot.html)"
66.249.72.1 - - [01/Jan/2006:21:27:17 -0900] "GET /gallery/books/C0022/?C=M;O=A HTTP/1.1" 200 1103 "-" "Mozilla/5.0 (compatible; Googlebot/2.1; +http://www.google.com/bot.html)"
66.249.72.1 - - [01/Jan/2006:21:27:20 -0900] "GET /store/maps.html HTTP/1.1" 301 349 "-" "Mozilla/5.0 (compatible; Googlebot/2.1; +http://www.google.com/bot.html)"
66.249.72.1 - - [01/Jan/2006:21:27:37 -0900] "GET /store/contact.html HTTP/1.1" 301 352 "-" "Mozilla/5.0 (compatible; Googlebot/2.1; +http://www.google.com/bot.html)"
66.249.72.1 - - [01/Jan/2006:21:27:59 -0900] "GET /store/scenery.html HTTP/1.1" 301 352 "-" "Mozilla/5.0 (compatible; Googlebot/2.1; +http://www.google.com/bot.html)"
62.58.119.222 - - [01/Jan/2006:21:28:09 -0900] "GET /store/photos/largejpegs/(040)1958-1026-01700.jpg HTTP/1.1" 301 382 "http://beusichem.web-log.nl/" "Mozilla/4.0 (compatible; MSIE 6.0; Windows NT 5.1; c't; SV1; .NET CLR 1.1.4322)"
66.249.72.1 - - [01/Jan/2006:21:28:13 -0900] "GET /gallery/photos/20030024/2/ HTTP/1.1" 200 7108 "-" "Mozilla/5.0 (compatible; Googlebot/2.1; +http://www.google.com/bot.html)"
66.249.72.1 - - [01/Jan/2006:21:28:21 -0900] "GET /gallery/photos/19950244/12/ HTTP/1.1" 200 7079 "-" "Mozilla/5.0 (compatible; Googlebot/2.1; +http://www.google.com/bot.html)"
