66.249.71.69 - - [01/Jan/2006:00:01:00 -0900] "GET /gallery/photos/20040153/0 HTTP/1.0" 301 362 "-" "Googlebot/2.1 (+http://www.google.com/bot.html)"
68.142.250.184 - - [01/Jan/2006:00:02:48 -0900] "GET /gallery/photos/19890199/0 HTTP/1.0" 301 362 "-" "Mozilla/5.0 (compatible; Yahoo! Slurp; http://help.yahoo.com/help/us/ysearch/slurp)"
68.142.250.184 - - [01/Jan/2006:00:02:48 -0900] "GET /gallery/photos/19890199/0/ HTTP/1.0" 200 7071 "-" "Mozilla/5.0 (compatible; Yahoo! Slurp; http://help.yahoo.com/help/us/ysearch/slurp)"
68.142.249.153 - - [01/Jan/2006:00:03:48 -0900] "GET /gallery/photos/19890199/2/pages/1989-0199-00227.html HTTP/1.0" 304 - "-" "Mozilla/5.0 (compatible; Yahoo! Slurp; http://help.yahoo.com/help/us/ysearch/slurp)"
66.249.64.42 - - [01/Jan/2006:00:04:38 -0900] "GET /gallery/photos/19700058/5 HTTP/1.0" 301 362 "-" "Googlebot/2.1 (+http://www.google.com/bot.html)"
66.249.71.13 - - [01/Jan/2006:00:04:42 -0900] "GET /gallery/photos/20030024/3 HTTP/1.0" 301 362 "-" "Googlebot/2.1 (+http://www.google.com/bot.html)"
68.142.251.150 - - [01/Jan/2006:00:22:48 -0900] "GET /robots.txt HTTP/1.0" 200 96 "-" "Mozilla/5.0 (compatible; Yahoo! Slurp; http://help.yahoo.com/help/us/ysearch/slurp)"
68.142.251.133 - - [01/Jan/2006:00:22:48 -0900] "GET /store/akcanada.html HTTP/1.0" 301 353 "-" "Mozilla/5.0 (compatible; Yahoo! Slurp; http://help.yahoo.com/help/us/ysearch/slurp)"
81.70.93.228 - - [01/Jan/2006:00:34:51 -0900] "GET /store/photos/largejpegs/(040)1958-1026-01700.jpg HTTP/1.0" 301 382 "http://www.beusichem.web-log.nl/" "Mozilla/4.0 (compatible; MSIE 6.0; Windows NT 5.1; NN5.0.600.15; SV1; .NET CLR 2.0.50727)"
66.249.71.69 - - [01/Jan/2006:00:35:10 -0900] "GET /gallery/photos/19640042/3 HTTP/1.0" 301 362 "-" "Googlebot/2.1 (+http://www.google.com/bot.html)"
207.46.98.87 - - [01/Jan/2006:00:36:38 -0900] "GET /gallery/photos/19950244/05/pages/1995-0244-00573.html HTTP/1.0" 200 1889 "-" "msnbot/1.0 (+http://search.msn.com/msnbot.htm)"
207.46.98.87 - - [01/Jan/2006:00:39:27 -0900] "GET /gallery/photos/19890166/09/pages/1989-0166-00667a_print.html HTTP/1.0" 200 1960 "-" "msnbot/1.0 (+http://search.msn.com/msnbot.htm)"
66.249.64.79 - - [01/Jan/2006:00:49:37 -0900] "GET /gallery/books/C0022/maps/index_2.html HTTP/1.0" 200 5682 "-" "Googlebot/2.1 (+http://www.google.com/bot.html)"
209.193.58.130 - - [01/Jan/2006:00:49:54 -0900] "GET /gallery/maps/mapg3205.html HTTP/1.1" 304 - "http://www.google.com/search?sourceid=navclient&ie=UTF-8&rls=GGLD,GGLD:2004-14,GGLD:en&q=hogg+chart+cook+america" "Mozilla/4.0 (compatible; MSIE 6.0; Windows NT 5.1)"
209.193.58.130 - - [01/Jan/2006:00:49:54 -0900] "GET /index_files/lib.css HTTP/1.1" 304 - "http://photolab.elmer.uaf.edu/gallery/maps/mapg3205.html" "Mozilla/4.0 (compatible; MSIE 6.0; Windows NT 5.1)"
209.193.58.130 - - [01/Jan/2006:00:49:54 -0900] "GET /index_files/empty.gif HTTP/1.1" 304 - "http://photolab.elmer.uaf.edu/gallery/maps/mapg3205.html" "Mozilla/4.0 (compatible; MSIE 6.0; Windows NT 5.1)"
209.193.58.130 - - [01/Jan/2006:00:49:54 -0900] "GET /index_files/title.jpg HTTP/1.1" 304 - "http://photolab.elmer.uaf.edu/gallery/maps/mapg3205.html" "Mozilla/4.0 (compatible; MSIE 6.0; Windows NT 5.1)"
209.193.58.130 - - [01/Jan/2006:00:49:54 -0900] "GET /index_files/apr.jpg HTTP/1.1" 304 - "http://photolab.elmer.uaf.edu/gallery/maps/mapg3205.html" "Mozilla/4.0 (compatible; MSIE 6.0; Windows NT 5.1)"
209.193.58.130 - - [01/Jan/2006:00:49:54 -0900] "GET /index_files/small.dps.jpg HTTP/1.1" 304 - "http://photolab.elmer.uaf.edu/gallery/maps/mapg3205.html" "Mozilla/4.0 (compatible; MSIE 6.0; Windows NT 5.1)"
209.193.58.130 - - [01/Jan/2006:00:49:54 -0900] "GET /index_files/small.jpg HTTP/1.1" 304 - "http://photolab.elmer.uaf.edu/gallery/maps/mapg3205.html" "Mozilla/4.0 (compatible; MSIE 6.0; Windows NT 5.1)"
209.193.58.130 - - [01/Jan/2006:00:49:54 -0900] "GET /index_files/small_002.jpg HTTP/1.1" 304 - "http://photolab.elmer.uaf.edu/gallery/maps/mapg3205.html" "Mozilla/4.0 (compatible; MSIE 6.0; Windows NT 5.1)"
209.193.58.130 - - [01/Jan/2006:00:49:55 -0900] "GET /index_files/small_003.jpg HTTP/1.1" 304 - "http://photolab.elmer.uaf.edu/gallery/maps/mapg3205.html" "Mozilla/4.0 (compatible; MSIE 6.0; Windows NT 5.1)"
209.193.58.130 - - [01/Jan/2006:00:49:55 -0900] "GET /gallery/maps/G3200/small/G3205%201692%20S42.jpg HTTP/1.1" 304 - "http://photolab.elmer.uaf.edu/gallery/maps/mapg3205.html" "Mozilla/4.0 (compatible; MSIE 6.0; Windows NT 5.1)"
209.193.58.130 - - [01/Jan/2006:00:49:55 -0900] "GET /gallery/maps/G3200/small/G3205%201750%20B92.jpg HTTP/1.1" 304 - "http://photolab.elmer.uaf.edu/gallery/maps/mapg3205.html" "Mozilla/4.0 (compatible; MSIE 6.0; Windows NT 5.1)"
209.193.58.130 - - [01/Jan/2006:00:49:55 -0900] "GET /gallery/maps/G3200/small/G3205%201752%20B92.jpg HTTP/1.1" 304 - "http://photolab.elmer.uaf.edu/gallery/maps/mapg3205.html" "Mozilla/4.0 (compatible; MSIE 6.0; Windows NT 5.1)"
209.193.58.130 - - [01/Jan/2006:00:49:55 -0900] "GET /gallery/maps/G3200/small/G3205%20%5B1750%5D%20B692.jpg HTTP/1.1" 304 - "http://photolab.elmer.uaf.edu/gallery/maps/mapg3205.html" "Mozilla/4.0 (compatible; MSIE 6.0; Windows NT 5.1)"
209.193.58.130 - - [01/Jan/2006:00:49:55 -0900] "GET /gallery/maps/G3200/small/G3205%201752%20D44.jpg HTTP/1.1" 304 - "http://photolab.elmer.uaf.edu/gallery/maps/mapg3205.html" "Mozilla/4.0 (compatible; MSIE 6.0; Windows NT 5.1)"
209.193.58.130 - - [01/Jan/2006:00:49:55 -0900] "GET /gallery/maps/G3200/small/G3205%20%5B1757%5D.jpg HTTP/1.1" 304 - "http://photolab.elmer.uaf.edu/gallery/maps/mapg3205.html" "Mozilla/4.0 (compatible; MSIE 6.0; Windows NT 5.1)"
209.193.58.130 - - [01/Jan/2006:00:49:55 -0900] "GET /gallery/maps/G3200/small/G3205%20%5B1757%5Da.jpg HTTP/1.1" 304 - "http://photolab.elmer.uaf.edu/gallery/maps/mapg3205.html" "Mozilla/4.0 (compatible; MSIE 6.0; Windows NT 5.1)"
209.193.58.130 - - [01/Jan/2006:00:49:55 -0900] "GET /gallery/maps/G3200/small/G3205%201768%20J43.jpg HTTP/1.1" 304 - "http://photolab.elmer.uaf.edu/gallery/maps/mapg3205.html" "Mozilla/4.0 (compatible; MSIE 6.0; Windows NT 5.1)"
209.193.58.130 - - [01/Jan/2006:00:49:55 -0900] "GET /gallery/maps/G3200/small/G3205%201772%20R62.jpg HTTP/1.1" 304 - "http://photolab.elmer.uaf.edu/gallery/maps/mapg3205.html" "Mozilla/4.0 (compatible; MSIE 6.0; Windows NT 5.1)"
209.193.58.130 - - [01/Jan/2006:00:49:55 -0900] "GET /gallery/maps/G3200/small/G3205%20%5B1779%5D%20H63.jpg HTTP/1.1" 304 - "http://photolab.elmer.uaf.edu/gallery/maps/mapg3205.html" "Mozilla/4.0 (compatible; MSIE 6.0; Windows NT 5.1)"
209.193.58.130 - - [01/Jan/2006:00:49:55 -0900] "GET /gallery/maps/G3200/small/G3205%201772%20R62a.jpg HTTP/1.1" 304 - "http://photolab.elmer.uaf.edu/gallery/maps/mapg3205.html" "Mozilla/4.0 (compatible; MSIE 6.0; Windows NT 5.1)"
209.193.58.130 - - [01/Jan/2006:00:49:55 -0900] "GET /gallery/maps/G3200/small/G3205%20%5B1779%5D%20H63a.jpg HTTP/1.1" 304 - "http://photolab.elmer.uaf.edu/gallery/maps/mapg3205.html" "Mozilla/4.0 (compatible; MSIE 6.0; Windows NT 5.1)"
209.193.58.130 - - [01/Jan/2006:00:49:56 -0900] "GET /gallery/maps/G3200/small/G3205%20%5B1780%5D.jpg HTTP/1.1" 304 - "http://photolab.elmer.uaf.edu/gallery/maps/mapg3205.html" "Mozilla/4.0 (compatible; MSIE 6.0; Windows NT 5.1)"
209.193.58.130 - - [01/Jan/2006:00:49:56 -0900] "GET /gallery/maps/G3200/small/G3205%201781%20L68.jpg HTTP/1.1" 304 - "http://photolab.elmer.uaf.edu/gallery/maps/mapg3205.html" "Mozilla/4.0 (compatible; MSIE 6.0; Windows NT 5.1)"
209.193.58.130 - - [01/Jan/2006:00:49:56 -0900] "GET /gallery/maps/G3200/small/G3205%201781%20L68%20c2.jpg HTTP/1.1" 304 - "http://photolab.elmer.uaf.edu/gallery/maps/mapg3205.html" "Mozilla/4.0 (compatible; MSIE 6.0; Windows NT 5.1)"
209.193.58.130 - - [01/Jan/2006:00:49:56 -0900] "GET /gallery/maps/G3200/small/G3205%20%5B1796%5D%20S36.jpg HTTP/1.1" 304 - "http://photolab.elmer.uaf.edu/gallery/maps/mapg3205.html" "Mozilla/4.0 (compatible; MSIE 6.0; Windows NT 5.1)"
209.193.58.130 - - [01/Jan/2006:00:49:56 -0900] "GET /gallery/maps/G3200/small/G3205%20%5B1794%5D%20S36.jpg HTTP/1.1" 304 - "http://photolab.elmer.uaf.edu/gallery/maps/mapg3205.html" "Mozilla/4.0 (compatible; MSIE 6.0; Windows NT 5.1)"
209.193.58.130 - - [01/Jan/2006:00:49:56 -0900] "GET /gallery/maps/G3200/small/G3205%20%5B1797%5D.jpg HTTP/1.1" 304 - "http://photolab.elmer.uaf.edu/gallery/maps/mapg3205.html" "Mozilla/4.0 (compatible; MSIE 6.0; Windows NT 5.1)"
209.193.58.130 - - [01/Jan/2006:00:49:56 -0900] "GET /gallery/maps/G3200/small/G3205%20%5B1799%5D%20R622.jpg HTTP/1.1" 304 - "http://photolab.elmer.uaf.edu/gallery/maps/mapg3205.html" "Mozilla/4.0 (compatible; MSIE 6.0; Windows NT 5.1)"
209.193.58.130 - - [01/Jan/2006:00:49:56 -0900] "GET /gallery/maps/G3200/small/G3205%201808%20R621.jpg HTTP/1.1" 304 - "http://photolab.elmer.uaf.edu/gallery/maps/mapg3205.html" "Mozilla/4.0 (compatible; MSIE 6.0; Windows NT 5.1)"
209.193.58.130 - - [01/Jan/2006:00:49:56 -0900] "GET /gallery/maps/G3200/small/G3205%20%5B1814%5D%20S36.jpg HTTP/1.1" 304 - "http://photolab.elmer.uaf.edu/gallery/maps/mapg3205.html" "Mozilla/4.0 (compatible; MSIE 6.0; Windows NT 5.1)"
209.193.58.130 - - [01/Jan/2006:00:49:56 -0900] "GET /gallery/maps/G3200/small/G3205%201816%20N44.jpg HTTP/1.1" 304 - "http://photolab.elmer.uaf.edu/gallery/maps/mapg3205.html" "Mozilla/4.0 (compatible; MSIE 6.0; Windows NT 5.1)"
209.193.58.130 - - [01/Jan/2006:00:49:56 -0900] "GET /gallery/maps/G3200/small/G3205%201868%20U58.jpg HTTP/1.1" 304 - "http://photolab.elmer.uaf.edu/gallery/maps/mapg3205.html" "Mozilla/4.0 (compatible; MSIE 6.0; Windows NT 5.1)"
209.193.58.130 - - [01/Jan/2006:00:49:56 -0900] "GET /index_files/bluebear.gif HTTP/1.1" 304 - "http://photolab.elmer.uaf.edu/gallery/maps/mapg3205.html" "Mozilla/4.0 (compatible; MSIE 6.0; Windows NT 5.1)"
209.193.58.130 - - [01/Jan/2006:00:49:56 -0900] "GET /index_files/sitemap.gif HTTP/1.1" 304 - "http://photolab.elmer.uaf.edu/gallery/maps/mapg3205.html" "Mozilla/4.0 (compatible; MSIE 6.0; Windows NT 5.1)"
209.193.58.130 - - [01/Jan/2006:00:49:56 -0900] "GET /index_files/bar.gif HTTP/1.1" 304 - "http://photolab.elmer.uaf.edu/gallery/maps/mapg3205.html" "Mozilla/4.0 (compatible; MSIE 6.0; Windows NT 5.1)"
209.193.58.130 - - [01/Jan/2006:00:50:05 -0900] "GET /gallery/maps/G3200/large/G3205%20%5B1779%5D%20H63a.jpg HTTP/1.1" 304 - "http://photolab.elmer.uaf.edu/gallery/maps/mapg3205.html" "Mozilla/4.0 (compatible; MSIE 6.0; Windows NT 5.1)"
66.249.71.45 - - [01/Jan/2006:00:59:07 -0900] "GET /gallery/books/C0088/maps/pages/C0088-M07.html HTTP/1.0" 200 2033 "-" "Googlebot/2.1 (+http://www.google.com/bot.html)"
68.142.249.40 - - [01/Jan/2006:01:03:22 -0900] "GET /gallery HTTP/1.0" 301 344 "-" "Mozilla/5.0 (compatible; Yahoo! Slurp; http://help.yahoo.com/help/us/ysearch/slurp)"
68.142.249.40 - - [01/Jan/2006:01:03:22 -0900] "GET /gallery/ HTTP/1.0" 200 7386 "-" "Mozilla/5.0 (compatible; Yahoo! Slurp; http://help.yahoo.com/help/us/ysearch/slurp)"
62.58.119.222 - - [01/Jan/2006:01:07:15 -0900] "GET /store/photos/largejpegs/(040)1958-1026-01700.jpg HTTP/1.1" 301 382 "http://beusichem.web-log.nl/" "Mozilla/4.0 (compatible; MSIE 6.0; Windows NT 5.1; c't; SV1; .NET CLR 1.1.4322)"
68.142.250.107 - - [01/Jan/2006:01:08:43 -0900] "GET /gallery/photos/20030040/2/pages/2003-0040-00211.html HTTP/1.0" 304 - "-" "Mozilla/5.0 (compatible; Yahoo! Slurp; http://help.yahoo.com/help/us/ysearch/slurp)"
66.249.71.28 - - [01/Jan/2006:01:10:18 -0900] "GET /gallery/maps/mapg3350.html HTTP/1.0" 200 19541 "-" "Googlebot/2.1 (+http://www.google.com/bot.html)"
66.249.64.28 - - [01/Jan/2006:01:12:22 -0900] "GET /gallery/books/C0022/illustrations/pages/C0022-07.html HTTP/1.0" 200 2033 "-" "Googlebot/2.1 (+http://www.google.com/bot.html)"
66.249.64.10 - - [01/Jan/2006:01:16:23 -0900] "GET /gallery/photos/19800068/2 HTTP/1.0" 301 362 "-" "Googlebot/2.1 (+http://www.google.com/bot.html)"
81.70.93.228 - - [01/Jan/2006:01:25:29 -0900] "GET /store/photos/largejpegs/(040)1958-1026-01700.jpg HTTP/1.0" 301 382 "http://www.beusichem.web-log.nl/" "Mozilla/4.0 (compatible; MSIE 6.0; Windows NT 5.1; NN5.0.600.15; SV1; .NET CLR 2.0.50727)"
207.46.98.87 - - [01/Jan/2006:01:28:34 -0900] "GET /gallery/photos/19800068/2/pages/1980-0068-00248.html HTTP/1.0" 200 1860 "-" "msnbot/1.0 (+http://search.msn.com/msnbot.htm)"
207.46.98.87 - - [01/Jan/2006:01:28:35 -0900] "GET /gallery/photos/20020087/4/pages/2002-0087-00447.html HTTP/1.0" 200 1767 "-" "msnbot/1.0 (+http://search.msn.com/msnbot.htm)"
207.46.98.87 - - [01/Jan/2006:01:28:35 -0900] "GET /gallery/photos/20020087/4/pages/2002-0087-00445.html HTTP/1.0" 200 1767 "-" "msnbot/1.0 (+http://search.msn.com/msnbot.htm)"
68.142.251.150 - - [01/Jan/2006:01:29:36 -0900] "GET /robots.txt HTTP/1.0" 200 96 "-" "Mozilla/5.0 (compatible; Yahoo! Slurp; http://help.yahoo.com/help/us/ysearch/slurp)"
68.142.249.112 - - [01/Jan/2006:01:29:36 -0900] "GET /gallery/photos/20000197/pages/2000-0197-00033.html HTTP/1.0" 304 - "-" "Mozilla/5.0 (compatible; Yahoo! Slurp; http://help.yahoo.com/help/us/ysearch/slurp)"
66.249.71.13 - - [01/Jan/2006:01:33:08 -0900] "GET /gallery/photos/20020087/5 HTTP/1.0" 301 362 "-" "Googlebot/2.1 (+http://www.google.com/bot.html)"
66.249.64.79 - - [01/Jan/2006:01:33:10 -0900] "GET /gallery/photos/19990293/0 HTTP/1.0" 301 362 "-" "Googlebot/2.1 (+http://www.google.com/bot.html)"
66.249.64.30 - - [01/Jan/2006:01:33:13 -0900] "GET /gallery/photos/20020087/4 HTTP/1.0" 301 362 "-" "Googlebot/2.1 (+http://www.google.com/bot.html)"
66.249.64.38 - - [01/Jan/2006:01:33:18 -0900] "GET /gallery/photos/20040143/0 HTTP/1.0" 301 362 "-" "Googlebot/2.1 (+http://www.google.com/bot.html)"
66.249.64.4 - - [01/Jan/2006:01:34:35 -0900] "GET /gallery/photos/20040145/2 HTTP/1.0" 301 362 "-" "Googlebot/2.1 (+http://www.google.com/bot.html)"
66.249.71.29 - - [01/Jan/2006:01:35:22 -0900] "GET /gallery/photos/19970213/ HTTP/1.0" 200 7080 "-" "Googlebot/2.1 (+http://www.google.com/bot.html)"
68.142.251.60 - - [01/Jan/2006:01:35:30 -0900] "GET /gallery/photos/20020087/1/index_2.html HTTP/1.0" 200 7249 "-" "Mozilla/5.0 (compatible; Yahoo! Slurp; http://help.yahoo.com/help/us/ysearch/slurp)"
207.46.98.87 - - [01/Jan/2006:01:36:16 -0900] "GET /gallery/photos/19581026/21/pages/1958-1026-02110.html HTTP/1.0" 200 2090 "-" "msnbot/1.0 (+http://search.msn.com/msnbot.htm)"
66.249.64.58 - - [01/Jan/2006:01:37:48 -0900] "GET /gallery/photos/20030174/3 HTTP/1.0" 301 362 "-" "Googlebot/2.1 (+http://www.google.com/bot.html)"
66.249.64.38 - - [01/Jan/2006:01:38:27 -0900] "GET /gallery/photos/19950244/08 HTTP/1.0" 301 363 "-" "Googlebot/2.1 (+http://www.google.com/bot.html)"
207.46.98.87 - - [01/Jan/2006:01:38:27 -0900] "GET /gallery/photos/19690092/3/pages/1969-0092-00311.html HTTP/1.0" 200 1763 "-" "msnbot/1.0 (+http://search.msn.com/msnbot.htm)"
207.46.98.87 - - [01/Jan/2006:01:38:27 -0900] "GET /gallery/photos/20030120/0/pages/2003-0120-00046.html HTTP/1.0" 200 1871 "-" "msnbot/1.0 (+http://search.msn.com/msnbot.htm)"
207.46.98.87 - - [01/Jan/2006:01:38:33 -0900] "GET /gallery/photos/19700058/2/pages/1970-0058-00293.html HTTP/1.0" 200 1759 "-" "msnbot/1.0 (+http://search.msn.com/msnbot.htm)"
68.142.249.206 - - [01/Jan/2006:01:38:51 -0900] "GET /gallery/photos/19940070/2/pages/1994-0070-00218.html HTTP/1.0" 200 5917 "-" "Mozilla/5.0 (compatible; Yahoo! Slurp; http://help.yahoo.com/help/us/ysearch/slurp)"
66.249.64.58 - - [01/Jan/2006:01:39:25 -0900] "GET /gallery/photos/20040069 HTTP/1.0" 301 360 "-" "Googlebot/2.1 (+http://www.google.com/bot.html)"
66.249.64.37 - - [01/Jan/2006:01:39:37 -0900] "GET /gallery/photos/19890166/07/ HTTP/1.0" 200 12550 "-" "Googlebot/2.1 (+http://www.google.com/bot.html)"
66.249.64.52 - - [01/Jan/2006:01:39:45 -0900] "GET /gallery/photos/20030040/0 HTTP/1.0" 301 362 "-" "Googlebot/2.1 (+http://www.google.com/bot.html)"
66.249.71.33 - - [01/Jan/2006:01:40:07 -0900] "GET /gallery/photos/20030040/1 HTTP/1.0" 301 362 "-" "Googlebot/2.1 (+http://www.google.com/bot.html)"
66.249.71.67 - - [01/Jan/2006:01:40:28 -0900] "GET /gallery/photos/20040111/03/ HTTP/1.0" 200 7055 "-" "Googlebot/2.1 (+http://www.google.com/bot.html)"
66.249.71.44 - - [01/Jan/2006:01:40:50 -0900] "GET /gallery/photos/19910046/06 HTTP/1.0" 301 363 "-" "Googlebot/2.1 (+http://www.google.com/bot.html)"
66.249.64.10 - - [01/Jan/2006:01:41:43 -0900] "GET /gallery/photos/20040145/4 HTTP/1.0" 301 362 "-" "Googlebot/2.1 (+http://www.google.com/bot.html)"
66.249.71.44 - - [01/Jan/2006:01:42:15 -0900] "GET /gallery/photos/20040008 HTTP/1.0" 301 360 "-" "Googlebot/2.1 (+http://www.google.com/bot.html)"
66.249.71.44 - - [01/Jan/2006:01:42:27 -0900] "GET /gallery/photos/20030040/2 HTTP/1.0" 301 362 "-" "Googlebot/2.1 (+http://www.google.com/bot.html)"
66.249.71.72 - - [01/Jan/2006:01:43:52 -0900] "GET /gallery/photos/20030174/1 HTTP/1.0" 301 362 "-" "Googlebot/2.1 (+http://www.google.com/bot.html)"
66.249.71.41 - - [01/Jan/2006:01:45:09 -0900] "GET /gallery/photos/20020015/1 HTTP/1.0" 301 362 "-" "Googlebot/2.1 (+http://www.google.com/bot.html)"
66.249.71.13 - - [01/Jan/2006:01:46:31 -0900] "GET /gallery/photos/19810192/ HTTP/1.0" 200 9083 "-" "Googlebot/2.1 (+http://www.google.com/bot.html)"
66.249.71.44 - - [01/Jan/2006:01:47:13 -0900] "GET /gallery/photos/20010147 HTTP/1.0" 301 360 "-" "Googlebot/2.1 (+http://www.google.com/bot.html)"
66.249.71.67 - - [01/Jan/2006:01:47:27 -0900] "GET /gallery/photos/19680069/26 HTTP/1.0" 301 363 "-" "Googlebot/2.1 (+http://www.google.com/bot.html)"
66.249.64.52 - - [01/Jan/2006:01:47:51 -0900] "GET /gallery/photos/20040145/5 HTTP/1.0" 301 362 "-" "Googlebot/2.1 (+http://www.google.com/bot.html)"
66.249.64.10 - - [01/Jan/2006:01:48:46 -0900] "GET /gallery/photos/20030109/2 HTTP/1.0" 301 362 "-" "Googlebot/2.1 (+http://www.google.com/bot.html)"
66.249.64.30 - - [01/Jan/2006:01:49:57 -0900] "GET /gallery/photos/19581026/17 HTTP/1.0" 301 363 "-" "Googlebot/2.1 (+http://www.google.com/bot.html)"
66.249.71.45 - - [01/Jan/2006:01:51:59 -0900] "GET /gallery/photos/20020087/1 HTTP/1.0" 301 362 "-" "Googlebot/2.1 (+http://www.google.com/bot.html)"
68.142.250.129 - - [01/Jan/2006:01:52:23 -0900] "GET /gallery/photos/19940070/2/pages/1994-0070-00252.html HTTP/1.0" 200 5917 "-" "Mozilla/5.0 (compatible; Yahoo! Slurp; http://help.yahoo.com/help/us/ysearch/slurp)"
66.249.64.4 - - [01/Jan/2006:01:52:43 -0900] "GET /gallery/photos/19940070/1 HTTP/1.0" 301 362 "-" "Googlebot/2.1 (+http://www.google.com/bot.html)"
66.249.71.40 - - [01/Jan/2006:01:53:47 -0900] "GET /gallery/photos/20030024/2 HTTP/1.0" 301 362 "-" "Googlebot/2.1 (+http://www.google.com/bot.html)"
66.249.71.73 - - [01/Jan/2006:01:54:42 -0900] "GET /gallery/photos/19940070/0 HTTP/1.0" 301 362 "-" "Googlebot/2.1 (+http://www.google.com/bot.html)"
66.249.64.42 - - [01/Jan/2006:01:56:16 -0900] "GET /gallery/photos/20020155 HTTP/1.0" 301 360 "-" "Googlebot/2.1 (+http://www.google.com/bot.html)"
66.249.71.40 - - [01/Jan/2006:01:56:18 -0900] "GET /gallery/photos/19800068/0 HTTP/1.0" 301 362 "-" "Googlebot/2.1 (+http://www.google.com/bot.html)"
66.249.71.72 - - [01/Jan/2006:01:56:31 -0900] "GET /gallery/books/C0088/maps/pages/C0088-M05.html HTTP/1.0" 200 2032 "-" "Googlebot/2.1 (+http://www.google.com/bot.html)"
66.249.64.79 - - [01/Jan/2006:01:56:50 -0900] "GET /gallery/photos/19940096/1 HTTP/1.0" 301 362 "-" "Googlebot/2.1 (+http://www.google.com/bot.html)"
66.249.71.72 - - [01/Jan/2006:01:57:13 -0900] "GET /gallery/photos/20020015/3 HTTP/1.0" 301 362 "-" "Googlebot/2.1 (+http://www.google.com/bot.html)"
66.249.71.39 - - [01/Jan/2006:01:57:47 -0900] "GET /gallery/photos/19760091 HTTP/1.0" 301 360 "-" "Googlebot/2.1 (+http://www.google.com/bot.html)"
66.249.64.58 - - [01/Jan/2006:01:57:48 -0900] "GET /gallery/photos/19880051 HTTP/1.0" 301 360 "-" "Googlebot/2.1 (+http://www.google.com/bot.html)"
66.249.64.10 - - [01/Jan/2006:01:58:48 -0900] "GET /gallery/photos/20040086/1 HTTP/1.0" 301 362 "-" "Googlebot/2.1 (+http://www.google.com/bot.html)"
207.36.233.130 - - [01/Jan/2006:01:58:48 -0900] "GET / HTTP/1.1" 200 8969 "-" "Java/1.4.1_04"
207.36.233.130 - - [01/Jan/2006:01:58:49 -0900] "GET /aboutus.html HTTP/1.1" 200 13011 "-" "Java/1.4.1_04"
207.36.233.130 - - [01/Jan/2006:01:58:51 -0900] "GET /contact.html HTTP/1.1" 200 6369 "-" "Java/1.4.1_04"
207.36.233.130 - - [01/Jan/2006:01:58:51 -0900] "GET /hours.html HTTP/1.1" 200 5909 "-" "Java/1.4.1_04"
207.36.233.130 - - [01/Jan/2006:01:58:52 -0900] "GET /index.html HTTP/1.1" 200 8969 "-" "Java/1.4.1_04"
207.36.233.130 - - [01/Jan/2006:01:58:52 -0900] "GET /photosales.html HTTP/1.1" 200 5880 "-" "Java/1.4.1_04"
66.249.64.52 - - [01/Jan/2006:01:58:53 -0900] "GET /gallery/photos/19950244/16 HTTP/1.0" 301 363 "-" "Googlebot/2.1 (+http://www.google.com/bot.html)"
207.36.233.130 - - [01/Jan/2006:01:58:52 -0900] "GET /resources.html HTTP/1.1" 200 8449 "-" "Java/1.4.1_04"
207.36.233.130 - - [01/Jan/2006:01:58:53 -0900] "GET /services.html HTTP/1.1" 200 5901 "-" "Java/1.4.1_04"
207.36.233.130 - - [01/Jan/2006:01:58:53 -0900] "GET /digprint.html HTTP/1.1" 200 8876 "-" "Java/1.4.1_04"
207.36.233.130 - - [01/Jan/2006:01:58:53 -0900] "GET /passport.html HTTP/1.1" 200 5529 "-" "Java/1.4.1_04"
207.36.233.130 - - [01/Jan/2006:01:58:54 -0900] "GET /scanning.html HTTP/1.1" 200 9010 "-" "Java/1.4.1_04"
207.36.233.130 - - [01/Jan/2006:01:58:54 -0900] "GET /paper.html HTTP/1.1" 200 7753 "-" "Java/1.4.1_04"
207.36.233.130 - - [01/Jan/2006:01:58:54 -0900] "GET /gallery/index.html HTTP/1.1" 200 7386 "-" "Java/1.4.1_04"
207.36.233.130 - - [01/Jan/2006:01:58:55 -0900] "GET /gallery/panogallery.html HTTP/1.1" 200 8652 "-" "Java/1.4.1_04"
207.36.233.130 - - [01/Jan/2006:01:58:55 -0900] "GET /store/index.html HTTP/1.1" 301 350 "-" "Java/1.4.1_04"
207.36.233.130 - - [01/Jan/2006:01:58:59 -0900] "GET /Templates/pricing.htm HTTP/1.1" 404 317 "-" "Java/1.4.1_04"
207.36.233.130 - - [01/Jan/2006:01:58:59 -0900] "GET /gallery/bookgallery.html HTTP/1.1" 200 8867 "-" "Java/1.4.1_04"
207.36.233.130 - - [01/Jan/2006:01:59:00 -0900] "GET /gallery/documentgallery.html HTTP/1.1" 200 6900 "-" "Java/1.4.1_04"
207.36.233.130 - - [01/Jan/2006:01:59:00 -0900] "GET /gallery/mapgallery.html HTTP/1.1" 200 9243 "-" "Java/1.4.1_04"
207.36.233.130 - - [01/Jan/2006:01:59:00 -0900] "GET /gallery/photogallery.html HTTP/1.1" 200 43934 "-" "Java/1.4.1_04"
207.36.233.130 - - [01/Jan/2006:01:59:04 -0900] "GET /store/bestsellers.html HTTP/1.1" 301 356 "-" "Java/1.4.1_04"
207.36.233.130 - - [01/Jan/2006:01:59:05 -0900] "GET /store/hoco.html HTTP/1.1" 301 349 "-" "Java/1.4.1_04"
207.36.233.130 - - [01/Jan/2006:01:59:09 -0900] "GET /store/info.html HTTP/1.1" 301 349 "-" "Java/1.4.1_04"
207.36.233.130 - - [01/Jan/2006:01:59:10 -0900] "GET /store/newphotos.html HTTP/1.1" 301 354 "-" "Java/1.4.1_04"
207.36.233.130 - - [01/Jan/2006:01:59:20 -0900] "GET /store/nsearch.html HTTP/1.1" 301 352 "-" "Java/1.4.1_04"
207.36.233.130 - - [01/Jan/2006:01:59:21 -0900] "GET /store/panoramas.html HTTP/1.1" 301 354 "-" "Java/1.4.1_04"
207.36.233.130 - - [01/Jan/2006:01:59:25 -0900] "GET /store/photographs.html HTTP/1.1" 301 356 "-" "Java/1.4.1_04"
207.36.233.130 - - [01/Jan/2006:01:59:26 -0900] "GET /store/privacypolicy.html HTTP/1.1" 301 358 "-" "Java/1.4.1_04"
207.36.233.130 - - [01/Jan/2006:01:59:27 -0900] "GET /store/raremaps.html HTTP/1.1" 301 353 "-" "Java/1.4.1_04"
207.36.233.130 - - [01/Jan/2006:01:59:31 -0900] "GET /store/p001.html HTTP/1.1" 301 349 "-" "Java/1.4.1_04"
207.36.233.130 - - [01/Jan/2006:01:59:31 -0900] "GET /store/p006.html HTTP/1.1" 301 349 "-" "Java/1.4.1_04"
207.36.233.130 - - [01/Jan/2006:01:59:35 -0900] "GET /store/p007.html HTTP/1.1" 301 349 "-" "Java/1.4.1_04"
207.36.233.130 - - [01/Jan/2006:01:59:36 -0900] "GET /store/p009.html HTTP/1.1" 301 349 "-" "Java/1.4.1_04"
207.36.233.130 - - [01/Jan/2006:01:59:37 -0900] "GET /store/p024.html HTTP/1.1" 301 349 "-" "Java/1.4.1_04"
66.249.71.44 - - [01/Jan/2006:01:59:37 -0900] "GET /gallery/photos/19700071/ HTTP/1.0" 200 7075 "-" "Googlebot/2.1 (+http://www.google.com/bot.html)"
207.36.233.130 - - [01/Jan/2006:01:59:37 -0900] "GET /store/p029.html HTTP/1.1" 301 349 "-" "Java/1.4.1_04"
207.36.233.130 - - [01/Jan/2006:01:59:41 -0900] "GET /store/p031.html HTTP/1.1" 301 349 "-" "Java/1.4.1_04"
207.36.233.130 - - [01/Jan/2006:01:59:45 -0900] "GET /store/p034.html HTTP/1.1" 301 349 "-" "Java/1.4.1_04"
66.249.71.28 - - [01/Jan/2006:01:59:45 -0900] "GET /gallery/photos/19680069/27 HTTP/1.0" 301 363 "-" "Googlebot/2.1 (+http://www.google.com/bot.html)"
207.36.233.130 - - [01/Jan/2006:01:59:45 -0900] "GET /store/p049.html HTTP/1.1" 301 349 "-" "Java/1.4.1_04"
207.36.233.130 - - [01/Jan/2006:01:59:49 -0900] "GET /store/p052.html HTTP/1.1" 301 349 "-" "Java/1.4.1_04"
66.249.64.4 - - [01/Jan/2006:01:59:51 -0900] "GET /gallery/photos/19890107/ HTTP/1.0" 200 7073 "-" "Googlebot/2.1 (+http://www.google.com/bot.html)"
207.36.233.130 - - [01/Jan/2006:01:59:53 -0900] "GET /store/p057.html HTTP/1.1" 301 349 "-" "Java/1.4.1_04"
207.36.233.130 - - [01/Jan/2006:01:59:54 -0900] "GET /store/p081.html HTTP/1.1" 301 349 "-" "Java/1.4.1_04"
207.36.233.130 - - [01/Jan/2006:01:59:58 -0900] "GET /store/pan011.html HTTP/1.1" 301 351 "-" "Java/1.4.1_04"
207.36.233.130 - - [01/Jan/2006:01:59:59 -0900] "GET /store/pan012.html HTTP/1.1" 301 351 "-" "Java/1.4.1_04"
207.36.233.130 - - [01/Jan/2006:02:00:01 -0900] "GET /store/pan013.html HTTP/1.1" 301 351 "-" "Java/1.4.1_04"
207.36.233.130 - - [01/Jan/2006:02:00:05 -0900] "GET /store/p017.html HTTP/1.1" 301 349 "-" "Java/1.4.1_04"
207.36.233.130 - - [01/Jan/2006:02:00:07 -0900] "GET /store/p087.html HTTP/1.1" 301 349 "-" "Java/1.4.1_04"
207.36.233.130 - - [01/Jan/2006:02:00:08 -0900] "GET /store/p092.html HTTP/1.1" 301 349 "-" "Java/1.4.1_04"
207.36.233.130 - - [01/Jan/2006:02:00:13 -0900] "GET /store/p138.html HTTP/1.1" 301 349 "-" "Java/1.4.1_04"
66.249.64.28 - - [01/Jan/2006:02:00:14 -0900] "GET /gallery/photos/20030024/0 HTTP/1.0" 301 362 "-" "Googlebot/2.1 (+http://www.google.com/bot.html)"
207.36.233.130 - - [01/Jan/2006:02:00:23 -0900] "GET /store/p145.html HTTP/1.1" 301 349 "-" "Java/1.4.1_04"
66.249.64.79 - - [01/Jan/2006:02:00:23 -0900] "GET /gallery/photos/19950244/10 HTTP/1.0" 301 363 "-" "Googlebot/2.1 (+http://www.google.com/bot.html)"
207.36.233.130 - - [01/Jan/2006:02:00:26 -0900] "GET /store/p147.html HTTP/1.1" 301 349 "-" "Java/1.4.1_04"
207.36.233.130 - - [01/Jan/2006:02:00:50 -0900] "GET /store/p151.html HTTP/1.1" 301 349 "-" "Java/1.4.1_04"
207.36.233.130 - - [01/Jan/2006:02:00:50 -0900] "GET /store/p170.html HTTP/1.1" 301 349 "-" "Java/1.4.1_04"
207.36.233.130 - - [01/Jan/2006:02:01:00 -0900] "GET /store/p177.html HTTP/1.1" 301 349 "-" "Java/1.4.1_04"
84.85.85.17 - - [01/Jan/2006:02:01:18 -0900] "GET /store/photos/largejpegs/(040)1958-1026-01700.jpg HTTP/1.1" 301 382 "http://www.beusichem.web-log.nl/" "Mozilla/4.0 (compatible; MSIE 6.0; Windows NT 5.1)"
66.249.64.52 - - [01/Jan/2006:02:02:36 -0900] "GET /gallery/photos/20040153/4 HTTP/1.0" 301 362 "-" "Googlebot/2.1 (+http://www.google.com/bot.html)"
66.249.71.78 - - [01/Jan/2006:02:03:22 -0900] "GET /gallery/photos/20030137 HTTP/1.0" 301 360 "-" "Googlebot/2.1 (+http://www.google.com/bot.html)"
66.249.64.10 - - [01/Jan/2006:02:03:59 -0900] "GET /gallery/photos/19690092/8 HTTP/1.0" 301 362 "-" "Googlebot/2.1 (+http://www.google.com/bot.html)"
66.249.71.33 - - [01/Jan/2006:02:04:29 -0900] "GET /gallery/photos/19950244/01 HTTP/1.0" 301 363 "-" "Googlebot/2.1 (+http://www.google.com/bot.html)"
66.249.64.16 - - [01/Jan/2006:02:04:46 -0900] "GET /gallery/books/C0015/maps/pages/C0015-M07.html HTTP/1.0" 200 2032 "-" "Googlebot/2.1 (+http://www.google.com/bot.html)"
66.249.64.38 - - [01/Jan/2006:02:06:17 -0900] "GET /gallery/books/C0022/illustrations/pages/C0022-06.html HTTP/1.0" 200 2033 "-" "Googlebot/2.1 (+http://www.google.com/bot.html)"
66.249.71.29 - - [01/Jan/2006:02:06:52 -0900] "GET /gallery/photos/20020087/0 HTTP/1.0" 301 362 "-" "Googlebot/2.1 (+http://www.google.com/bot.html)"
66.249.71.33 - - [01/Jan/2006:02:06:57 -0900] "GET /gallery/books/C0022/maps/pages/C0022-M02.html HTTP/1.0" 200 2032 "-" "Googlebot/2.1 (+http://www.google.com/bot.html)"
86.129.44.212 - - [01/Jan/2006:02:07:40 -0900] "GET /store/photos/largejpegs/(040)1958-1026-01700.jpg HTTP/1.1" 301 382 "http://www.beusichem.web-log.nl/" "Mozilla/4.0 (compatible; MSIE 7.0b; Windows NT 5.1; .NET CLR 1.1.4322)"
66.249.71.69 - - [01/Jan/2006:02:08:08 -0900] "GET /gallery/photos/20030163 HTTP/1.0" 301 360 "-" "Googlebot/2.1 (+http://www.google.com/bot.html)"
207.46.98.87 - - [01/Jan/2006:02:10:25 -0900] "GET /gallery/photos/19581026/21/pages/1958-1026-02109.html HTTP/1.0" 200 2090 "-" "msnbot/1.0 (+http://search.msn.com/msnbot.htm)"
222.114.201.86 - - [01/Jan/2006:02:14:34 -0900] "GET /index_files/lib.css HTTP/1.1" 200 2634 "http://photolab.elmer.uaf.edu/gallery/maps/mapg3300.html" "Mozilla/4.0 (compatible; MSIE 6.0; Windows NT 5.1; SV1)"
222.114.201.86 - - [01/Jan/2006:02:14:35 -0900] "GET /index_files/empty.gif HTTP/1.1" 200 45 "http://photolab.elmer.uaf.edu/gallery/maps/mapg3300.html" "Mozilla/4.0 (compatible; MSIE 6.0; Windows NT 5.1; SV1)"
222.114.201.86 - - [01/Jan/2006:02:14:34 -0900] "GET /gallery/maps/mapg3300.html HTTP/1.1" 200 21851 "http://www.worldmapfinder.com/Map_Detail.php?MAP=541&FN=G3300%20%5B1822%5D%20F55.jpg&MW=1200&MH=959&FS=374&FT=jpg&WO=0&CE=4&CO=0&CI=0&IT=0&LC=2&PG=1&CS=iso-8859-1&FU=http://photolab.elmer.uaf.edu/gallery/maps/G3300/large/G3300%20%5B1822%5D%20F55.jpg&SU=http://photolab.elmer.uaf.edu/gallery/maps/mapg3300.html" "Mozilla/4.0 (compatible; MSIE 6.0; Windows NT 5.1; SV1)"
222.114.201.86 - - [01/Jan/2006:02:14:34 -0900] "GET /index_files/apr.jpg HTTP/1.1" 200 6015 "http://photolab.elmer.uaf.edu/gallery/maps/mapg3300.html" "Mozilla/4.0 (compatible; MSIE 6.0; Windows NT 5.1; SV1)"
222.114.201.86 - - [01/Jan/2006:02:14:34 -0900] "GET /index_files/title.jpg HTTP/1.1" 200 5438 "http://photolab.elmer.uaf.edu/gallery/maps/mapg3300.html" "Mozilla/4.0 (compatible; MSIE 6.0; Windows NT 5.1; SV1)"
222.114.201.86 - - [01/Jan/2006:02:14:35 -0900] "GET /gallery/maps/G3300/small/G3300%20%5B1625%5D%20E47.jpg HTTP/1.1" 200 17451 "http://photolab.elmer.uaf.edu/gallery/maps/mapg3300.html" "Mozilla/4.0 (compatible; MSIE 6.0; Windows NT 5.1; SV1)"
222.114.201.86 - - [01/Jan/2006:02:14:35 -0900] "GET /index_files/small.dps.jpg HTTP/1.1" 200 5830 "http://photolab.elmer.uaf.edu/gallery/maps/mapg3300.html" "Mozilla/4.0 (compatible; MSIE 6.0; Windows NT 5.1; SV1)"
222.114.201.86 - - [01/Jan/2006:02:14:35 -0900] "GET /gallery/maps/G3300/small/G3300%20%5B1855_%5D%20C641.jpg HTTP/1.1" 200 17024 "http://photolab.elmer.uaf.edu/gallery/maps/mapg3300.html" "Mozilla/4.0 (compatible; MSIE 6.0; Windows NT 5.1; SV1)"
222.114.201.86 - - [01/Jan/2006:02:14:35 -0900] "GET /index_files/small_002.jpg HTTP/1.1" 200 1351 "http://photolab.elmer.uaf.edu/gallery/maps/mapg3300.html" "Mozilla/4.0 (compatible; MSIE 6.0; Windows NT 5.1; SV1)"
222.114.201.86 - - [01/Jan/2006:02:14:35 -0900] "GET /index_files/small.jpg HTTP/1.1" 200 2294 "http://photolab.elmer.uaf.edu/gallery/maps/mapg3300.html" "Mozilla/4.0 (compatible; MSIE 6.0; Windows NT 5.1; SV1)"
222.114.201.86 - - [01/Jan/2006:02:14:35 -0900] "GET /index_files/small_003.jpg HTTP/1.1" 200 1521 "http://photolab.elmer.uaf.edu/gallery/maps/mapg3300.html" "Mozilla/4.0 (compatible; MSIE 6.0; Windows NT 5.1; SV1)"
222.114.201.86 - - [01/Jan/2006:02:14:35 -0900] "GET /gallery/maps/G3300/small/G3300%20%5B1590%5D%20P67.jpg HTTP/1.1" 200 14993 "http://photolab.elmer.uaf.edu/gallery/maps/mapg3300.html" "Mozilla/4.0 (compatible; MSIE 6.0; Windows NT 5.1; SV1)"
222.114.201.86 - - [01/Jan/2006:02:14:35 -0900] "GET /gallery/maps/G3300/small/G3300%201783%20R62.jpg HTTP/1.1" 200 15342 "http://photolab.elmer.uaf.edu/gallery/maps/mapg3300.html" "Mozilla/4.0 (compatible; MSIE 6.0; Windows NT 5.1; SV1)"
222.114.201.86 - - [01/Jan/2006:02:14:35 -0900] "GET /gallery/maps/G3300/small/G3300%20%5B1740_%5D.jpg HTTP/1.1" 200 20134 "http://photolab.elmer.uaf.edu/gallery/maps/mapg3300.html" "Mozilla/4.0 (compatible; MSIE 6.0; Windows NT 5.1; SV1)"
222.114.201.86 - - [01/Jan/2006:02:14:35 -0900] "GET /gallery/maps/G3300/small/G3300%201772%20R62.jpg HTTP/1.1" 200 15425 "http://photolab.elmer.uaf.edu/gallery/maps/mapg3300.html" "Mozilla/4.0 (compatible; MSIE 6.0; Windows NT 5.1; SV1)"
222.114.201.86 - - [01/Jan/2006:02:14:36 -0900] "GET /gallery/maps/G3300/small/G3300%20%5B1780%5D%20C66.jpg HTTP/1.1" 200 17169 "http://photolab.elmer.uaf.edu/gallery/maps/mapg3300.html" "Mozilla/4.0 (compatible; MSIE 6.0; Windows NT 5.1; SV1)"
222.114.201.86 - - [01/Jan/2006:02:14:35 -0900] "GET /gallery/maps/G3300/small/G3300%201755%20B431.jpg HTTP/1.1" 200 14901 "http://photolab.elmer.uaf.edu/gallery/maps/mapg3300.html" "Mozilla/4.0 (compatible; MSIE 6.0; Windows NT 5.1; SV1)"
222.114.201.86 - - [01/Jan/2006:02:14:36 -0900] "GET /gallery/maps/G3300/small/G3300%20%5B1779%5D%20C662.jpg HTTP/1.1" 200 15796 "http://photolab.elmer.uaf.edu/gallery/maps/mapg3300.html" "Mozilla/4.0 (compatible; MSIE 6.0; Windows NT 5.1; SV1)"
222.114.201.86 - - [01/Jan/2006:02:14:36 -0900] "GET /gallery/maps/G3300/small/G3300%20%5B1780_%5D%20C66a.jpg HTTP/1.1" 200 14727 "http://photolab.elmer.uaf.edu/gallery/maps/mapg3300.html" "Mozilla/4.0 (compatible; MSIE 6.0; Windows NT 5.1; SV1)"
222.114.201.86 - - [01/Jan/2006:02:14:37 -0900] "GET /gallery/maps/G3300/small/G3300%20%5B1857_%5D%20B36.jpg HTTP/1.1" 200 15604 "http://photolab.elmer.uaf.edu/gallery/maps/mapg3300.html" "Mozilla/4.0 (compatible; MSIE 6.0; Windows NT 5.1; SV1)"
222.114.201.86 - - [01/Jan/2006:02:14:36 -0900] "GET /gallery/maps/G3300/small/G3300%201775%20R621.jpg HTTP/1.1" 200 14889 "http://photolab.elmer.uaf.edu/gallery/maps/mapg3300.html" "Mozilla/4.0 (compatible; MSIE 6.0; Windows NT 5.1; SV1)"
222.114.201.86 - - [01/Jan/2006:02:14:35 -0900] "GET /gallery/maps/G3300/small/G3300%201774%20D861.jpg HTTP/1.1" 200 14984 "http://photolab.elmer.uaf.edu/gallery/maps/mapg3300.html" "Mozilla/4.0 (compatible; MSIE 6.0; Windows NT 5.1; SV1)"
222.114.201.86 - - [01/Jan/2006:02:14:38 -0900] "GET /gallery/maps/G3300/small/G3300%20%5B1858%5D%20B361.jpg HTTP/1.1" 200 14683 "http://photolab.elmer.uaf.edu/gallery/maps/mapg3300.html" "Mozilla/4.0 (compatible; MSIE 6.0; Windows NT 5.1; SV1)"
222.114.201.86 - - [01/Jan/2006:02:14:38 -0900] "GET /gallery/maps/G3300/small/G3300%20%5B1787%5D%20B66.jpg HTTP/1.1" 200 14342 "http://photolab.elmer.uaf.edu/gallery/maps/mapg3300.html" "Mozilla/4.0 (compatible; MSIE 6.0; Windows NT 5.1; SV1)"
222.114.201.86 - - [01/Jan/2006:02:14:38 -0900] "GET /gallery/maps/G3300/small/G3300%20%5B1862_%5D%20B36.jpg HTTP/1.1" 200 14330 "http://photolab.elmer.uaf.edu/gallery/maps/mapg3300.html" "Mozilla/4.0 (compatible; MSIE 6.0; Windows NT 5.1; SV1)"
222.114.201.86 - - [01/Jan/2006:02:14:38 -0900] "GET /gallery/maps/G3300/small/G3300%201797%20N43.jpg HTTP/1.1" 200 15960 "http://photolab.elmer.uaf.edu/gallery/maps/mapg3300.html" "Mozilla/4.0 (compatible; MSIE 6.0; Windows NT 5.1; SV1)"
222.114.201.86 - - [01/Jan/2006:02:14:38 -0900] "GET /gallery/maps/G3300/small/G3300%20%5B1848_%5D%20C61.jpg HTTP/1.1" 200 16536 "http://photolab.elmer.uaf.edu/gallery/maps/mapg3300.html" "Mozilla/4.0 (compatible; MSIE 6.0; Windows NT 5.1; SV1)"
222.114.201.86 - - [01/Jan/2006:02:14:38 -0900] "GET /gallery/maps/G3300/small/G3300%20%5B1786_%5D%20B691.jpg HTTP/1.1" 200 16623 "http://photolab.elmer.uaf.edu/gallery/maps/mapg3300.html" "Mozilla/4.0 (compatible; MSIE 6.0; Windows NT 5.1; SV1)"
222.114.201.86 - - [01/Jan/2006:02:14:39 -0900] "GET /gallery/maps/G3300/small/G3300%20%5B1864%5D%20J61.jpg HTTP/1.1" 200 15913 "http://photolab.elmer.uaf.edu/gallery/maps/mapg3300.html" "Mozilla/4.0 (compatible; MSIE 6.0; Windows NT 5.1; SV1)"
222.114.201.86 - - [01/Jan/2006:02:14:38 -0900] "GET /gallery/maps/G3300/small/G3300%20%5B1822%5D%20F55.jpg HTTP/1.1" 200 16603 "http://photolab.elmer.uaf.edu/gallery/maps/mapg3300.html" "Mozilla/4.0 (compatible; MSIE 6.0; Windows NT 5.1; SV1)"
222.114.201.86 - - [01/Jan/2006:02:14:39 -0900] "GET /gallery/maps/G3300/small/G3300%20%5B1868%5D%20C671.jpg HTTP/1.1" 200 15494 "http://photolab.elmer.uaf.edu/gallery/maps/mapg3300.html" "Mozilla/4.0 (compatible; MSIE 6.0; Windows NT 5.1; SV1)"
222.114.201.86 - - [01/Jan/2006:02:14:38 -0900] "GET /gallery/maps/G3300/small/G3300%201841%20S75.jpg HTTP/1.1" 200 17336 "http://photolab.elmer.uaf.edu/gallery/maps/mapg3300.html" "Mozilla/4.0 (compatible; MSIE 6.0; Windows NT 5.1; SV1)"
222.114.201.86 - - [01/Jan/2006:02:14:38 -0900] "GET /gallery/maps/G3300/small/G3300%20%5B184-_%5D%20L681.jpg HTTP/1.1" 200 15119 "http://photolab.elmer.uaf.edu/gallery/maps/mapg3300.html" "Mozilla/4.0 (compatible; MSIE 6.0; Windows NT 5.1; SV1)"
222.114.201.86 - - [01/Jan/2006:02:14:38 -0900] "GET /gallery/maps/G3300/small/G3300%201849%20R321.jpg HTTP/1.1" 200 15980 "http://photolab.elmer.uaf.edu/gallery/maps/mapg3300.html" "Mozilla/4.0 (compatible; MSIE 6.0; Windows NT 5.1; SV1)"
222.114.201.86 - - [01/Jan/2006:02:14:39 -0900] "GET /gallery/maps/G3300/small/G3300%201872%20W51.jpg HTTP/1.1" 200 17525 "http://photolab.elmer.uaf.edu/gallery/maps/mapg3300.html" "Mozilla/4.0 (compatible; MSIE 6.0; Windows NT 5.1; SV1)"
222.114.201.86 - - [01/Jan/2006:02:14:39 -0900] "GET /gallery/maps/G3300/small/G3300%20%5B1851%5D%20R36.jpg HTTP/1.1" 200 16233 "http://photolab.elmer.uaf.edu/gallery/maps/mapg3300.html" "Mozilla/4.0 (compatible; MSIE 6.0; Windows NT 5.1; SV1)"
222.114.201.86 - - [01/Jan/2006:02:14:38 -0900] "GET /index_files/bar.gif HTTP/1.1" 200 342 "http://photolab.elmer.uaf.edu/gallery/maps/mapg3300.html" "Mozilla/4.0 (compatible; MSIE 6.0; Windows NT 5.1; SV1)"
222.114.201.86 - - [01/Jan/2006:02:14:38 -0900] "GET /gallery/maps/G3300/small/G3321%20P5%201852%20G73.jpg HTTP/1.1" 200 14278 "http://photolab.elmer.uaf.edu/gallery/maps/mapg3300.html" "Mozilla/4.0 (compatible; MSIE 6.0; Windows NT 5.1; SV1)"
222.114.201.86 - - [01/Jan/2006:02:14:39 -0900] "GET /gallery/maps/G3300/small/G3300%20%5B1854_%5D%20B36.jpg HTTP/1.1" 200 14541 "http://photolab.elmer.uaf.edu/gallery/maps/mapg3300.html" "Mozilla/4.0 (compatible; MSIE 6.0; Windows NT 5.1; SV1)"
222.114.201.86 - - [01/Jan/2006:02:14:39 -0900] "GET /gallery/maps/G3300/small/G3312%20Y81%20%5B1898_%5D%20D5.jpg HTTP/1.1" 200 16571 "http://photolab.elmer.uaf.edu/gallery/maps/mapg3300.html" "Mozilla/4.0 (compatible; MSIE 6.0; Windows NT 5.1; SV1)"
222.114.201.86 - - [01/Jan/2006:02:14:39 -0900] "GET /index_files/bluebear.gif HTTP/1.1" 200 1263 "http://photolab.elmer.uaf.edu/gallery/maps/mapg3300.html" "Mozilla/4.0 (compatible; MSIE 6.0; Windows NT 5.1; SV1)"
222.114.201.86 - - [01/Jan/2006:02:14:39 -0900] "GET /gallery/maps/G3300/small/G3300%201855%20C64.jpg HTTP/1.1" 200 16222 "http://photolab.elmer.uaf.edu/gallery/maps/mapg3300.html" "Mozilla/4.0 (compatible; MSIE 6.0; Windows NT 5.1; SV1)"
222.114.201.86 - - [01/Jan/2006:02:14:39 -0900] "GET /index_files/sitemap.gif HTTP/1.1" 200 1503 "http://photolab.elmer.uaf.edu/gallery/maps/mapg3300.html" "Mozilla/4.0 (compatible; MSIE 6.0; Windows NT 5.1; SV1)"
222.114.201.86 - - [01/Jan/2006:02:14:40 -0900] "GET /gallery/maps/G3300/large/G3300%20[1822]%20F55.jpg HTTP/1.1" 200 382427 "http://www.worldmapfinder.com/Map_Detail.php?MAP=541&FN=G3300 [1822] F55.jpg&FU=http://photolab.elmer.uaf.edu/gallery/maps/G3300/large/G3300 [1822] F55.jpg&MW=1200&MH=959&FS=374&FT=jpg&SU=http://photolab.elmer.uaf.edu/gallery/maps/mapg3300.html&WO=0&CE=4&CO=0&CI=0&IT=0&LC=2&PG=1&CS=&FM=1" "Mozilla/4.0 (compatible; MSIE 6.0; Windows NT 5.1; SV1)"
68.142.250.10 - - [01/Jan/2006:02:16:53 -0900] "GET /gallery/photos/20020134/pages/2002-0134-00030.html HTTP/1.0" 200 1769 "-" "Mozilla/5.0 (compatible; Yahoo! Slurp; http://help.yahoo.com/help/us/ysearch/slurp)"
83.204.238.150 - - [01/Jan/2006:02:19:10 -0900] "GET /store/photos/largejpegs/(105)1989-0166-00522a.jpg HTTP/1.1" 301 383 "-" "Mozilla/5.0 (Windows; U; Windows NT 5.1; fr-FR; rv:1.7.12) Gecko/20050919 Firefox/1.0.7"
66.249.64.4 - - [01/Jan/2006:02:20:44 -0900] "GET /gallery/photos/20000197 HTTP/1.0" 301 360 "-" "Googlebot/2.1 (+http://www.google.com/bot.html)"
66.249.71.33 - - [01/Jan/2006:02:20:52 -0900] "GET /gallery/photos/19630071/ HTTP/1.0" 200 9075 "-" "Googlebot/2.1 (+http://www.google.com/bot.html)"
66.249.71.78 - - [01/Jan/2006:02:20:54 -0900] "GET /gallery/photos/20040145/1 HTTP/1.0" 301 362 "-" "Googlebot/2.1 (+http://www.google.com/bot.html)"
66.249.71.28 - - [01/Jan/2006:02:20:54 -0900] "GET /gallery/photos/19660054/00 HTTP/1.0" 301 363 "-" "Googlebot/2.1 (+http://www.google.com/bot.html)"
66.249.71.45 - - [01/Jan/2006:02:20:54 -0900] "GET /gallery/photos/20040111/04/ HTTP/1.0" 200 7055 "-" "Googlebot/2.1 (+http://www.google.com/bot.html)"
209.193.58.130 - - [01/Jan/2006:02:21:08 -0900] "GET /index_files/lib.css HTTP/1.1" 304 - "http://photolab.elmer.uaf.edu/gallery/maps/mapg3350.html" "Mozilla/4.0 (compatible; MSIE 6.0; Windows NT 5.1)"
209.193.58.130 - - [01/Jan/2006:02:21:08 -0900] "GET /index_files/apr.jpg HTTP/1.1" 304 - "http://photolab.elmer.uaf.edu/gallery/maps/mapg3350.html" "Mozilla/4.0 (compatible; MSIE 6.0; Windows NT 5.1)"
209.193.58.130 - - [01/Jan/2006:02:21:08 -0900] "GET /gallery/maps/mapg3350.html HTTP/1.1" 200 19541 "http://www.google.com/search?q=alaska+map+gold+field+18&hl=en&lr=&rls=GGLD,GGLD:2004-14,GGLD:en&start=10&sa=N" "Mozilla/4.0 (compatible; MSIE 6.0; Windows NT 5.1)"
209.193.58.130 - - [01/Jan/2006:02:21:09 -0900] "GET /index_files/small.dps.jpg HTTP/1.1" 304 - "http://photolab.elmer.uaf.edu/gallery/maps/mapg3350.html" "Mozilla/4.0 (compatible; MSIE 6.0; Windows NT 5.1)"
209.193.58.130 - - [01/Jan/2006:02:21:09 -0900] "GET /index_files/title.jpg HTTP/1.1" 304 - "http://photolab.elmer.uaf.edu/gallery/maps/mapg3350.html" "Mozilla/4.0 (compatible; MSIE 6.0; Windows NT 5.1)"
209.193.58.130 - - [01/Jan/2006:02:21:09 -0900] "GET /index_files/empty.gif HTTP/1.1" 304 - "http://photolab.elmer.uaf.edu/gallery/maps/mapg3350.html" "Mozilla/4.0 (compatible; MSIE 6.0; Windows NT 5.1)"
209.193.58.130 - - [01/Jan/2006:02:21:09 -0900] "GET /index_files/small.jpg HTTP/1.1" 304 - "http://photolab.elmer.uaf.edu/gallery/maps/mapg3350.html" "Mozilla/4.0 (compatible; MSIE 6.0; Windows NT 5.1)"
209.193.58.130 - - [01/Jan/2006:02:21:09 -0900] "GET /index_files/small_002.jpg HTTP/1.1" 304 - "http://photolab.elmer.uaf.edu/gallery/maps/mapg3350.html" "Mozilla/4.0 (compatible; MSIE 6.0; Windows NT 5.1)"
209.193.58.130 - - [01/Jan/2006:02:21:09 -0900] "GET /index_files/small_003.jpg HTTP/1.1" 304 - "http://photolab.elmer.uaf.edu/gallery/maps/mapg3350.html" "Mozilla/4.0 (compatible; MSIE 6.0; Windows NT 5.1)"
209.193.58.130 - - [01/Jan/2006:02:21:09 -0900] "GET /gallery/maps/G3300/small/G3350%201772%20R62.jpg HTTP/1.1" 200 15576 "http://photolab.elmer.uaf.edu/gallery/maps/mapg3350.html" "Mozilla/4.0 (compatible; MSIE 6.0; Windows NT 5.1)"
209.193.58.130 - - [01/Jan/2006:02:21:09 -0900] "GET /gallery/maps/G3300/small/G3350%20%5B1791_%5D%20L3.jpg HTTP/1.1" 200 14145 "http://photolab.elmer.uaf.edu/gallery/maps/mapg3350.html" "Mozilla/4.0 (compatible; MSIE 6.0; Windows NT 5.1)"
209.193.58.130 - - [01/Jan/2006:02:21:09 -0900] "GET /gallery/maps/G3300/small/G3350%20%5B1797%5D%20no.17.jpg HTTP/1.1" 200 13467 "http://photolab.elmer.uaf.edu/gallery/maps/mapg3350.html" "Mozilla/4.0 (compatible; MSIE 6.0; Windows NT 5.1)"
209.193.58.130 - - [01/Jan/2006:02:21:09 -0900] "GET /gallery/maps/G3300/small/G3351%20S12%20%20%5B1793_%5D%20V36.jpg HTTP/1.1" 200 13637 "http://photolab.elmer.uaf.edu/gallery/maps/mapg3350.html" "Mozilla/4.0 (compatible; MSIE 6.0; Windows NT 5.1)"
209.193.58.130 - - [01/Jan/2006:02:21:10 -0900] "GET /gallery/maps/G3300/small/G3350%201798%20R622%20no.16.jpg HTTP/1.1" 200 13965 "http://photolab.elmer.uaf.edu/gallery/maps/mapg3350.html" "Mozilla/4.0 (compatible; MSIE 6.0; Windows NT 5.1)"
209.193.58.130 - - [01/Jan/2006:02:21:10 -0900] "GET /gallery/maps/G3300/small/G3350%20%5B1797%5D%20no.29.jpg HTTP/1.1" 200 13614 "http://photolab.elmer.uaf.edu/gallery/maps/mapg3350.html" "Mozilla/4.0 (compatible; MSIE 6.0; Windows NT 5.1)"
209.193.58.130 - - [01/Jan/2006:02:21:10 -0900] "GET /gallery/maps/G3300/small/G3350%201798%20R622%20no.17.jpg HTTP/1.1" 200 14480 "http://photolab.elmer.uaf.edu/gallery/maps/mapg3350.html" "Mozilla/4.0 (compatible; MSIE 6.0; Windows NT 5.1)"
209.193.58.130 - - [01/Jan/2006:02:21:10 -0900] "GET /gallery/maps/G3300/small/G3350%201798%20R622%20no.29.jpg HTTP/1.1" 200 14203 "http://photolab.elmer.uaf.edu/gallery/maps/mapg3350.html" "Mozilla/4.0 (compatible; MSIE 6.0; Windows NT 5.1)"
209.193.58.130 - - [01/Jan/2006:02:21:10 -0900] "GET /gallery/maps/G3300/small/G3351%20S12%201798%20B34%20front.jpg HTTP/1.1" 200 15123 "http://photolab.elmer.uaf.edu/gallery/maps/mapg3350.html" "Mozilla/4.0 (compatible; MSIE 6.0; Windows NT 5.1)"
209.193.58.130 - - [01/Jan/2006:02:21:10 -0900] "GET /gallery/maps/G3300/small/G3351%20S12%201798%20B34%20verso.jpg HTTP/1.1" 200 14577 "http://photolab.elmer.uaf.edu/gallery/maps/mapg3350.html" "Mozilla/4.0 (compatible; MSIE 6.0; Windows NT 5.1)"
209.193.58.130 - - [01/Jan/2006:02:21:11 -0900] "GET /gallery/maps/G3300/small/G3351%20S12%201798%20B342%20front.jpg HTTP/1.1" 200 15702 "http://photolab.elmer.uaf.edu/gallery/maps/mapg3350.html" "Mozilla/4.0 (compatible; MSIE 6.0; Windows NT 5.1)"
209.193.58.130 - - [01/Jan/2006:02:21:11 -0900] "GET /gallery/maps/G3300/small/G3351%20S12%201798%20B342%20back.jpg HTTP/1.1" 200 14388 "http://photolab.elmer.uaf.edu/gallery/maps/mapg3350.html" "Mozilla/4.0 (compatible; MSIE 6.0; Windows NT 5.1)"
209.193.58.130 - - [01/Jan/2006:02:21:11 -0900] "GET /gallery/maps/G3300/small/G3351%20S12%201798%20B343%20back.jpg HTTP/1.1" 200 15544 "http://photolab.elmer.uaf.edu/gallery/maps/mapg3350.html" "Mozilla/4.0 (compatible; MSIE 6.0; Windows NT 5.1)"
209.193.58.130 - - [01/Jan/2006:02:21:11 -0900] "GET /gallery/maps/G3300/small/G3351%20S12%201798%20B343%20front.jpg HTTP/1.1" 200 15035 "http://photolab.elmer.uaf.edu/gallery/maps/mapg3350.html" "Mozilla/4.0 (compatible; MSIE 6.0; Windows NT 5.1)"
209.193.58.130 - - [01/Jan/2006:02:21:13 -0900] "GET /gallery/maps/G3300/small/G3351%20P5%201893%20U55.jpg HTTP/1.1" 200 12498 "http://photolab.elmer.uaf.edu/gallery/maps/mapg3350.html" "Mozilla/4.0 (compatible; MSIE 6.0; Windows NT 5.1)"
209.193.58.130 - - [01/Jan/2006:02:21:13 -0900] "GET /gallery/maps/G3300/small/G3351%20H2%201897%20L361.jpg HTTP/1.1" 200 16957 "http://photolab.elmer.uaf.edu/gallery/maps/mapg3350.html" "Mozilla/4.0 (compatible; MSIE 6.0; Windows NT 5.1)"
209.193.58.130 - - [01/Jan/2006:02:21:13 -0900] "GET /gallery/maps/G3300/small/G3350%201898%20S4.jpg HTTP/1.1" 200 15150 "http://photolab.elmer.uaf.edu/gallery/maps/mapg3350.html" "Mozilla/4.0 (compatible; MSIE 6.0; Windows NT 5.1)"
209.193.58.130 - - [01/Jan/2006:02:21:13 -0900] "GET /gallery/maps/G3300/small/G3350%20%5B18--%5D%20B44.jpg HTTP/1.1" 200 14072 "http://photolab.elmer.uaf.edu/gallery/maps/mapg3350.html" "Mozilla/4.0 (compatible; MSIE 6.0; Windows NT 5.1)"
209.193.58.130 - - [01/Jan/2006:02:21:14 -0900] "GET /gallery/maps/G3300/small/G3351%20P92%20%5B18--%5D%20section2.jpg HTTP/1.1" 200 16197 "http://photolab.elmer.uaf.edu/gallery/maps/mapg3350.html" "Mozilla/4.0 (compatible; MSIE 6.0; Windows NT 5.1)"
209.193.58.130 - - [01/Jan/2006:02:21:14 -0900] "GET /index_files/bar.gif HTTP/1.1" 304 - "http://photolab.elmer.uaf.edu/gallery/maps/mapg3350.html" "Mozilla/4.0 (compatible; MSIE 6.0; Windows NT 5.1)"
209.193.58.130 - - [01/Jan/2006:02:21:13 -0900] "GET /gallery/maps/G3300/small/G3351%20P92%20%5B18--%5D%20section1.jpg HTTP/1.1" 200 16667 "http://photolab.elmer.uaf.edu/gallery/maps/mapg3350.html" "Mozilla/4.0 (compatible; MSIE 6.0; Windows NT 5.1)"
209.193.58.130 - - [01/Jan/2006:02:21:14 -0900] "GET /gallery/maps/G3300/small/G3351%20P92%20%5B18--%5D%20section3.jpg HTTP/1.1" 200 15175 "http://photolab.elmer.uaf.edu/gallery/maps/mapg3350.html" "Mozilla/4.0 (compatible; MSIE 6.0; Windows NT 5.1)"
209.193.58.130 - - [01/Jan/2006:02:21:14 -0900] "GET /gallery/maps/G3300/small/G3350%20%5B1900%5D%20U5.jpg HTTP/1.1" 200 13706 "http://photolab.elmer.uaf.edu/gallery/maps/mapg3350.html" "Mozilla/4.0 (compatible; MSIE 6.0; Windows NT 5.1)"
209.193.58.130 - - [01/Jan/2006:02:21:14 -0900] "GET /index_files/bluebear.gif HTTP/1.1" 304 - "http://photolab.elmer.uaf.edu/gallery/maps/mapg3350.html" "Mozilla/4.0 (compatible; MSIE 6.0; Windows NT 5.1)"
209.193.58.130 - - [01/Jan/2006:02:21:14 -0900] "GET /index_files/sitemap.gif HTTP/1.1" 304 - "http://photolab.elmer.uaf.edu/gallery/maps/mapg3350.html" "Mozilla/4.0 (compatible; MSIE 6.0; Windows NT 5.1)"
209.193.58.130 - - [01/Jan/2006:02:21:14 -0900] "GET /gallery/maps/G3300/small/G3351%20H2%201900%20M57.jpg HTTP/1.1" 200 15997 "http://photolab.elmer.uaf.edu/gallery/maps/mapg3350.html" "Mozilla/4.0 (compatible; MSIE 6.0; Windows NT 5.1)"
209.193.58.130 - - [01/Jan/2006:02:21:41 -0900] "GET /gallery/maps/G3300/large/G3351%20S12%201798%20B34%20verso.jpg HTTP/1.1" 200 188494 "http://photolab.elmer.uaf.edu/gallery/maps/mapg3350.html" "Mozilla/4.0 (compatible; MSIE 6.0; Windows NT 5.1)"
209.193.58.130 - - [01/Jan/2006:02:22:07 -0900] "GET /gallery/maps/G3300/large/G3351%20H2%201897%20L361.jpg HTTP/1.1" 200 323599 "http://photolab.elmer.uaf.edu/gallery/maps/mapg3350.html" "Mozilla/4.0 (compatible; MSIE 6.0; Windows NT 5.1)"
66.249.71.28 - - [01/Jan/2006:02:25:12 -0900] "GET /gallery/photos/20020164 HTTP/1.0" 301 360 "-" "Googlebot/2.1 (+http://www.google.com/bot.html)"
66.249.71.40 - - [01/Jan/2006:02:25:46 -0900] "GET /gallery/photos/19890166/12/ HTTP/1.0" 200 11799 "-" "Googlebot/2.1 (+http://www.google.com/bot.html)"
81.70.93.233 - - [01/Jan/2006:02:25:49 -0900] "GET /store/photos/largejpegs/(040)1958-1026-01700.jpg HTTP/1.1" 301 382 "http://beusichem.web-log.nl/" "Mozilla/4.0 (compatible; MSIE 6.0; Windows NT 5.1; {12Move}; SV1; .NET CLR 1.1.4322)"
66.249.64.30 - - [01/Jan/2006:02:25:50 -0900] "GET /gallery/photos/19700058/4 HTTP/1.0" 301 362 "-" "Googlebot/2.1 (+http://www.google.com/bot.html)"
