66.249.66.146 - - [16/Nov/2005:03:39:09 -0900] "GET /gallery/photos/19940070/1/pages/1994-0070-00166.html HTTP/1.1" 200 5959 "-" "Mozilla/5.0 (compatible; Googlebot/2.1; +http://www.google.com/bot.html)"
66.249.66.146 - - [16/Nov/2005:03:39:09 -0900] "GET /gallery/photos/19940070/1/pages/1994-0070-00189.html HTTP/1.1" 200 5959 "-" "Mozilla/5.0 (compatible; Googlebot/2.1; +http://www.google.com/bot.html)"
66.249.66.146 - - [16/Nov/2005:03:39:10 -0900] "GET /gallery/photos/19940070/1/pages/1994-0070-00156.html HTTP/1.1" 200 5959 "-" "Mozilla/5.0 (compatible; Googlebot/2.1; +http://www.google.com/bot.html)"
66.249.66.146 - - [16/Nov/2005:03:39:13 -0900] "GET /gallery/photos/19940070/1/pages/1994-0070-00191.html HTTP/1.1" 200 5959 "-" "Mozilla/5.0 (compatible; Googlebot/2.1; +http://www.google.com/bot.html)"
66.249.66.146 - - [16/Nov/2005:03:39:19 -0900] "GET /gallery/photos/19940070/1/pages/1994-0070-00143.html HTTP/1.1" 200 5959 "-" "Mozilla/5.0 (compatible; Googlebot/2.1; +http://www.google.com/bot.html)"
66.249.66.146 - - [16/Nov/2005:03:39:20 -0900] "GET /gallery/photos/19940070/1/pages/1994-0070-00199.html HTTP/1.1" 200 5811 "-" "Mozilla/5.0 (compatible; Googlebot/2.1; +http://www.google.com/bot.html)"
66.249.66.146 - - [16/Nov/2005:03:39:20 -0900] "GET /gallery/photos/19940070/1/pages/1994-0070-00168.html HTTP/1.1" 200 5959 "-" "Mozilla/5.0 (compatible; Googlebot/2.1; +http://www.google.com/bot.html)"
66.249.66.146 - - [16/Nov/2005:03:39:20 -0900] "GET /gallery/photos/19940070/1/pages/1994-0070-00186.html HTTP/1.1" 200 5959 "-" "Mozilla/5.0 (compatible; Googlebot/2.1; +http://www.google.com/bot.html)"
66.249.66.146 - - [16/Nov/2005:03:39:21 -0900] "GET /gallery/photos/19940070/1/pages/1994-0070-00148.html HTTP/1.1" 200 5959 "-" "Mozilla/5.0 (compatible; Googlebot/2.1; +http://www.google.com/bot.html)"
66.249.66.146 - - [16/Nov/2005:03:39:29 -0900] "GET /gallery/photos/19940070/1/pages/1994-0070-00195.html HTTP/1.1" 200 5959 "-" "Mozilla/5.0 (compatible; Googlebot/2.1; +http://www.google.com/bot.html)"
66.249.66.146 - - [16/Nov/2005:03:39:29 -0900] "GET /gallery/photos/19940070/1/pages/1994-0070-00171.html HTTP/1.1" 200 5959 "-" "Mozilla/5.0 (compatible; Googlebot/2.1; +http://www.google.com/bot.html)"
66.249.66.146 - - [16/Nov/2005:03:39:31 -0900] "GET /gallery/photos/19940070/1/pages/1994-0070-00178.html HTTP/1.1" 200 5959 "-" "Mozilla/5.0 (compatible; Googlebot/2.1; +http://www.google.com/bot.html)"
66.249.66.146 - - [16/Nov/2005:03:39:31 -0900] "GET /gallery/photos/19940070/1/pages/1994-0070-00139.html HTTP/1.1" 200 5959 "-" "Mozilla/5.0 (compatible; Googlebot/2.1; +http://www.google.com/bot.html)"
193.180.137.6 - - [16/Nov/2005:03:39:28 -0900] "GET /store/photos/largejpegs/(040)1958-1026-01700.jpg HTTP/1.0" 200 138785 "http://images.google.se/imgres?imgurl=http://photolab.elmer.uaf.edu/store/photos/largejpegs/(040)1958-1026-01700.jpg&imgrefurl=http://photolab.elmer.uaf.edu/store/people.html&h=1000&w=762&sz=136&tbnid=muofWG5zZScJ:&tbnh=149&tbnw=113&hl=sv&prev=/images%3Fq%3Deskimo%26svnum%3D10%26hl%3Dsv%26lr%3D&frame=small" "Mozilla/4.0 (compatible; MSIE 6.0; Windows NT 5.1; SV1; .NET CLR 1.1.4322)"
66.249.66.146 - - [16/Nov/2005:03:39:33 -0900] "GET /gallery/photos/19940070/1/pages/1994-0070-00187.html HTTP/1.1" 200 5959 "-" "Mozilla/5.0 (compatible; Googlebot/2.1; +http://www.google.com/bot.html)"
66.249.66.146 - - [16/Nov/2005:03:39:33 -0900] "GET /gallery/photos/19940070/1/pages/1994-0070-00154.html HTTP/1.1" 200 5959 "-" "Mozilla/5.0 (compatible; Googlebot/2.1; +http://www.google.com/bot.html)"
66.249.66.146 - - [16/Nov/2005:03:39:34 -0900] "GET /gallery/photos/19940070/1/pages/1994-0070-00194.html HTTP/1.1" 200 5959 "-" "Mozilla/5.0 (compatible; Googlebot/2.1; +http://www.google.com/bot.html)"
66.249.66.146 - - [16/Nov/2005:03:39:34 -0900] "GET /gallery/photos/19940070/1/pages/1994-0070-00155.html HTTP/1.1" 200 5959 "-" "Mozilla/5.0 (compatible; Googlebot/2.1; +http://www.google.com/bot.html)"
66.249.66.146 - - [16/Nov/2005:03:39:34 -0900] "GET /gallery/photos/19940070/1/pages/1994-0070-00170.html HTTP/1.1" 200 5959 "-" "Mozilla/5.0 (compatible; Googlebot/2.1; +http://www.google.com/bot.html)"
66.249.66.146 - - [16/Nov/2005:03:39:34 -0900] "GET /gallery/photos/19940070/1/pages/1994-0070-00165.html HTTP/1.1" 200 5959 "-" "Mozilla/5.0 (compatible; Googlebot/2.1; +http://www.google.com/bot.html)"
66.249.66.146 - - [16/Nov/2005:03:39:35 -0900] "GET /gallery/photos/19940070/1/pages/1994-0070-00147.html HTTP/1.1" 200 5959 "-" "Mozilla/5.0 (compatible; Googlebot/2.1; +http://www.google.com/bot.html)"
66.249.66.146 - - [16/Nov/2005:03:39:35 -0900] "GET /gallery/photos/19940070/1/pages/1994-0070-00158.html HTTP/1.1" 200 5959 "-" "Mozilla/5.0 (compatible; Googlebot/2.1; +http://www.google.com/bot.html)"
66.249.66.146 - - [16/Nov/2005:03:39:35 -0900] "GET /gallery/photos/19940070/1/pages/1994-0070-00136.html HTTP/1.1" 200 5959 "-" "Mozilla/5.0 (compatible; Googlebot/2.1; +http://www.google.com/bot.html)"
66.249.66.146 - - [16/Nov/2005:03:39:35 -0900] "GET /gallery/photos/19940070/1/pages/1994-0070-00192.html HTTP/1.1" 200 5959 "-" "Mozilla/5.0 (compatible; Googlebot/2.1; +http://www.google.com/bot.html)"
66.249.66.146 - - [16/Nov/2005:03:39:36 -0900] "GET /gallery/photos/19940070/1/pages/1994-0070-00181.html HTTP/1.1" 200 5959 "-" "Mozilla/5.0 (compatible; Googlebot/2.1; +http://www.google.com/bot.html)"
193.180.137.6 - - [16/Nov/2005:03:39:28 -0900] "GET /store/people.html HTTP/1.0" 200 12793 "http://images.google.se/imgres?imgurl=http://photolab.elmer.uaf.edu/store/photos/largejpegs/(040)1958-1026-01700.jpg&imgrefurl=http://photolab.elmer.uaf.edu/store/people.html&h=1000&w=762&sz=136&tbnid=muofWG5zZScJ:&tbnh=149&tbnw=113&hl=sv&start=3&prev=/images%3Fq%3Deskimo%26svnum%3D10%26hl%3Dsv%26lr%3D" "Mozilla/4.0 (compatible; MSIE 6.0; Windows NT 5.1; SV1; .NET CLR 1.1.4322)"
66.249.66.146 - - [16/Nov/2005:03:39:36 -0900] "GET /gallery/photos/19940070/1/pages/1994-0070-00173.html HTTP/1.1" 200 5959 "-" "Mozilla/5.0 (compatible; Googlebot/2.1; +http://www.google.com/bot.html)"
66.249.66.146 - - [16/Nov/2005:03:39:36 -0900] "GET /gallery/photos/19940070/1/pages/1994-0070-00137.html HTTP/1.1" 200 5959 "-" "Mozilla/5.0 (compatible; Googlebot/2.1; +http://www.google.com/bot.html)"
66.249.66.146 - - [16/Nov/2005:03:39:54 -0900] "GET /gallery/photos/19940070/1/pages/1994-0070-00169.html HTTP/1.1" 200 5959 "-" "Mozilla/5.0 (compatible; Googlebot/2.1; +http://www.google.com/bot.html)"
66.249.66.146 - - [16/Nov/2005:03:39:54 -0900] "GET /gallery/photos/19940070/1/pages/1994-0070-00162.html HTTP/1.1" 200 5959 "-" "Mozilla/5.0 (compatible; Googlebot/2.1; +http://www.google.com/bot.html)"
66.249.66.146 - - [16/Nov/2005:03:40:11 -0900] "GET /gallery/photos/19940070/1/pages/1994-0070-00141.html HTTP/1.1" 200 5959 "-" "Mozilla/5.0 (compatible; Googlebot/2.1; +http://www.google.com/bot.html)"
193.180.137.6 - - [16/Nov/2005:03:40:12 -0900] "GET /store/people.html HTTP/1.0" 200 12793 "http://images.google.se/imgres?imgurl=http://photolab.elmer.uaf.edu/store/photos/largejpegs/(040)1958-1026-01700.jpg&imgrefurl=http://photolab.elmer.uaf.edu/store/people.html&h=1000&w=762&sz=136&tbnid=muofWG5zZScJ:&tbnh=149&tbnw=113&hl=sv&start=3&prev=/images%3Fq%3Deskimo%26svnum%3D10%26hl%3Dsv%26lr%3D" "Mozilla/4.0 (compatible; MSIE 6.0; Windows NT 5.1; SV1; .NET CLR 1.1.4322)"
193.180.137.6 - - [16/Nov/2005:03:40:12 -0900] "GET /index_files/store.css HTTP/1.0" 200 2756 "http://photolab.elmer.uaf.edu/store/people.html" "Mozilla/4.0 (compatible; MSIE 6.0; Windows NT 5.1; SV1; .NET CLR 1.1.4322)"
193.180.137.6 - - [16/Nov/2005:03:40:12 -0900] "GET /index_files/titlebrown.jpg HTTP/1.0" 200 5451 "http://photolab.elmer.uaf.edu/store/people.html" "Mozilla/4.0 (compatible; MSIE 6.0; Windows NT 5.1; SV1; .NET CLR 1.1.4322)"
193.180.137.6 - - [16/Nov/2005:03:40:12 -0900] "GET /index_files/menubar.gif HTTP/1.0" 200 2913 "http://photolab.elmer.uaf.edu/store/people.html" "Mozilla/4.0 (compatible; MSIE 6.0; Windows NT 5.1; SV1; .NET CLR 1.1.4322)"
193.180.137.6 - - [16/Nov/2005:03:40:12 -0900] "GET /index_files/aprbrown.jpg HTTP/1.0" 200 5509 "http://photolab.elmer.uaf.edu/store/people.html" "Mozilla/4.0 (compatible; MSIE 6.0; Windows NT 5.1; SV1; .NET CLR 1.1.4322)"
193.180.137.6 - - [16/Nov/2005:03:40:13 -0900] "GET /index_files/storetitle.gif HTTP/1.0" 200 14535 "http://photolab.elmer.uaf.edu/store/people.html" "Mozilla/4.0 (compatible; MSIE 6.0; Windows NT 5.1; SV1; .NET CLR 1.1.4322)"
66.249.66.146 - - [16/Nov/2005:03:40:13 -0900] "GET /gallery/photos/19940070/1/pages/1994-0070-00196.html HTTP/1.1" 200 5959 "-" "Mozilla/5.0 (compatible; Googlebot/2.1; +http://www.google.com/bot.html)"
193.180.137.6 - - [16/Nov/2005:03:40:13 -0900] "GET /store/photos/smalljpegs/(009)1975-0146-00003.jpg HTTP/1.0" 200 35453 "http://photolab.elmer.uaf.edu/store/people.html" "Mozilla/4.0 (compatible; MSIE 6.0; Windows NT 5.1; SV1; .NET CLR 1.1.4322)"
193.180.137.6 - - [16/Nov/2005:03:40:13 -0900] "GET /store/photos/smalljpegs/(012)1989-0166-00375.jpg HTTP/1.0" 200 41883 "http://photolab.elmer.uaf.edu/store/people.html" "Mozilla/4.0 (compatible; MSIE 6.0; Windows NT 5.1; SV1; .NET CLR 1.1.4322)"
193.180.137.6 - - [16/Nov/2005:03:40:13 -0900] "GET /store/photos/smalljpegs/(024)1972-0116-00334.jpg HTTP/1.0" 200 29908 "http://photolab.elmer.uaf.edu/store/people.html" "Mozilla/4.0 (compatible; MSIE 6.0; Windows NT 5.1; SV1; .NET CLR 1.1.4322)"
193.180.137.6 - - [16/Nov/2005:03:40:14 -0900] "GET /store/photos/smalljpegs/(026)1997-0165-00010.jpg HTTP/1.0" 200 26695 "http://photolab.elmer.uaf.edu/store/people.html" "Mozilla/4.0 (compatible; MSIE 6.0; Windows NT 5.1; SV1; .NET CLR 1.1.4322)"
193.180.137.6 - - [16/Nov/2005:03:40:14 -0900] "GET /store/photos/smalljpegs/(073)2000-0176-00106a.jpg HTTP/1.0" 200 39020 "http://photolab.elmer.uaf.edu/store/people.html" "Mozilla/4.0 (compatible; MSIE 6.0; Windows NT 5.1; SV1; .NET CLR 1.1.4322)"
193.180.137.6 - - [16/Nov/2005:03:40:16 -0900] "GET /store/photos/smalljpegs/(074)1968-0012-00009.jpg HTTP/1.0" 200 36819 "http://photolab.elmer.uaf.edu/store/people.html" "Mozilla/4.0 (compatible; MSIE 6.0; Windows NT 5.1; SV1; .NET CLR 1.1.4322)"
66.249.66.146 - - [16/Nov/2005:03:40:17 -0900] "GET /gallery/photos/19940070/1/pages/1994-0070-00183.html HTTP/1.1" 200 5959 "-" "Mozilla/5.0 (compatible; Googlebot/2.1; +http://www.google.com/bot.html)"
193.180.137.6 - - [16/Nov/2005:03:40:16 -0900] "GET /store/photos/smalljpegs/(097)0065-020.jpg HTTP/1.0" 200 34010 "http://photolab.elmer.uaf.edu/store/people.html" "Mozilla/4.0 (compatible; MSIE 6.0; Windows NT 5.1; SV1; .NET CLR 1.1.4322)"
193.180.137.6 - - [16/Nov/2005:03:40:17 -0900] "GET /index_files/new01.gif HTTP/1.0" 200 1016 "http://photolab.elmer.uaf.edu/store/people.html" "Mozilla/4.0 (compatible; MSIE 6.0; Windows NT 5.1; SV1; .NET CLR 1.1.4322)"
66.249.66.146 - - [16/Nov/2005:03:40:17 -0900] "GET /gallery/photos/19940070/1/pages/1994-0070-00150.html HTTP/1.1" 200 5959 "-" "Mozilla/5.0 (compatible; Googlebot/2.1; +http://www.google.com/bot.html)"
193.180.137.6 - - [16/Nov/2005:03:40:17 -0900] "GET /store/photos/smalljpegs/(139)1958-1026-02130.jpg HTTP/1.0" 200 37323 "http://photolab.elmer.uaf.edu/store/people.html" "Mozilla/4.0 (compatible; MSIE 6.0; Windows NT 5.1; SV1; .NET CLR 1.1.4322)"
66.249.66.146 - - [16/Nov/2005:03:40:18 -0900] "GET /gallery/photos/19940070/1/pages/1994-0070-00176.html HTTP/1.1" 200 5959 "-" "Mozilla/5.0 (compatible; Googlebot/2.1; +http://www.google.com/bot.html)"
193.180.137.6 - - [16/Nov/2005:03:40:18 -0900] "GET /store/photos/smalljpegs/(141)1972-0071-00099.jpg HTTP/1.0" 200 38687 "http://photolab.elmer.uaf.edu/store/people.html" "Mozilla/4.0 (compatible; MSIE 6.0; Windows NT 5.1; SV1; .NET CLR 1.1.4322)"
193.180.137.6 - - [16/Nov/2005:03:40:19 -0900] "GET /store/photos/smalljpegs/(145)1972-0071-02415.jpg HTTP/1.0" 200 25683 "http://photolab.elmer.uaf.edu/store/people.html" "Mozilla/4.0 (compatible; MSIE 6.0; Windows NT 5.1; SV1; .NET CLR 1.1.4322)"
193.180.137.6 - - [16/Nov/2005:03:40:19 -0900] "GET /store/photos/smalljpegs/(150)1972-0071-00102.jpg HTTP/1.0" 200 31506 "http://photolab.elmer.uaf.edu/store/people.html" "Mozilla/4.0 (compatible; MSIE 6.0; Windows NT 5.1; SV1; .NET CLR 1.1.4322)"
193.180.137.6 - - [16/Nov/2005:03:40:20 -0900] "GET /index_files/bluebear.gif HTTP/1.0" 200 1263 "http://photolab.elmer.uaf.edu/store/people.html" "Mozilla/4.0 (compatible; MSIE 6.0; Windows NT 5.1; SV1; .NET CLR 1.1.4322)"
193.180.137.6 - - [16/Nov/2005:03:40:21 -0900] "GET /index_files/sitemap.gif HTTP/1.0" 200 1503 "http://photolab.elmer.uaf.edu/store/people.html" "Mozilla/4.0 (compatible; MSIE 6.0; Windows NT 5.1; SV1; .NET CLR 1.1.4322)"
193.180.137.6 - - [16/Nov/2005:03:40:20 -0900] "GET /store/photos/smalljpegs/(163)1997-0165-00061.jpg HTTP/1.0" 200 32729 "http://photolab.elmer.uaf.edu/store/people.html" "Mozilla/4.0 (compatible; MSIE 6.0; Windows NT 5.1; SV1; .NET CLR 1.1.4322)"
193.180.137.6 - - [16/Nov/2005:03:40:25 -0900] "GET /store/photos/largejpegs/(141)1972-0071-00099.jpg HTTP/1.0" 200 151367 "http://photolab.elmer.uaf.edu/store/people.html" "Mozilla/4.0 (compatible; MSIE 6.0; Windows NT 5.1; SV1; .NET CLR 1.1.4322)"
66.249.66.146 - - [16/Nov/2005:03:40:34 -0900] "GET /gallery/photos/19940070/1/pages/1994-0070-00160.html HTTP/1.1" 200 5959 "-" "Mozilla/5.0 (compatible; Googlebot/2.1; +http://www.google.com/bot.html)"
66.249.66.146 - - [16/Nov/2005:03:40:35 -0900] "GET /gallery/photos/19940070/1/pages/1994-0070-00175.html HTTP/1.1" 200 5959 "-" "Mozilla/5.0 (compatible; Googlebot/2.1; +http://www.google.com/bot.html)"
66.249.66.146 - - [16/Nov/2005:03:40:35 -0900] "GET /gallery/photos/19940070/1/pages/1994-0070-00177.html HTTP/1.1" 200 5959 "-" "Mozilla/5.0 (compatible; Googlebot/2.1; +http://www.google.com/bot.html)"
66.249.66.146 - - [16/Nov/2005:03:40:36 -0900] "GET /gallery/photos/19940070/1/pages/1994-0070-00185.html HTTP/1.1" 200 5959 "-" "Mozilla/5.0 (compatible; Googlebot/2.1; +http://www.google.com/bot.html)"
66.249.66.146 - - [16/Nov/2005:03:40:36 -0900] "GET /gallery/photos/19940070/1/pages/1994-0070-00190.html HTTP/1.1" 200 5959 "-" "Mozilla/5.0 (compatible; Googlebot/2.1; +http://www.google.com/bot.html)"
66.249.66.146 - - [16/Nov/2005:03:40:37 -0900] "GET /gallery/photos/19940070/1/pages/1994-0070-00142.html HTTP/1.1" 200 5959 "-" "Mozilla/5.0 (compatible; Googlebot/2.1; +http://www.google.com/bot.html)"
66.249.66.146 - - [16/Nov/2005:03:40:37 -0900] "GET /gallery/photos/19940070/1/pages/1994-0070-00152.html HTTP/1.1" 200 5959 "-" "Mozilla/5.0 (compatible; Googlebot/2.1; +http://www.google.com/bot.html)"
66.249.66.146 - - [16/Nov/2005:03:40:38 -0900] "GET /gallery/photos/19940070/1/pages/1994-0070-00149.html HTTP/1.1" 200 5959 "-" "Mozilla/5.0 (compatible; Googlebot/2.1; +http://www.google.com/bot.html)"
66.249.66.146 - - [16/Nov/2005:03:40:38 -0900] "GET /gallery/photos/19940070/1/pages/1994-0070-00157.html HTTP/1.1" 200 5959 "-" "Mozilla/5.0 (compatible; Googlebot/2.1; +http://www.google.com/bot.html)"
66.249.66.146 - - [16/Nov/2005:03:40:38 -0900] "GET /gallery/photos/19940070/1/pages/1994-0070-00159.html HTTP/1.1" 200 5959 "-" "Mozilla/5.0 (compatible; Googlebot/2.1; +http://www.google.com/bot.html)"
66.249.66.146 - - [16/Nov/2005:03:40:39 -0900] "GET /gallery/photos/19940070/1/pages/1994-0070-00138.html HTTP/1.1" 200 5959 "-" "Mozilla/5.0 (compatible; Googlebot/2.1; +http://www.google.com/bot.html)"
66.249.66.146 - - [16/Nov/2005:03:40:39 -0900] "GET /gallery/photos/19940070/1/pages/1994-0070-00198.html HTTP/1.1" 200 5959 "-" "Mozilla/5.0 (compatible; Googlebot/2.1; +http://www.google.com/bot.html)"
66.249.66.146 - - [16/Nov/2005:03:40:40 -0900] "GET /gallery/photos/19940070/1/pages/1994-0070-00179.html HTTP/1.1" 200 5959 "-" "Mozilla/5.0 (compatible; Googlebot/2.1; +http://www.google.com/bot.html)"
193.180.137.6 - - [16/Nov/2005:03:40:35 -0900] "GET /store/photos/largejpegs/(074)1968-0012-00009.jpg HTTP/1.0" 200 163566 "http://photolab.elmer.uaf.edu/store/people.html" "Mozilla/4.0 (compatible; MSIE 6.0; Windows NT 5.1; SV1; .NET CLR 1.1.4322)"
66.249.66.146 - - [16/Nov/2005:03:40:40 -0900] "GET /gallery/photos/19940070/1/pages/1994-0070-00144.html HTTP/1.1" 200 5959 "-" "Mozilla/5.0 (compatible; Googlebot/2.1; +http://www.google.com/bot.html)"
66.249.66.146 - - [16/Nov/2005:03:40:41 -0900] "GET /gallery/photos/19940070/1/pages/1994-0070-00146.html HTTP/1.1" 200 5959 "-" "Mozilla/5.0 (compatible; Googlebot/2.1; +http://www.google.com/bot.html)"
66.249.66.146 - - [16/Nov/2005:03:40:41 -0900] "GET /gallery/photos/19940070/1/pages/1994-0070-00174.html HTTP/1.1" 200 5959 "-" "Mozilla/5.0 (compatible; Googlebot/2.1; +http://www.google.com/bot.html)"
66.249.66.146 - - [16/Nov/2005:03:40:42 -0900] "GET /gallery/photos/19940070/1/pages/1994-0070-00167.html HTTP/1.1" 200 5959 "-" "Mozilla/5.0 (compatible; Googlebot/2.1; +http://www.google.com/bot.html)"
66.249.66.146 - - [16/Nov/2005:03:40:42 -0900] "GET /gallery/photos/19940070/1/pages/1994-0070-00184.html HTTP/1.1" 200 5959 "-" "Mozilla/5.0 (compatible; Googlebot/2.1; +http://www.google.com/bot.html)"
66.249.66.146 - - [16/Nov/2005:03:40:42 -0900] "GET /gallery/photos/19940070/0/pages/1994-0070-00031.html HTTP/1.1" 200 6003 "-" "Mozilla/5.0 (compatible; Googlebot/2.1; +http://www.google.com/bot.html)"
66.249.66.146 - - [16/Nov/2005:03:40:43 -0900] "GET /gallery/photos/19940070/0/pages/1994-0070-00034.html HTTP/1.1" 200 6003 "-" "Mozilla/5.0 (compatible; Googlebot/2.1; +http://www.google.com/bot.html)"
66.249.66.146 - - [16/Nov/2005:03:40:59 -0900] "GET /gallery/photos/19940070/0/pages/1994-0070-00032.html HTTP/1.1" 200 6003 "-" "Mozilla/5.0 (compatible; Googlebot/2.1; +http://www.google.com/bot.html)"
66.249.66.146 - - [16/Nov/2005:03:40:59 -0900] "GET /gallery/photos/19940070/0/pages/1994-0070-00027.html HTTP/1.1" 200 6003 "-" "Mozilla/5.0 (compatible; Googlebot/2.1; +http://www.google.com/bot.html)"
66.249.66.146 - - [16/Nov/2005:03:40:59 -0900] "GET /gallery/photos/19940070/0/pages/1994-0070-00026.html HTTP/1.1" 200 6003 "-" "Mozilla/5.0 (compatible; Googlebot/2.1; +http://www.google.com/bot.html)"
66.249.66.146 - - [16/Nov/2005:03:41:00 -0900] "GET /gallery/photos/19940070/0/pages/1994-0070-00036.html HTTP/1.1" 200 6003 "-" "Mozilla/5.0 (compatible; Googlebot/2.1; +http://www.google.com/bot.html)"
66.249.66.146 - - [16/Nov/2005:03:41:01 -0900] "GET /gallery/photos/19940070/0/pages/1994-0070-00029.html HTTP/1.1" 200 6003 "-" "Mozilla/5.0 (compatible; Googlebot/2.1; +http://www.google.com/bot.html)"
66.249.66.146 - - [16/Nov/2005:03:41:02 -0900] "GET /gallery/photos/19940070/0/pages/1994-0070-00030.html HTTP/1.1" 200 6003 "-" "Mozilla/5.0 (compatible; Googlebot/2.1; +http://www.google.com/bot.html)"
66.249.66.146 - - [16/Nov/2005:03:41:02 -0900] "GET /gallery/photos/19940070/0/pages/1994-0070-00033.html HTTP/1.1" 200 6003 "-" "Mozilla/5.0 (compatible; Googlebot/2.1; +http://www.google.com/bot.html)"
66.249.66.146 - - [16/Nov/2005:03:41:02 -0900] "GET /gallery/photos/19940070/0/pages/1994-0070-00025.html HTTP/1.1" 200 6003 "-" "Mozilla/5.0 (compatible; Googlebot/2.1; +http://www.google.com/bot.html)"
66.249.66.146 - - [16/Nov/2005:03:41:03 -0900] "GET /gallery/photos/19940070/0/pages/1994-0070-00028.html HTTP/1.1" 200 6003 "-" "Mozilla/5.0 (compatible; Googlebot/2.1; +http://www.google.com/bot.html)"
66.249.66.146 - - [16/Nov/2005:03:41:03 -0900] "GET /gallery/photos/19940070/0/pages/1994-0070-00035.html HTTP/1.1" 200 6003 "-" "Mozilla/5.0 (compatible; Googlebot/2.1; +http://www.google.com/bot.html)"
66.249.66.146 - - [16/Nov/2005:03:41:03 -0900] "GET /gallery/photos/19940070/0/pages/1994-0070-00079.html HTTP/1.1" 200 6003 "-" "Mozilla/5.0 (compatible; Googlebot/2.1; +http://www.google.com/bot.html)"
66.249.66.146 - - [16/Nov/2005:03:41:04 -0900] "GET /gallery/photos/19940070/0/pages/1994-0070-00090.html HTTP/1.1" 200 6003 "-" "Mozilla/5.0 (compatible; Googlebot/2.1; +http://www.google.com/bot.html)"
66.249.66.146 - - [16/Nov/2005:03:41:04 -0900] "GET /gallery/photos/19940070/0/pages/1994-0070-00046.html HTTP/1.1" 200 6003 "-" "Mozilla/5.0 (compatible; Googlebot/2.1; +http://www.google.com/bot.html)"
66.249.66.146 - - [16/Nov/2005:03:41:04 -0900] "GET /gallery/photos/19940070/0/pages/1994-0070-00051.html HTTP/1.1" 200 6003 "-" "Mozilla/5.0 (compatible; Googlebot/2.1; +http://www.google.com/bot.html)"
66.249.66.146 - - [16/Nov/2005:03:41:04 -0900] "GET /gallery/photos/19940070/0/pages/1994-0070-00049.html HTTP/1.1" 200 6003 "-" "Mozilla/5.0 (compatible; Googlebot/2.1; +http://www.google.com/bot.html)"
66.249.66.146 - - [16/Nov/2005:03:41:05 -0900] "GET /gallery/photos/19940070/0/pages/1994-0070-00055.html HTTP/1.1" 200 6003 "-" "Mozilla/5.0 (compatible; Googlebot/2.1; +http://www.google.com/bot.html)"
66.249.66.146 - - [16/Nov/2005:03:41:05 -0900] "GET /gallery/photos/19940070/0/pages/1994-0070-00074.html HTTP/1.1" 200 6003 "-" "Mozilla/5.0 (compatible; Googlebot/2.1; +http://www.google.com/bot.html)"
66.249.66.146 - - [16/Nov/2005:03:41:05 -0900] "GET /gallery/photos/19940070/0/pages/1994-0070-00088.html HTTP/1.1" 200 6003 "-" "Mozilla/5.0 (compatible; Googlebot/2.1; +http://www.google.com/bot.html)"
66.249.66.146 - - [16/Nov/2005:03:41:05 -0900] "GET /gallery/photos/19940070/0/pages/1994-0070-00097A.html HTTP/1.1" 200 6007 "-" "Mozilla/5.0 (compatible; Googlebot/2.1; +http://www.google.com/bot.html)"
66.249.66.146 - - [16/Nov/2005:03:41:06 -0900] "GET /gallery/photos/19940070/0/pages/1994-0070-00063.html HTTP/1.1" 200 6003 "-" "Mozilla/5.0 (compatible; Googlebot/2.1; +http://www.google.com/bot.html)"
66.249.66.146 - - [16/Nov/2005:03:41:06 -0900] "GET /gallery/photos/19940070/0/pages/1994-0070-00050.html HTTP/1.1" 200 6003 "-" "Mozilla/5.0 (compatible; Googlebot/2.1; +http://www.google.com/bot.html)"
66.249.66.146 - - [16/Nov/2005:03:41:07 -0900] "GET /gallery/photos/19940070/0/pages/1994-0070-00048.html HTTP/1.1" 200 6003 "-" "Mozilla/5.0 (compatible; Googlebot/2.1; +http://www.google.com/bot.html)"
66.249.66.146 - - [16/Nov/2005:03:41:07 -0900] "GET /gallery/photos/19940070/0/pages/1994-0070-00099.html HTTP/1.1" 200 5855 "-" "Mozilla/5.0 (compatible; Googlebot/2.1; +http://www.google.com/bot.html)"
66.249.66.146 - - [16/Nov/2005:03:41:07 -0900] "GET /gallery/photos/19940070/0/pages/1994-0070-00083A.html HTTP/1.1" 200 6007 "-" "Mozilla/5.0 (compatible; Googlebot/2.1; +http://www.google.com/bot.html)"
66.249.66.146 - - [16/Nov/2005:03:41:07 -0900] "GET /gallery/photos/19940070/0/pages/1994-0070-00056.html HTTP/1.1" 200 6003 "-" "Mozilla/5.0 (compatible; Googlebot/2.1; +http://www.google.com/bot.html)"
66.249.66.146 - - [16/Nov/2005:03:41:08 -0900] "GET /gallery/photos/19940070/0/pages/1994-0070-00057.html HTTP/1.1" 200 6003 "-" "Mozilla/5.0 (compatible; Googlebot/2.1; +http://www.goog