194.206.177.76 - - [16/Nov/2005:00:45:43 -0900] "GET /store/maps.html HTTP/1.0" 200 23493 "http://photolab.elmer.uaf.edu/store/index.html" "Mozilla/5.0 (Windows; U; Windows NT 5.1; fr-FR; rv:1.7.5) Gecko/20041108 Firefox/1.0"
194.206.177.76 - - [16/Nov/2005:00:45:44 -0900] "GET /store/maps/small%20jpegs/(001)%20G3300%20%5B1780%5D%20C66.jpg HTTP/1.0" 200 38510 "http://photolab.elmer.uaf.edu/store/maps.html" "Mozilla/5.0 (Windows; U; Windows NT 5.1; fr-FR; rv:1.7.5) Gecko/20041108 Firefox/1.0"
194.206.177.76 - - [16/Nov/2005:00:45:44 -0900] "GET /store/maps/small%20jpegs/(003)%20G7290%20%5B1584_%5D%20O71.jpg HTTP/1.0" 200 53075 "http://photolab.elmer.uaf.edu/store/maps.html" "Mozilla/5.0 (Windows; U; Windows NT 5.1; fr-FR; rv:1.7.5) Gecko/20041108 Firefox/1.0"
66.249.66.146 - - [16/Nov/2005:00:45:46 -0900] "GET /gallery/photos/20040145/3/pages/2004-0145-00339.htm HTTP/1.1" 200 1890 "-" "Mozilla/5.0 (compatible; Googlebot/2.1; +http://www.google.com/bot.html)"
194.206.177.76 - - [16/Nov/2005:00:45:46 -0900] "GET /store/maps/small%20jpegs/(004)%20G3350%201898%20S4.jpg HTTP/1.0" 200 38584 "http://photolab.elmer.uaf.edu/store/maps.html" "Mozilla/5.0 (Windows; U; Windows NT 5.1; fr-FR; rv:1.7.5) Gecko/20041108 Firefox/1.0"
194.206.177.76 - - [16/Nov/2005:00:45:46 -0900] "GET /store/maps/small%20jpegs/(005)%20G3210%20%5B1740_%5D%20T57.jpg HTTP/1.0" 200 46978 "http://photolab.elmer.uaf.edu/store/maps.html" "Mozilla/5.0 (Windows; U; Windows NT 5.1; fr-FR; rv:1.7.5) Gecko/20041108 Firefox/1.0"
66.249.66.146 - - [16/Nov/2005:00:45:48 -0900] "GET /gallery/photos/20020015/3/pages/2002-0015-00346m.html HTTP/1.1" 200 1770 "-" "Mozilla/5.0 (compatible; Googlebot/2.1; +http://www.google.com/bot.html)"
194.206.177.76 - - [16/Nov/2005:00:45:47 -0900] "GET /store/maps/small%20jpegs/(006)%20G4371%20S1%20%5B1593_%5D%20D4.jpg HTTP/1.0" 200 44069 "http://photolab.elmer.uaf.edu/store/maps.html" "Mozilla/5.0 (Windows; U; Windows NT 5.1; fr-FR; rv:1.7.5) Gecko/20041108 Firefox/1.0"
194.206.177.76 - - [16/Nov/2005:00:45:49 -0900] "GET /store/maps/small%20jpegs/(007)%20G7820%201626%20S67.jpg HTTP/1.0" 200 55977 "http://photolab.elmer.uaf.edu/store/maps.html" "Mozilla/5.0 (Windows; U; Windows NT 5.1; fr-FR; rv:1.7.5) Gecko/20041108 Firefox/1.0"
194.206.177.76 - - [16/Nov/2005:00:45:49 -0900] "GET /store/maps/small%20jpegs/(008)%20G3205%20%5B1757%5Da.jpg HTTP/1.0" 200 60171 "http://photolab.elmer.uaf.edu/store/maps.html" "Mozilla/5.0 (Windows; U; Windows NT 5.1; fr-FR; rv:1.7.5) Gecko/20041108 Firefox/1.0"
194.206.177.76 - - [16/Nov/2005:00:45:51 -0900] "GET /store/maps/small%20jpegs/(009)%20G3200%20%5B1652_%5D%20V571.jpg HTTP/1.0" 200 49730 "http://photolab.elmer.uaf.edu/store/maps.html" "Mozilla/5.0 (Windows; U; Windows NT 5.1; fr-FR; rv:1.7.5) Gecko/20041108 Firefox/1.0"
194.206.177.76 - - [16/Nov/2005:00:45:52 -0900] "GET /store/maps/small%20jpegs/(010)%20G3200%20%5B1700%5D.jpg HTTP/1.0" 200 54365 "http://photolab.elmer.uaf.edu/store/maps.html" "Mozilla/5.0 (Windows; U; Windows NT 5.1; fr-FR; rv:1.7.5) Gecko/20041108 Firefox/1.0"
194.206.177.76 - - [16/Nov/2005:00:45:53 -0900] "GET /store/maps/small%20jpegs/(011)%20G3270%201634%20M4.jpg HTTP/1.0" 200 41516 "http://photolab.elmer.uaf.edu/store/maps.html" "Mozilla/5.0 (Windows; U; Windows NT 5.1; fr-FR; rv:1.7.5) Gecko/20041108 Firefox/1.0"
194.206.177.76 - - [16/Nov/2005:00:45:54 -0900] "GET /store/maps/small%20jpegs/(012)%20G3270%20%5B1662%5D%20B551.jpg HTTP/1.0" 200 53279 "http://photolab.elmer.uaf.edu/store/maps.html" "Mozilla/5.0 (Windows; U; Windows NT 5.1; fr-FR; rv:1.7.5) Gecko/20041108 Firefox/1.0"
194.206.177.76 - - [16/Nov/2005:00:45:55 -0900] "GET /store/maps/small%20jpegs/(013)%20G3270%20%5B1862_%5D%20F81.jpg HTTP/1.0" 200 40915 "http://photolab.elmer.uaf.edu/store/maps.html" "Mozilla/5.0 (Windows; U; Windows NT 5.1; fr-FR; rv:1.7.5) Gecko/20041108 Firefox/1.0"
194.206.177.76 - - [16/Nov/2005:00:45:57 -0900] "GET /store/maps/small%20jpegs/(015)%20G3290%20%5B1851%5D%20R36.jpg HTTP/1.0" 200 48097 "http://photolab.elmer.uaf.edu/store/maps.html" "Mozilla/5.0 (Windows; U; Windows NT 5.1; fr-FR; rv:1.7.5) Gecko/20041108 Firefox/1.0"
194.206.177.76 - - [16/Nov/2005:00:45:57 -0900] "GET /store/maps/small%20jpegs/(014)%20G3271%20S12%20%5B1601%5D%20B79.jpg HTTP/1.0" 200 58505 "http://photolab.elmer.uaf.edu/store/maps.html" "Mozilla/5.0 (Windows; U; Windows NT 5.1; fr-FR; rv:1.7.5) Gecko/20041108 Firefox/1.0"
66.249.66.146 - - [16/Nov/2005:00:45:59 -0900] "GET /gallery/photos/20010129/1/pages/2001-0129-00138.html HTTP/1.1" 200 1762 "-" "Mozilla/5.0 (compatible; Googlebot/2.1; +http://www.google.com/bot.html)"
194.206.177.76 - - [16/Nov/2005:00:45:59 -0900] "GET /store/maps/small%20jpegs/(018)%20G3290%20%5B1790_%5D%20B741.jpg HTTP/1.0" 200 40462 "http://photolab.elmer.uaf.edu/store/maps.html" "Mozilla/5.0 (Windows; U; Windows NT 5.1; fr-FR; rv:1.7.5) Gecko/20041108 Firefox/1.0"
194.206.177.76 - - [16/Nov/2005:00:45:59 -0900] "GET /store/maps/small%20jpegs/(016)%20G3300%20%5B1740_%5D.jpg HTTP/1.0" 200 51852 "http://photolab.elmer.uaf.edu/store/maps.html" "Mozilla/5.0 (Windows; U; Windows NT 5.1; fr-FR; rv:1.7.5) Gecko/20041108 Firefox/1.0"
194.206.177.76 - - [16/Nov/2005:00:46:01 -0900] "GET /store/maps/small%20jpegs/(020)%20G9236%20S12%201798%20C3.jpg HTTP/1.0" 200 34547 "http://photolab.elmer.uaf.edu/store/maps.html" "Mozilla/5.0 (Windows; U; Windows NT 5.1; fr-FR; rv:1.7.5) Gecko/20041108 Firefox/1.0"
194.206.177.76 - - [16/Nov/2005:00:46:01 -0900] "GET /store/maps/small%20jpegs/(019)%20G3270%201882%20P461.jpg HTTP/1.0" 200 54889 "http://photolab.elmer.uaf.edu/store/maps.html" "Mozilla/5.0 (Windows; U; Windows NT 5.1; fr-FR; rv:1.7.5) Gecko/20041108 Firefox/1.0"
194.206.177.76 - - [16/Nov/2005:00:46:03 -0900] "GET /store/maps/small%20jpegs/(022)%20G3270%20%5B1613_%5D.jpg HTTP/1.0" 200 37666 "http://photolab.elmer.uaf.edu/store/maps.html" "Mozilla/5.0 (Windows; U; Windows NT 5.1; fr-FR; rv:1.7.5) Gecko/20041108 Firefox/1.0"
194.206.177.76 - - [16/Nov/2005:00:46:03 -0900] "GET /store/maps/small%20jpegs/(021)%20G3210%201816%20B93.jpg HTTP/1.0" 200 44396 "http://photolab.elmer.uaf.edu/store/maps.html" "Mozilla/5.0 (Windows; U; Windows NT 5.1; fr-FR; rv:1.7.5) Gecko/20041108 Firefox/1.0"
194.206.177.76 - - [16/Nov/2005:00:46:05 -0900] "GET /store/maps/small%20jpegs/(023)%20G3200%20%5B1562_%5D%20V34.jpg HTTP/1.0" 200 45829 "http://photolab.elmer.uaf.edu/store/maps.html" "Mozilla/5.0 (Windows; U; Windows NT 5.1; fr-FR; rv:1.7.5) Gecko/20041108 Firefox/1.0"
194.206.177.76 - - [16/Nov/2005:00:46:05 -0900] "GET /store/maps/small%20jpegs/(024)%20G3351%20H2%201897%20L361.jpg HTTP/1.0" 200 46968 "http://photolab.elmer.uaf.edu/store/maps.html" "Mozilla/5.0 (Windows; U; Windows NT 5.1; fr-FR; rv:1.7.5) Gecko/20041108 Firefox/1.0"
66.249.66.146 - - [16/Nov/2005:00:46:05 -0900] "GET /gallery/photos/19680069/26/index_5.html HTTP/1.1" 200 7253 "-" "Mozilla/5.0 (compatible; Googlebot/2.1; +http://www.google.com/bot.html)"
66.249.66.146 - - [16/Nov/2005:00:46:11 -0900] "GET /gallery/photos/19890199/1/index_5.html HTTP/1.1" 200 7223 "-" "Mozilla/5.0 (compatible; Googlebot/2.1; +http://www.google.com/bot.html)"
66.249.66.146 - - [16/Nov/2005:00:46:12 -0900] "GET /gallery/photos/19940096/5/pages/1994-0096-00577.html HTTP/1.1" 200 1903 "-" "Mozilla/5.0 (compatible; Googlebot/2.1; +http://www.google.com/bot.html)"
66.249.66.146 - - [16/Nov/2005:00:46:13 -0900] "GET /gallery/photos/20030129/1/pages/1999-0293-00157.html HTTP/1.1" 200 1768 "-" "Mozilla/5.0 (compatible; Googlebot/2.1; +http://www.google.com/bot.html)"
66.249.66.146 - - [16/Nov/2005:00:46:22 -0900] "GET /gallery/photos/19900080/0/index_5.html HTTP/1.1" 200 7224 "-" "Mozilla/5.0 (compatible; Googlebot/2.1; +http://www.google.com/bot.html)"
66.249.66.146 - - [16/Nov/2005:00:46:24 -0900] "GET /gallery/photos/19950244/02/index_5.html HTTP/1.1" 200 7230 "-" "Mozilla/5.0 (compatible; Googlebot/2.1; +http://www.google.com/bot.html)"
66.249.66.146 - - [16/Nov/2005:00:46:45 -0900] "GET /gallery/photos/19950244/02/pages/1995-0244-00240.html HTTP/1.1" 200 1888 "-" "Mozilla/5.0 (compatible; Googlebot/2.1; +http://www.google.com/bot.html)"
194.206.177.76 - - [16/Nov/2005:00:46:25 -0900] "GET /store/maps/large%20jpegs/(008)%20G3205%20%5B1757%5Da.jpg HTTP/1.0" 200 511587 "http://photolab.elmer.uaf.edu/store/maps.html" "Mozilla/5.0 (Windows; U; Windows NT 5.1; fr-FR; rv:1.7.5) Gecko/20041108 Firefox/1.0"
66.249.66.146 - - [16/Nov/2005:00:46:50 -0900] "GET /gallery/photos/19940096/2/pages/1994-0096-00248.html HTTP/1.1" 200 1903 "-" "Mozilla/5.0 (compatible; Googlebot/2.1; +http://www.google.com/bot.html)"
66.249.66.146 - - [16/Nov/2005:00:46:55 -0900] "GET /gallery/photos/19950244/04/pages/1995-0244-00440.html HTTP/1.1" 200 1888 "-" "Mozilla/5.0 (compatible; Googlebot/2.1; +http://www.google.com/bot.html)"
66.249.66.146 - - [16/Nov/2005:00:46:57 -0900] "GET /gallery/photos/20030024/2/pages/2003-0024-00247.html HTTP/1.1" 200 1760 "-" "Mozilla/5.0 (compatible; Googlebot/2.1; +http://www.google.com/bot.html)"
66.249.66.146 - - [16/Nov/2005:00:47:08 -0900] "GET /gallery/photos/20040145/1/pages/2004-0145-00153.htm HTTP/1.1" 200 1890 "-" "Mozilla/5.0 (compatible; Googlebot/2.1; +http://www.google.com/bot.html)"
66.249.66.146 - - [16/Nov/2005:00:47:19 -0900] "GET /gallery/photos/20040145/3/pages/2004-0145-00341.htm HTTP/1.1" 200 1890 "-" "Mozilla/5.0 (compatible; Googlebot/2.1; +http://www.google.com/bot.html)"
66.249.66.146 - - [16/Nov/2005:00:47:24 -0900] "GET /gallery/photos/19950244/05/pages/1995-0244-00541.html HTTP/1.1" 200 1889 "-" "Mozilla/5.0 (compatible; Googlebot/2.1; +http://www.google.com/bot.html)"
66.249.66.146 - - [16/Nov/2005:00:47:25 -0900] "GET /gallery/photos/19890199/1/pages/1989-0199-00143.html HTTP/1.1" 200 1878 "-" "Mozilla/5.0 (compatible; Googlebot/2.1; +http://www.google.com/bot.html)"
66.249.66.146 - - [16/Nov/2005:00:47:28 -0900] "GET /gallery/photos/20020015/5/pages/2002-0015-00542m.html HTTP/1.1" 200 1770 "-" "Mozilla/5.0 (compatible; Googlebot/2.1; +http://www.google.com/bot.html)"
66.249.66.146 - - [16/Nov/2005:00:47:31 -0900] "GET /gallery/photos/20030040/1/pages/2003-0040-00143.html HTTP/1.1" 200 1758 "-" "Mozilla/5.0 (compatible; Googlebot/2.1; +http://www.google.com/bot.html)"
210.84.19.157 - - [16/Nov/2005:00:47:42 -0900] "GET /store/people.html HTTP/1.1" 200 12793 "http://images.google.com/imgres?imgurl=http://photolab.elmer.uaf.edu/store/photos/largejpegs/(040)1958-1026-01700.jpg&imgrefurl=http://photolab.elmer.uaf.edu/store/people.html&h=1000&w=762&sz=136&tbnid=muofWG5zZScJ:&tbnh=149&tbnw=113&hl=en&start=3&prev=/images%3Fq%3Deskimo%26svnum%3D10%26hl%3Den%26lr%3D%26client%3Dfirefox-a%26rls%3Dorg.mozilla:en-US:official%26sa%3DN" "Mozilla/5.0 (Windows; U; Windows NT 5.1; en-US; rv:1.7.12) Gecko/20050915 Firefox/1.0.7"
66.249.66.146 - - [16/Nov/2005:00:47:46 -0900] "GET /gallery/photos/20040145/5/pages/2004-0145-00543.htm HTTP/1.1" 200 1890 "-" "Mozilla/5.0 (compatible; Googlebot/2.1; +http://www.google.com/bot.html)"
66.249.66.146 - - [16/Nov/2005:00:47:52 -0900] "GET /gallery/photos/19660054/00/pages/1966-0054-00043.html HTTP/1.1" 200 1760 "-" "Mozilla/5.0 (compatible; Googlebot/2.1; +http://www.google.com/bot.html)"
66.249.66.146 - - [16/Nov/2005:00:47:53 -0900] "GET /gallery/photos/20040145/1/pages/2004-0145-00156.htm HTTP/1.1" 200 1890 "-" "Mozilla/5.0 (compatible; Googlebot/2.1; +http://www.google.com/bot.html)"
210.84.19.157 - - [16/Nov/2005:00:47:43 -0900] "GET /store/photos/largejpegs/(040)1958-1026-01700.jpg HTTP/1.1" 200 138785 "http://images.google.com/imgres?imgurl=http://photolab.elmer.uaf.edu/store/photos/largejpegs/(040)1958-1026-01700.jpg&imgrefurl=http://photolab.elmer.uaf.edu/store/people.html&h=1000&w=762&sz=136&tbnid=muofWG5zZScJ:&tbnh=149&tbnw=113&hl=en&prev=/images%3Fq%3Deskimo%26svnum%3D10%26hl%3Den%26lr%3D%26client%3Dfirefox-a%26rls%3Dorg.mozilla:en-US:official%26sa%3DN&frame=small" "Mozilla/5.0 (Windows; U; Windows NT 5.1; en-US; rv:1.7.12) Gecko/20050915 Firefox/1.0.7"
131.165.112.225 - - [16/Nov/2005:00:48:19 -0900] "GET /index_files/store.css HTTP/1.0" 200 2756 "http://photolab.elmer.uaf.edu/store/people.html" "Mozilla/4.0 (compatible; MSIE 6.0; Windows NT 5.2; .NET CLR 1.1.4322)"
131.165.112.225 - - [16/Nov/2005:00:48:19 -0900] "GET /index_files/titlebrown.jpg HTTP/1.0" 200 5451 "http://photolab.elmer.uaf.edu/store/people.html" "Mozilla/4.0 (compatible; MSIE 6.0; Windows NT 5.2; .NET CLR 1.1.4322)"
131.165.112.225 - - [16/Nov/2005:00:48:18 -0900] "GET /store/people.html HTTP/1.0" 200 12793 "http://images.google.dk/imgres?imgurl=http://photolab.elmer.uaf.edu/store/photos/largejpegs/(040)1958-1026-01700.jpg&imgrefurl=http://photolab.elmer.uaf.edu/store/people.html&h=1000&w=762&sz=136&tbnid=muofWG5zZScJ:&tbnh=149&tbnw=113&hl=da&start=3&prev=/images%3Fq%3Deskimo%26svnum%3D10%26hl%3Dda%26lr%3D%26sa%3DG" "Mozilla/4.0 (compatible; MSIE 6.0; Windows NT 5.2; .NET CLR 1.1.4322)"
66.249.66.146 - - [16/Nov/2005:00:48:21 -0900] "GET /gallery/photos/19950244/04/pages/1995-0244-00443.html HTTP/1.1" 200 1888 "-" "Mozilla/5.0 (compatible; Googlebot/2.1; +http://www.google.com/bot.html)"
131.165.112.225 - - [16/Nov/2005:00:48:20 -0900] "GET /store/photos/largejpegs/(040)1958-1026-01700.jpg HTTP/1.0" 200 138785 "http://images.google.dk/imgres?imgurl=http://photolab.elmer.uaf.edu/store/photos/largejpegs/(040)1958-1026-01700.jpg&imgrefurl=http://photolab.elmer.uaf.edu/store/people.html&h=1000&w=762&sz=136&tbnid=muofWG5zZScJ:&tbnh=149&tbnw=113&hl=da&prev=/images%3Fq%3Deskimo%26svnum%3D10%26hl%3Dda%26lr%3D%26sa%3DG&frame=small" "Mozilla/4.0 (compatible; MSIE 6.0; Windows NT 5.2; .NET CLR 1.1.4322)"
66.249.66.146 - - [16/Nov/2005:00:48:42 -0900] "GET /gallery/photos/20030040/1/pages/2003-0040-00144.html HTTP/1.1" 200 1758 "-" "Mozilla/5.0 (compatible; Googlebot/2.1; +http://www.google.com/bot.html)"
66.249.66.146 - - [16/Nov/2005:00:48:43 -0900] "GET /gallery/photos/20040145/6/pages/2004-0145-00658.htm HTTP/1.1" 200 1890 "-" "Mozilla/5.0 (compatible; Googlebot/2.1; +http://www.google.com/bot.html)"
66.249.66.146 - - [16/Nov/2005:00:49:09 -0900] "GET /gallery/photos/19630071/pages/1963-0071-00054.html HTTP/1.1" 200 1882 "-" "Mozilla/5.0 (compatible; Googlebot/2.1; +http://www.google.com/bot.html)"
66.249.66.146 - - [16/Nov/2005:00:49:14 -0900] "GET /gallery/photos/20020164/pages/2002-0164-00047.html HTTP/1.1" 200 1759 "-" "Mozilla/5.0 (compatible; Googlebot/2.1; +http://www.google.com/bot.html)"
66.249.66.146 - - [16/Nov/2005:00:49:16 -0900] "GET /gallery/photos/19890207/0/pages/1989-0207-00048.html HTTP/1.1" 200 1878 "-" "Mozilla/5.0 (compatible; Googlebot/2.1; +http://www.google.com/bot.html)"
66.249.66.146 - - [16/Nov/2005:00:49:17 -0900] "GET /gallery/photos/20040084/1157-1288/pages/2004-0084-01233.html HTTP/1.1" 200 1900 "-" "Mozilla/5.0 (compatible; Googlebot/2.1; +http://www.google.com/bot.html)"
66.249.66.146 - - [16/Nov/2005:00:49:31 -0900] "GET /gallery/photos/19660054/02/pages/1966-0054-00245.html HTTP/1.1" 200 1760 "-" "Mozilla/5.0 (compatible; Googlebot/2.1; +http://www.google.com/bot.html)"
66.249.66.146 - - [16/Nov/2005:00:49:31 -0900] "GET /gallery/photos/19900080/0/pages/1990-0080-00047.html HTTP/1.1" 200 1878 "-" "Mozilla/5.0 (compatible; Googlebot/2.1; +http://www.google.com/bot.html)"
66.249.66.146 - - [16/Nov/2005:00:49:33 -0900] "GET /gallery/photos/19581026/17/pages/1958-1026-01746.html HTTP/1.1" 200 2092 "-" "Mozilla/5.0 (compatible; Googlebot/2.1; +http://www.google.com/bot.html)"
194.206.177.76 - - [16/Nov/2005:00:49:37 -0900] "GET /store/maps/large%20jpegs/mapg3400_data/008%2520G3205%25201757a.jpg HTTP/1.0" 404 356 "http://photolab.elmer.uaf.edu/store/maps/large%20jpegs/(008)%20G3205%20%5B1757%5Da.jpg" "Mozilla/5.0 (Windows; U; Windows NT 5.1; fr-FR; rv:1.7.5) Gecko/20041108 Firefox/1.0"
66.249.66.146 - - [16/Nov/2005:00:49:38 -0900] "GET /gallery/photos/19680069/25/pages/1968-0069-02574.html HTTP/1.1" 200 1769 "-" "Mozilla/5.0 (compatible; Googlebot/2.1; +http://www.google.com/bot.html)"
210.84.19.157 - - [16/Nov/2005:00:50:55 -0900] "GET /store/people.html HTTP/1.1" 200 12793 "http://images.google.com/imgres?imgurl=http://photolab.elmer.uaf.edu/store/photos/largejpegs/(040)1958-1026-01700.jpg&imgrefurl=http://photolab.elmer.uaf.edu/store/people.html&h=1000&w=762&sz=136&tbnid=muofWG5zZScJ:&tbnh=149&tbnw=113&hl=en&start=3&prev=/images%3Fq%3Deskimo%26svnum%3D10%26hl%3Den%26lr%3D%26client%3Dfirefox-a%26rls%3Dorg.mozilla:en-US:official%26sa%3DN" "Mozilla/5.0 (Windows; U; Windows NT 5.1; en-US; rv:1.7.12) Gecko/20050915 Firefox/1.0.7"
66.249.66.146 - - [16/Nov/2005:00:51:03 -0900] "GET /gallery/photos/19950244/05/pages/1995-0244-00546.html HTTP/1.1" 200 1889 "-" "Mozilla/5.0 (compatible; Googlebot/2.1; +http://www.google.com/bot.html)"
66.249.66.146 - - [16/Nov/2005:00:51:04 -0900] "GET /gallery/photos/20010129/1/pages/2001-0129-00146.html HTTP/1.1" 200 1762 "-" "Mozilla/5.0 (compatible; Googlebot/2.1; +http://www.google.com/bot.html)"
66.249.66.146 - - [16/Nov/2005:00:51:11 -0900] "GET /gallery/photos/19750209/pages/1975-0209-00051.html HTTP/1.1" 200 1877 "-" "Mozilla/5.0 (compatible; Googlebot/2.1; +http://www.google.com/bot.html)"
66.249.66.146 - - [16/Nov/2005:00:51:44 -0900] "GET /gallery/photos/20040086/0/pages/2004-0086-00062.htm HTTP/1.1" 200 1879 "-" "Mozilla/5.0 (compatible; Googlebot/2.1; +http://www.google.com/bot.html)"
66.249.66.146 - - [16/Nov/2005:00:51:45 -0900] "GET /gallery/photos/19910046/06/pages/1991-0046-00636.html HTTP/1.1" 200 1760 "-" "Mozilla/5.0 (compatible; Googlebot/2.1; +http://www.google.com/bot.html)"
66.249.66.146 - - [16/Nov/2005:00:51:46 -0900] "GET /gallery/photos/20040145/3/pages/2004-0145-00348.htm HTTP/1.1" 200 1890 "-" "Mozilla/5.0 (compatible; Googlebot/2.1; +http://www.google.com/bot.html)"
66.249.66.146 - - [16/Nov/2005:00:51:49 -0900] "GET /gallery/photos/19660054/00/pages/1966-0054-00048.html HTTP/1.1" 200 1760 "-" "Mozilla/5.0 (compatible; Googlebot/2.1; +http://www.google.com/bot.html)"
194.206.177.76 - - [16/Nov/2005:00:51:37 -0900] "GET /store/maps/large%20jpegs/(006)%20G4371%20S1%20%5B1593_%5D%20D4.jpg HTTP/1.0" 200 318733 "http://photolab.elmer.uaf.edu/store/maps.html" "Mozilla/5.0 (Windows; U; Windows NT 5.1; fr-FR; rv:1.7.5) Gecko/20041108 Firefox/1.0"
66.249.66.146 - - [16/Nov/2005:00:51:54 -0900] "GET /gallery/photos/19950244/02/pages/1995-0244-00248.html HTTP/1.1" 200 1888 "-" "Mozilla/5.0 (compatible; Googlebot/2.1; +http://www.google.com/bot.html)"
66.249.66.146 - - [16/Nov/2005:00:51:54 -0900] "GET /gallery/photos/19581026/17/pages/1958-1026-01747.html HTTP/1.1" 200 2092 "-" "Mozilla/5.0 (compatible; Googlebot/2.1; +http://www.google.com/bot.html)"
66.249.66.146 - - [16/Nov/2005:00:51:58 -0900] "GET /gallery/photos/20030109/1/pages/2003-0109-00148.html HTTP/1.1" 200 1756 "-" "Mozilla/5.0 (compatible; Googlebot/2.1; +http://www.google.com/bot.html)"
195.61.102.21 - - [16/Nov/2005:00:52:06 -0900] "GET /store/people.html HTTP/1.0" 200 12793 "http://images.google.de/imgres?imgurl=http://photolab.elmer.uaf.edu/store/photos/largejpegs/(040)1958-1026-01700.jpg&imgrefurl=http://photolab.elmer.uaf.edu/store/people.html&h=1000&w=762&sz=136&tbnid=muofWG5zZScJ:&tbnh=149&tbnw=113&hl=de&start=3&prev=/images%3Fq%3Deskimo%26svnum%3D100%26hl%3Dde%26lr%3D%26newwindow%3D1" "Mozilla/4.0 (compatible; MSIE 6.0; Windows NT 5.0)"
195.61.102.21 - - [16/Nov/2005:00:52:07 -0900] "GET /index_files/aprbrown.jpg HTTP/1.0" 200 5509 "http://photolab.elmer.uaf.edu/store/people.html" "Mozilla/4.0 (compatible; MSIE 6.0; Windows NT 5.0)"
195.61.102.21 - - [16/Nov/2005:00:52:07 -0900] "GET /index_files/ahs.ico HTTP/1.0" 200 1406 "http://photolab.elmer.uaf.edu/store/people.html" "Mozilla/4.0 (compatible; MSIE 6.0; Windows NT 5.0)"
195.61.102.21 - - [16/Nov/2005:00:52:07 -0900] "GET /index_files/menubar.gif HTTP/1.0" 200 2913 "http://photolab.elmer.uaf.edu/store/people.html" "Mozilla/4.0 (compatible; MSIE 6.0; Windows NT 5.0)"
195.61.102.21 - - [16/Nov/2005:00:52:07 -0900] "GET /index_files/store.css HTTP/1.0" 200 2756 "http://photolab.elmer.uaf.edu/store/people.html" "Mozilla/4.0 (compatible; MSIE 6.0; Windows NT 5.0)"
195.61.102.21 - - [16/Nov/2005:00:52:07 -0900] "GET /index_files/storetitle.gif HTTP/1.0" 200 14535 "http://photolab.elmer.uaf.edu/store/people.html" "Mozilla/4.0 (compatible; MSIE 6.0; Windows NT 5.0)"
195.61.102.21 - - [16/Nov/2005:00:52:07 -0900] "GET /store/photos/smalljpegs/(024)1972-0116-00334.jpg HTTP/1.0" 200 29908 "http://photolab.elmer.uaf.edu/store/people.html" "Mozilla/4.0 (compatible; MSIE 6.0; Windows NT 5.0)"
195.61.102.21 - - [16/Nov/2005:00:52:07 -0900] "GET /store/photos/smalljpegs/(009)1975-0146-00003.jpg HTTP/1.0" 200 35453 "http://photolab.elmer.uaf.edu/store/people.html" "Mozilla/4.0 (compatible; MSIE 6.0; Windows NT 5.0)"
195.61.102.21 - - [16/Nov/2005:00:52:07 -0900] "GET /store/photos/smalljpegs/(012)1989-0166-00375.jpg HTTP/1.0" 200 41883 "http://photolab.elmer.uaf.edu/store/people.html" "Mozilla/4.0 (compatible; MSIE 6.0; Windows NT 5.0)"
195.61.102.21 - - [16/Nov/2005:00:52:07 -0900] "GET /store/photos/smalljpegs/(026)1997-0165-00010.jpg HTTP/1.0" 200 26695 "http://photolab.elmer.uaf.edu/store/people.html" "Mozilla/4.0 (compatible; MSIE 6.0; Windows NT 5.0)"
195.61.102.21 - - [16/Nov/2005:00:52:08 -0900] "GET /index_files/sitemap.gif HTTP/1.0" 200 1503 "http://photolab.elmer.uaf.edu/store/people.html" "Mozilla/4.0 (compatible; MSIE 6.0; Windows NT 5.0)"
195.61.102.21 - - [16/Nov/2005:00:52:07 -0900] "GET /index_files/new01.gif HTTP/1.0" 200 1016 "http://photolab.elmer.uaf.edu/store/people.html" "Mozilla/4.0 (compatible; MSIE 6.0; Windows NT 5.0)"
195.61.102.21 - - [16/Nov/2005:00:52:08 -0900] "GET /store/photos/smalljpegs/(145)1972-0071-02415.jpg HTTP/1.0" 200 25683 "http://photolab.elmer.uaf.edu/store/people.html" "Mozilla/4.0 (compatible; MSIE 6.0; Windows NT 5.0)"
195.61.102.21 - - [16/Nov/2005:00:52:08 -0900] "GET /store/photos/smalljpegs/(073)2000-0176-00106a.jpg HTTP/1.0" 200 39020 "http://photolab.elmer.uaf.edu/store/people.html" "Mozilla/4.0 (compatible; MSIE 6.0; Windows NT 5.0)"
195.61.102.21 - - [16/Nov/2005:00:52:07 -0900] "GET /store/photos/smalljpegs/(074)1968-0012-00009.jpg HTTP/1.0" 200 36819 "http://photolab.elmer.uaf.edu/store/people.html" "Mozilla/4.0 (compatible; MSIE 6.0; Windows NT 5.0)"
195.61.102.21 - - [16/Nov/2005:00:52:08 -0900] "GET /store/photos/smalljpegs/(150)1972-0071-00102.jpg HTTP/1.0" 200 31506 "http://photolab.elmer.uaf.edu/store/people.html" "Mozilla/4.0 (compatible; MSIE 6.0; Windows NT 5.0)"
195.61.102.21 - - [16/Nov/2005:00:52:08 -0900] "GET /store/photos/smalljpegs/(097)0065-020.jpg HTTP/1.0" 200 34010 "http://photolab.elmer.uaf.edu/store/people.html" "Mozilla/4.0 (compatible; MSIE 6.0; Windows NT 5.0)"
195.61.102.21 - - [16/Nov/2005:00:52:08 -0900] "GET /index_files/bluebear.gif HTTP/1.0" 200 1263 "http://photolab.elmer.uaf.edu/store/people.html" "Mozilla/4.0 (compatible; MSIE 6.0; Windows NT 5.0)"
195.61.102.21 - - [16/Nov/2005:00:52:08 -0900] "GET /store/photos/smalljpegs/(163)1997-0165-00061.jpg HTTP/1.0" 200 32729 "http://photolab.elmer.uaf.edu/store/people.html" "Mozilla/4.0 (compatible; MSIE 6.0; Windows NT 5.0)"
195.61.102.21 - - [16/Nov/2005:00:52:08 -0900] "GET /store/photos/smalljpegs/(139)1958-1026-02130.jpg HTTP/1.0" 200 37323 "http://photolab.elmer.uaf.edu/store/people.html" "Mozilla/4.0 (compatible; MSIE 6.0; Windows NT 5.0)"
195.61.102.21 - - [16/Nov/2005:00:52:08 -0900] "GET /store/photos/smalljpegs/(141)1972-0071-00099.jpg HTTP/1.0" 200 38687 "http://photolab.elmer.uaf.edu/store/people.html" "Mozilla/4.0 (compatible; MSIE 6.0; Windows NT 5.0)"
66.249.66.146 - - [16/Nov/2005:00:52:17 -0900] "GET /gallery/photos/19990293/0/pages/1999-0293-00049.html HTTP/1.1" 200 1768 "-" "Mozilla/5.0 (compatible; Googlebot/2.1; +http://www.google.com/bot.html)"
66.249.66.146 - - [16/Nov/2005:00:52:20 -0900] "GET /gallery/photos/19950244/13/pages/1995-0244-01348.html HTTP/1.1" 200 1888 "-" "Mozilla/5.0 (compatible; Googlebot/2.1; +http://www.google.com/bot.html)"
195.61.102.21 - - [16/Nov/2005:00:52:08 -0900] "GET /store/photos/largejpegs/(040)1958-1026-01700.jpg HTTP/1.0" 200 138785 "http://images.google.de/imgres?imgurl=http://photolab.elmer.uaf.edu/store/photos/largejpegs/(040)1958-1026-01700.jpg&imgrefurl=http://photolab.elmer.uaf.edu/store/people.html&h=1000&w=762&sz=136&tbnid=muofWG5zZScJ:&tbnh=149&tbnw=113&hl=de&prev=/images%3Fq%3Deskimo%26svnum%3D100%26hl%3Dde%26lr%3D%26newwindow%3D1&frame=small" "Mozilla/4.0 (compatible; MSIE 6.0; Windows NT 5.0)"
66.249.66.146 - - [16/Nov/2005:00:52:23 -0900] "GET /gallery/photos/19700058/4/pages/1970-0058-00448.html HTTP/1.1" 200 1759 "-" "Mozilla/5.0 (compatible; Googlebot/2.1; +http://www.google.com/bot.html)"
66.249.66.146 - - [16/Nov/2005:00:52:24 -0900] "GET /gallery/photos/20030024/2/index_5.html HTTP/1.1" 200 7244 "-" "Mozilla/5.0 (compatible; Googlebot/2.1; +http://www.google.com/bot.html)"
66.249.66.146 - - [16/Nov/2005:00:52:29 -0900] "GET /gallery/photos/19700058/3/pages/1970-0058-00349B.html HTTP/1.1" 200 1766 "-" "Mozilla/5.0 (compatible; Googlebot/2.1; +http://www.google.com/bot.html)"
66.249.66.146 - - [16/Nov/2005:00:52:29 -0900] "GET /gallery/photos/19750209/pages/1975-0209-00053.html HTTP/1.1" 200 1877 "-" "Mozilla/5.0 (compatible; Googlebot/2.1; +http://www.google.com/bot.html)"
66.249.66.146 - - [16/Nov/2005:00:52:30 -0900] "GET /gallery/photos/19750209/pages/1975-0209-00055.html HTTP/1.1" 200 1877 "-" "Mozilla/5.0 (compatible; Googlebot/2.1; +http://www.google.com/bot.html)"
66.249.66.146 - - [16/Nov/2005:00:52:35 -0900] "GET /gallery/photos/20030120/0/pages/2003-0120-00039.html HTTP/1.1" 200 1871 "-" "Mozilla/5.0 (compatible; Googlebot/2.1; +http://www.google.com/bot.html)"
66.249.66.146 - - [16/Nov/2005:00:52:56 -0900] "GET /gallery/photos/19950244/12/pages/1995-0244-01252.html HTTP/1.1" 200 1888 "-" "Mozilla/5.0 (compatible; Googlebot/2.1; +http://www.google.com/bot.html)"
66.249.66.146 - - [16/Nov/2005:00:52:56 -0900] "GET /gallery/photos/19950190/pages/1995-0190-00050.html HTTP/1.1" 200 1877 "-" "Mozilla/5.0 (compatible; Googlebot/2.1; +http://www.google.com/bot.html)"
66.249.66.146 - - [16/Nov/2005:00:52:58 -0900] "GET /gallery/photos/19940096/2/pages/1994-0096-00249.html HTTP/1.1" 200 1903 "-" "Mozilla/5.0 (compatible; Googlebot/2.1; +http://www.google.com/bot.html)"
66.249.66.146 - - [16/Nov/2005:00:52:59 -0900] "GET /gallery/photos/19940096/4/pages/1994-0096-00456.html HTTP/1.1" 200 1903 "-" "Mozilla/5.0 (compatible; Googlebot/2.1; +http://www.google.com/bot.html)"
66.249.66.146 - - [16/Nov/2005:00:52:59 -0900] "GET /gallery/photos/20030120/0/pages/2003-0120-00040.html HTTP/1.1" 200 1871 "-" "Mozilla/5.0 (compatible; Googlebot/2.1; +http://www.google.com/bot.html)"
66.249.66.146 - - [16/Nov/2005:00:53:00 -0900] "GET /gallery/photos/19950244/12/pages/1995-0244-01251.html HTTP/1.1" 200 1888 "-" "Mozilla/5.0 (compatible; Googlebot/2.1; +http://www.google.com/bot.html)"
66.249.66.146 - - [16/Nov/2005:00:53:00 -0900] "GET /gallery/photos/19700058/5/pages/1970-0058-00550.html HTTP/1.1" 200 1759 "-" "Mozilla/5.0 (compatible; Googlebot/2.1; +http://www.google.com/bot.html)"
66.249.66.146 - - [16/Nov/2005:00:53:01 -0900] "GET /gallery/photos/19880041/1/pages/1988-0041-00143.htm HTTP/1.1" 200 1879 "-" "Mozilla/5.0 (compatible; Googlebot/2.1; +http://www.google.com/bot.html)"
66.249.66.146 - - [16/Nov/2005:00:53:08 -0900] "GET /gallery/photos/20020087/2/pages/2002-0087-00241.html HTTP/1.1" 200 1767 "-" "Mozilla/5.0 (compatible; Googlebot/2.1; +http://www.google.com/bot.html)"
66.249.66.146 - - [16/Nov/2005:00:53:09 -0900] "GET /gallery/photos/20040026/pages/2004-0026-00044.html HTTP/1.1" 200 1862 "-" "Mozilla/5.0 (compatible; Googlebot/2.1; +http://www.google.com/bot.html)"
66.249.66.146 - - [16/Nov/2005:00:53:10 -0900] "GET /gallery/photos/19900043/08/pages/1990-0043-00852A.html HTTP/1.1" 200 1771 "-" "Mozilla/5.0 (compatible; Googlebot/2.1; +http://www.google.com/bot.html)"
66.249.66.146 - - [16/Nov/2005:00:53:12 -0900] "GET /gallery/photos/19700058/5/pages/1970-0058-00555.html HTTP/1.1" 200 1759 "-" "Mozilla/5.0 (compatible; Googlebot/2.1; +http://www.google.com/bot.html)"
66.249.66.146 - - [16/Nov/2005:00:53:18 -0900] "GET /gallery/photos/19940096/4/pages/1994-0096-00461.html HTTP/1.1" 200 1903 "-" "Mozilla/5.0 (compatible; Googlebot/2.1; +http://www.google.com/bot.html)"
66.249.66.146 - - [16/Nov/2005:00:53:19 -0900] "GET /gallery/photos/19940096/4/pages/1994-0096-00460.html HTTP/1.1" 200 1903 "-" "Mozilla/5.0 (compatible; Googlebot/2.1; +http://www.google.com/bot.html)"
66.249.66.146 - - [16/Nov/2005:00:53:22 -0900] "GET /gallery/photos/20040153/1/?C=S;O=D HTTP/1.1" 200 7279 "-" "Mozilla/5.0 (compatible; Googlebot/2.1; +http://www.google.com/bot.html)"
66.249.66.146 - - [16/Nov/2005:00:53:29 -0900] "GET /gallery/photos/19940096/4/pages/1994-0096-00466.html HTTP/1.1" 200 1903 "-" "Mozilla/5.0 (compatible; Googlebot/2.1; +http://www.google.com/bot.html)"
66.249.66.146 - - [16/Nov/2005:00:53:31 -0900] "GET /gallery/photos/19950244/12/pages/1995-0244-01258.html HTTP/1.1" 200 1888 "-" "Mozilla/5.0 (compatible; Googlebot/2.1; +http://www.google.com/bot.html)"
66.249.66.146 - - [16/Nov/2005:00:53:31 -0900] "GET /gallery/photos/19900080/ HTTP/1.1" 200 731 "-" "Mozilla/5.0 (compatible; Googlebot/2.1; +http://www.google.com/bot.html)"
66.249.66.146 - - [16/Nov/2005:00:53:33 -0900] "GET /gallery/photos/19581026/ HTTP/1.1" 200 1392 "-" "Mozilla/5.0 (compatible; Googlebot/2.1; +http://www.google.com/bot.html)"
66.249.66.146 - - [16/Nov/2005:00:53:34 -0900] "GET /gallery/photos/19890166/08/index_5.html HTTP/1.1" 200 11954 "-" "Mozilla/5.0 (compatible; Googlebot/2.1; +http://www.google.com/bot.html)"
66.249.66.146 - - [16/Nov/2005:00:53:36 -0900] "GET /gallery/photos/20030024/0/index.html HTTP/1.1" 200 7098 "-" "Mozilla/5.0 (compatible; Googlebot/2.1; +http://www.google.com/bot.html)"
66.249.66.146 - - [16/Nov/2005:00:53:36 -0900] "GET /gallery/photos/19640042/4/index.htm HTTP/1.1" 200 7052 "-" "Mozilla/5.0 (compatible; Googlebot/2.1; +http://www.google.com/bot.html)"
66.249.66.146 - - [16/Nov/2005:00:53:38 -0900] "GET /gallery/photos/19910046/04/pages/1991-0046-00459.html HTTP/1.1" 200 1760 "-" "Mozilla/5.0 (compatible; Googlebot/2.1; +http://www.google.com/bot.html)"
66.249.66.146 - - [16/Nov/2005:00:53:55 -0900] "GET /gallery/photos/19950244/07/index.html HTTP/1.1" 200 7079 "-" "Mozilla/5.0 (compatible; Googlebot/2.1; +http://www.google.com/bot.html)"
66.249.66.146 - - [16/Nov/2005:00:53:59 -0900] "GET /gallery/photos/19640042/0/index.htm HTTP/1.1" 200 7054 "-" "Mozilla/5.0 (compatible; Googlebot/2.1; +http://www.google.com/bot.html)"
66.249.66.146 - - [16/Nov/2005:00:53:59 -0900] "GET /gallery/photos/20010164/pages/2001-0164-00031.html HTTP/1.1" 200 1769 "-" "Mozilla/5.0 (compatible; Googlebot/2.1; +http://www.google.com/bot.html)"
66.249.66.146 - - [16/Nov/2005:00:54:00 -0900] "GET /gallery/photos/20010164/pages/2001-0164-00032.html HTTP/1.1" 200 1769 "-" "Mozilla/5.0 (compatible; Googlebot/2.1; +http://www.google.com/bot.html)"
66.249.66.146 - - [16/Nov/2005:00:54:02 -0900] "GET /gallery/photos/20030183/pages/2003-0183-00029.html HTTP/1.1" 200 1871 "-" "Mozilla/5.0 (compatible; Googlebot/2.1; +http://www.google.com/bot.html)"
66.249.66.146 - - [16/Nov/2005:00:54:03 -0900] "GET /gallery/photos/20030137/pages/2003-0137-00031.html HTTP/1.1" 200 1770 "-" "Mozilla/5.0 (compatible; Googlebot/2.1; +http://www.google.com/bot.html)"
66.249.66.146 - - [16/Nov/2005:00:54:03 -0900] "GET /gallery/photos/20030137/pages/2003-0137-00029.html HTTP/1.1" 200 1770 "-" "Mozilla/5.0 (compatible; Googlebot/2.1; +http://www.google.com/bot.html)"
66.249.66.146 - - [16/Nov/2005:00:54:03 -0900] "GET /gallery/photos/19690092/1/pages/1969-0092-00170.html HTTP/1.1" 200 1765 "-" "Mozilla/5.0 (compatible; Googlebot/2.1; +http://www.google.com/bot.html)"
66.249.66.146 - - [16/Nov/2005:00:54:04 -0900] "GET /gallery/photos/19950190/pages/1995-0190-00053.html HTTP/1.1" 200 1877 "-" "Mozilla/5.0 (compatible; Googlebot/2.1; +http://www.google.com/bot.html)"
66.249.66.146 - - [16/Nov/2005:00:54:47 -0900] "GET /gallery/photos/19880041/1/pages/1988-0041-00149.htm HTTP/1.1" 200 1879 "-" "Mozilla/5.0 (compatible; Googlebot/2.1; +http://www.google.com/bot.html)"
66.249.66.146 - - [16/Nov/2005:00:54:48 -0900] "GET /gallery/photos/19950244/09/pages/1995-0244-00949.html HTTP/1.1" 200 1889 "-" "Mozilla/5.0 (compatible; Googlebot/2.1; +http://www.google.com/bot.html)"
66.249.66.146 - - [16/Nov/2005:00:54:49 -0900] "GET /gallery/photos/19990293/0/pages/1999-0293-00050.html HTTP/1.1" 200 1768 "-" "Mozilla/5.0 (compatible; Googlebot/2.1; +http://www.google.com/bot.html)"
66.249.66.146 - - [16/Nov/2005:00:54:51 -0900] "GET /gallery/photos/20020087/3/pages/2002-0087-00349.html HTTP/1.1" 200 1767 "-" "Mozilla/5.0 (compatible; Googlebot/2.1; +http://www.google.com/bot.html)"
66.249.66.146 - - [16/Nov/2005:00:54:51 -0900] "GET /gallery/photos/19890228/0/pages/1989-0228-00050.html HTTP/1.1" 200 1878 "-" "Mozilla/5.0 (compatible; Googlebot/2.1; +http://www.google.com/bot.html)"
66.249.66.146 - - [16/Nov/2005:00:55:14 -0900] "GET /gallery/photos/19700058/1/pages/1970-0058-00149.html HTTP/1.1" 200 1705 "-" "Mozilla/5.0 (compatible; Googlebot/2.1; +http://www.google.com/bot.html)"
66.249.66.146 - - [16/Nov/2005:00:55:19 -0900] "GET /gallery/photos/20040014/1/pages/2004-0014-00148.html HTTP/1.1" 200 1866 "-" "Mozilla/5.0 (compatible; Googlebot/2.1; +http://www.google.com/bot.html)"
66.249.66.146 - - [16/Nov/2005:00:55:20 -0900] "GET /gallery/photos/19890166/08/pages/1989-0166-00547a_print.html HTTP/1.1" 200 1960 "-" "Mozilla/5.0 (compatible; Googlebot/2.1; +http://www.google.com/bot.html)"
66.249.66.146 - - [16/Nov/2005:00:55:21 -0900] "GET /gallery/photos/19890166/04/pages/1989-0166-00466_neg%20glass.html HTTP/1.1" 200 1996 "-" "Mozilla/5.0 (compatible; Googlebot/2.1; +http://www.google.com/bot.html)"
66.249.66.146 - - [16/Nov/2005:00:55:22 -0900] "GET /gallery/photos/19940096/1/pages/1994-0096-00159.html HTTP/1.1" 200 1903 "-" "Mozilla/5.0 (compatible; Googlebot/2.1; +http://www.google.com/bot.html)"
66.249.66.146 - - [16/Nov/2005:00:55:32 -0900] "GET /gallery/photos/19940096/2/pages/1994-0096-00260.html HTTP/1.1" 200 1903 "-" "Mozilla/5.0 (compatible; Googlebot/2.1; +http://www.google.com/bot.html)"
66.249.66.146 - - [16/Nov/2005:00:55:32 -0900] "GET /gallery/photos/20030109/3/pages/2003-0109-00350.html HTTP/1.1" 200 1756 "-" "Mozilla/5.0 (compatible; Googlebot/2.1; +http://www.google.com/bot.html)"
66.249.66.146 - - [16/Nov/2005:00:55:34 -0900] "GET /gallery/photos/19950244/05/pages/1995-0244-00548.html HTTP/1.1" 200 1889 "-" "Mozilla/5.0 (compatible; Googlebot/2.1; +http://www.google.com/bot.html)"
66.249.66.146 - - [16/Nov/2005:00:55:36 -0900] "GET /gallery/photos/19950244/06/pages/1995-0244-00650.html HTTP/1.1" 200 1889 "-" "Mozilla/5.0 (compatible; Googlebot/2.1; +http://www.google.com/bot.html)"
66.249.66.146 - - [16/Nov/2005:00:55:37 -0900] "GET /gallery/photos/19950244/04/pages/1995-0244-00448.html HTTP/1.1" 200 1888 "-" "Mozilla/5.0 (compatible; Googlebot/2.1; +http://www.google.com/bot.html)"
66.249.66.146 - - [16/Nov/2005:00:55:40 -0900] "GET /gallery/photos/19900043/09/pages/1990-0043-00936.html HTTP/1.1" 200 1768 "-" "Mozilla/5.0 (compatible; Googlebot/2.1; +http://www.google.com/bot.html)"
66.249.66.146 - - [16/Nov/2005:00:55:44 -0900] "GET /gallery/photos/19950244/13/pages/1995-0244-01350.html HTTP/1.1" 200 1888 "-" "Mozilla/5.0 (compatible; Googlebot/2.1; +http://www.google.com/bot.html)"
66.249.66.146 - - [16/Nov/2005:00:55:45 -0900] "GET /gallery/photos/20030174/3/index_2.html HTTP/1.1" 200 7222 "-" "Mozilla/5.0 (compatible; Googlebot/2.1; +http://www.google.com/bot.html)"
66.249.66.146 - - [16/Nov/2005:00:55:49 -0900] "GET /gallery/photos/20040145/5/pages/2004-0145-00549.htm HTTP/1.1" 200 1890 "-" "Mozilla/5.0 (compatible; Googlebot/2.1; +http://www.google.com/bot.html)"
66.249.66.146 - - [16/Nov/2005:00:55:51 -0900] "GET /gallery/photos/19990293/0/pages/1999-0293-00051.html HTTP/1.1" 200 1768 "-" "Mozilla/5.0 (compatible; Googlebot/2.1; +http://www.google.com/bot.html)"
66.249.66.146 - - [16/Nov/2005:00:55:51 -0900] "GET /gallery/photos/19910046/05/pages/1991-0046-00549.html HTTP/1.1" 200 1760 "-" "Mozilla/5.0 (compatible; Googlebot/2.1; +http://www.google.com/bot.html)"
66.249.66.146 - - [16/Nov/2005:00:55:52 -0900] "GET /gallery/photos/20020087/0/pages/2002-0087-00051.html HTTP/1.1" 200 1767 "-" "Mozilla/5.0 (compatible; Googlebot/2.1; +http://www.google.com/bot.html)"
66.249.66.146 - - [16/Nov/2005:00:55:52 -0900] "GET /gallery/photos/20030129/1/pages/1999-0293-00101.html HTTP/1.1" 200 1766 "-" "Mozilla/5.0 (compatible; Googlebot/2.1; +http://www.google.com/bot.html)"
66.249.66.146 - - [16/Nov/2005:00:55:52 -0900] "GET /gallery/photos/20030109/2/pages/2003-0109-00250.html HTTP/1.1" 200 1756 "-" "Mozilla/5.0 (compatible; Googlebot/2.1; +http://www.google.com/bot.html)"
66.249.66.146 - - [16/Nov/2005:00:55:52 -0900] "GET /gallery/photos/20040086/0/pages/2004-0086-00063.htm HTTP/1.1" 200 1879 "-" "Mozilla/5.0 (compatible; Googlebot/2.1; +http://www.google.com/bot.html)"
66.249.66.146 - - [16/Nov/2005:00:55:54 -0900] "GET /gallery/photos/20040145/0/pages/2004-0145-00051.htm HTTP/1.1" 200 1890 "-" "Mozilla/5.0 (compatible; Googlebot/2.1; +http://www.google.com/bot.html)"
66.249.66.146 - - [16/Nov/2005:00:55:57 -0900] "GET /gallery/photos/20020015/0/pages/2002-0015-00051m.html HTTP/1.1" 200 1770 "-" "Mozilla/5.0 (compatible; Googlebot/2.1; +http://www.google.com/bot.html)"
66.249.66.146 - - [16/Nov/2005:00:55:59 -0900] "GET /gallery/photos/19690092/8/pages/1969-0092-00851.html HTTP/1.1" 200 1765 "-" "Mozilla/5.0 (compatible; Googlebot/2.1; +http://www.google.com/bot.html)"
66.249.66.146 - - [16/Nov/2005:00:56:01 -0900] "GET /gallery/photos/19990204/pages/1999-0204-00052.html HTTP/1.1" 200 1769 "-" "Mozilla/5.0 (compatible; Googlebot/2.1; +http://www.google.com/bot.html)"
66.249.66.146 - - [16/Nov/2005:00:56:03 -0900] "GET /gallery/photos/19700058/4/pages/1970-0058-00451.html HTTP/1.1" 200 1759 "-" "Mozilla/5.0 (compatible; Googlebot/2.1; +http://www.google.com/bot.html)"
66.249.66.146 - - [16/Nov/2005:00:56:03 -0900] "GET /gallery/photos/20040145/2/pages/2004-0145-00258.htm HTTP/1.1" 200 1890 "-" "Mozilla/5.0 (compatible; Googlebot/2.1; +http://www.google.com/bot.html)"
66.249.66.146 - - [16/Nov/2005:00:56:03 -0900] "GET /gallery/photos/20030109/3/pages/2003-0109-00352.html HTTP/1.1" 200 1756 "-" "Mozilla/5.0 (compatible; Googlebot/2.1; +http://www.google.com/bot.html)"
66.249.66.146 - - [16/Nov/2005:00:56:04 -0900] "GET /gallery/photos/19900043/09/pages/1990-0043-00937.html HTTP/1.1" 200 1768 "-" "Mozilla/5.0 (compatible; Googlebot/2.1; +http://www.google.com/bot.html)"
66.249.66.146 - - [16/Nov/2005:00:56:08 -0900] "GET /gallery/photos/19910046/05/pages/1991-0046-00551.html HTTP/1.1" 200 1760 "-" "Mozilla/5.0 (compatible; Googlebot/2.1; +http://www.google.com/bot.html)"
66.249.66.146 - - [16/Nov/2005:00:56:29 -0900] "GET /gallery/photos/19700058/0/pages/1970-0058-00053.html HTTP/1.1" 200 1759 "-" "Mozilla/5.0 (compatible; Googlebot/2.1; +http://www.google.com/bot.html)"
66.249.66.146 - - [16/Nov/2005:00:56:29 -0900] "GET /gallery/photos/19690092/5/pages/1969-0092-00564.html HTTP/1.1" 200 1765 "-" "Mozilla/5.0 (compatible; Googlebot/2.1; +http://www.google.com/bot.html)"
66.249.66.146 - - [16/Nov/2005:00:56:30 -0900] "GET /gallery/photos/19950244/12/index_6.html HTTP/1.1" 200 7230 "-" "Mozilla/5.0 (compatible; Googlebot/2.1; +http://www.google.com/bot.html)"
66.249.66.146 - - [16/Nov/2005:00:56:31 -0900] "GET /gallery/photos/20020087/1/pages/2002-0087-00152.html HTTP/1.1" 200 1767 "-" "Mozilla/5.0 (compatible; Googlebot/2.1; +http://www.google.com/bot.html)"
194.206.177.76 - - [16/Nov/2005:00:56:32 -0900] "GET /store/maps/large%20jpegs/(001)%20G3300%20%5B1780%5D%20C66.jpg HTTP/1.0" 200 275536 "http://photolab.elmer.uaf.edu/store/maps.html" "Mozilla/5.0 (Windows; U; Windows NT 5.1; fr-FR; rv:1.7.5) Gecko/20041108 Firefox/1.0"
194.206.177.76 - - [16/Nov/2005:00:56:33 -0900] "GET /store/maps/large%20jpegs/(001)%20G3300%20%5B1780%5D%20C66.jpg HTTP/1.0" 200 275536 "http://photolab.elmer.uaf.edu/store/maps.html" "Mozilla/5.0 (Windows; U; Windows NT 5.1; fr-FR; rv:1.7.5) Gecko/20041108 Firefox/1.0"
66.249.66.146 - - [16/Nov/2005:00:56:34 -0900] "GET /gallery/photos/20030129/2/pages/2003-0129-00218.html HTTP/1.1" 200 1768 "-" "Mozilla/5.0 (compatible; Googlebot/2.1; +http://www.google.com/bot.html)"
66.249.66.146 - - [16/Nov/2005:00:56:35 -0900] "GET /gallery/photos/19880041/2/pages/1988-0041-00255.htm HTTP/1.1" 200 1879 "-" "Mozilla/5.0 (compatible; Googlebot/2.1; +http://www.google.com/bot.html)"
194.206.177.76 - - [16/Nov/2005:00:56:33 -0900] "GET /store/maps/large%20jpegs/(001)%20G3300%20%5B1780%5D%20C66.jpg HTTP/1.0" 200 275536 "http://photolab.elmer.uaf.edu/store/maps.html" "Mozilla/5.0 (Windows; U; Windows NT 5.1; fr-FR; rv:1.7.5) Gecko/20041108 Firefox/1.0"
68.142.249.188 - - [16/Nov/2005:00:56:57 -0900] "GET /gallery/photos/20010129/0/pages/2001-0129-00030.html HTTP/1.0" 304 - "-" "Mozilla/5.0 (compatible; Yahoo! Slurp; http://help.yahoo.com/help/us/ysearch/slurp)"
66.249.66.146 - - [16/Nov/2005:00:57:29 -0900] "GET /gallery/photos/20030174/0/pages/2003-0174-00054.html HTTP/1.1" 200 1880 "-" "Mozilla/5.0 (compatible; Googlebot/2.1; +http://www.google.com/bot.html)"
66.249.66.146 - - [16/Nov/2005:00:57:30 -0900] "GET /gallery/photos/20020087/3/pages/2002-0087-00355.html HTTP/1.1" 200 1767 "-" "Mozilla/5.0 (compatible; Googlebot/2.1; +http://www.google.com/bot.html)"
66.249.66.146 - - [16/Nov/2005:00:57:32 -0900] "GET /gallery/photos/19640042/3/pages/1964-0042-00356.htm HTTP/1.1" 200 1884 "-" "Mozilla/5.0 (compatible; Googlebot/2.1; +http://www.google.com/bot.html)"
66.249.66.146 - - [16/Nov/2005:00:57:35 -0900] "GET /gallery/photos/20030109/0/pages/2003-0109-00055.html HTTP/1.1" 200 1756 "-" "Mozilla/5.0 (compatible; Googlebot/2.1; +http://www.google.com/bot.html)"
66.249.66.146 - - [16/Nov/2005:00:57:38 -0900] "GET /gallery/photos/19800068/0/pages/1980-0068-00055.html HTTP/1.1" 200 1860 "-" "Mozilla/5.0 (compatible; Googlebot/2.1; +http://www.google.com/bot.html)"
194.206.177.76 - - [16/Nov/2005:00:57:17 -0900] "GET /store/maps/large%20jpegs/(003)%20G7290%20%5B1584_%5D%20O71.jpg HTTP/1.0" 200 436981 "http://photolab.elmer.uaf.edu/store/maps.html" "Mozilla/5.0 (Windows; U; Windows NT 5.1; fr-FR; rv:1.7.5) Gecko/20041108 Firefox/1.0"
194.206.177.76 - - [16/Nov/2005:00:57:31 -0900] "GET /store/maps/large%20jpegs/(009)%20G3200%20%5B1652_%5D%20V571.jpg HTTP/1.0" 200 466468 "http://photolab.elmer.uaf.edu/store/maps.html" "Mozilla/5.0 (Windows; U; Windows NT 5.1; fr-FR; rv:1.7.5) Gecko/20041108 Firefox/1.0"
66.249.66.146 - - [16/Nov/2005:00:57:50 -0900] "GET /gallery/photos/20030109/1/pages/2003-0109-00154.html HTTP/1.1" 200 1756 "-" "Mozilla/5.0 (compatible; Googlebot/2.1; +http://www.google.com/bot.html)"
66.249.66.146 - - [16/Nov/2005:00:57:55 -0900] "GET /gallery/photos/19950244/06/pages/1995-0244-00653.html HTTP/1.1" 200 1889 "-" "Mozilla/5.0 (compatible; Googlebot/2.1; +http://www.google.com/bot.html)"
66.249.66.146 - - [16/Nov/2005:00:58:02 -0900] "GET /gallery/photos/20040014/1/pages/2004-0014-00152.html HTTP/1.1" 200 1866 "-" "Mozilla/5.0 (compatible; Googlebot/2.1; +http://www.google.com/bot.html)"
66.249.66.146 - - [16/Nov/2005:00:58:03 -0900] "GET /gallery/photos/19850072/pages/1985-0072-00054.html HTTP/1.1" 200 1769 "-" "Mozilla/5.0 (compatible; Googlebot/2.1; +http://www.google.com/bot.html)"
66.249.66.146 - - [16/Nov/2005:00:58:04 -0900] "GET /gallery/photos/19950244/13/pages/1995-0244-01356.html HTTP/1.1" 200 1888 "-" "Mozilla/5.0 (compatible; Googlebot/2.1; +http://www.google.com/bot.html)"
66.249.66.146 - - [16/Nov/2005:00:58:05 -0900] "GET /gallery/photos/20030174/2/pages/2003-0174-00252.html HTTP/1.1" 200 1880 "-" "Mozilla/5.0 (compatible; Googlebot/2.1; +http://www.google.com/bot.html)"
66.249.66.146 - - [16/Nov/2005:00:58:12 -0900] "GET /gallery/photos/19690092/6/pages/1969-0092-00660.html HTTP/1.1" 200 1765 "-" "Mozilla/5.0 (compatible; Googlebot/2.1; +http://www.google.com/bot.html)"
66.249.66.146 - - [16/Nov/2005:00:58:13 -0900] "GET /gallery/photos/19690092/8/index_6.html HTTP/1.1" 200 7249 "-" "Mozilla/5.0 (compatible; Googlebot/2.1; +http://www.google.com/bot.html)"
194.206.177.76 - - [16/Nov/2005:00:58:13 -0900] "GET /store/maps/large%20jpegs/(007)%20G7820%201626%20S67.jpg HTTP/1.0" 200 481166 "http://photolab.elmer.uaf.edu/store/maps.html" "Mozilla/5.0 (Windows; U; Windows NT 5.1; fr-FR; rv:1.7.5) Gecko/20041108 Firefox/1.0"
66.249.66.146 - - [16/Nov/2005:00:58:42 -0900] "GET /gallery/photos/19700058/1/pages/1970-0058-00153.html HTTP/1.1" 200 1705 "-" "Mozilla/5.0 (compatible; Googlebot/2.1; +http://www.google.com/bot.html)"
66.249.66.146 - - [16/Nov/2005:00:58:42 -0900] "GET /gallery/photos/19690092/5/pages/1969-0092-00566.html HTTP/1.1" 200 1765 "-" "Mozilla/5.0 (compatible; Googlebot/2.1; +http://www.google.com/bot.html)"
66.249.66.146 - - [16/Nov/2005:00:58:48 -0900] "GET /gallery/photos/20030129/1/pages/1999-0293-00153.html HTTP/1.1" 200 1768 "-" "Mozilla/5.0 (compatible; Googlebot/2.1; +http://www.google.com/bot.html)"
66.249.66.146 - - [16/Nov/2005:00:58:49 -0900] "GET /gallery/photos/19890107/pages/1989-0107-00008.html HTTP/1.1" 200 1874 "-" "Mozilla/5.0 (compatible; Googlebot/2.1; +http://www.google.com/bot.html)"
66.249.66.146 - - [16/Nov/2005:00:58:50 -0900] "GET /gallery/photos/19680041/1/pages/1968-0041-00174.htm HTTP/1.1" 200 1889 "-" "Mozilla/5.0 (compatible; Googlebot/2.1; +http://www.google.com/bot.html)"
66.249.66.146 - - [16/Nov/2005:00:59:12 -0900] "GET /gallery/photos/19950244/12/pages/1995-0244-01253.html HTTP/1.1" 200 1888 "-" "Mozilla/5.0 (compatible; Googlebot/2.1; +http://www.google.com/bot.html)"
66.249.66.146 - - [16/Nov/2005:00:59:13 -0900] "GET /gallery/photos/19900043/10/pages/1990-0043-01062.html HTTP/1.1" 200 1766 "-" "Mozilla/5.0 (compatible; Googlebot/2.1; +http://www.google.com/bot.html)"
66.249.66.146 - - [16/Nov/2005:00:59:15 -0900] "GET /gallery/photos/20020015/0/pages/2002-0015-00057m.html HTTP/1.1" 200 1770 "-" "Mozilla/5.0 (compatible; Googlebot/2.1; +http://www.google.com/bot.html)"
66.249.66.146 - - [16/Nov/2005:00:59:15 -0900] "GET /gallery/photos/19950244/11/pages/1995-0244-01154.html HTTP/1.1" 200 1888 "-" "Mozilla/5.0 (compatible; Googlebot/2.1; +http://www.google.com/bot.html)"
66.249.66.146 - - [16/Nov/2005:00:59:16 -0900] "GET /gallery/photos/20030174/1/pages/2003-0174-00154.html HTTP/1.1" 200 1755 "-" "Mozilla/5.0 (compatible; Googlebot/2.1; +http://www.google.com/bot.html)"
194.206.177.76 - - [16/Nov/2005:00:59:18 -0900] "GET /store/mapg3400_data/011%2520G3270%25201634%2520M4.jpg HTTP/1.0" 404 343 "http://photolab.elmer.uaf.edu/store/maps.html" "Mozilla/5.0 (Windows; U; Windows NT 5.1; fr-FR; rv:1.7.5) Gecko/20041108 Firefox/1.0"
194.206.177.76 - - [16/Nov/2005:00:59:18 -0900] "GET /store/mapg3400_data/013%2520G3270%25201862_%2520F81.jpg HTTP/1.0" 404 345 "http://photolab.elmer.uaf.edu/store/maps.html" "Mozilla/5.0 (Windows; U; Windows NT 5.1; fr-FR; rv:1.7.5) Gecko/20041108 Firefox/1.0"
194.206.177.76 - - [16/Nov/2005:00:59:18 -0900] "GET /store/mapg3400_data/016%2520G3300%25201740_.jpg HTTP/1.0" 404 339 "http://photolab.elmer.uaf.edu/store/maps.html" "Mozilla/5.0 (Windows; U; Windows NT 5.1; fr-FR; rv:1.7.5) Gecko/20041108 Firefox/1.0"
194.206.177.76 - - [16/Nov/2005:00:59:18 -0900] "GET /store/mapg3400_data/018%2520G3290%25201790_%2520B741.jpg HTTP/1.0" 404 346 "http://photolab.elmer.uaf.edu/store/maps.html" "Mozilla/5.0 (Windows; U; Windows NT 5.1; fr-FR; rv:1.7.5) Gecko/20041108 Firefox/1.0"
194.206.177.76 - - [16/Nov/2005:00:59:18 -0900] "GET /store/mapg3400_data/020%2520G9236%2520S12%25201798%2520C3.jpg HTTP/1.0" 404 349 "http://photolab.elmer.uaf.edu/store/maps.html" "Mozilla/5.0 (Windows; U; Windows NT 5.1; fr-FR; rv:1.7.5) Gecko/20041108 Firefox/1.0"
194.206.177.76 - - [16/Nov/2005:00:59:18 -0900] "GET /store/mapg3400_data/021%2520G3210%25201816%2520B93.jpg HTTP/1.0" 404 344 "http://photolab.elmer.uaf.edu/store/maps.html" "Mozilla/5.0 (Windows; U; Windows NT 5.1; fr-FR; rv:1.7.5) Gecko/20041108 Firefox/1.0"
194.206.177.76 - - [16/Nov/2005:00:59:19 -0900] "GET /store/mapg3400_data/bluebear.gif HTTP/1.0" 404 328 "http://photolab.elmer.uaf.edu/store/maps.html" "Mozilla/5.0 (Windows; U; Windows NT 5.1; fr-FR; rv:1.7.5) Gecko/20041108 Firefox/1.0"
194.206.177.76 - - [16/Nov/2005:00:59:19 -0900] "GET /store/mapg3400_data/sitemap.gif HTTP/1.0" 404 327 "http://photolab.elmer.uaf.edu/store/maps.html" "Mozilla/5.0 (Windows; U; Windows NT 5.1; fr-FR; rv:1.7.5) Gecko/20041108 Firefox/1.0"
194.206.177.76 - - [16/Nov/2005:00:59:19 -0900] "GET /store/mapg3400_data/023%2520G3200%25201562_%2520V34.jpg HTTP/1.0" 404 345 "http://photolab.elmer.uaf.edu/store/maps.html" "Mozilla/5.0 (Windows; U; Windows NT 5.1; fr-FR; rv:1.7.5) Gecko/20041108 Firefox/1.0"
66.249.66.146 - - [16/Nov/2005:00:59:19 -0900] "GET /gallery/photos/19850072/pages/1985-0072-00059.html HTTP/1.1" 200 1769 "-" "Mozilla/5.0 (compatible; Googlebot/2.1; +http://www.google.com/bot.html)"
66.249.66.146 - - [16/Nov/2005:00:59:24 -0900] "GET /gallery/photos/20040145/2/pages/2004-0145-00261.htm HTTP/1.1" 200 1890 "-" "Mozilla/5.0 (compatible; Googlebot/2.1; +http://www.google.com/bot.html)"
66.249.66.146 - - [16/Nov/2005:00:59:42 -0900] "GET /gallery/photos/19700058/4/pages/1970-0058-00454.html HTTP/1.1" 200 1759 "-" "Mozilla/5.0 (compatible; Googlebot/2.1; +http://www.google.com/bot.html)"
66.249.66.146 - - [16/Nov/2005:00:59:43 -0900] "GET /gallery/photos/19680041/1/pages/1968-0041-00177.htm HTTP/1.1" 200 1889 "-" "Mozilla/5.0 (compatible; Googlebot/2.1; +http://www.google.com/bot.html)"
