219.65.180.32 - - [01/Nov/2005:07:45:37 -0900] "GET /store/photos/smalljpegs/(101)1995-0244-01044.jpg HTTP/1.1" 200 33660 "http://photolab.elmer.uaf.edu/store/alaskanatives.html" "Mozilla/4.0 (compatible; MSIE 5.0; Windows 98; DigExt)"
217.212.224.149 - - [01/Nov/2005:07:45:57 -0900] "GET /gallery/photos/19910046/04/pages/1991-0046-00413.html HTTP/1.0" 304 - "-" "psbot/0.1 (+http://www.picsearch.com/bot.html)"
219.65.180.32 - - [01/Nov/2005:07:45:49 -0900] "GET /store/photos/smalljpegs/(102)1972-0071-00804.jpg HTTP/1.1" 200 33600 "http://photolab.elmer.uaf.edu/store/alaskanatives.html" "Mozilla/4.0 (compatible; MSIE 5.0; Windows 98; DigExt)"
219.65.180.32 - - [01/Nov/2005:07:45:52 -0900] "GET /store/photos/smalljpegs/(103)1972-0071-02925.jpg HTTP/1.1" 200 30024 "http://photolab.elmer.uaf.edu/store/alaskanatives.html" "Mozilla/4.0 (compatible; MSIE 5.0; Windows 98; DigExt)"
219.65.180.32 - - [01/Nov/2005:07:46:02 -0900] "GET /store/photos/smalljpegs/(104)1958-1026-02106.jpg HTTP/1.1" 200 34617 "http://photolab.elmer.uaf.edu/store/alaskanatives.html" "Mozilla/4.0 (compatible; MSIE 5.0; Windows 98; DigExt)"
217.212.224.149 - - [01/Nov/2005:07:46:23 -0900] "GET /gallery/photos/19940070/2/pages/1994-0070-00258.html HTTP/1.0" 304 - "-" "psbot/0.1 (+http://www.picsearch.com/bot.html)"
217.212.224.149 - - [01/Nov/2005:07:46:35 -0900] "GET /gallery/photos/19910046/04/pages/1991-0046-00416.html HTTP/1.0" 304 - "-" "psbot/0.1 (+http://www.picsearch.com/bot.html)"
219.65.180.32 - - [01/Nov/2005:07:46:09 -0900] "GET /store/photos/smalljpegs/(105)1989-0166-00522a.jpg HTTP/1.1" 200 25417 "http://photolab.elmer.uaf.edu/store/alaskanatives.html" "Mozilla/4.0 (compatible; MSIE 5.0; Windows 98; DigExt)"
195.92.67.72 - - [01/Nov/2005:07:45:40 -0900] "GET /store/photos/largejpegs/(040)1958-1026-01700.jpg HTTP/1.1" 200 138785 "http://www.beusichem.web-log.nl/" "Mozilla/4.0 (compatible; MSIE 6.0; Windows NT 5.1)"
219.65.180.32 - - [01/Nov/2005:07:46:21 -0900] "GET /store/photos/smalljpegs/(106)1972-0071-03229.jpg HTTP/1.1" 200 38182 "http://photolab.elmer.uaf.edu/store/alaskanatives.html" "Mozilla/4.0 (compatible; MSIE 5.0; Windows 98; DigExt)"
80.53.171.95 - - [01/Nov/2005:07:46:40 -0900] "GET /store/photos/largejpegs/(026)1997-0165-00010.jpg HTTP/1.1" 200 119080 "http://avessinnido.stumbleupon.com/" "Mozilla/5.0 (Windows; U; Win98; pl-PL; rv:1.7.12) Gecko/20050919 Firefox/1.0.7"
82.134.255.27 - - [01/Nov/2005:07:46:51 -0900] "GET /store/photos/largejpegs/(040)1958-1026-01700.jpg HTTP/1.0" 304 - "http://beusichem.web-log.nl/" "Mozilla/4.0 (compatible; MSIE 6.0; Windows 98; Win 9x 4.90)"
219.65.180.32 - - [01/Nov/2005:07:46:36 -0900] "GET /store/photos/smalljpegs/(107)1958-1026-02271.jpg HTTP/1.1" 200 34747 "http://photolab.elmer.uaf.edu/store/alaskanatives.html" "Mozilla/4.0 (compatible; MSIE 5.0; Windows 98; DigExt)"
217.212.224.149 - - [01/Nov/2005:07:47:02 -0900] "GET /gallery/photos/19940070/2/pages/1994-0070-00259.html HTTP/1.0" 304 - "-" "psbot/0.1 (+http://www.picsearch.com/bot.html)"
81.70.93.242 - - [01/Nov/2005:07:47:09 -0900] "GET /store/photos/largejpegs/(040)1958-1026-01700.jpg HTTP/1.1" 304 - "http://www.beusichem.web-log.nl/" "Mozilla/4.0 (compatible; MSIE 6.0; Windows NT 5.1; {12Move}; SV1)"
219.65.180.32 - - [01/Nov/2005:07:46:58 -0900] "GET /store/photos/smalljpegs/(109)1972-0071-03235.jpg HTTP/1.1" 200 39850 "http://photolab.elmer.uaf.edu/store/alaskanatives.html" "Mozilla/4.0 (compatible; MSIE 5.0; Windows 98; DigExt)"
217.212.224.149 - - [01/Nov/2005:07:47:24 -0900] "GET /gallery/photos/19910046/04/pages/1991-0046-00417.html HTTP/1.0" 304 - "-" "psbot/0.1 (+http://www.picsearch.com/bot.html)"
219.65.180.32 - - [01/Nov/2005:07:47:13 -0900] "GET /store/photos/smalljpegs/(112)1958-1026-01589.jpg HTTP/1.1" 200 31936 "http://photolab.elmer.uaf.edu/store/alaskanatives.html" "Mozilla/4.0 (compatible; MSIE 5.0; Windows 98; DigExt)"
219.65.180.32 - - [01/Nov/2005:07:46:48 -0900] "GET /store/photos/smalljpegs/(108)1966-0054-00248.jpg HTTP/1.1" 200 41001 "http://photolab.elmer.uaf.edu/store/alaskanatives.html" "Mozilla/4.0 (compatible; MSIE 5.0; Windows 98; DigExt)"
83.33.245.202 - - [01/Nov/2005:07:47:16 -0900] "GET /store/women.html HTTP/1.1" 200 11325 "http://images.google.es/imgres?imgurl=http://photolab.elmer.uaf.edu/store/photos/largejpegs/(006)1970-0058-00507.jpg&imgrefurl=http://photolab.elmer.uaf.edu/store/women.html&h=662&w=1000&sz=147&tbnid=XYvkeyWiRzEJ:&tbnh=98&tbnw=149&hl=es&start=12&prev=/images%3Fq%3Dgold%2Bfever%26svnum%3D10%26hl%3Des%26lr%3D%26sa%3DN" "Mozilla/4.0 (compatible; MSIE 6.0; Windows NT 5.1; SV1)"
83.33.245.202 - - [01/Nov/2005:07:47:33 -0900] "GET /index_files/store.css HTTP/1.1" 200 2756 "http://photolab.elmer.uaf.edu/store/women.html" "Mozilla/4.0 (compatible; MSIE 6.0; Windows NT 5.1; SV1)"
83.33.245.202 - - [01/Nov/2005:07:47:33 -0900] "GET /index_files/titlebrown.jpg HTTP/1.1" 200 5451 "http://photolab.elmer.uaf.edu/store/women.html" "Mozilla/4.0 (compatible; MSIE 6.0; Windows NT 5.1; SV1)"
83.33.245.202 - - [01/Nov/2005:07:47:33 -0900] "GET /index_files/aprbrown.jpg HTTP/1.1" 200 5509 "http://photolab.elmer.uaf.edu/store/women.html" "Mozilla/4.0 (compatible; MSIE 6.0; Windows NT 5.1; SV1)"
83.33.245.202 - - [01/Nov/2005:07:47:33 -0900] "GET /store/photos/smalljpegs/(024)1972-0116-00334.jpg HTTP/1.1" 200 29908 "http://photolab.elmer.uaf.edu/store/women.html" "Mozilla/4.0 (compatible; MSIE 6.0; Windows NT 5.1; SV1)"
219.65.180.32 - - [01/Nov/2005:07:47:32 -0900] "GET /store/photos/smalljpegs/(113)1972-0071-02895.jpg HTTP/1.1" 200 36468 "http://photolab.elmer.uaf.edu/store/alaskanatives.html" "Mozilla/4.0 (compatible; MSIE 5.0; Windows 98; DigExt)"
83.33.245.202 - - [01/Nov/2005:07:47:33 -0900] "GET /index_files/storetitle.gif HTTP/1.1" 200 14535 "http://photolab.elmer.uaf.edu/store/women.html" "Mozilla/4.0 (compatible; MSIE 6.0; Windows NT 5.1; SV1)"
83.33.245.202 - - [01/Nov/2005:07:47:33 -0900] "GET /index_files/menubar.gif HTTP/1.1" 200 2913 "http://photolab.elmer.uaf.edu/store/women.html" "Mozilla/4.0 (compatible; MSIE 6.0; Windows NT 5.1; SV1)"
83.33.245.202 - - [01/Nov/2005:07:47:33 -0900] "GET /store/photos/smalljpegs/(006)1970-0058-00507.jpg HTTP/1.1" 200 34057 "http://photolab.elmer.uaf.edu/store/women.html" "Mozilla/4.0 (compatible; MSIE 6.0; Windows NT 5.1; SV1)"
83.33.245.202 - - [01/Nov/2005:07:47:33 -0900] "GET /store/photos/smalljpegs/(026)1997-0165-00010.jpg HTTP/1.1" 200 26695 "http://photolab.elmer.uaf.edu/store/women.html" "Mozilla/4.0 (compatible; MSIE 6.0; Windows NT 5.1; SV1)"
83.33.245.202 - - [01/Nov/2005:07:47:33 -0900] "GET /store/photos/smalljpegs/(014)1992-0016-00069.jpg HTTP/1.1" 200 35905 "http://photolab.elmer.uaf.edu/store/women.html" "Mozilla/4.0 (compatible; MSIE 6.0; Windows NT 5.1; SV1)"
83.33.245.202 - - [01/Nov/2005:07:47:33 -0900] "GET /store/photos/smalljpegs/(043)1964-0029-00313.jpg HTTP/1.1" 200 32327 "http://photolab.elmer.uaf.edu/store/women.html" "Mozilla/4.0 (compatible; MSIE 6.0; Windows NT 5.1; SV1)"
83.33.245.202 - - [01/Nov/2005:07:47:34 -0900] "GET /store/photos/smalljpegs/(069)1976-0092-00075.jpg HTTP/1.1" 200 25519 "http://photolab.elmer.uaf.edu/store/women.html" "Mozilla/4.0 (compatible; MSIE 6.0; Windows NT 5.1; SV1)"
83.33.245.202 - - [01/Nov/2005:07:47:34 -0900] "GET /store/photos/smalljpegs/(088)1989-0166-00496a.jpg HTTP/1.1" 200 31266 "http://photolab.elmer.uaf.edu/store/women.html" "Mozilla/4.0 (compatible; MSIE 6.0; Windows NT 5.1; SV1)"
83.33.245.202 - - [01/Nov/2005:07:47:34 -0900] "GET /store/photos/smalljpegs/(154)1958-1026-00899.jpg HTTP/1.1" 200 29503 "http://photolab.elmer.uaf.edu/store/women.html" "Mozilla/4.0 (compatible; MSIE 6.0; Windows NT 5.1; SV1)"
83.33.245.202 - - [01/Nov/2005:07:47:34 -0900] "GET /store/photos/smalljpegs/(140)1969-0092-00826.jpg HTTP/1.1" 200 46250 "http://photolab.elmer.uaf.edu/store/women.html" "Mozilla/4.0 (compatible; MSIE 6.0; Windows NT 5.1; SV1)"
83.33.245.202 - - [01/Nov/2005:07:47:34 -0900] "GET /store/photos/smalljpegs/(146)1966-0054-00051.jpg HTTP/1.1" 200 27693 "http://photolab.elmer.uaf.edu/store/women.html" "Mozilla/4.0 (compatible; MSIE 6.0; Windows NT 5.1; SV1)"
83.33.245.202 - - [01/Nov/2005:07:47:34 -0900] "GET /store/photos/smalljpegs/(143)1958-1026-01643.jpg HTTP/1.1" 200 30139 "http://photolab.elmer.uaf.edu/store/women.html" "Mozilla/4.0 (compatible; MSIE 6.0; Windows NT 5.1; SV1)"
83.33.245.202 - - [01/Nov/2005:07:47:34 -0900] "GET /index_files/bluebear.gif HTTP/1.1" 200 1263 "http://photolab.elmer.uaf.edu/store/women.html" "Mozilla/4.0 (compatible; MSIE 6.0; Windows NT 5.1; SV1)"
83.33.245.202 - - [01/Nov/2005:07:47:34 -0900] "GET /index_files/sitemap.gif HTTP/1.1" 200 1503 "http://photolab.elmer.uaf.edu/store/women.html" "Mozilla/4.0 (compatible; MSIE 6.0; Windows NT 5.1; SV1)"
83.33.245.202 - - [01/Nov/2005:07:47:36 -0900] "GET /store/photos/largejpegs/(006)1970-0058-00507.jpg HTTP/1.1" 200 150207 "http://images.google.es/imgres?imgurl=http://photolab.elmer.uaf.edu/store/photos/largejpegs/(006)1970-0058-00507.jpg&imgrefurl=http://photolab.elmer.uaf.edu/store/women.html&h=662&w=1000&sz=147&tbnid=XYvkeyWiRzEJ:&tbnh=98&tbnw=149&hl=es&prev=/images%3Fq%3Dgold%2Bfever%26svnum%3D10%26hl%3Des%26lr%3D%26sa%3DN&frame=small" "Mozilla/4.0 (compatible; MSIE 6.0; Windows NT 5.1; SV1)"
217.212.224.149 - - [01/Nov/2005:07:47:51 -0900] "GET /gallery/photos/19940070/2/pages/1994-0070-00260.html HTTP/1.0" 304 - "-" "psbot/0.1 (+http://www.picsearch.com/bot.html)"
219.65.180.32 - - [01/Nov/2005:07:47:32 -0900] "GET /store/photos/smalljpegs/(110)1958-1026-01591.jpg HTTP/1.1" 200 38244 "http://photolab.elmer.uaf.edu/store/alaskanatives.html" "Mozilla/4.0 (compatible; MSIE 5.0; Windows 98; DigExt)"
219.65.180.32 - - [01/Nov/2005:07:47:50 -0900] "GET /store/photos/smalljpegs/(114)1972-0071-00776.jpg HTTP/1.1" 200 24068 "http://photolab.elmer.uaf.edu/store/alaskanatives.html" "Mozilla/4.0 (compatible; MSIE 5.0; Windows 98; DigExt)"
217.212.224.149 - - [01/Nov/2005:07:48:12 -0900] "GET /gallery/photos/19910046/04/pages/1991-0046-00419.html HTTP/1.0" 304 - "-" "psbot/0.1 (+http://www.picsearch.com/bot.html)"
219.65.180.32 - - [01/Nov/2005:07:47:57 -0900] "GET /store/photos/smalljpegs/(115)1989-0166-00398.jpg HTTP/1.1" 200 30154 "http://photolab.elmer.uaf.edu/store/alaskanatives.html" "Mozilla/4.0 (compatible; MSIE 5.0; Windows 98; DigExt)"
219.65.180.32 - - [01/Nov/2005:07:48:01 -0900] "GET /store/photos/smalljpegs/(116)1989-0166-00402.jpg HTTP/1.1" 200 30729 "http://photolab.elmer.uaf.edu/store/alaskanatives.html" "Mozilla/4.0 (compatible; MSIE 5.0; Windows 98; DigExt)"
219.65.180.32 - - [01/Nov/2005:07:48:15 -0900] "GET /index_files/ahs.ico HTTP/1.1" 200 1406 "-" "Mozilla/4.0 (compatible; MSIE 5.0; Windows 98; DigExt)"
217.212.224.149 - - [01/Nov/2005:07:48:31 -0900] "GET /gallery/photos/19940070/2/pages/1994-0070-00261.html HTTP/1.0" 304 - "-" "psbot/0.1 (+http://www.picsearch.com/bot.html)"
219.65.180.32 - - [01/Nov/2005:07:48:17 -0900] "GET /store/photos/smalljpegs/(119)1968-0069-02524.jpg HTTP/1.1" 200 31385 "http://photolab.elmer.uaf.edu/store/alaskanatives.html" "Mozilla/4.0 (compatible; MSIE 5.0; Windows 98; DigExt)"
219.65.180.32 - - [01/Nov/2005:07:48:16 -0900] "GET /store/photos/smalljpegs/(118)1989-0166-00389.jpg HTTP/1.1" 200 39923 "http://photolab.elmer.uaf.edu/store/alaskanatives.html" "Mozilla/4.0 (compatible; MSIE 5.0; Windows 98; DigExt)"
219.65.180.32 - - [01/Nov/2005:07:48:32 -0900] "GET /store/photos/smalljpegs/(120)1966-0054-00114.jpg HTTP/1.1" 200 30387 "http://photolab.elmer.uaf.edu/store/alaskanatives.html" "Mozilla/4.0 (compatible; MSIE 5.0; Windows 98; DigExt)"
217.212.224.149 - - [01/Nov/2005:07:49:02 -0900] "GET /gallery/photos/19910046/04/pages/1991-0046-00420.html HTTP/1.0" 304 - "-" "psbot/0.1 (+http://www.picsearch.com/bot.html)"
217.212.224.149 - - [01/Nov/2005:07:49:12 -0900] "GET /gallery/photos/19950244/00/pages/1995-0244-00058.html HTTP/1.0" 304 - "-" "psbot/0.1 (+http://www.picsearch.com/bot.html)"
219.65.180.32 - - [01/Nov/2005:07:48:37 -0900] "GET /store/photos/largejpegs/(007)1972-0071-03234.jpg HTTP/1.1" 200 129031 "http://photolab.elmer.uaf.edu/store/alaskanatives.html" "Mozilla/4.0 (compatible; MSIE 5.0; Windows 98; DigExt)"
217.212.224.149 - - [01/Nov/2005:07:49:53 -0900] "GET /gallery/photos/19890207/0/pages/1989-0207-00016.html HTTP/1.0" 304 - "-" "psbot/0.1 (+http://www.picsearch.com/bot.html)"
217.212.224.149 - - [01/Nov/2005:07:49:57 -0900] "GET /gallery/photos/19950244/00/pages/1995-0244-00059.html HTTP/1.0" 304 - "-" "psbot/0.1 (+http://www.picsearch.com/bot.html)"
219.65.180.32 - - [01/Nov/2005:07:49:59 -0900] "GET /store/photos/smalljpegs/(118)1989-0166-00389.jpg HTTP/1.1" 200 39923 "http://photolab.elmer.uaf.edu/store/alaskanatives.html" "Mozilla/4.0 (compatible; MSIE 5.0; Windows 98; DigExt)"
219.65.180.32 - - [01/Nov/2005:07:49:59 -0900] "GET /store/photos/smalljpegs/(120)1966-0054-00114.jpg HTTP/1.1" 200 30387 "http://photolab.elmer.uaf.edu/store/alaskanatives.html" "Mozilla/4.0 (compatible; MSIE 5.0; Windows 98; DigExt)"
217.212.224.149 - - [01/Nov/2005:07:50:37 -0900] "GET /gallery/photos/19950244/10/pages/1995-0244-01035.html HTTP/1.0" 304 - "-" "psbot/0.1 (+http://www.picsearch.com/bot.html)"
217.212.224.149 - - [01/Nov/2005:07:50:38 -0900] "GET /gallery/photos/19890207/0/pages/1989-0207-00018.html HTTP/1.0" 304 - "-" "psbot/0.1 (+http://www.picsearch.com/bot.html)"
219.65.180.32 - - [01/Nov/2005:07:50:41 -0900] "GET /store/alaskanatives.html HTTP/1.1" 304 - "-" "Mozilla/4.0 (compatible; MSIE 5.0; Windows 98; DigExt)"
219.65.180.32 - - [01/Nov/2005:07:50:41 -0900] "GET /index_files/store.css HTTP/1.1" 304 - "http://photolab.elmer.uaf.edu/store/alaskanatives.html" "Mozilla/4.0 (compatible; MSIE 5.0; Windows 98; DigExt)"
219.65.180.32 - - [01/Nov/2005:07:50:44 -0900] "GET /index_files/aprbrown.jpg HTTP/1.1" 304 - "http://photolab.elmer.uaf.edu/store/alaskanatives.html" "Mozilla/4.0 (compatible; MSIE 5.0; Windows 98; DigExt)"
219.65.180.32 - - [01/Nov/2005:07:50:44 -0900] "GET /index_files/titlebrown.jpg HTTP/1.1" 304 - "http://photolab.elmer.uaf.edu/store/alaskanatives.html" "Mozilla/4.0 (compatible; MSIE 5.0; Windows 98; DigExt)"
219.65.180.32 - - [01/Nov/2005:07:50:45 -0900] "GET /index_files/storetitle.gif HTTP/1.1" 304 - "http://photolab.elmer.uaf.edu/store/alaskanatives.html" "Mozilla/4.0 (compatible; MSIE 5.0; Windows 98; DigExt)"
219.65.180.32 - - [01/Nov/2005:07:50:45 -0900] "GET /index_files/menubar.gif HTTP/1.1" 304 - "http://photolab.elmer.uaf.edu/store/alaskanatives.html" "Mozilla/4.0 (compatible; MSIE 5.0; Windows 98; DigExt)"
219.65.180.32 - - [01/Nov/2005:07:50:45 -0900] "GET /store/photos/smalljpegs/(007)1972-0071-03234.jpg HTTP/1.1" 304 - "http://photolab.elmer.uaf.edu/store/alaskanatives.html" "Mozilla/4.0 (compatible; MSIE 5.0; Windows 98; DigExt)"
219.65.180.32 - - [01/Nov/2005:07:50:45 -0900] "GET /store/photos/smalljpegs/(009)1975-0146-00003.jpg HTTP/1.1" 304 - "http://photolab.elmer.uaf.edu/store/alaskanatives.html" "Mozilla/4.0 (compatible; MSIE 5.0; Windows 98; DigExt)"
219.65.180.32 - - [01/Nov/2005:07:50:46 -0900] "GET /store/photos/smalljpegs/(012)1989-0166-00375.jpg HTTP/1.1" 304 - "http://photolab.elmer.uaf.edu/store/alaskanatives.html" "Mozilla/4.0 (compatible; MSIE 5.0; Windows 98; DigExt)"
219.65.180.32 - - [01/Nov/2005:07:50:46 -0900] "GET /store/photos/smalljpegs/(040)1958-1026-01700.jpg HTTP/1.1" 304 - "http://photolab.elmer.uaf.edu/store/alaskanatives.html" "Mozilla/4.0 (compatible; MSIE 5.0; Windows 98; DigExt)"
219.65.180.32 - - [01/Nov/2005:07:50:47 -0900] "GET /store/photos/smalljpegs/(041)1989-0166-00699.jpg HTTP/1.1" 304 - "http://photolab.elmer.uaf.edu/store/alaskanatives.html" "Mozilla/4.0 (compatible; MSIE 5.0; Windows 98; DigExt)"
219.65.180.32 - - [01/Nov/2005:07:50:47 -0900] "GET /store/photos/smalljpegs/(055)1966-0054-00104.jpg HTTP/1.1" 304 - "http://photolab.elmer.uaf.edu/store/alaskanatives.html" "Mozilla/4.0 (compatible; MSIE 5.0; Windows 98; DigExt)"
219.65.180.32 - - [01/Nov/2005:07:50:47 -0900] "GET /store/photos/smalljpegs/(057)1972-0071-00823.jpg HTTP/1.1" 304 - "http://photolab.elmer.uaf.edu/store/alaskanatives.html" "Mozilla/4.0 (compatible; MSIE 5.0; Windows 98; DigExt)"
219.65.180.32 - - [01/Nov/2005:07:50:47 -0900] "GET /store/photos/smalljpegs/(004)1958-1026-01477.jpg HTTP/1.1" 304 - "http://photolab.elmer.uaf.edu/store/alaskanatives.html" "Mozilla/4.0 (compatible; MSIE 5.0; Windows 98; DigExt)"
219.65.180.32 - - [01/Nov/2005:07:50:48 -0900] "GET /store/photos/smalljpegs/(074)1968-0012-00009.jpg HTTP/1.1" 304 - "http://photolab.elmer.uaf.edu/store/alaskanatives.html" "Mozilla/4.0 (compatible; MSIE 5.0; Windows 98; DigExt)"
219.65.180.32 - - [01/Nov/2005:07:50:48 -0900] "GET /store/photos/smalljpegs/(080)1958-1026-01682.jpg HTTP/1.1" 304 - "http://photolab.elmer.uaf.edu/store/alaskanatives.html" "Mozilla/4.0 (compatible; MSIE 5.0; Windows 98; DigExt)"
219.65.180.32 - - [01/Nov/2005:07:50:49 -0900] "GET /store/photos/smalljpegs/(083)1989-0166-00380.jpg HTTP/1.1" 304 - "http://photolab.elmer.uaf.edu/store/alaskanatives.html" "Mozilla/4.0 (compatible; MSIE 5.0; Windows 98; DigExt)"
219.65.180.32 - - [01/Nov/2005:07:50:49 -0900] "GET /store/photos/smalljpegs/(101)1995-0244-01044.jpg HTTP/1.1" 304 - "http://photolab.elmer.uaf.edu/store/alaskanatives.html" "Mozilla/4.0 (compatible; MSIE 5.0; Windows 98; DigExt)"
219.65.180.32 - - [01/Nov/2005:07:50:49 -0900] "GET /store/photos/smalljpegs/(102)1972-0071-00804.jpg HTTP/1.1" 304 - "http://photolab.elmer.uaf.edu/store/alaskanatives.html" "Mozilla/4.0 (compatible; MSIE 5.0; Windows 98; DigExt)"
219.65.180.32 - - [01/Nov/2005:07:50:49 -0900] "GET /store/photos/smalljpegs/(103)1972-0071-02925.jpg HTTP/1.1" 304 - "http://photolab.elmer.uaf.edu/store/alaskanatives.html" "Mozilla/4.0 (compatible; MSIE 5.0; Windows 98; DigExt)"
219.65.180.32 - - [01/Nov/2005:07:50:50 -0900] "GET /store/photos/smalljpegs/(104)1958-1026-02106.jpg HTTP/1.1" 304 - "http://photolab.elmer.uaf.edu/store/alaskanatives.html" "Mozilla/4.0 (compatible; MSIE 5.0; Windows 98; DigExt)"
219.65.180.32 - - [01/Nov/2005:07:50:50 -0900] "GET /store/photos/smalljpegs/(105)1989-0166-00522a.jpg HTTP/1.1" 304 - "http://photolab.elmer.uaf.edu/store/alaskanatives.html" "Mozilla/4.0 (compatible; MSIE 5.0; Windows 98; DigExt)"
219.65.180.32 - - [01/Nov/2005:07:50:51 -0900] "GET /store/photos/smalljpegs/(106)1972-0071-03229.jpg HTTP/1.1" 304 - "http://photolab.elmer.uaf.edu/store/alaskanatives.html" "Mozilla/4.0 (compatible; MSIE 5.0; Windows 98; DigExt)"
219.65.180.32 - - [01/Nov/2005:07:50:51 -0900] "GET /store/photos/smalljpegs/(107)1958-1026-02271.jpg HTTP/1.1" 304 - "http://photolab.elmer.uaf.edu/store/alaskanatives.html" "Mozilla/4.0 (compatible; MSIE 5.0; Windows 98; DigExt)"
219.65.180.32 - - [01/Nov/2005:07:50:51 -0900] "GET /store/photos/smalljpegs/(108)1966-0054-00248.jpg HTTP/1.1" 304 - "http://photolab.elmer.uaf.edu/store/alaskanatives.html" "Mozilla/4.0 (compatible; MSIE 5.0; Windows 98; DigExt)"
219.65.180.32 - - [01/Nov/2005:07:50:52 -0900] "GET /store/photos/smalljpegs/(109)1972-0071-03235.jpg HTTP/1.1" 304 - "http://photolab.elmer.uaf.edu/store/alaskanatives.html" "Mozilla/4.0 (compatible; MSIE 5.0; Windows 98; DigExt)"
219.65.180.32 - - [01/Nov/2005:07:50:52 -0900] "GET /store/photos/smalljpegs/(110)1958-1026-01591.jpg HTTP/1.1" 304 - "http://photolab.elmer.uaf.edu/store/alaskanatives.html" "Mozilla/4.0 (compatible; MSIE 5.0; Windows 98; DigExt)"
219.65.180.32 - - [01/Nov/2005:07:50:52 -0900] "GET /store/photos/smalljpegs/(112)1958-1026-01589.jpg HTTP/1.1" 304 - "http://photolab.elmer.uaf.edu/store/alaskanatives.html" "Mozilla/4.0 (compatible; MSIE 5.0; Windows 98; DigExt)"
219.65.180.32 - - [01/Nov/2005:07:50:52 -0900] "GET /store/photos/smalljpegs/(113)1972-0071-02895.jpg HTTP/1.1" 304 - "http://photolab.elmer.uaf.edu/store/alaskanatives.html" "Mozilla/4.0 (compatible; MSIE 5.0; Windows 98; DigExt)"
219.65.180.32 - - [01/Nov/2005:07:50:53 -0900] "GET /store/photos/smalljpegs/(114)1972-0071-00776.jpg HTTP/1.1" 304 - "http://photolab.elmer.uaf.edu/store/alaskanatives.html" "Mozilla/4.0 (compatible; MSIE 5.0; Windows 98; DigExt)"
219.65.180.32 - - [01/Nov/2005:07:50:53 -0900] "GET /store/photos/smalljpegs/(115)1989-0166-00398.jpg HTTP/1.1" 304 - "http://photolab.elmer.uaf.edu/store/alaskanatives.html" "Mozilla/4.0 (compatible; MSIE 5.0; Windows 98; DigExt)"
219.65.180.32 - - [01/Nov/2005:07:50:56 -0900] "GET /store/photos/smalljpegs/(116)1989-0166-00402.jpg HTTP/1.1" 304 - "http://photolab.elmer.uaf.edu/store/alaskanatives.html" "Mozilla/4.0 (compatible; MSIE 5.0; Windows 98; DigExt)"
219.65.180.32 - - [01/Nov/2005:07:50:56 -0900] "GET /store/photos/smalljpegs/(119)1968-0069-02524.jpg HTTP/1.1" 304 - "http://photolab.elmer.uaf.edu/store/alaskanatives.html" "Mozilla/4.0 (compatible; MSIE 5.0; Windows 98; DigExt)"
219.65.180.32 - - [01/Nov/2005:07:50:57 -0900] "GET /store/photos/smalljpegs/(120)1966-0054-00114.jpg HTTP/1.1" 206 9907 "http://photolab.elmer.uaf.edu/store/alaskanatives.html" "Mozilla/4.0 (compatible; MSIE 5.0; Windows 98; DigExt)"
219.65.180.32 - - [01/Nov/2005:07:50:56 -0900] "GET /store/photos/smalljpegs/(118)1989-0166-00389.jpg HTTP/1.1" 206 19443 "http://photolab.elmer.uaf.edu/store/alaskanatives.html" "Mozilla/4.0 (compatible; MSIE 5.0; Windows 98; DigExt)"
219.65.180.32 - - [01/Nov/2005:07:51:02 -0900] "GET /store/photos/smalljpegs/(123)2002-0134-00056.jpg HTTP/1.1" 200 34062 "http://photolab.elmer.uaf.edu/store/alaskanatives.html" "Mozilla/4.0 (compatible; MSIE 5.0; Windows 98; DigExt)"
219.65.180.32 - - [01/Nov/2005:07:51:05 -0900] "GET /store/photos/smalljpegs/(126)2002-0134-00097.jpg HTTP/1.1" 200 32555 "http://photolab.elmer.uaf.edu/store/alaskanatives.html" "Mozilla/4.0 (compatible; MSIE 5.0; Windows 98; DigExt)"
217.212.224.149 - - [01/Nov/2005:07:51:19 -0900] "GET /gallery/photos/19890207/0/pages/1989-0207-00020.html HTTP/1.0" 304 - "-" "psbot/0.1 (+http://www.picsearch.com/bot.html)"
217.212.224.149 - - [01/Nov/2005:07:51:23 -0900] "GET /gallery/photos/19940096/4/pages/1994-0096-00446.html HTTP/1.0" 304 - "-" "psbot/0.1 (+http://www.picsearch.com/bot.html)"
219.65.180.32 - - [01/Nov/2005:07:51:18 -0900] "GET /store/maps.html HTTP/1.1" 200 23493 "http://photolab.elmer.uaf.edu/store/alaskanatives.html" "Mozilla/4.0 (compatible; MSIE 5.0; Windows 98; DigExt)"
219.65.180.32 - - [01/Nov/2005:07:51:24 -0900] "GET /store/maps/small%20jpegs/(002)%20G4370%20%5B1862_%5D%20C631.jpg HTTP/1.1" 200 42691 "http://photolab.elmer.uaf.edu/store/maps.html" "Mozilla/4.0 (compatible; MSIE 5.0; Windows 98; DigExt)"
219.65.180.32 - - [01/Nov/2005:07:51:21 -0900] "GET /store/maps/small%20jpegs/(001)%20G3300%20%5B1780%5D%20C66.jpg HTTP/1.1" 200 38510 "http://photolab.elmer.uaf.edu/store/maps.html" "Mozilla/4.0 (compatible; MSIE 5.0; Windows 98; DigExt)"
217.212.224.149 - - [01/Nov/2005:07:52:06 -0900] "GET /gallery/photos/19890207/0/pages/1989-0207-00022.html HTTP/1.0" 304 - "-" "psbot/0.1 (+http://www.picsearch.com/bot.html)"
219.65.180.32 - - [01/Nov/2005:07:51:46 -0900] "GET /store/maps/small%20jpegs/(004)%20G3350%201898%20S4.jpg HTTP/1.1" 200 38584 "http://photolab.elmer.uaf.edu/store/maps.html" "Mozilla/4.0 (compatible; MSIE 5.0; Windows 98; DigExt)"
217.212.224.149 - - [01/Nov/2005:07:52:09 -0900] "GET /gallery/photos/20040086/0/pages/2004-0086-00067.htm HTTP/1.0" 304 - "-" "psbot/0.1 (+http://www.picsearch.com/bot.html)"
62.58.119.222 - - [01/Nov/2005:07:51:57 -0900] "GET /store/photos/largejpegs/(040)1958-1026-01700.jpg HTTP/1.1" 200 138785 "-" "Mozilla/4.0 (compatible; MSIE 6.0; Windows NT 5.1; c't; SV1; .NET CLR 1.1.4322)"
219.65.180.32 - - [01/Nov/2005:07:51:46 -0900] "GET /store/maps/small%20jpegs/(003)%20G7290%20%5B1584_%5D%20O71.jpg HTTP/1.1" 200 53075 "http://photolab.elmer.uaf.edu/store/maps.html" "Mozilla/4.0 (compatible; MSIE 5.0; Windows 98; DigExt)"
219.65.180.32 - - [01/Nov/2005:07:52:09 -0900] "GET /store/maps/small%20jpegs/(005)%20G3210%20%5B1740_%5D%20T57.jpg HTTP/1.1" 200 46978 "http://photolab.elmer.uaf.edu/store/maps.html" "Mozilla/4.0 (compatible; MSIE 5.0; Windows 98; DigExt)"
217.212.224.149 - - [01/Nov/2005:07:52:49 -0900] "GET /gallery/photos/19950244/01/pages/1995-0244-00151.html HTTP/1.0" 304 - "-" "psbot/0.1 (+http://www.picsearch.com/bot.html)"
219.65.180.32 - - [01/Nov/2005:07:52:14 -0900] "GET /store/maps/large%20jpegs/(001)%20G3300%20%5B1780%5D%20C66.jpg HTTP/1.1" 200 275536 "http://photolab.elmer.uaf.edu/store/maps.html" "Mozilla/4.0 (compatible; MSIE 5.0; Windows 98; DigExt)"
217.212.224.149 - - [01/Nov/2005:07:52:55 -0900] "GET /gallery/photos/19890207/0/pages/1989-0207-00024.html HTTP/1.0" 304 - "-" "psbot/0.1 (+http://www.picsearch.com/bot.html)"
217.212.224.149 - - [01/Nov/2005:07:53:30 -0900] "GET /gallery/photos/20030063/2/pages/2003-0063-00238.html HTTP/1.0" 304 - "-" "psbot/0.1 (+http://www.picsearch.com/bot.html)"
219.65.180.32 - - [01/Nov/2005:07:52:53 -0900] "GET /store/maps/small%20jpegs/(006)%20G4371%20S1%20%5B1593_%5D%20D4.jpg HTTP/1.1" 200 44069 "http://photolab.elmer.uaf.edu/store/maps.html" "Mozilla/4.0 (compatible; MSIE 5.0; Windows 98; DigExt)"
84.177.252.186 - - [01/Nov/2005:07:53:06 -0900] "GET /store/maps.html HTTP/1.1" 200 23493 "-" "Mozilla/4.0 (compatible; MSIE 6.0; Windows NT 5.1; SV1)"
84.177.252.186 - - [01/Nov/2005:07:53:07 -0900] "GET /store/maps/large%20jpegs/(001)%20G3300%20%5B1780%5D%20C66.jpg HTTP/1.1" 200 275536 "-" "Mozilla/4.0 (compatible; MSIE 6.0; Windows NT 5.1; SV1)"
84.177.252.186 - - [01/Nov/2005:07:53:25 -0900] "GET /gallery/maps/mapg3205.html HTTP/1.1" 200 17033 "-" "Mozilla/4.0 (compatible; MSIE 6.0; Windows NT 5.1; SV1)"
84.177.252.186 - - [01/Nov/2005:07:53:26 -0900] "GET /gallery/maps/G3200/large/G3205%20%5B1780%5D.jpg HTTP/1.1" 200 246369 "-" "Mozilla/4.0 (compatible; MSIE 6.0; Windows NT 5.1; SV1)"
217.212.224.149 - - [01/Nov/2005:07:53:39 -0900] "GET /gallery/photos/20030174/2/ HTTP/1.0" 304 - "-" "psbot/0.1 (+http://www.picsearch.com/bot.html)"
219.65.180.32 - - [01/Nov/2005:07:52:53 -0900] "GET /store/maps/small%20jpegs/(003)%20G7290%20%5B1584_%5D%20O71.jpg HTTP/1.1" 200 53075 "http://photolab.elmer.uaf.edu/store/maps.html" "Mozilla/4.0 (compatible; MSIE 5.0; Windows 98; DigExt)"
219.65.180.32 - - [01/Nov/2005:07:53:35 -0900] "GET /store/maps/small%20jpegs/(005)%20G3210%20%5B1740_%5D%20T57.jpg HTTP/1.1" 200 46978 "http://photolab.elmer.uaf.edu/store/maps.html" "Mozilla/4.0 (compatible; MSIE 5.0; Windows 98; DigExt)"
156.63.181.3 - - [01/Nov/2005:07:53:52 -0900] "GET /gallery/documents/constitution/constitution.html HTTP/1.0" 200 10917 "http://images.google.com/imgres?imgurl=http://photolab.elmer.uaf.edu/gallery/documents/constitution/AK%2520constitution%2520page%252007.jpg&imgrefurl=http://photolab.elmer.uaf.edu/gallery/documents/constitution/constitution.html&h=1500&w=1147&sz=307&tbnid=aoB_L5QHBB0J:&tbnh=150&tbnw=114&hl=en&start=18&prev=/images%3Fq%3Dthe%2Bconstitution%26svnum%3D10%26hl%3Den%26lr%3D%26safe%3Dactive" "Mozilla/4.0 (compatible; MSIE 6.0; Windows NT 5.1; SV1; .NET CLR 1.1.4322)"
219.65.180.32 - - [01/Nov/2005:07:53:40 -0900] "GET /store/maps/small%20jpegs/(007)%20G7820%201626%20S67.jpg HTTP/1.1" 200 55977 "http://photolab.elmer.uaf.edu/store/maps.html" "Mozilla/4.0 (compatible; MSIE 5.0; Windows 98; DigExt)"
219.65.180.32 - - [01/Nov/2005:07:53:53 -0900] "GET /store/maps/small%20jpegs/(008)%20G3205%20%5B1757%5Da.jpg HTTP/1.1" 200 60171 "http://photolab.elmer.uaf.edu/store/maps.html" "Mozilla/4.0 (compatible; MSIE 5.0; Windows 98; DigExt)"
156.63.181.3 - - [01/Nov/2005:07:53:54 -0900] "GET /index_files/title.jpg HTTP/1.0" 200 5438 "http://photolab.elmer.uaf.edu/gallery/documents/constitution/constitution.html" "Mozilla/4.0 (compatible; MSIE 6.0; Windows NT 5.1; SV1; .NET CLR 1.1.4322)"
156.63.181.3 - - [01/Nov/2005:07:53:54 -0900] "GET /index_files/apr.jpg HTTP/1.0" 200 6015 "http://photolab.elmer.uaf.edu/gallery/documents/constitution/constitution.html" "Mozilla/4.0 (compatible; MSIE 6.0; Windows NT 5.1; SV1; .NET CLR 1.1.4322)"
156.63.181.3 - - [01/Nov/2005:07:54:04 -0900] "GET /index_files/empty.gif HTTP/1.0" 200 45 "http://photolab.elmer.uaf.edu/gallery/documents/constitution/constitution.html" "Mozilla/4.0 (compatible; MSIE 6.0; Windows NT 5.1; SV1; .NET CLR 1.1.4322)"
217.212.224.149 - - [01/Nov/2005:07:54:11 -0900] "GET /gallery/photos/20030109/0/pages/2003-0109-00050.html HTTP/1.0" 304 - "-" "psbot/0.1 (+http://www.picsearch.com/bot.html)"
217.212.224.149 - - [01/Nov/2005:07:54:21 -0900] "GET /gallery/photos/19900043/08/pages/1990-0043-00829.html HTTP/1.0" 304 - "-" "psbot/0.1 (+http://www.picsearch.com/bot.html)"
217.212.224.149 - - [01/Nov/2005:07:54:50 -0900] "GET /gallery/photos/20030024/0/pages/2003-0024-00043.html HTTP/1.0" 304 - "-" "psbot/0.1 (+http://www.picsearch.com/bot.html)"
217.212.224.149 - - [01/Nov/2005:07:55:01 -0900] "GET /gallery/photos/20020015/1/pages/2002-0015-00103m.html HTTP/1.0" 304 - "-" "psbot/0.1 (+http://www.picsearch.com/bot.html)"
219.65.180.32 - - [01/Nov/2005:07:54:06 -0900] "GET /store/maps/large%20jpegs/(001)%20G3300%20%5B1780%5D%20C66.jpg HTTP/1.1" 206 156752 "http://photolab.elmer.uaf.edu/store/maps.html" "Mozilla/4.0 (compatible; MSIE 5.0; Windows 98; DigExt)"
156.63.181.3 - - [01/Nov/2005:07:55:14 -0900] "GET /gallery/documents/constitution/constitution.html HTTP/1.0" 200 10917 "http://images.google.com/imgres?imgurl=http://photolab.elmer.uaf.edu/gallery/documents/constitution/AK%2520constitution%2520page%252007.jpg&imgrefurl=http://photolab.elmer.uaf.edu/gallery/documents/constitution/constitution.html&h=1500&w=1147&sz=307&tbnid=aoB_L5QHBB0J:&tbnh=150&tbnw=114&hl=en&start=18&prev=/images%3Fq%3Dconstitution%26svnum%3D10%26hl%3Den%26lr%3D%26safe%3Dactive" "Mozilla/4.0 (compatible; MSIE 6.0; Windows NT 5.1; SV1; .NET CLR 1.1.4322)"
156.63.181.3 - - [01/Nov/2005:07:55:15 -0900] "GET /index_files/apr.jpg HTTP/1.0" 200 6015 "http://photolab.elmer.uaf.edu/gallery/documents/constitution/constitution.html" "Mozilla/4.0 (compatible; MSIE 6.0; Windows NT 5.1; SV1; .NET CLR 1.1.4322)"
156.63.181.3 - - [01/Nov/2005:07:55:15 -0900] "GET /index_files/title.jpg HTTP/1.0" 200 5438 "http://photolab.elmer.uaf.edu/gallery/documents/constitution/constitution.html" "Mozilla/4.0 (compatible; MSIE 6.0; Windows NT 5.1; SV1; .NET CLR 1.1.4322)"
156.63.181.3 - - [01/Nov/2005:07:55:15 -0900] "GET /index_files/empty.gif HTTP/1.0" 200 45 "http://photolab.elmer.uaf.edu/gallery/documents/constitution/constitution.html" "Mozilla/4.0 (compatible; MSIE 6.0; Windows NT 5.1; SV1; .NET CLR 1.1.4322)"
156.63.181.3 - - [01/Nov/2005:07:55:15 -0900] "GET /index_files/small.dps.jpg HTTP/1.0" 200 5830 "http://photolab.elmer.uaf.edu/gallery/documents/constitution/constitution.html" "Mozilla/4.0 (compatible; MSIE 6.0; Windows NT 5.1; SV1; .NET CLR 1.1.4322)"
156.63.181.3 - - [01/Nov/2005:07:55:15 -0900] "GET /index_files/small.jpg HTTP/1.0" 200 2294 "http://photolab.elmer.uaf.edu/gallery/documents/constitution/constitution.html" "Mozilla/4.0 (compatible; MSIE 6.0; Windows NT 5.1; SV1; .NET CLR 1.1.4322)"
156.63.181.3 - - [01/Nov/2005:07:55:15 -0900] "GET /index_files/small_002.jpg HTTP/1.0" 200 1351 "http://photolab.elmer.uaf.edu/gallery/documents/constitution/constitution.html" "Mozilla/4.0 (compatible; MSIE 6.0; Windows NT 5.1; SV1; .NET CLR 1.1.4322)"
156.63.181.3 - - [01/Nov/2005:07:55:16 -0900] "GET /index_files/bar.gif HTTP/1.0" 200 342 "http://photolab.elmer.uaf.edu/gallery/documents/constitution/constitution.html" "Mozilla/4.0 (compatible; MSIE 6.0; Windows NT 5.1; SV1; .NET CLR 1.1.4322)"
156.63.181.3 - - [01/Nov/2005:07:55:16 -0900] "GET /index_files/small_003.jpg HTTP/1.0" 200 1521 "http://photolab.elmer.uaf.edu/gallery/documents/constitution/constitution.html" "Mozilla/4.0 (compatible; MSIE 6.0; Windows NT 5.1; SV1; .NET CLR 1.1.4322)"
156.63.181.3 - - [01/Nov/2005:07:55:16 -0900] "GET /gallery/documents/constitution/thumbs/AK%20constitution%20page%2002.jpg HTTP/1.0" 200 33083 "http://photolab.elmer.uaf.edu/gallery/documents/constitution/constitution.html" "Mozilla/4.0 (compatible; MSIE 6.0; Windows NT 5.1; SV1; .NET CLR 1.1.4322)"
156.63.181.3 - - [01/Nov/2005:07:55:16 -0900] "GET /gallery/documents/constitution/thumbs/AK%20constitution%20page%2001.jpg HTTP/1.0" 200 34684 "http://photolab.elmer.uaf.edu/gallery/documents/constitution/constitution.html" "Mozilla/4.0 (compatible; MSIE 6.0; Windows NT 5.1; SV1; .NET CLR 1.1.4322)"
156.63.181.3 - - [01/Nov/2005:07:55:17 -0900] "GET /gallery/documents/constitution/thumbs/AK%20constitution%20page%2004.jpg HTTP/1.0" 200 37535 "http://photolab.elmer.uaf.edu/gallery/documents/constitution/constitution.html" "Mozilla/4.0 (compatible; MSIE 6.0; Windows NT 5.1; SV1; .NET CLR 1.1.4322)"
156.63.181.3 - - [01/Nov/2005:07:55:17 -0900] "GET /gallery/documents/constitution/thumbs/AK%20constitution%20page%2003.jpg HTTP/1.0" 200 38163 "http://photolab.elmer.uaf.edu/gallery/documents/constitution/constitution.html" "Mozilla/4.0 (compatible; MSIE 6.0; Windows NT 5.1; SV1; .NET CLR 1.1.4322)"
156.63.181.3 - - [01/Nov/2005:07:55:19 -0900] "GET /gallery/documents/constitution/thumbs/AK%20constitution%20page%2005.jpg HTTP/1.0" 200 36962 "http://photolab.elmer.uaf.edu/gallery/documents/constitution/constitution.html" "Mozilla/4.0 (compatible; MSIE 6.0; Windows NT 5.1; SV1; .NET CLR 1.1.4322)"
156.63.181.3 - - [01/Nov/2005:07:55:19 -0900] "GET /gallery/documents/constitution/thumbs/AK%20constitution%20page%2006.jpg HTTP/1.0" 200 37729 "http://photolab.elmer.uaf.edu/gallery/documents/constitution/constitution.html" "Mozilla/4.0 (compatible; MSIE 6.0; Windows NT 5.1; SV1; .NET CLR 1.1.4322)"
156.63.181.3 - - [01/Nov/2005:07:55:21 -0900] "GET /gallery/documents/constitution/thumbs/AK%20constitution%20page%2007.jpg HTTP/1.0" 200 32009 "http://photolab.elmer.uaf.edu/gallery/documents/constitution/constitution.html" "Mozilla/4.0 (compatible; MSIE 6.0; Windows NT 5.1; SV1; .NET CLR 1.1.4322)"
156.63.181.3 - - [01/Nov/2005:07:55:21 -0900] "GET /gallery/documents/constitution/thumbs/AK%20constitution%20page%2008.jpg HTTP/1.0" 200 29533 "http://photolab.elmer.uaf.edu/gallery/documents/constitution/constitution.html" "Mozilla/4.0 (compatible; MSIE 6.0; Windows NT 5.1; SV1; .NET CLR 1.1.4322)"
156.63.181.3 - - [01/Nov/2005:07:55:22 -0900] "GET /gallery/documents/constitution/thumbs/AK%20constitution%20page%2010.jpg HTTP/1.0" 200 31677 "http://photolab.elmer.uaf.edu/gallery/documents/constitution/constitution.html" "Mozilla/4.0 (compatible; MSIE 6.0; Windows NT 5.1; SV1; .NET CLR 1.1.4322)"
156.63.181.3 - - [01/Nov/2005:07:55:22 -0900] "GET /gallery/documents/constitution/thumbs/AK%20constitution%20page%2009.jpg HTTP/1.0" 200 36922 "http://photolab.elmer.uaf.edu/gallery/documents/constitution/constitution.html" "Mozilla/4.0 (compatible; MSIE 6.0; Windows NT 5.1; SV1; .NET CLR 1.1.4322)"
156.63.181.3 - - [01/Nov/2005:07:55:24 -0900] "GET /gallery/documents/constitution/thumbs/AK%20constitution%20page%2012.jpg HTTP/1.0" 200 31891 "http://photolab.elmer.uaf.edu/gallery/documents/constitution/constitution.html" "Mozilla/4.0 (compatible; MSIE 6.0; Windows NT 5.1; SV1; .NET CLR 1.1.4322)"
156.63.181.3 - - [01/Nov/2005:07:55:24 -0900] "GET /gallery/documents/constitution/thumbs/AK%20constitution%20page%2013.jpg HTTP/1.0" 200 43359 "http://photolab.elmer.uaf.edu/gallery/documents/constitution/constitution.html" "Mozilla/4.0 (compatible; MSIE 6.0; Windows NT 5.1; SV1; .NET CLR 1.1.4322)"
156.63.181.3 - - [01/Nov/2005:07:55:25 -0900] "GET /gallery/documents/constitution/thumbs/AK%20constitution%20page%2011.jpg HTTP/1.0" 200 35676 "http://photolab.elmer.uaf.edu/gallery/documents/constitution/constitution.html" "Mozilla/4.0 (compatible; MSIE 6.0; Windows NT 5.1; SV1; .NET CLR 1.1.4322)"
156.63.181.3 - - [01/Nov/2005:07:55:25 -0900] "GET /gallery/documents/constitution/thumbs/AK%20constitution%20page%2014.jpg HTTP/1.0" 200 35104 "http://photolab.elmer.uaf.edu/gallery/documents/constitution/constitution.html" "Mozilla/4.0 (compatible; MSIE 6.0; Windows NT 5.1; SV1; .NET CLR 1.1.4322)"
156.63.181.3 - - [01/Nov/2005:07:55:27 -0900] "GET /index_files/bluebear.gif HTTP/1.0" 200 1263 "http://photolab.elmer.uaf.edu/gallery/documents/constitution/constitution.html" "Mozilla/4.0 (compatible; MSIE 6.0; Windows NT 5.1; SV1; .NET CLR 1.1.4322)"
156.63.181.3 - - [01/Nov/2005:07:55:27 -0900] "GET /index_files/sitemap.gif HTTP/1.0" 200 1503 "http://photolab.elmer.uaf.edu/gallery/documents/constitution/constitution.html" "Mozilla/4.0 (compatible; MSIE 6.0; Windows NT 5.1; SV1; .NET CLR 1.1.4322)"
217.212.224.149 - - [01/Nov/2005:07:55:28 -0900] "GET /gallery/photos/20020087/1/pages/2002-0087-00128.html HTTP/1.0" 304 - "-" "psbot/0.1 (+http://www.picsearch.com/bot.html)"
217.212.224.149 - - [01/Nov/2005:07:55:42 -0900] "GET /gallery/photos/20030024/0/pages/2003-0024-00003.html HTTP/1.0" 304 - "-" "psbot/0.1 (+http://www.picsearch.com/bot.html)"
156.63.181.3 - - [01/Nov/2005:07:55:44 -0900] "GET /gallery/documents/constitution/AK%20constitution%20page%2001.jpg HTTP/1.0" 200 249820 "http://photolab.elmer.uaf.edu/gallery/documents/constitution/constitution.html" "Mozilla/4.0 (compatible; MSIE 6.0; Windows NT 5.1; SV1; .NET CLR 1.1.4322)"
217.212.224.149 - - [01/Nov/2005:07:56:10 -0900] "GET /gallery/photos/19700058/1/pages/1970-0058-00155.html HTTP/1.0" 304 - "-" "psbot/0.1 (+http://www.picsearch.com/bot.html)"
156.63.181.3 - - [01/Nov/2005:07:56:05 -0900] "GET /gallery/documents/constitution/AK%20constitution%20page%2013.jpg HTTP/1.0" 200 243038 "http://photolab.elmer.uaf.edu/gallery/documents/constitution/constitution.html" "Mozilla/4.0 (compatible; MSIE 6.0; Windows NT 5.1; SV1; .NET CLR 1.1.4322)"
217.212.224.149 - - [01/Nov/2005:07:56:28 -0900] "GET /gallery/photos/19880041/0/pages/1988-0041-00052.htm HTTP/1.0" 304 - "-" "psbot/0.1 (+http://www.picsearch.com/bot.html)"
219.65.180.32 - - [01/Nov/2005:07:56:38 -0900] "GET /store/maps/small%20jpegs/(008)%20G3205%20%5B1757%5Da.jpg HTTP/1.1" 200 60171 "http://photolab.elmer.uaf.edu/store/maps.html" "Mozilla/4.0 (compatible; MSIE 5.0; Windows 98; DigExt)"
219.65.180.32 - - [01/Nov/2005:07:56:38 -0900] "GET /store/maps/small%20jpegs/(007)%20G7820%201626%20S67.jpg HTTP/1.1" 200 55977 "http://photolab.elmer.uaf.edu/store/maps.html" "Mozilla/4.0 (compatible; MSIE 5.0; Windows 98; DigExt)"
217.212.224.149 - - [01/Nov/2005:07:56:49 -0900] "GET /gallery/photos/19581026/22/pages/1958-1026-02253.html HTTP/1.0" 200 2092 "-" "psbot/0.1 (+http://www.picsearch.com/bot.html)"
156.63.181.3 - - [01/Nov/2005:07:56:59 -0900] "GET /gallery/documents/constitution/AK%20constitution%20page%2010.jpg HTTP/1.0" 200 260305 "http://photolab.elmer.uaf.edu/gallery/documents/constitution/constitution.html" "Mozilla/4.0 (compatible; MSIE 6.0; Windows NT 5.1; SV1; .NET CLR 1.1.4322)"
156.63.181.3 - - [01/Nov/2005:07:57:00 -0900] "GET /gallery/documents/constitution/AK%20constitution%20page%2010.jpg HTTP/1.0" 200 260305 "http://photolab.elmer.uaf.edu/gallery/documents/constitution/constitution.html" "Mozilla/4.0 (compatible; MSIE 6.0; Windows NT 5.1; SV1; .NET CLR 1.1.4322)"
217.212.224.149 - - [01/Nov/2005:07:57:11 -0900] "GET /gallery/photos/19700058/0/pages/1970-0058-00045.html HTTP/1.0" 304 - "-" "psbot/0.1 (+http://www.picsearch.com/bot.html)"
217.212.224.149 - - [01/Nov/2005:07:57:31 -0900] "GET /gallery/photos/20030040/2/pages/2003-0040-00246.html HTTP/1.0" 304 - "-" "psbot/0.1 (+http://www.picsearch.com/bot.html)"
217.212.224.149 - - [01/Nov/2005:07:57:55 -0900] "GET /gallery/photos/19880041/0/pages/1988-0041-00072.htm HTTP/1.0" 304 - "-" "psbot/0.1 (+http://www.picsearch.com/bot.html)"
217.212.224.149 - - [01/Nov/2005:07:58:12 -0900] "GET /gallery/photos/20030040/2/pages/2003-0040-00247.html HTTP/1.0" 304 - "-" "psbot/0.1 (+http://www.picsearch.com/bot.html)"
217.212.224.149 - - [01/Nov/2005:07:58:33 -0900] "GET /gallery/photos/19900043/08/pages/1990-0043-00852.html HTTP/1.0" 304 - "-" "psbot/0.1 (+http://www.picsearch.com/bot.html)"
219.65.180.32 - - [01/Nov/2005:07:56:42 -0900] "GET /store/maps/large%20jpegs/(002)%20G4370%20%5B1862_%5D%20C631.jpg HTTP/1.1" 200 341370 "http://photolab.elmer.uaf.edu/store/maps.html" "Mozilla/4.0 (compatible; MSIE 5.0; Windows 98; DigExt)"
217.212.224.149 - - [01/Nov/2005:07:58:55 -0900] "GET /gallery/photos/19900043/09/pages/1990-0043-00940.html HTTP/1.0" 304 - "-" "psbot/0.1 (+http://www.picsearch.com/bot.html)"
219.65.180.32 - - [01/Nov/2005:07:58:57 -0900] "GET /store/maps/small%20jpegs/(007)%20G7820%201626%20S67.jpg HTTP/1.1" 200 55977 "http://photolab.elmer.uaf.edu/store/maps.html" "Mozilla/4.0 (compatible; MSIE 5.0; Windows 98; DigExt)"
217.212.224.149 - - [01/Nov/2005:07:59:16 -0900] "GET /gallery/photos/20030040/0/pages/2003-0040-00018.html HTTP/1.0" 304 - "-" "psbot/0.1 (+http://www.picsearch.com/bot.html)"
217.212.224.149 - - [01/Nov/2005:07:59:39 -0900] "GET /gallery/photos/20030063/1/pages/2003-0063-00142.html HTTP/1.0" 304 - "-" "psbot/0.1 (+http://www.picsearch.com/bot.html)"
219.65.180.32 - - [01/Nov/2005:07:59:27 -0900] "GET /store/maps/small%20jpegs/(009)%20G3200%20%5B1652_%5D%20V571.jpg HTTP/1.1" 200 49730 "http://photolab.elmer.uaf.edu/store/maps.html" "Mozilla/4.0 (compatible; MSIE 5.0; Windows 98; DigExt)"
82.41.74.205 - - [01/Nov/2005:07:59:41 -0900] "GET /store/people.html HTTP/1.1" 200 21075 "http://images.google.co.uk/imgres?imgurl=http://photolab.elmer.uaf.edu/store/photos/largejpegs/(040)1958-1026-01700.jpg&imgrefurl=http://photolab.elmer.uaf.edu/store/people.html&h=1000&w=762&sz=136&tbnid=muofWG5zZScJ:&tbnh=149&tbnw=113&hl=en&start=6&prev=/images%3Fq%3DEskimo%26svnum%3D10%26hl%3Den%26lr%3D%26sa%3DG" "Mozilla/4.0 (compatible; MSIE 6.0; Windows NT 5.0; .NET CLR 1.1.4322)"
219.65.180.32 - - [01/Nov/2005:07:59:27 -0900] "GET /store/maps/small%20jpegs/(007)%20G7820%201626%20S67.jpg HTTP/1.1" 200 55977 "http://photolab.elmer.uaf.edu/store/maps.html" "Mozilla/4.0 (compatible; MSIE 5.0; Windows 98; DigExt)"
217.212.224.149 - - [01/Nov/2005:07:59:57 -0900] "GET /gallery/photos/20030174/2/index_2.html HTTP/1.0" 304 - "-" "psbot/0.1 (+http://www.picsearch.com/bot.html)"
69.226.119.120 - - [01/Nov/2005:07:59:52 -0900] "GET /gallery/maps/mapg3210.html HTTP/1.1" 200 11341 "-" "Mozilla/5.0 (Windows; U; Windows NT 5.1; en-US; rv:1.7.5) Gecko/20041107 Firefox/1.0"
69.226.119.120 - - [01/Nov/2005:08:00:02 -0900] "GET /index_files/empty.gif HTTP/1.1" 200 45 "-" "Mozilla/5.0 (Windows; U; Windows NT 5.1; en-US; rv:1.7.5) Gecko/20041107 Firefox/1.0"
217.212.224.149 - - [01/Nov/2005:08:00:17 -0900] "GET /gallery/photos/19950244/12/pages/1995-0244-01244.html HTTP/1.0" 304 - "-" "psbot/0.1 (+http://www.picsearch.com/bot.html)"
219.65.180.32 - - [01/Nov/2005:07:59:57 -0900] "GET /store/maps/small%20jpegs/(011)%20G3270%201634%20M4.jpg HTTP/1.1" 200 41516 "http://photolab.elmer.uaf.edu/store/maps.html" "Mozilla/4.0 (compatible; MSIE 5.0; Windows 98; DigExt)"
69.226.119.120 - - [01/Nov/2005:07:59:57 -0900] "GET /index_files/lib.css HTTP/1.1" 200 2634 "-" "Mozilla/5.0 (Windows; U; Windows NT 5.1; en-US; rv:1.7.5) Gecko/20041107 Firefox/1.0"
219.65.180.32 - - [01/Nov/2005:07:59:56 -0900] "GET /store/maps/small%20jpegs/(010)%20G3200%20%5B1700%5D.jpg HTTP/1.1" 200 54365 "http://photolab.elmer.uaf.edu/store/maps.html" "Mozilla/4.0 (compatible; MSIE 5.0; Windows 98; DigExt)"
69.226.119.120 - - [01/Nov/2005:08:00:02 -0900] "GET /index_files/title.jpg HTTP/1.1" 200 5438 "-" "Mozilla/5.0 (Windows; U; Windows NT 5.1; en-US; rv:1.7.5) Gecko/20041107 Firefox/1.0"
219.65.180.32 - - [01/Nov/2005:08:00:23 -0900] "GET /store/maps/small%20jpegs/(008)%20G3205%20%5B1757%5Da.jpg HTTP/1.1" 200 60171 "http://photolab.elmer.uaf.edu/store/maps.html" "Mozilla/4.0 (compatible; MSIE 5.0; Windows 98; DigExt)"
219.65.180.32 - - [01/Nov/2005:08:00:24 -0900] "GET /store/maps/small%20jpegs/(012)%20G3270%20%5B1662%5D%20B551.jpg HTTP/1.1" 200 53279 "http://photolab.elmer.uaf.edu/store/maps.html" "Mozilla/4.0 (compatible; MSIE 5.0; Windows 98; DigExt)"
82.41.74.205 - - [01/Nov/2005:07:59:42 -0900] "GET /store/photos/largejpegs/(040)1958-1026-01700.jpg HTTP/1.1" 200 138785 "http://images.google.co.uk/imgres?imgurl=http://photolab.elmer.uaf.edu/store/photos/largejpegs/(040)1958-1026-01700.jpg&imgrefurl=http://photolab.elmer.uaf.edu/store/people.html&h=1000&w=762&sz=136&tbnid=muofWG5zZScJ:&tbnh=149&tbnw=113&hl=en&prev=/images%3Fq%3DEskimo%26svnum%3D10%26hl%3Den%26lr%3D%26sa%3DG&frame=small" "Mozilla/4.0 (compatible; MSIE 6.0; Windows NT 5.0; .NET CLR 1.1.4322)"
217.212.224.149 - - [01/Nov/2005:08:00:36 -0900] "GET /gallery/photos/20030129/0/pages/2003-0129-00018.html HTTP/1.0" 304 - "-" "psbot/0.1 (+http://www.picsearch.com/bot.html)"
219.65.180.32 - - [01/Nov/2005:08:00:31 -0900] "GET /store/maps/small%20jpegs/(008)%20G3205%20%5B1757%5Da.jpg HTTP/1.1" 200 60171 "http://photolab.elmer.uaf.edu/store/maps.html" "Mozilla/4.0 (compatible; MSIE 5.0; Windows 98; DigExt)"
219.65.180.32 - - [01/Nov/2005:08:00:31 -0900] "GET /store/maps/small%20jpegs/(012)%20G3270%20%5B1662%5D%20B551.jpg HTTP/1.1" 200 53279 "http://photolab.elmer.uaf.edu/store/maps.html" "Mozilla/4.0 (compatible; MSIE 5.0; Windows 98; DigExt)"
213.119.94.23 - - [01/Nov/2005:08:00:31 -0900] "GET /store/people.html HTTP/1.1" 200 21075 "-" "Mozilla/4.0 (compatible; MSIE 6.0; Windows NT 5.1; SV1; .NET CLR 1.1.4322)"
217.212.224.149 - - [01/Nov/2005:08:01:02 -0900] "GET /gallery/photos/20040145/0/pages/2004-0145-00056.htm HTTP/1.0" 304 - "-" "psbot/0.1 (+http://www.picsearch.com/bot.html)"
217.212.224.149 - - [01/Nov/2005:08:01:19 -0900] "GET /gallery/photos/19690092/5/pages/1969-0092-00519.html HTTP/1.0" 304 - "-" "psbot/0.1 (+http://www.picsearch.com/bot.html)"
219.65.180.32 - - [01/Nov/2005:08:01:33 -0900] "GET /store/alaskanatives.html HTTP/1.1" 304 - "-" "Mozilla/4.0 (compatible; MSIE 5.0; Windows 98; DigExt)"
219.65.180.32 - - [01/Nov/2005:08:01:34 -0900] "GET /index_files/store.css HTTP/1.1" 304 - "http://photolab.elmer.uaf.edu/store/alaskanatives.html" "Mozilla/4.0 (compatible; MSIE 5.0; Windows 98; DigExt)"
219.65.180.32 - - [01/Nov/2005:08:01:34 -0900] "GET /index_files/titlebrown.jpg HTTP/1.1" 304 - "http://photolab.elmer.uaf.edu/store/alaskanatives.html" "Mozilla/4.0 (compatible; MSIE 5.0; Windows 98; DigExt)"
219.65.180.32 - - [01/Nov/2005:08:01:34 -0900] "GET /index_files/aprbrown.jpg HTTP/1.1" 304 - "http://photolab.elmer.uaf.edu/store/alaskanatives.html" "Mozilla/4.0 (compatible; MSIE 5.0; Windows 98; DigExt)"
219.65.180.32 - - [01/Nov/2005:08:01:35 -0900] "GET /index_files/storetitle.gif HTTP/1.1" 304 - "http://photolab.elmer.uaf.edu/store/alaskanatives.html" "Mozilla/4.0 (compatible; MSIE 5.0; Windows 98; DigExt)"
219.65.180.32 - - [01/Nov/2005:08:01:35 -0900] "GET /index_files/menubar.gif HTTP/1.1" 304 - "http://photolab.elmer.uaf.edu/store/alaskanatives.html" "Mozilla/4.0 (compatible; MSIE 5.0; Windows 98; DigExt)"
219.65.180.32 - - [01/Nov/2005:08:01:36 -0900] "GET /store/photos/smalljpegs/(007)1972-0071-03234.jpg HTTP/1.1" 304 - "http://photolab.elmer.uaf.edu/store/alaskanatives.html" "Mozilla/4.0 (compatible; MSIE 5.0; Windows 98; DigExt)"
219.65.180.32 - - [01/Nov/2005:08:01:36 -0900] "GET /store/photos/smalljpegs/(009)1975-0146-00003.jpg HTTP/1.1" 304 - "http://photolab.elmer.uaf.edu/store/alaskanatives.html" "Mozilla/4.0 (compatible; MSIE 5.0; Windows 98; DigExt)"
219.65.180.32 - - [01/Nov/2005:08:01:36 -0900] "GET /store/photos/smalljpegs/(012)1989-0166-00375.jpg HTTP/1.1" 304 - "http://photolab.elmer.uaf.edu/store/alaskanatives.html" "Mozilla/4.0 (compatible; MSIE 5.0; Windows 98; DigExt)"
219.65.180.32 - - [01/Nov/2005:08:01:36 -0900] "GET /store/photos/smalljpegs/(040)1958-1026-01700.jpg HTTP/1.1" 304 - "http://photolab.elmer.uaf.edu/store/alaskanatives.html" "Mozilla/4.0 (compatible; MSIE 5.0; Windows 98; DigExt)"
219.65.180.32 - - [01/Nov/2005:08:01:37 -0900] "GET /store/photos/smalljpegs/(041)1989-0166-00699.jpg HTTP/1.1" 304 - "http://photolab.elmer.uaf.edu/store/alaskanatives.html" "Mozilla/4.0 (compatible; MSIE 5.0; Windows 98; DigExt)"
219.65.180.32 - - [01/Nov/2005:08:01:37 -0900] "GET /store/photos/smalljpegs/(055)1966-0054-00104.jpg HTTP/1.1" 304 - "http://photolab.elmer.uaf.edu/store/alaskanatives.html" "Mozilla/4.0 (compatible; MSIE 5.0; Windows 98; DigExt)"
219.65.180.32 - - [01/Nov/2005:08:01:38 -0900] "GET /store/photos/smalljpegs/(057)1972-0071-00823.jpg HTTP/1.1" 304 - "http://photolab.elmer.uaf.edu/store/alaskanatives.html" "Mozilla/4.0 (compatible; MSIE 5.0; Windows 98; DigExt)"
219.65.180.32 - - [01/Nov/2005:08:01:38 -0900] "GET /store/photos/smalljpegs/(004)1958-1026-01477.jpg HTTP/1.1" 304 - "http://photolab.elmer.uaf.edu/store/alaskanatives.html" "Mozilla/4.0 (compatible; MSIE 5.0; Windows 98; DigExt)"
219.65.180.32 - - [01/Nov/2005:08:01:38 -0900] "GET /store/photos/smalljpegs/(074)1968-0012-00009.jpg HTTP/1.1" 304 - "http://photolab.elmer.uaf.edu/store/alaskanatives.html" "Mozilla/4.0 (compatible; MSIE 5.0; Windows 98; DigExt)"
219.65.180.32 - - [01/Nov/2005:08:01:38 -0900] "GET /store/photos/smalljpegs/(080)1958-1026-01682.jpg HTTP/1.1" 304 - "http://photolab.elmer.uaf.edu/store/alaskanatives.html" "Mozilla/4.0 (compatible; MSIE 5.0; Windows 98; DigExt)"
219.65.180.32 - - [01/Nov/2005:08:01:39 -0900] "GET /store/maps.html HTTP/1.1" 304 - "http://photolab.elmer.uaf.edu/store/alaskanatives.html" "Mozilla/4.0 (compatible; MSIE 5.0; Windows 98; DigExt)"
219.65.180.32 - - [01/Nov/2005:08:01:40 -0900] "GET /store/maps/small%20jpegs/(001)%20G3300%20%5B1780%5D%20C66.jpg HTTP/1.1" 304 - "http://photolab.elmer.uaf.edu/store/maps.html" "Mozilla/4.0 (compatible; MSIE 5.0; Windows 98; DigExt)"
219.65.180.32 - - [01/Nov/2005:08:01:41 -0900] "GET /store/maps/small%20jpegs/(002)%20G4370%20%5B1862_%5D%20C631.jpg HTTP/1.1" 304 - "http://photolab.elmer.uaf.edu/store/maps.html" "Mozilla/4.0 (compatible; MSIE 5.0; Windows 98; DigExt)"
