207.46.98.85 - - [01/Nov/2005:00:15:02 -0900] "GET /robots.txt HTTP/1.0" 200 96 "-" "msnbot/1.0 (+http://search.msn.com/msnbot.htm)"
207.46.98.85 - - [01/Nov/2005:00:15:02 -0900] "GET /gallery/photos/19700058/2/pages/1970-0058-00292.html HTTP/1.0" 200 1759 "-" "msnbot/1.0 (+http://search.msn.com/msnbot.htm)"
80.130.117.89 - - [01/Nov/2005:00:32:26 -0900] "GET /index_files/store.css HTTP/1.1" 200 2756 "http://photolab.elmer.uaf.edu/store/alaskanatives.html" "Mozilla/4.0 (compatible; MSIE 6.0; Windows NT 5.1; SV1; .NET CLR 1.1.4322)"
80.130.117.89 - - [01/Nov/2005:00:32:25 -0900] "GET /store/alaskanatives.html HTTP/1.1" 200 23188 "http://www.google.de/search?q=women-in-fur&hl=de&lr=&start=20&sa=N" "Mozilla/4.0 (compatible; MSIE 6.0; Windows NT 5.1; SV1; .NET CLR 1.1.4322)"
80.130.117.89 - - [01/Nov/2005:00:32:27 -0900] "GET /index_files/titlebrown.jpg HTTP/1.1" 200 5451 "http://photolab.elmer.uaf.edu/store/alaskanatives.html" "Mozilla/4.0 (compatible; MSIE 6.0; Windows NT 5.1; SV1; .NET CLR 1.1.4322)"
80.130.117.89 - - [01/Nov/2005:00:32:27 -0900] "GET /index_files/aprbrown.jpg HTTP/1.1" 200 5509 "http://photolab.elmer.uaf.edu/store/alaskanatives.html" "Mozilla/4.0 (compatible; MSIE 6.0; Windows NT 5.1; SV1; .NET CLR 1.1.4322)"
80.130.117.89 - - [01/Nov/2005:00:32:27 -0900] "GET /index_files/menubar.gif HTTP/1.1" 200 2913 "http://photolab.elmer.uaf.edu/store/alaskanatives.html" "Mozilla/4.0 (compatible; MSIE 6.0; Windows NT 5.1; SV1; .NET CLR 1.1.4322)"
80.130.117.89 - - [01/Nov/2005:00:32:27 -0900] "GET /index_files/storetitle.gif HTTP/1.1" 200 14535 "http://photolab.elmer.uaf.edu/store/alaskanatives.html" "Mozilla/4.0 (compatible; MSIE 6.0; Windows NT 5.1; SV1; .NET CLR 1.1.4322)"
80.130.117.89 - - [01/Nov/2005:00:32:27 -0900] "GET /store/photos/smalljpegs/(007)1972-0071-03234.jpg HTTP/1.1" 200 32052 "http://photolab.elmer.uaf.edu/store/alaskanatives.html" "Mozilla/4.0 (compatible; MSIE 6.0; Windows NT 5.1; SV1; .NET CLR 1.1.4322)"
80.130.117.89 - - [01/Nov/2005:00:32:28 -0900] "GET /store/photos/smalljpegs/(009)1975-0146-00003.jpg HTTP/1.1" 200 35453 "http://photolab.elmer.uaf.edu/store/alaskanatives.html" "Mozilla/4.0 (compatible; MSIE 6.0; Windows NT 5.1; SV1; .NET CLR 1.1.4322)"
80.130.117.89 - - [01/Nov/2005:00:32:30 -0900] "GET /store/photos/smalljpegs/(040)1958-1026-01700.jpg HTTP/1.1" 200 30523 "http://photolab.elmer.uaf.edu/store/alaskanatives.html" "Mozilla/4.0 (compatible; MSIE 6.0; Windows NT 5.1; SV1; .NET CLR 1.1.4322)"
80.130.117.89 - - [01/Nov/2005:00:32:29 -0900] "GET /store/photos/smalljpegs/(012)1989-0166-00375.jpg HTTP/1.1" 200 41883 "http://photolab.elmer.uaf.edu/store/alaskanatives.html" "Mozilla/4.0 (compatible; MSIE 6.0; Windows NT 5.1; SV1; .NET CLR 1.1.4322)"
80.130.117.89 - - [01/Nov/2005:00:32:31 -0900] "GET /store/photos/smalljpegs/(041)1989-0166-00699.jpg HTTP/1.1" 200 28697 "http://photolab.elmer.uaf.edu/store/alaskanatives.html" "Mozilla/4.0 (compatible; MSIE 6.0; Windows NT 5.1; SV1; .NET CLR 1.1.4322)"
80.130.117.89 - - [01/Nov/2005:00:32:31 -0900] "GET /store/photos/smalljpegs/(055)1966-0054-00104.jpg HTTP/1.1" 200 35929 "http://photolab.elmer.uaf.edu/store/alaskanatives.html" "Mozilla/4.0 (compatible; MSIE 6.0; Windows NT 5.1; SV1; .NET CLR 1.1.4322)"
80.130.117.89 - - [01/Nov/2005:00:32:33 -0900] "GET /store/photos/smalljpegs/(057)1972-0071-00823.jpg HTTP/1.1" 200 23575 "http://photolab.elmer.uaf.edu/store/alaskanatives.html" "Mozilla/4.0 (compatible; MSIE 6.0; Windows NT 5.1; SV1; .NET CLR 1.1.4322)"
80.130.117.89 - - [01/Nov/2005:00:32:33 -0900] "GET /store/photos/smalljpegs/(004)1958-1026-01477.jpg HTTP/1.1" 200 31263 "http://photolab.elmer.uaf.edu/store/alaskanatives.html" "Mozilla/4.0 (compatible; MSIE 6.0; Windows NT 5.1; SV1; .NET CLR 1.1.4322)"
80.130.117.89 - - [01/Nov/2005:00:32:34 -0900] "GET /store/photos/smalljpegs/(074)1968-0012-00009.jpg HTTP/1.1" 200 36819 "http://photolab.elmer.uaf.edu/store/alaskanatives.html" "Mozilla/4.0 (compatible; MSIE 6.0; Windows NT 5.1; SV1; .NET CLR 1.1.4322)"
80.130.117.89 - - [01/Nov/2005:00:32:35 -0900] "GET /store/photos/smalljpegs/(080)1958-1026-01682.jpg HTTP/1.1" 200 34989 "http://photolab.elmer.uaf.edu/store/alaskanatives.html" "Mozilla/4.0 (compatible; MSIE 6.0; Windows NT 5.1; SV1; .NET CLR 1.1.4322)"
80.130.117.89 - - [01/Nov/2005:00:32:35 -0900] "GET /store/photos/smalljpegs/(083)1989-0166-00380.jpg HTTP/1.1" 200 32119 "http://photolab.elmer.uaf.edu/store/alaskanatives.html" "Mozilla/4.0 (compatible; MSIE 6.0; Windows NT 5.1; SV1; .NET CLR 1.1.4322)"
218.237.109.60 - - [01/Nov/2005:00:45:49 -0900] "GET /index_files/lib.css HTTP/1.1" 200 2634 "http://photolab.elmer.uaf.edu/gallery/maps/mapg3300.html" "Mozilla/4.0 (compatible; MSIE 6.0; Windows NT 5.1; SV1; i-NavFourF)"
218.237.109.60 - - [01/Nov/2005:00:45:47 -0900] "GET /gallery/maps/mapg3300.html HTTP/1.1" 200 21793 "http://www.worldmapfinder.com/Map_Detail.php?MAP=541&FN=G3300%20%5B1822%5D%20F55.jpg&MW=1200&MH=959&FS=374&FT=jpg&WO=0&CE=4&CO=0&CI=0&IT=0&LC=2&PG=1&CS=iso-8859-1&FU=http://photolab.elmer.uaf.edu/gallery/maps/G3300/large/G3300%20%5B1822%5D%20F55.jpg&SU=http://photolab.elmer.uaf.edu/gallery/maps/mapg3300.html" "Mozilla/4.0 (compatible; MSIE 6.0; Windows NT 5.1; SV1; i-NavFourF)"
218.237.109.60 - - [01/Nov/2005:00:45:51 -0900] "GET /index_files/title.jpg HTTP/1.1" 200 5438 "http://photolab.elmer.uaf.edu/gallery/maps/mapg3300.html" "Mozilla/4.0 (compatible; MSIE 6.0; Windows NT 5.1; SV1; i-NavFourF)"
218.237.109.60 - - [01/Nov/2005:00:45:51 -0900] "GET /index_files/empty.gif HTTP/1.1" 200 45 "http://photolab.elmer.uaf.edu/gallery/maps/mapg3300.html" "Mozilla/4.0 (compatible; MSIE 6.0; Windows NT 5.1; SV1; i-NavFourF)"
218.237.109.60 - - [01/Nov/2005:00:45:50 -0900] "GET /index_files/apr.jpg HTTP/1.1" 200 6015 "http://photolab.elmer.uaf.edu/gallery/maps/mapg3300.html" "Mozilla/4.0 (compatible; MSIE 6.0; Windows NT 5.1; SV1; i-NavFourF)"
218.237.109.60 - - [01/Nov/2005:00:45:51 -0900] "GET /index_files/small.dps.jpg HTTP/1.1" 200 5830 "http://photolab.elmer.uaf.edu/gallery/maps/mapg3300.html" "Mozilla/4.0 (compatible; MSIE 6.0; Windows NT 5.1; SV1; i-NavFourF)"
218.237.109.60 - - [01/Nov/2005:00:45:52 -0900] "GET /gallery/maps/G3300/large/G3300%20[1822]%20F55.jpg HTTP/1.1" 200 382427 "http://www.worldmapfinder.com/Map_Detail.php?MAP=541&FN=G3300 [1822] F55.jpg&FU=http://photolab.elmer.uaf.edu/gallery/maps/G3300/large/G3300 [1822] F55.jpg&MW=1200&MH=959&FS=374&FT=jpg&SU=http://photolab.elmer.uaf.edu/gallery/maps/mapg3300.html&WO=0&CE=4&CO=0&CI=0&IT=0&LC=2&PG=1&CS=&FM=1" "Mozilla/4.0 (compatible; MSIE 6.0; Windows NT 5.1; SV1; i-NavFourF)"
218.237.109.60 - - [01/Nov/2005:00:46:24 -0900] "GET /gallery/maps/G3300/large/G3300%20[1822]%20F55.jpg HTTP/1.1" 200 382427 "http://www.worldmapfinder.com/Map_Detail.php?MAP=541&FN=G3300 [1822] F55.jpg&FU=http://photolab.elmer.uaf.edu/gallery/maps/G3300/large/G3300 [1822] F55.jpg&MW=1200&MH=959&FS=374&FT=jpg&SU=http://photolab.elmer.uaf.edu/gallery/maps/mapg3300.html&WO=0&CE=4&CO=0&CI=0&IT=0&LC=2&PG=1&CS=&FM=1" "Mozilla/4.0 (compatible; MSIE 6.0; Windows NT 5.1; SV1; i-NavFourF)"
207.46.98.85 - - [01/Nov/2005:00:51:27 -0900] "GET /resources.html HTTP/1.0" 200 8402 "-" "msnbot/1.0 (+http://search.msn.com/msnbot.htm)"
61.172.49.246 - - [01/Nov/2005:00:52:44 -0900] "GET /store/alaskanatives.html HTTP/1.1" 304 - "http://www.google.com/search?q=Eskimo+skin+boat&hl=zh-CN&lr=&newwindow=1&start=0&sa=N" "Mozilla/4.0 (compatible; MSIE 6.0; Windows NT 5.1; SV1)"
61.172.49.246 - - [01/Nov/2005:00:52:45 -0900] "GET /index_files/store.css HTTP/1.1" 304 - "http://photolab.elmer.uaf.edu/store/alaskanatives.html" "Mozilla/4.0 (compatible; MSIE 6.0; Windows NT 5.1; SV1)"
61.172.49.246 - - [01/Nov/2005:00:52:45 -0900] "GET /index_files/aprbrown.jpg HTTP/1.1" 304 - "http://photolab.elmer.uaf.edu/store/alaskanatives.html" "Mozilla/4.0 (compatible; MSIE 6.0; Windows NT 5.1; SV1)"
61.172.49.246 - - [01/Nov/2005:00:52:45 -0900] "GET /index_files/titlebrown.jpg HTTP/1.1" 304 - "http://photolab.elmer.uaf.edu/store/alaskanatives.html" "Mozilla/4.0 (compatible; MSIE 6.0; Windows NT 5.1; SV1)"
61.172.49.246 - - [01/Nov/2005:00:52:45 -0900] "GET /index_files/storetitle.gif HTTP/1.1" 304 - "http://photolab.elmer.uaf.edu/store/alaskanatives.html" "Mozilla/4.0 (compatible; MSIE 6.0; Windows NT 5.1; SV1)"
61.172.49.246 - - [01/Nov/2005:00:52:45 -0900] "GET /store/photos/smalljpegs/(057)1972-0071-00823.jpg HTTP/1.1" 304 - "http://photolab.elmer.uaf.edu/store/alaskanatives.html" "Mozilla/4.0 (compatible; MSIE 6.0; Windows NT 5.1; SV1)"
61.172.49.246 - - [01/Nov/2005:00:52:45 -0900] "GET /index_files/menubar.gif HTTP/1.1" 304 - "http://photolab.elmer.uaf.edu/store/alaskanatives.html" "Mozilla/4.0 (compatible; MSIE 6.0; Windows NT 5.1; SV1)"
61.172.49.246 - - [01/Nov/2005:00:52:45 -0900] "GET /store/photos/smalljpegs/(007)1972-0071-03234.jpg HTTP/1.1" 304 - "http://photolab.elmer.uaf.edu/store/alaskanatives.html" "Mozilla/4.0 (compatible; MSIE 6.0; Windows NT 5.1; SV1)"
61.172.49.246 - - [01/Nov/2005:00:52:45 -0900] "GET /store/photos/smalljpegs/(009)1975-0146-00003.jpg HTTP/1.1" 304 - "http://photolab.elmer.uaf.edu/store/alaskanatives.html" "Mozilla/4.0 (compatible; MSIE 6.0; Windows NT 5.1; SV1)"
61.172.49.246 - - [01/Nov/2005:00:52:45 -0900] "GET /store/photos/smalljpegs/(012)1989-0166-00375.jpg HTTP/1.1" 304 - "http://photolab.elmer.uaf.edu/store/alaskanatives.html" "Mozilla/4.0 (compatible; MSIE 6.0; Windows NT 5.1; SV1)"
61.172.49.246 - - [01/Nov/2005:00:52:45 -0900] "GET /store/photos/smalljpegs/(040)1958-1026-01700.jpg HTTP/1.1" 304 - "http://photolab.elmer.uaf.edu/store/alaskanatives.html" "Mozilla/4.0 (compatible; MSIE 6.0; Windows NT 5.1; SV1)"
61.172.49.246 - - [01/Nov/2005:00:52:45 -0900] "GET /store/photos/smalljpegs/(041)1989-0166-00699.jpg HTTP/1.1" 304 - "http://photolab.elmer.uaf.edu/store/alaskanatives.html" "Mozilla/4.0 (compatible; MSIE 6.0; Windows NT 5.1; SV1)"
61.172.49.246 - - [01/Nov/2005:00:52:45 -0900] "GET /store/photos/smalljpegs/(055)1966-0054-00104.jpg HTTP/1.1" 304 - "http://photolab.elmer.uaf.edu/store/alaskanatives.html" "Mozilla/4.0 (compatible; MSIE 6.0; Windows NT 5.1; SV1)"
61.172.49.246 - - [01/Nov/2005:00:52:45 -0900] "GET /store/photos/smalljpegs/(004)1958-1026-01477.jpg HTTP/1.1" 304 - "http://photolab.elmer.uaf.edu/store/alaskanatives.html" "Mozilla/4.0 (compatible; MSIE 6.0; Windows NT 5.1; SV1)"
61.172.49.246 - - [01/Nov/2005:00:52:45 -0900] "GET /store/photos/smalljpegs/(074)1968-0012-00009.jpg HTTP/1.1" 304 - "http://photolab.elmer.uaf.edu/store/alaskanatives.html" "Mozilla/4.0 (compatible; MSIE 6.0; Windows NT 5.1; SV1)"
61.172.49.246 - - [01/Nov/2005:00:52:45 -0900] "GET /store/photos/smalljpegs/(083)1989-0166-00380.jpg HTTP/1.1" 304 - "http://photolab.elmer.uaf.edu/store/alaskanatives.html" "Mozilla/4.0 (compatible; MSIE 6.0; Windows NT 5.1; SV1)"
61.172.49.246 - - [01/Nov/2005:00:52:45 -0900] "GET /store/photos/smalljpegs/(101)1995-0244-01044.jpg HTTP/1.1" 304 - "http://photolab.elmer.uaf.edu/store/alaskanatives.html" "Mozilla/4.0 (compatible; MSIE 6.0; Windows NT 5.1; SV1)"
61.172.49.246 - - [01/Nov/2005:00:52:45 -0900] "GET /store/photos/smalljpegs/(080)1958-1026-01682.jpg HTTP/1.1" 304 - "http://photolab.elmer.uaf.edu/store/alaskanatives.html" "Mozilla/4.0 (compatible; MSIE 6.0; Windows NT 5.1; SV1)"
61.172.49.246 - - [01/Nov/2005:00:52:45 -0900] "GET /store/photos/smalljpegs/(102)1972-0071-00804.jpg HTTP/1.1" 304 - "http://photolab.elmer.uaf.edu/store/alaskanatives.html" "Mozilla/4.0 (compatible; MSIE 6.0; Windows NT 5.1; SV1)"
61.172.49.246 - - [01/Nov/2005:00:52:45 -0900] "GET /store/photos/smalljpegs/(103)1972-0071-02925.jpg HTTP/1.1" 304 - "http://photolab.elmer.uaf.edu/store/alaskanatives.html" "Mozilla/4.0 (compatible; MSIE 6.0; Windows NT 5.1; SV1)"
61.172.49.246 - - [01/Nov/2005:00:52:45 -0900] "GET /store/photos/smalljpegs/(104)1958-1026-02106.jpg HTTP/1.1" 304 - "http://photolab.elmer.uaf.edu/store/alaskanatives.html" "Mozilla/4.0 (compatible; MSIE 6.0; Windows NT 5.1; SV1)"
61.172.49.246 - - [01/Nov/2005:00:52:45 -0900] "GET /store/photos/smalljpegs/(105)1989-0166-00522a.jpg HTTP/1.1" 304 - "http://photolab.elmer.uaf.edu/store/alaskanatives.html" "Mozilla/4.0 (compatible; MSIE 6.0; Windows NT 5.1; SV1)"
61.172.49.246 - - [01/Nov/2005:00:52:45 -0900] "GET /store/photos/smalljpegs/(106)1972-0071-03229.jpg HTTP/1.1" 304 - "http://photolab.elmer.uaf.edu/store/alaskanatives.html" "Mozilla/4.0 (compatible; MSIE 6.0; Windows NT 5.1; SV1)"
61.172.49.246 - - [01/Nov/2005:00:52:46 -0900] "GET /store/photos/smalljpegs/(107)1958-1026-02271.jpg HTTP/1.1" 304 - "http://photolab.elmer.uaf.edu/store/alaskanatives.html" "Mozilla/4.0 (compatible; MSIE 6.0; Windows NT 5.1; SV1)"
61.172.49.246 - - [01/Nov/2005:00:52:46 -0900] "GET /store/photos/smalljpegs/(108)1966-0054-00248.jpg HTTP/1.1" 304 - "http://photolab.elmer.uaf.edu/store/alaskanatives.html" "Mozilla/4.0 (compatible; MSIE 6.0; Windows NT 5.1; SV1)"
61.172.49.246 - - [01/Nov/2005:00:52:46 -0900] "GET /store/photos/smalljpegs/(109)1972-0071-03235.jpg HTTP/1.1" 304 - "http://photolab.elmer.uaf.edu/store/alaskanatives.html" "Mozilla/4.0 (compatible; MSIE 6.0; Windows NT 5.1; SV1)"
61.172.49.246 - - [01/Nov/2005:00:52:46 -0900] "GET /store/photos/smalljpegs/(110)1958-1026-01591.jpg HTTP/1.1" 304 - "http://photolab.elmer.uaf.edu/store/alaskanatives.html" "Mozilla/4.0 (compatible; MSIE 6.0; Windows NT 5.1; SV1)"
61.172.49.246 - - [01/Nov/2005:00:52:46 -0900] "GET /store/photos/smalljpegs/(112)1958-1026-01589.jpg HTTP/1.1" 304 - "http://photolab.elmer.uaf.edu/store/alaskanatives.html" "Mozilla/4.0 (compatible; MSIE 6.0; Windows NT 5.1; SV1)"
61.172.49.246 - - [01/Nov/2005:00:52:46 -0900] "GET /store/photos/smalljpegs/(113)1972-0071-02895.jpg HTTP/1.1" 304 - "http://photolab.elmer.uaf.edu/store/alaskanatives.html" "Mozilla/4.0 (compatible; MSIE 6.0; Windows NT 5.1; SV1)"
61.172.49.246 - - [01/Nov/2005:00:52:46 -0900] "GET /store/photos/smalljpegs/(114)1972-0071-00776.jpg HTTP/1.1" 304 - "http://photolab.elmer.uaf.edu/store/alaskanatives.html" "Mozilla/4.0 (compatible; MSIE 6.0; Windows NT 5.1; SV1)"
61.172.49.246 - - [01/Nov/2005:00:52:46 -0900] "GET /store/photos/smalljpegs/(115)1989-0166-00398.jpg HTTP/1.1" 304 - "http://photolab.elmer.uaf.edu/store/alaskanatives.html" "Mozilla/4.0 (compatible; MSIE 6.0; Windows NT 5.1; SV1)"
61.172.49.246 - - [01/Nov/2005:00:52:46 -0900] "GET /store/photos/smalljpegs/(116)1989-0166-00402.jpg HTTP/1.1" 304 - "http://photolab.elmer.uaf.edu/store/alaskanatives.html" "Mozilla/4.0 (compatible; MSIE 6.0; Windows NT 5.1; SV1)"
61.172.49.246 - - [01/Nov/2005:00:52:46 -0900] "GET /store/photos/smalljpegs/(118)1989-0166-00389.jpg HTTP/1.1" 304 - "http://photolab.elmer.uaf.edu/store/alaskanatives.html" "Mozilla/4.0 (compatible; MSIE 6.0; Windows NT 5.1; SV1)"
61.172.49.246 - - [01/Nov/2005:00:52:46 -0900] "GET /store/photos/smalljpegs/(119)1968-0069-02524.jpg HTTP/1.1" 304 - "http://photolab.elmer.uaf.edu/store/alaskanatives.html" "Mozilla/4.0 (compatible; MSIE 6.0; Windows NT 5.1; SV1)"
61.172.49.246 - - [01/Nov/2005:00:52:46 -0900] "GET /store/photos/smalljpegs/(120)1966-0054-00114.jpg HTTP/1.1" 304 - "http://photolab.elmer.uaf.edu/store/alaskanatives.html" "Mozilla/4.0 (compatible; MSIE 6.0; Windows NT 5.1; SV1)"
61.172.49.246 - - [01/Nov/2005:00:52:46 -0900] "GET /store/photos/smalljpegs/(123)2002-0134-00056.jpg HTTP/1.1" 304 - "http://photolab.elmer.uaf.edu/store/alaskanatives.html" "Mozilla/4.0 (compatible; MSIE 6.0; Windows NT 5.1; SV1)"
61.172.49.246 - - [01/Nov/2005:00:52:46 -0900] "GET /store/photos/smalljpegs/(126)2002-0134-00097.jpg HTTP/1.1" 304 - "http://photolab.elmer.uaf.edu/store/alaskanatives.html" "Mozilla/4.0 (compatible; MSIE 6.0; Windows NT 5.1; SV1)"
61.172.49.246 - - [01/Nov/2005:00:52:46 -0900] "GET /store/photos/smalljpegs/(165)1989-0166-01146.jpg HTTP/1.1" 304 - "http://photolab.elmer.uaf.edu/store/alaskanatives.html" "Mozilla/4.0 (compatible; MSIE 6.0; Windows NT 5.1; SV1)"
61.172.49.246 - - [01/Nov/2005:00:52:46 -0900] "GET /index_files/bluebear.gif HTTP/1.1" 304 - "http://photolab.elmer.uaf.edu/store/alaskanatives.html" "Mozilla/4.0 (compatible; MSIE 6.0; Windows NT 5.1; SV1)"
61.172.49.246 - - [01/Nov/2005:00:52:46 -0900] "GET /index_files/sitemap.gif HTTP/1.1" 304 - "http://photolab.elmer.uaf.edu/store/alaskanatives.html" "Mozilla/4.0 (compatible; MSIE 6.0; Windows NT 5.1; SV1)"
61.172.49.246 - - [01/Nov/2005:00:53:19 -0900] "GET /index_files/store.css HTTP/1.1" 304 - "-" "Mozilla/4.0 (compatible; MSIE 6.0; Windows NT 5.1; SV1)"
61.172.49.246 - - [01/Nov/2005:00:53:19 -0900] "GET /store/photos/smalljpegs/(007)1972-0071-03234.jpg HTTP/1.1" 304 - "-" "Mozilla/4.0 (compatible; MSIE 6.0; Windows NT 5.1; SV1)"
61.172.49.246 - - [01/Nov/2005:00:53:19 -0900] "GET /store/photos/smalljpegs/(007)1972-0071-03234.jpg HTTP/1.1" 304 - "-" "Mozilla/4.0 (compatible; MSIE 6.0; Windows NT 5.1; SV1)"
61.172.49.246 - - [01/Nov/2005:00:53:58 -0900] "GET /store/photos/largejpegs/(041)1989-0166-00699.jpg HTTP/1.1" 304 - "http://photolab.elmer.uaf.edu/store/alaskanatives.html" "Mozilla/4.0 (compatible; MSIE 6.0; Windows NT 5.1; SV1)"
217.212.224.147 - - [01/Nov/2005:00:54:44 -0900] "GET /gallery/photos/19890199/0/pages/1989-0199-00013.html HTTP/1.0" 304 - "-" "psbot/0.1 (+http://www.picsearch.com/bot.html)"
61.172.49.246 - - [01/Nov/2005:00:55:07 -0900] "GET /index_files/store.css HTTP/1.1" 304 - "-" "Mozilla/4.0 (compatible; MSIE 6.0; Windows NT 5.1; SV1)"
61.172.49.246 - - [01/Nov/2005:00:55:07 -0900] "GET /store/photos/smalljpegs/(057)1972-0071-00823.jpg HTTP/1.1" 304 - "-" "Mozilla/4.0 (compatible; MSIE 6.0; Windows NT 5.1; SV1)"
61.172.49.246 - - [01/Nov/2005:00:55:08 -0900] "GET /store/photos/smalljpegs/(057)1972-0071-00823.jpg HTTP/1.1" 304 - "-" "Mozilla/4.0 (compatible; MSIE 6.0; Windows NT 5.1; SV1)"
82.161.124.222 - - [01/Nov/2005:00:55:21 -0900] "GET /store/photos/largejpegs/(040)1958-1026-01700.jpg HTTP/1.1" 200 138785 "http://www.beusichem.web-log.nl/" "Mozilla/4.0 (compatible; MSIE 6.0; Windows NT 5.1; SV1; .NET CLR 1.0.3705)"
217.212.224.147 - - [01/Nov/2005:00:56:16 -0900] "GET /gallery/photos/19890199/1/pages/1989-0199-00117.html HTTP/1.0" 304 - "-" "psbot/0.1 (+http://www.picsearch.com/bot.html)"
61.172.49.246 - - [01/Nov/2005:00:56:16 -0900] "GET /index_files/store.css HTTP/1.1" 304 - "-" "Mozilla/4.0 (compatible; MSIE 6.0; Windows NT 5.1; SV1)"
61.172.49.246 - - [01/Nov/2005:00:57:10 -0900] "GET /index_files/store.css HTTP/1.1" 304 - "-" "Mozilla/4.0 (compatible; MSIE 6.0; Windows NT 5.1; SV1)"
217.212.224.147 - - [01/Nov/2005:00:57:36 -0900] "GET /gallery/photos/20020015/4/pages/2002-0015-00403m.html HTTP/1.0" 304 - "-" "psbot/0.1 (+http://www.picsearch.com/bot.html)"
61.172.49.246 - - [01/Nov/2005:00:57:46 -0900] "GET /store/photos/largejpegs/(080)1958-1026-01682.jpg HTTP/1.1" 200 202354 "http://photolab.elmer.uaf.edu/store/alaskanatives.html" "Mozilla/4.0 (compatible; MSIE 6.0; Windows NT 5.1; SV1)"
217.212.224.147 - - [01/Nov/2005:00:59:15 -0900] "GET /gallery/photos/20030129/2/pages/1999-0293-00201.html HTTP/1.0" 304 - "-" "psbot/0.1 (+http://www.picsearch.com/bot.html)"
61.172.49.246 - - [01/Nov/2005:00:59:22 -0900] "GET /index_files/store.css HTTP/1.1" 304 - "-" "Mozilla/4.0 (compatible; MSIE 6.0; Windows NT 5.1; SV1)"
61.172.49.246 - - [01/Nov/2005:01:00:05 -0900] "GET /index_files/store.css HTTP/1.1" 304 - "-" "Mozilla/4.0 (compatible; MSIE 6.0; Windows NT 5.1; SV1)"
217.212.224.147 - - [01/Nov/2005:01:00:18 -0900] "GET /gallery/photos/19690092/1/pages/1969-0092-00164.html HTTP/1.0" 304 - "-" "psbot/0.1 (+http://www.picsearch.com/bot.html)"
61.172.49.246 - - [01/Nov/2005:01:00:51 -0900] "GET /index_files/store.css HTTP/1.1" 304 - "-" "Mozilla/4.0 (compatible; MSIE 6.0; Windows NT 5.1; SV1)"
61.172.49.246 - - [01/Nov/2005:01:00:51 -0900] "GET /store/photos/smalljpegs/(102)1972-0071-00804.jpg HTTP/1.1" 304 - "-" "Mozilla/4.0 (compatible; MSIE 6.0; Windows NT 5.1; SV1)"
61.172.49.246 - - [01/Nov/2005:01:00:51 -0900] "GET /store/photos/smalljpegs/(102)1972-0071-00804.jpg HTTP/1.1" 304 - "-" "Mozilla/4.0 (compatible; MSIE 6.0; Windows NT 5.1; SV1)"
61.172.49.246 - - [01/Nov/2005:01:01:19 -0900] "GET /index_files/store.css HTTP/1.1" 304 - "-" "Mozilla/4.0 (compatible; MSIE 6.0; Windows NT 5.1; SV1)"
217.13.253.76 - - [01/Nov/2005:01:01:23 -0900] "GET /store/photos/largejpegs/(040)1958-1026-01700.jpg HTTP/1.1" 200 138785 "http://www.beusichem.web-log.nl/" "Mozilla/4.0 (compatible; MSIE 6.0; Windows NT 5.0; .NET CLR 1.1.4322)"
217.212.224.147 - - [01/Nov/2005:01:01:41 -0900] "GET /gallery/photos/20020164/pages/2002-0164-00034.html HTTP/1.0" 304 - "-" "psbot/0.1 (+http://www.picsearch.com/bot.html)"
68.142.230.200 - - [01/Nov/2005:01:02:27 -0900] "GET /robots.txt HTTP/1.0" 200 96 "-" "YahooSeeker/1.2 (compatible; Mozilla 4.0; MSIE 5.5; yahooseeker at yahoo-inc dot com ; http://help.yahoo.com/help/us/shop/merchant/)"
68.142.251.151 - - [01/Nov/2005:01:02:40 -0900] "GET /robots.txt HTTP/1.0" 200 96 "-" "Mozilla/5.0 (compatible; Yahoo! Slurp; http://help.yahoo.com/help/us/ysearch/slurp)"
68.142.250.54 - - [01/Nov/2005:01:02:40 -0900] "GET /gallery/photos/19581026/21/pages/1958-1026-02153.html HTTP/1.0" 304 - "-" "Mozilla/5.0 (compatible; Yahoo! Slurp; http://help.yahoo.com/help/us/ysearch/slurp)"
220.122.190.171 - - [01/Nov/2005:01:02:49 -0900] "GET /gallery/maps/mapg3300.html HTTP/1.1" 200 21793 "http://images.google.com/imgres?imgurl=http://photolab.elmer.uaf.edu/gallery/maps/G3300/large/G3300%2520%255B1822%255D%2520F55.jpg&imgrefurl=http://photolab.elmer.uaf.edu/gallery/maps/mapg3300.html&h=959&w=1200&sz=374&tbnid=JfDBanTWs0UJ:&tbnh=119&tbnw=150&hl=en&start=5&prev=/images%3Fq%3DGeographical%2BMap%2Bof%2BNorth%2BAmerica%26svnum%3D10%26hl%3Den%26lr%3D" "Mozilla/4.0 (compatible; MSIE 6.0; Windows NT 5.1; SV1; iebar)"
220.122.190.171 - - [01/Nov/2005:01:02:49 -0900] "GET /gallery/maps/G3300/large/G3300%20%5B1822%5D%20F55.jpg HTTP/1.1" 200 382427 "http://images.google.com/imgres?imgurl=http://photolab.elmer.uaf.edu/gallery/maps/G3300/large/G3300%2520%255B1822%255D%2520F55.jpg&imgrefurl=http://photolab.elmer.uaf.edu/gallery/maps/mapg3300.html&h=959&w=1200&sz=374&tbnid=JfDBanTWs0UJ:&tbnh=119&tbnw=150&hl=en&prev=/images%3Fq%3DGeographical%2BMap%2Bof%2BNorth%2BAmerica%26svnum%3D10%26hl%3Den%26lr%3D&frame=small" "Mozilla/4.0 (compatible; MSIE 6.0; Windows NT 5.1; SV1; iebar)"
217.212.224.147 - - [01/Nov/2005:01:03:40 -0900] "GET /gallery/photos/19950244/16/pages/1995-0244-01619.html HTTP/1.0" 304 - "-" "psbot/0.1 (+http://www.picsearch.com/bot.html)"
220.122.190.171 - - [01/Nov/2005:01:03:49 -0900] "GET /gallery/maps/mapg3300.html HTTP/1.1" 206 19192 "http://images.google.com/imgres?imgurl=http://photolab.elmer.uaf.edu/gallery/maps/G3300/large/G3300%2520%255B1822%255D%2520F55.jpg&imgrefurl=http://photolab.elmer.uaf.edu/gallery/maps/mapg3300.html&h=959&w=1200&sz=374&tbnid=JfDBanTWs0UJ:&tbnh=119&tbnw=150&hl=en&start=5&prev=/images%3Fq%3DGeographical%2BMap%2Bof%2BNorth%2BAmerica%26svnum%3D10%26hl%3Den%26lr%3D" "Mozilla/4.0 (compatible; MSIE 6.0; Windows NT 5.1; SV1; iebar)"
61.172.49.246 - - [01/Nov/2005:01:03:52 -0900] "GET /index_files/store.css HTTP/1.1" 304 - "-" "Mozilla/4.0 (compatible; MSIE 6.0; Windows NT 5.1; SV1)"
61.172.49.246 - - [01/Nov/2005:01:04:39 -0900] "GET /store/photos/largejpegs/(004)1958-1026-01477.jpg HTTP/1.1" 200 144431 "http://photolab.elmer.uaf.edu/store/alaskanatives.html" "Mozilla/4.0 (compatible; MSIE 6.0; Windows NT 5.1; SV1)"
217.212.224.147 - - [01/Nov/2005:01:05:33 -0900] "GET /gallery/photos/19850072/pages/1985-0072-00134.html HTTP/1.0" 304 - "-" "psbot/0.1 (+http://www.picsearch.com/bot.html)"
61.172.49.246 - - [01/Nov/2005:01:06:06 -0900] "GET /index_files/store.css HTTP/1.1" 304 - "-" "Mozilla/4.0 (compatible; MSIE 6.0; Windows NT 5.1; SV1)"
217.212.224.147 - - [01/Nov/2005:01:06:13 -0900] "GET /gallery/photos/20030109/0/index_5.html HTTP/1.0" 304 - "-" "psbot/0.1 (+http://www.picsearch.com/bot.html)"
217.212.224.147 - - [01/Nov/2005:01:07:05 -0900] "GET /gallery/photos/19950244/09/pages/1995-0244-00933.html HTTP/1.0" 304 - "-" "psbot/0.1 (+http://www.picsearch.com/bot.html)"
61.172.49.246 - - [01/Nov/2005:01:07:25 -0900] "GET /store/photos/largejpegs/(116)1989-0166-00402.jpg HTTP/1.1" 200 123450 "http://photolab.elmer.uaf.edu/store/alaskanatives.html" "Mozilla/4.0 (compatible; MSIE 6.0; Windows NT 5.1; SV1)"
61.172.49.246 - - [01/Nov/2005:01:08:09 -0900] "GET /index_files/store.css HTTP/1.1" 304 - "-" "Mozilla/4.0 (compatible; MSIE 6.0; Windows NT 5.1; SV1)"
61.172.49.246 - - [01/Nov/2005:01:08:09 -0900] "GET /store/photos/smalljpegs/(116)1989-0166-00402.jpg HTTP/1.1" 304 - "-" "Mozilla/4.0 (compatible; MSIE 6.0; Windows NT 5.1; SV1)"
61.172.49.246 - - [01/Nov/2005:01:08:09 -0900] "GET /store/photos/smalljpegs/(116)1989-0166-00402.jpg HTTP/1.1" 304 - "-" "Mozilla/4.0 (compatible; MSIE 6.0; Windows NT 5.1; SV1)"
61.172.49.246 - - [01/Nov/2005:01:08:57 -0900] "GET /index_files/store.css HTTP/1.1" 304 - "-" "Mozilla/4.0 (compatible; MSIE 6.0; Windows NT 5.1; SV1)"
61.172.49.246 - - [01/Nov/2005:01:09:48 -0900] "GET /index_files/store.css HTTP/1.1" 304 - "-" "Mozilla/4.0 (compatible; MSIE 6.0; Windows NT 5.1; SV1)"
61.172.49.246 - - [01/Nov/2005:01:09:48 -0900] "GET /store/photos/smalljpegs/(123)2002-0134-00056.jpg HTTP/1.1" 304 - "-" "Mozilla/4.0 (compatible; MSIE 6.0; Windows NT 5.1; SV1)"
61.172.49.246 - - [01/Nov/2005:01:09:48 -0900] "GET /store/photos/smalljpegs/(123)2002-0134-00056.jpg HTTP/1.1" 304 - "-" "Mozilla/4.0 (compatible; MSIE 6.0; Windows NT 5.1; SV1)"
61.172.49.246 - - [01/Nov/2005:01:10:13 -0900] "GET /index_files/store.css HTTP/1.1" 304 - "-" "Mozilla/4.0 (compatible; MSIE 6.0; Windows NT 5.1; SV1)"
61.172.49.246 - - [01/Nov/2005:01:10:13 -0900] "GET /store/photos/smalljpegs/(123)2002-0134-00056.jpg HTTP/1.1" 304 - "-" "Mozilla/4.0 (compatible; MSIE 6.0; Windows NT 5.1; SV1)"
61.172.49.246 - - [01/Nov/2005:01:11:14 -0900] "GET /index_files/store.css HTTP/1.1" 304 - "-" "Mozilla/4.0 (compatible; MSIE 6.0; Windows NT 5.1; SV1)"
61.172.49.246 - - [01/Nov/2005:01:11:43 -0900] "GET /index_files/store.css HTTP/1.1" 304 - "-" "Mozilla/4.0 (compatible; MSIE 6.0; Windows NT 5.1; SV1)"
61.172.49.246 - - [01/Nov/2005:01:12:13 -0900] "GET /index_files/store.css HTTP/1.1" 304 - "-" "Mozilla/4.0 (compatible; MSIE 6.0; Windows NT 5.1; SV1)"
61.79.81.203 - - [01/Nov/2005:01:14:17 -0900] "GET /gallery/maps/mapg3300.html HTTP/1.0" 200 21793 "http://www.worldmapfinder.com/Map_Detail.php?MAP=549&FN=G3300%20%5B1780%5D%20C66.jpg&MW=1200&MH=896&FS=242&FT=jpg&WO=0&CE=4&CO=0&CI=0&IT=0&LC=2&PG=1&CS=iso-8859-1&FU=http://photolab.elmer.uaf.edu/gallery/maps/G3300/large/G3300%20%5B1780%5D%20C66.jpg&SU=http://photolab.elmer.uaf.edu/gallery/maps/mapg3300.html" "Mozilla/4.0 (compatible; MSIE 6.0; Windows NT 5.1; i-NavFourF; .NET CLR 1.1.4322)"
61.79.81.203 - - [01/Nov/2005:01:14:18 -0900] "GET /index_files/title.jpg HTTP/1.0" 200 5438 "http://photolab.elmer.uaf.edu/gallery/maps/mapg3300.html" "Mozilla/4.0 (compatible; MSIE 6.0; Windows NT 5.1; i-NavFourF; .NET CLR 1.1.4322)"
61.79.81.203 - - [01/Nov/2005:01:14:18 -0900] "GET /index_files/apr.jpg HTTP/1.0" 200 6015 "http://photolab.elmer.uaf.edu/gallery/maps/mapg3300.html" "Mozilla/4.0 (compatible; MSIE 6.0; Windows NT 5.1; i-NavFourF; .NET CLR 1.1.4322)"
61.79.81.203 - - [01/Nov/2005:01:14:18 -0900] "GET /index_files/lib.css HTTP/1.0" 200 2634 "http://photolab.elmer.uaf.edu/gallery/maps/mapg3300.html" "Mozilla/4.0 (compatible; MSIE 6.0; Windows NT 5.1; i-NavFourF; .NET CLR 1.1.4322)"
61.79.81.203 - - [01/Nov/2005:01:14:19 -0900] "GET /gallery/maps/G3300/large/G3300%20[1780]%20C66.jpg HTTP/1.0" 200 246809 "http://www.worldmapfinder.com/Map_Detail.php?MAP=549&FN=G3300 [1780] C66.jpg&FU=http://photolab.elmer.uaf.edu/gallery/maps/G3300/large/G3300 [1780] C66.jpg&MW=1200&MH=896&FS=242&FT=jpg&SU=http://photolab.elmer.uaf.edu/gallery/maps/mapg3300.html&WO=0&CE=4&CO=0&CI=0&IT=0&LC=2&PG=1&CS=&FM=1" "Mozilla/4.0 (compatible; MSIE 6.0; Windows NT 5.1; i-NavFourF; .NET CLR 1.1.4322)"
213.18.248.21 - - [01/Nov/2005:01:14:57 -0900] "GET /store/people.html HTTP/1.0" 200 21075 "http://images.google.co.uk/imgres?imgurl=http://photolab.elmer.uaf.edu/store/photos/largejpegs/(040)1958-1026-01700.jpg&imgrefurl=http://photolab.elmer.uaf.edu/store/people.html&h=1000&w=762&sz=136&tbnid=muofWG5zZScJ:&tbnh=149&tbnw=113&hl=en&start=6&prev=/images%3Fq%3Deskimo%26svnum%3D10%26hl%3Den%26lr%3D%26sa%3DN" "Mozilla/4.0 (compatible; MSIE 6.0; Windows NT 5.1; SV1)"
213.18.248.21 - - [01/Nov/2005:01:14:58 -0900] "GET /index_files/aprbrown.jpg HTTP/1.0" 200 5509 "http://photolab.elmer.uaf.edu/store/people.html" "Mozilla/4.0 (compatible; MSIE 6.0; Windows NT 5.1; SV1)"
83.162.11.194 - - [01/Nov/2005:01:14:49 -0900] "GET /store/photos/largejpegs/(040)1958-1026-01700.jpg HTTP/1.1" 200 138785 "http://www.beusichem.web-log.nl/" "Mozilla/4.0 (compatible; MSIE 5.0; Windows 98; DigExt)"
213.18.248.21 - - [01/Nov/2005:01:14:59 -0900] "GET /store/photos/largejpegs/(040)1958-1026-01700.jpg HTTP/1.0" 200 138785 "http://images.google.co.uk/imgres?imgurl=http://photolab.elmer.uaf.edu/store/photos/largejpegs/(040)1958-1026-01700.jpg&imgrefurl=http://photolab.elmer.uaf.edu/store/people.html&h=1000&w=762&sz=136&tbnid=muofWG5zZScJ:&tbnh=149&tbnw=113&hl=en&prev=/images%3Fq%3Deskimo%26svnum%3D10%26hl%3Den%26lr%3D%26sa%3DN&frame=small" "Mozilla/4.0 (compatible; MSIE 6.0; Windows NT 5.1; SV1)"
82.123.71.217 - - [01/Nov/2005:01:18:16 -0900] "GET /index_files/aprbrown.jpg HTTP/1.1" 200 5509 "http://www.alaska.net/~johnd/urban/" "Mozilla/4.0 (compatible; MSIE 6.0; Windows 98; Matrix Y2K - Preview Browser; .NET CLR 1.1.4322)"
68.142.230.200 - - [01/Nov/2005:01:21:41 -0900] "GET /hours.html HTTP/1.0" 200 5862 "-" "YahooSeeker/1.2 (compatible; Mozilla 4.0; MSIE 5.5; yahooseeker at yahoo-inc dot com ; http://help.yahoo.com/help/us/shop/merchant/)"
68.142.230.200 - - [01/Nov/2005:01:21:56 -0900] "GET /index.html HTTP/1.0" 200 9267 "-" "YahooSeeker/1.2 (compatible; Mozilla 4.0; MSIE 5.5; yahooseeker at yahoo-inc dot com ; http://help.yahoo.com/help/us/shop/merchant/)"
68.142.230.200 - - [01/Nov/2005:01:22:20 -0900] "GET /contact.html HTTP/1.0" 200 6322 "-" "YahooSeeker/1.2 (compatible; Mozilla 4.0; MSIE 5.5; yahooseeker at yahoo-inc dot com ; http://help.yahoo.com/help/us/shop/merchant/)"
68.142.230.200 - - [01/Nov/2005:01:22:36 -0900] "GET /aboutus.html HTTP/1.0" 200 12964 "-" "YahooSeeker/1.2 (compatible; Mozilla 4.0; MSIE 5.5; yahooseeker at yahoo-inc dot com ; http://help.yahoo.com/help/us/shop/merchant/)"
217.212.224.147 - - [01/Nov/2005:01:23:02 -0900] "GET /gallery/photos/19910046/04/pages/1991-0046-00410.html HTTP/1.0" 304 - "-" "psbot/0.1 (+http://www.picsearch.com/bot.html)"
217.212.224.147 - - [01/Nov/2005:01:23:44 -0900] "GET /gallery/photos/19910046/04/pages/1991-0046-00413.html HTTP/1.0" 304 - "-" "psbot/0.1 (+http://www.picsearch.com/bot.html)"
68.142.230.200 - - [01/Nov/2005:01:24:02 -0900] "GET /services.html HTTP/1.0" 200 5854 "-" "YahooSeeker/1.2 (compatible; Mozilla 4.0; MSIE 5.5; yahooseeker at yahoo-inc dot com ; http://help.yahoo.com/help/us/shop/merchant/)"
68.142.230.200 - - [01/Nov/2005:01:24:22 -0900] "GET /scanning.html HTTP/1.0" 200 8963 "-" "YahooSeeker/1.2 (compatible; Mozilla 4.0; MSIE 5.5; yahooseeker at yahoo-inc dot com ; http://help.yahoo.com/help/us/shop/merchant/)"
217.212.224.147 - - [01/Nov/2005:01:24:29 -0900] "GET /gallery/photos/19910046/04/pages/1991-0046-00416.html HTTP/1.0" 304 - "-" "psbot/0.1 (+http://www.picsearch.com/bot.html)"
81.69.158.26 - - [01/Nov/2005:01:24:42 -0900] "GET /store/photos/largejpegs/(040)1958-1026-01700.jpg HTTP/1.1" 200 138785 "http://www.beusichem.web-log.nl" "Mozilla/4.0 (compatible; MSIE 6.0; Windows NT 5.1; SV1; .NET CLR 1.1.4322)"
217.212.224.147 - - [01/Nov/2005:01:25:13 -0900] "GET /gallery/photos/19890207/0/pages/1989-0207-00016.html HTTP/1.0" 304 - "-" "psbot/0.1 (+http://www.picsearch.com/bot.html)"
68.142.230.200 - - [01/Nov/2005:01:25:14 -0900] "GET /photosales.html HTTP/1.0" 200 5833 "-" "YahooSeeker/1.2 (compatible; Mozilla 4.0; MSIE 5.5; yahooseeker at yahoo-inc dot com ; http://help.yahoo.com/help/us/shop/merchant/)"
81.69.158.26 - - [01/Nov/2005:01:25:13 -0900] "GET /store/photos/largejpegs/(040)1958-1026-01700.jpg HTTP/1.1" 206 78521 "http://www.beusichem.web-log.nl" "Mozilla/4.0 (compatible; MSIE 6.0; Windows NT 5.1; SV1; .NET CLR 1.1.4322)"
217.212.224.147 - - [01/Nov/2005:01:25:54 -0900] "GET /gallery/photos/19890207/0/pages/1989-0207-00017.html HTTP/1.0" 304 - "-" "psbot/0.1 (+http://www.picsearch.com/bot.html)"
217.212.224.147 - - [01/Nov/2005:01:26:38 -0900] "GET /gallery/photos/20010129/3/pages/2001-0129-00326.html HTTP/1.0" 304 - "-" "psbot/0.1 (+http://www.picsearch.com/bot.html)"
217.212.224.147 - - [01/Nov/2005:01:27:18 -0900] "GET /gallery/photos/19940070/1/pages/1994-0070-00115.html HTTP/1.0" 304 - "-" "psbot/0.1 (+http://www.picsearch.com/bot.html)"
217.212.224.147 - - [01/Nov/2005:01:27:59 -0900] "GET /gallery/photos/20040145/0/pages/2004-0145-00024.htm HTTP/1.0" 304 - "-" "psbot/0.1 (+http://www.picsearch.com/bot.html)"
217.212.224.147 - - [01/Nov/2005:01:28:44 -0900] "GET /gallery/photos/19890207/0/pages/1989-0207-00023.html HTTP/1.0" 304 - "-" "psbot/0.1 (+http://www.picsearch.com/bot.html)"
217.212.224.147 - - [01/Nov/2005:01:29:29 -0900] "GET /gallery/photos/19910156/web/0/pages/1991-0156-00046.html HTTP/1.0" 304 - "-" "psbot/0.1 (+http://www.picsearch.com/bot.html)"
217.212.224.147 - - [01/Nov/2005:01:30:10 -0900] "GET /gallery/photos/20030174/2/ HTTP/1.0" 304 - "-" "psbot/0.1 (+http://www.picsearch.com/bot.html)"
217.212.224.147 - - [01/Nov/2005:01:30:54 -0900] "GET /gallery/photos/20020164/pages/2002-0164-00035.html HTTP/1.0" 304 - "-" "psbot/0.1 (+http://www.picsearch.com/bot.html)"
217.212.224.147 - - [01/Nov/2005:01:31:35 -0900] "GET /gallery/photos/19900043/08/pages/1990-0043-00829.html HTTP/1.0" 304 - "-" "psbot/0.1 (+http://www.picsearch.com/bot.html)"
217.212.224.147 - - [01/Nov/2005:01:32:19 -0900] "GET /gallery/photos/19940096/4/pages/1994-0096-00423.html HTTP/1.0" 304 - "-" "psbot/0.1 (+http://www.picsearch.com/bot.html)"
217.212.224.147 - - [01/Nov/2005:01:33:02 -0900] "GET /gallery/photos/20020015/1/pages/2002-0015-00103m.html HTTP/1.0" 304 - "-" "psbot/0.1 (+http://www.picsearch.com/bot.html)"
217.212.224.147 - - [01/Nov/2005:01:33:43 -0900] "GET /gallery/photos/20030040/0/pages/2003-0040-00042.html HTTP/1.0" 304 - "-" "psbot/0.1 (+http://www.picsearch.com/bot.html)"
217.212.224.147 - - [01/Nov/2005:01:34:24 -0900] "GET /gallery/photos/19900043/09/pages/1990-0043-00926.html HTTP/1.0" 304 - "-" "psbot/0.1 (+http://www.picsearch.com/bot.html)"
207.46.98.85 - - [01/Nov/2005:01:34:51 -0900] "GET /gallery/photos/19950244/12/pages/1995-0244-01283.html HTTP/1.0" 200 1888 "-" "msnbot/1.0 (+http://search.msn.com/msnbot.htm)"
207.46.98.85 - - [01/Nov/2005:01:34:52 -0900] "GET /gallery/photos/19950244/12/pages/1995-0244-01278.html HTTP/1.0" 200 1888 "-" "msnbot/1.0 (+http://search.msn.com/msnbot.htm)"
207.46.98.85 - - [01/Nov/2005:01:34:52 -0900] "GET /gallery/photos/19950244/12/pages/1995-0244-01281.html HTTP/1.0" 200 1888 "-" "msnbot/1.0 (+http://search.msn.com/msnbot.htm)"
217.212.224.147 - - [01/Nov/2005:01:35:09 -0900] "GET /gallery/photos/19700058/4/pages/1970-0058-00401.html HTTP/1.0" 304 - "-" "psbot/0.1 (+http://www.picsearch.com/bot.html)"
68.142.230.200 - - [01/Nov/2005:01:35:49 -0900] "GET /gallery/ HTTP/1.0" 200 7342 "-" "YahooSeeker/1.2 (compatible; Mozilla 4.0; MSIE 5.5; yahooseeker at yahoo-inc dot com ; http://help.yahoo.com/help/us/shop/merchant/)"
217.212.224.147 - - [01/Nov/2005:01:35:53 -0900] "GET /gallery/photos/20030109/1/pages/2003-0109-00135.html HTTP/1.0" 304 - "-" "psbot/0.1 (+http://www.picsearch.com/bot.html)"
207.46.98.85 - - [01/Nov/2005:01:36:04 -0900] "GET /gallery/photos/19950244/12/pages/1995-0244-01276.html HTTP/1.0" 200 1888 "-" "msnbot/1.0 (+http://search.msn.com/msnbot.htm)"
217.212.224.147 - - [01/Nov/2005:01:36:37 -0900] "GET /gallery/photos/19880041/0/pages/1988-0041-00052.htm HTTP/1.0" 304 - "-" "psbot/0.1 (+http://www.picsearch.com/bot.html)"
210.81.248.121 - - [01/Nov/2005:01:37:14 -0900] "GET /gallery/maps/mapg3350.html HTTP/1.1" 200 19483 "http://images.google.com/imgres?imgurl=http://photolab.elmer.uaf.edu/gallery/maps/G3300/large/G3351%2520P92%2520%255B18--%255D%2520section1.jpg&imgrefurl=http://photolab.elmer.uaf.edu/gallery/maps/mapg3350.html&h=1200&w=937&sz=241&tbnid=-Pg0ihA54ogJ:&tbnh=150&tbnw=117&hl=en&start=12&prev=/images%3Fq%3D%2Briver%2Bon%2Ba%2Bnorth%2Bamerica%2Bmap%26imgsz%3Dxxlarge%26svnum%3D10%26hl%3Den%26lr%3D" "Mozilla/4.0 (compatible; MSIE 6.0; Windows NT 5.1; SV1)"
217.212.224.147 - - [01/Nov/2005:01:37:21 -0900] "GET /gallery/photos/19700058/0/pages/1970-0058-00045.html HTTP/1.0" 304 - "-" "psbot/0.1 (+http://www.picsearch.com/bot.html)"
68.142.230.200 - - [01/Nov/2005:01:37:24 -0900] "GET /store/maps.html HTTP/1.0" 200 23493 "-" "YahooSeeker/1.2 (compatible; Mozilla 4.0; MSIE 5.5; yahooseeker at yahoo-inc dot com ; http://help.yahoo.com/help/us/shop/merchant/)"
217.212.224.147 - - [01/Nov/2005:01:38:03 -0900] "GET /gallery/photos/19900043/08/pages/1990-0043-00852.html HTTP/1.0" 304 - "-" "psbot/0.1 (+http://www.picsearch.com/bot.html)"
210.81.248.121 - - [01/Nov/2005:01:37:21 -0900] "GET /gallery/maps/G3300/large/G3351%20P92%20%5B18--%5D%20section1.jpg HTTP/1.1" 200 246187 "http://images.google.com/imgres?imgurl=http://photolab.elmer.uaf.edu/gallery/maps/G3300/large/G3351%2520P92%2520%255B18--%255D%2520section1.jpg&imgrefurl=http://photolab.elmer.uaf.edu/gallery/maps/mapg3350.html&h=1200&w=937&sz=241&tbnid=-Pg0ihA54ogJ:&tbnh=150&tbnw=117&hl=en&prev=/images%3Fq%3D%2Briver%2Bon%2Ba%2Bnorth%2Bamerica%2Bmap%26imgsz%3Dxxlarge%26svnum%3D10%26hl%3Den%26lr%3D&frame=small" "Mozilla/4.0 (compatible; MSIE 6.0; Windows NT 5.1; SV1)"
68.142.230.200 - - [01/Nov/2005:01:44:27 -0900] "GET /store/order.html HTTP/1.0" 200 7081 "-" "YahooSeeker/1.2 (compatible; Mozilla 4.0; MSIE 5.5; yahooseeker at yahoo-inc dot com ; http://help.yahoo.com/help/us/shop/merchant/)"
68.142.230.200 - - [01/Nov/2005:01:44:40 -0900] "GET /store/index.html HTTP/1.0" 200 6524 "-" "YahooSeeker/1.2 (compatible; Mozilla 4.0; MSIE 5.5; yahooseeker at yahoo-inc dot com ; http://help.yahoo.com/help/us/shop/merchant/)"
212.214.120.58 - - [01/Nov/2005:01:47:29 -0900] "GET /index_files/lib.css HTTP/1.1" 200 2634 "http://photolab.elmer.uaf.edu/gallery/maps/mapg3270b.html" "Mozilla/4.0 (compatible; MSIE 6.0; Windows NT 5.1; SV1; .NET CLR 1.1.4322)"
212.214.120.58 - - [01/Nov/2005:01:47:30 -0900] "GET /index_files/title.jpg HTTP/1.1" 200 5438 "http://photolab.elmer.uaf.edu/gallery/maps/mapg3270b.html" "Mozilla/4.0 (compatible; MSIE 6.0; Windows NT 5.1; SV1; .NET CLR 1.1.4322)"
212.214.120.58 - - [01/Nov/2005:01:47:30 -0900] "GET /index_files/empty.gif HTTP/1.1" 200 45 "http://photolab.elmer.uaf.edu/gallery/maps/mapg3270b.html" "Mozilla/4.0 (compatible; MSIE 6.0; Windows NT 5.1; SV1; .NET CLR 1.1.4322)"
212.214.120.58 - - [01/Nov/2005:01:47:29 -0900] "GET /gallery/maps/mapg3270b.html HTTP/1.1" 200 23873 "http://images.google.com/imgres?imgurl=http://photolab.elmer.uaf.edu/gallery/maps/G3200/large/G3270%25201820%2520S61.jpg&imgrefurl=http://photolab.elmer.uaf.edu/gallery/maps/mapg3270b.html&h=1543&w=1200&sz=318&tbnid=RggCb3F0FgoJ:&tbnh=150&tbnw=116&hl=en&start=3&prev=/images%3Fq%3Dnorth%2Bpole%2Bmap%26imgsz%3Dxxlarge%26svnum%3D10%26hl%3Den%26lr%3D" "Mozilla/4.0 (compatible; MSIE 6.0; Windows NT 5.1; SV1; .NET CLR 1.1.4322)"
212.214.120.58 - - [01/Nov/2005:01:47:30 -0900] "GET /index_files/apr.jpg HTTP/1.1" 200 6015 "http://photolab.elmer.uaf.edu/gallery/maps/mapg3270b.html" "Mozilla/4.0 (compatible; MSIE 6.0; Windows NT 5.1; SV1; .NET CLR 1.1.4322)"
212.214.120.58 - - [01/Nov/2005:01:47:30 -0900] "GET /index_files/small.dps.jpg HTTP/1.1" 200 5830 "http://photolab.elmer.uaf.edu/gallery/maps/mapg3270b.html" "Mozilla/4.0 (compatible; MSIE 6.0; Windows NT 5.1; SV1; .NET CLR 1.1.4322)"
212.214.120.58 - - [01/Nov/2005:01:47:30 -0900] "GET /index_files/small.jpg HTTP/1.1" 200 2294 "http://photolab.elmer.uaf.edu/gallery/maps/mapg3270b.html" "Mozilla/4.0 (compatible; MSIE 6.0; Windows NT 5.1; SV1; .NET CLR 1.1.4322)"
212.214.120.58 - - [01/Nov/2005:01:47:31 -0900] "GET /index_files/small_002.jpg HTTP/1.1" 200 1351 "http://photolab.elmer.uaf.edu/gallery/maps/mapg3270b.html" "Mozilla/4.0 (compatible; MSIE 6.0; Windows NT 5.1; SV1; .NET CLR 1.1.4322)"
212.214.120.58 - - [01/Nov/2005:01:47:31 -0900] "GET /index_files/small_003.jpg HTTP/1.1" 200 1521 "http://photolab.elmer.uaf.edu/gallery/maps/mapg3270b.html" "Mozilla/4.0 (compatible; MSIE 6.0; Windows NT 5.1; SV1; .NET CLR 1.1.4322)"
212.214.120.58 - - [01/Nov/2005:01:47:31 -0900] "GET /gallery/maps/G3200/small/G3270%20%5B1800%5D%20C382.jpg HTTP/1.1" 200 14087 "http://photolab.elmer.uaf.edu/gallery/maps/mapg3270b.html" "Mozilla/4.0 (compatible; MSIE 6.0; Windows NT 5.1; SV1; .NET CLR 1.1.4322)"
212.214.120.58 - - [01/Nov/2005:01:47:31 -0900] "GET /gallery/maps/G3200/small/G3270%201807%20W52.jpg HTTP/1.1" 200 15982 "http://photolab.elmer.uaf.edu/gallery/maps/mapg3270b.html" "Mozilla/4.0 (compatible; MSIE 6.0; Windows NT 5.1; SV1; .NET CLR 1.1.4322)"
194.72.238.61 - - [01/Nov/2005:01:47:36 -0900] "HEAD / HTTP/1.1" 200 - "http://www.netcraft.com/survey/" "Mozilla/4.0 (compatible; Netcraft Web Server Survey)"
212.214.120.58 - - [01/Nov/2005:01:47:31 -0900] "GET /gallery/maps/G3200/large/G3270%201820%20S61.jpg HTTP/1.1" 200 324745 "http://images.google.com/imgres?imgurl=http://photolab.elmer.uaf.edu/gallery/maps/G3200/large/G3270%25201820%2520S61.jpg&imgrefurl=http://photolab.elmer.uaf.edu/gallery/maps/mapg3270b.html&h=1543&w=1200&sz=318&tbnid=RggCb3F0FgoJ:&tbnh=150&tbnw=116&hl=en&prev=/images%3Fq%3Dnorth%2Bpole%2Bmap%26imgsz%3Dxxlarge%26svnum%3D10%26hl%3Den%26lr%3D&frame=small" "Mozilla/4.0 (compatible; MSIE 6.0; Windows NT 5.1; SV1; .NET CLR 1.1.4322)"
212.214.120.58 - - [01/Nov/2005:01:47:48 -0900] "GET /index_files/bar.gif HTTP/1.1" 200 342 "http://photolab.elmer.uaf.edu/gallery/maps/mapg3270b.html" "Mozilla/4.0 (compatible; MSIE 6.0; Windows NT 5.1; SV1; .NET CLR 1.1.4322)"
212.214.120.58 - - [01/Nov/2005:01:47:49 -0900] "GET /gallery/maps/G3200/small/G3270%201807%20W52.jpg HTTP/1.1" 200 15982 "http://photolab.elmer.uaf.edu/gallery/maps/mapg3270b.html" "Mozilla/4.0 (compatible; MSIE 6.0; Windows NT 5.1; SV1; .NET CLR 1.1.4322)"
212.214.120.58 - - [01/Nov/2005:01:47:49 -0900] "GET /gallery/maps/G3200/small/G3270%20%5B1800%5D%20C382.jpg HTTP/1.1" 200 14087 "http://photolab.elmer.uaf.edu/gallery/maps/mapg3270b.html" "Mozilla/4.0 (compatible; MSIE 6.0; Windows NT 5.1; SV1; .NET CLR 1.1.4322)"
212.214.120.58 - - [01/Nov/2005:01:47:49 -0900] "GET /gallery/maps/G3200/small/G3270%20%5B1814%5D.jpg HTTP/1.1" 200 17692 "http://photolab.elmer.uaf.edu/gallery/maps/mapg3270b.html" "Mozilla/4.0 (compatible; MSIE 6.0; Windows NT 5.1; SV1; .NET CLR 1.1.4322)"
213.84.88.35 - - [01/Nov/2005:01:47:49 -0900] "GET /gallery/maps/mapg3200.html HTTP/1.1" 200 17203 "-" "Mozilla/4.0 (compatible; MSIE 5.5; Windows 98; T312461)"
212.214.120.58 - - [01/Nov/2005:01:47:50 -0900] "GET /gallery/maps/G3200/small/G3270%201808%20L61.jpg HTTP/1.1" 200 16953 "http://photolab.elmer.uaf.edu/gallery/maps/mapg3270b.html" "Mozilla/4.0 (compatible; MSIE 6.0; Windows NT 5.1; SV1; .NET CLR 1.1.4322)"
212.214.120.58 - - [01/Nov/2005:01:47:50 -0900] "GET /gallery/maps/G3200/small/G3270%20%5B1814%5D%20a.jpg HTTP/1.1" 200 14887 "http://photolab.elmer.uaf.edu/gallery/maps/mapg3270b.html" "Mozilla/4.0 (compatible; MSIE 6.0; Windows NT 5.1; SV1; .NET CLR 1.1.4322)"
213.84.88.35 - - [01/Nov/2005:01:47:50 -0900] "GET /index_files/lib.css HTTP/1.1" 200 2634 "http://photolab.elmer.uaf.edu/gallery/maps/mapg3200.html" "Mozilla/4.0 (compatible; MSIE 5.5; Windows 98; T312461)"
213.84.88.35 - - [01/Nov/2005:01:47:51 -0900] "GET /index_files/title.jpg HTTP/1.1" 200 5438 "http://photolab.elmer.uaf.edu/gallery/maps/mapg3200.html" "Mozilla/4.0 (compatible; MSIE 5.5; Windows 98; T312461)"
213.84.88.35 - - [01/Nov/2005:01:47:51 -0900] "GET /index_files/apr.jpg HTTP/1.1" 200 6015 "http://photolab.elmer.uaf.edu/gallery/maps/mapg3200.html" "Mozilla/4.0 (compatible; MSIE 5.5; Windows 98; T312461)"
213.84.88.35 - - [01/Nov/2005:01:47:52 -0900] "GET /index_files/empty.gif HTTP/1.1" 200 45 "http://photolab.elmer.uaf.edu/gallery/maps/mapg3200.html" "Mozilla/4.0 (compatible; MSIE 5.5; Windows 98; T312461)"
213.84.88.35 - - [01/Nov/2005:01:47:52 -0900] "GET /index_files/bar.gif HTTP/1.1" 200 342 "http://photolab.elmer.uaf.edu/gallery/maps/mapg3200.html" "Mozilla/4.0 (compatible; MSIE 5.5; Windows 98; T312461)"
213.84.88.35 - - [01/Nov/2005:01:47:52 -0900] "GET /index_files/small.dps.jpg HTTP/1.1" 200 5830 "http://photolab.elmer.uaf.edu/gallery/maps/mapg3200.html" "Mozilla/4.0 (compatible; MSIE 5.5; Windows 98; T312461)"
213.84.88.35 - - [01/Nov/2005:01:47:52 -0900] "GET /index_files/small.jpg HTTP/1.1" 200 2294 "http://photolab.elmer.uaf.edu/gallery/maps/mapg3200.html" "Mozilla/4.0 (compatible; MSIE 5.5; Windows 98; T312461)"
213.84.88.35 - - [01/Nov/2005:01:47:52 -0900] "GET /index_files/small_002.jpg HTTP/1.1" 200 1351 "http://photolab.elmer.uaf.edu/gallery/maps/mapg3200.html" "Mozilla/4.0 (compatible; MSIE 5.5; Windows 98; T312461)"
213.84.88.35 - - [01/Nov/2005:01:47:52 -0900] "GET /index_files/small_003.jpg HTTP/1.1" 200 1521 "http://photolab.elmer.uaf.edu/gallery/maps/mapg3200.html" "Mozilla/4.0 (compatible; MSIE 5.5; Windows 98; T312461)"
213.84.88.35 - - [01/Nov/2005:01:47:53 -0900] "GET /gallery/maps/G3200/small/G3200%20%5B1562_%5D%20V34.jpg HTTP/1.1" 200 15334 "http://photolab.elmer.uaf.edu/gallery/maps/mapg3200.html" "Mozilla/4.0 (compatible; MSIE 5.5; Windows 98; T312461)"
213.84.88.35 - - [01/Nov/2005:01:47:53 -0900] "GET /gallery/maps/G3200/small/G3200%20%5B1652_%5D%20V571.jpg HTTP/1.1" 200 16733 "http://photolab.elmer.uaf.edu/gallery/maps/mapg3200.html" "Mozilla/4.0 (compatible; MSIE 5.5; Windows 98; T312461)"
213.84.88.35 - - [01/Nov/2005:01:47:53 -0900] "GET /gallery/maps/G3200/small/G3200%20%5B1670%5D.jpg HTTP/1.1" 200 17392 "http://photolab.elmer.uaf.edu/gallery/maps/mapg3200.html" "Mozilla/4.0 (compatible; MSIE 5.5; Windows 98; T312461)"
213.84.88.35 - - [01/Nov/2005:01:47:54 -0900] "GET /gallery/maps/G3200/small/G3200%20%5B1700%5D.jpg HTTP/1.1" 200 18077 "http://photolab.elmer.uaf.edu/gallery/maps/mapg3200.html" "Mozilla/4.0 (compatible; MSIE 5.5; Windows 98; T312461)"
213.84.88.35 - - [01/Nov/2005:01:47:54 -0900] "GET /gallery/maps/G3200/small/G3200%201752%20R62.jpg HTTP/1.1" 200 14597 "http://photolab.elmer.uaf.edu/gallery/maps/mapg3200.html" "Mozilla/4.0 (compatible; MSIE 5.5; Windows 98; T312461)"
213.84.88.35 - - [01/Nov/2005:01:47:55 -0900] "GET /gallery/maps/G3200/small/G3200%201755%20B43.jpg HTTP/1.1" 200 14396 "http://photolab.elmer.uaf.edu/gallery/maps/mapg3200.html" "Mozilla/4.0 (compatible; MSIE 5.5; Windows 98; T312461)"
213.84.88.35 - - [01/Nov/2005:01:47:55 -0900] "GET /gallery/maps/G3200/small/G3200%20%5B1774%5D%20S29.jpg HTTP/1.1" 200 14083 "http://photolab.elmer.uaf.edu/gallery/maps/mapg3200.html" "Mozilla/4.0 (compatible; MSIE 5.5; Windows 98; T312461)"
213.84.88.35 - - [01/Nov/2005:01:47:56 -0900] "GET /gallery/maps/G3200/small/G3200%201783%20B68.jpg HTTP/1.1" 200 15727 "http://photolab.elmer.uaf.edu/gallery/maps/mapg3200.html" "Mozilla/4.0 (compatible; MSIE 5.5; Windows 98; T312461)"
213.84.88.35 - - [01/Nov/2005:01:47:56 -0900] "GET /gallery/maps/G3200/small/G3200%20%5B1788%5D.jpg HTTP/1.1" 200 13885 "http://photolab.elmer.uaf.edu/gallery/maps/mapg3200.html" "Mozilla/4.0 (compatible; MSIE 5.5; Windows 98; T312461)"
213.84.88.35 - - [01/Nov/2005:01:47:56 -0900] "GET /gallery/maps/G3200/small/G3200%20%5B1790%5D%20B65.jpg HTTP/1.1" 200 14544 "http://photolab.elmer.uaf.edu/gallery/maps/mapg3200.html" "Mozilla/4.0 (compatible; MSIE 5.5; Windows 98; T312461)"
213.84.88.35 - - [01/Nov/2005:01:47:56 -0900] "GET /gallery/maps/G3200/small/G3200%20%5B1798%5D%20R622.jpg HTTP/1.1" 200 13822 "http://photolab.elmer.uaf.edu/gallery/maps/mapg3200.html" "Mozilla/4.0 (compatible; MSIE 5.5; Windows 98; T312461)"
213.84.88.35 - - [01/Nov/2005:01:47:57 -0900] "GET /gallery/maps/G3200/small/G3200%20%5B1814%5D.jpg HTTP/1.1" 200 15377 "http://photolab.elmer.uaf.edu/gallery/maps/mapg3200.html" "Mozilla/4.0 (compatible; MSIE 5.5; Windows 98; T312461)"
213.84.88.35 - - [01/Nov/2005:01:47:57 -0900] "GET /gallery/maps/G3200/small/G3200%20%5B1824%5D%20W95.jpg HTTP/1.1" 200 14196 "http://photolab.elmer.uaf.edu/gallery/maps/mapg3200.html" "Mozilla/4.0 (compatible; MSIE 5.5; Windows 98; T312461)"
213.84.88.35 - - [01/Nov/2005:01:47:58 -0900] "GET /gallery/maps/G3200/small/G3200%201827%20M3%20v2%20no20.jpg HTTP/1.1" 200 14004 "http://photolab.elmer.uaf.edu/gallery/maps/mapg3200.html" "Mozilla/4.0 (compatible; MSIE 5.5; Windows 98; T312461)"
213.84.88.35 - - [01/Nov/2005:01:47:58 -0900] "GET /gallery/maps/G3200/small/G3200%201827%20M3%20v2%20no38.jpg HTTP/1.1" 200 13806 "http://photolab.elmer.uaf.edu/gallery/maps/mapg3200.html" "Mozilla/4.0 (compatible; MSIE 5.5; Windows 98; T312461)"
213.84.88.35 - - [01/Nov/2005:01:47:58 -0900] "GET /gallery/maps/G3200/small/G3200%201827%20M3%20v2%20no39.jpg HTTP/1.1" 200 13883 "http://photolab.elmer.uaf.edu/gallery/maps/mapg3200.html" "Mozilla/4.0 (compatible; MSIE 5.5; Windows 98; T312461)"
213.84.88.35 - - [01/Nov/2005:01:47:58 -0900] "GET /gallery/maps/G3200/small/G3200%201827%20M3%20v4%20no5.jpg HTTP/1.1" 200 13417 "http://photolab.elmer.uaf.edu/gallery/maps/mapg3200.html" "Mozilla/4.0 (compatible; MSIE 5.5; Windows 98; T312461)"
213.84.88.35 - - [01/Nov/2005:01:47:59 -0900] "GET /gallery/maps/G3200/small/G3200%201827%20M3%20v4%20no13%20c3.jpg HTTP/1.1" 200 15049 "http://photolab.elmer.uaf.edu/gallery/maps/mapg3200.html" "Mozilla/4.0 (compatible; MSIE 5.5; Windows 98; T312461)"
