217.212.224.147 - - [01/Nov/2005:06:24:09 -0900] "GET /gallery/photos/20030040/2/pages/2003-0040-00246.html HTTP/1.0" 304 - "-" "psbot/0.1 (+http://www.picsearch.com/bot.html)"
217.212.224.147 - - [01/Nov/2005:06:24:50 -0900] "GET /gallery/photos/20030040/2/pages/2003-0040-00247.html HTTP/1.0" 304 - "-" "psbot/0.1 (+http://www.picsearch.com/bot.html)"
64.56.141.163 - - [01/Nov/2005:06:21:15 -0900] "GET /store/photos/largejpegs/(040)1958-1026-01700.jpg HTTP/1.1" 200 138785 "http://images.google.ca/imgres?imgurl=http://photolab.elmer.uaf.edu/store/photos/largejpegs/(040)1958-1026-01700.jpg&imgrefurl=http://photolab.elmer.uaf.edu/store/people.html&h=1000&w=762&sz=136&tbnid=muofWG5zZScJ:&tbnh=149&tbnw=113&hl=en&prev=/images%3Fq%3Deskimo%26svnum%3D10%26hl%3Den%26lr%3D%26sa%3DN&frame=small" "Mozilla/4.0 (compatible; MSIE 6.0; Windows NT 5.1; SV1)"
217.212.224.147 - - [01/Nov/2005:06:25:30 -0900] "GET /gallery/photos/20040086/0/pages/2004-0086-00077.htm HTTP/1.0" 304 - "-" "psbot/0.1 (+http://www.picsearch.com/bot.html)"
64.56.141.163 - - [01/Nov/2005:06:21:17 -0900] "GET /store/photos/largejpegs/(040)1958-1026-01700.jpg HTTP/1.1" 200 138785 "http://images.google.ca/imgres?imgurl=http://photolab.elmer.uaf.edu/store/photos/largejpegs/(040)1958-1026-01700.jpg&imgrefurl=http://photolab.elmer.uaf.edu/store/people.html&h=1000&w=762&sz=136&tbnid=muofWG5zZScJ:&tbnh=149&tbnw=113&hl=en&prev=/images%3Fq%3Deskimo%26svnum%3D10%26hl%3Den%26lr%3D%26sa%3DN&frame=small" "Mozilla/4.0 (compatible; MSIE 6.0; Windows NT 5.1; SV1)"
217.212.224.147 - - [01/Nov/2005:06:26:10 -0900] "GET /gallery/photos/20030063/1/pages/2003-0063-00142.html HTTP/1.0" 304 - "-" "psbot/0.1 (+http://www.picsearch.com/bot.html)"
64.56.141.163 - - [01/Nov/2005:06:21:29 -0900] "GET /store/photos/largejpegs/(040)1958-1026-01700.jpg HTTP/1.1" 200 138785 "http://images.google.ca/imgres?imgurl=http://photolab.elmer.uaf.edu/store/photos/largejpegs/(040)1958-1026-01700.jpg&imgrefurl=http://photolab.elmer.uaf.edu/store/people.html&h=1000&w=762&sz=136&tbnid=muofWG5zZScJ:&tbnh=149&tbnw=113&hl=en&prev=/images%3Fq%3Deskimo%26svnum%3D10%26hl%3Den%26lr%3D%26sa%3DN&frame=small" "Mozilla/4.0 (compatible; MSIE 6.0; Windows NT 5.1; SV1)"
64.56.141.163 - - [01/Nov/2005:06:21:30 -0900] "GET /store/photos/largejpegs/(040)1958-1026-01700.jpg HTTP/1.1" 200 138785 "http://images.google.ca/imgres?imgurl=http://photolab.elmer.uaf.edu/store/photos/largejpegs/(040)1958-1026-01700.jpg&imgrefurl=http://photolab.elmer.uaf.edu/store/people.html&h=1000&w=762&sz=136&tbnid=muofWG5zZScJ:&tbnh=149&tbnw=113&hl=en&prev=/images%3Fq%3Deskimo%26svnum%3D10%26hl%3Den%26lr%3D%26sa%3DN&frame=small" "Mozilla/4.0 (compatible; MSIE 6.0; Windows NT 5.1; SV1)"
64.56.141.163 - - [01/Nov/2005:06:21:31 -0900] "GET /store/photos/largejpegs/(040)1958-1026-01700.jpg HTTP/1.1" 200 138785 "http://images.google.ca/imgres?imgurl=http://photolab.elmer.uaf.edu/store/photos/largejpegs/(040)1958-1026-01700.jpg&imgrefurl=http://photolab.elmer.uaf.edu/store/people.html&h=1000&w=762&sz=136&tbnid=muofWG5zZScJ:&tbnh=149&tbnw=113&hl=en&prev=/images%3Fq%3Deskimo%26svnum%3D10%26hl%3Den%26lr%3D%26sa%3DN&frame=small" "Mozilla/4.0 (compatible; MSIE 6.0; Windows NT 5.1; SV1)"
64.56.141.163 - - [01/Nov/2005:06:21:33 -0900] "GET /store/photos/largejpegs/(040)1958-1026-01700.jpg HTTP/1.1" 200 138785 "http://images.google.ca/imgres?imgurl=http://photolab.elmer.uaf.edu/store/photos/largejpegs/(040)1958-1026-01700.jpg&imgrefurl=http://photolab.elmer.uaf.edu/store/people.html&h=1000&w=762&sz=136&tbnid=muofWG5zZScJ:&tbnh=149&tbnw=113&hl=en&prev=/images%3Fq%3Deskimo%26svnum%3D10%26hl%3Den%26lr%3D%26sa%3DN&frame=small" "Mozilla/4.0 (compatible; MSIE 6.0; Windows NT 5.1; SV1)"
64.56.141.163 - - [01/Nov/2005:06:21:39 -0900] "GET /index_files/storetitle.gif HTTP/1.1" 206 6343 "http://photolab.elmer.uaf.edu/store/people.html" "Mozilla/4.0 (compatible; MSIE 6.0; Windows NT 5.1; SV1)"
64.56.141.163 - - [01/Nov/2005:06:21:39 -0900] "GET /store/photos/smalljpegs/(007)1972-0071-03234.jpg HTTP/1.1" 200 32052 "http://photolab.elmer.uaf.edu/store/people.html" "Mozilla/4.0 (compatible; MSIE 6.0; Windows NT 5.1; SV1)"
64.56.141.163 - - [01/Nov/2005:06:21:41 -0900] "GET /store/photos/largejpegs/(040)1958-1026-01700.jpg HTTP/1.1" 200 138785 "http://images.google.ca/imgres?imgurl=http://photolab.elmer.uaf.edu/store/photos/largejpegs/(040)1958-1026-01700.jpg&imgrefurl=http://photolab.elmer.uaf.edu/store/people.html&h=1000&w=762&sz=136&tbnid=muofWG5zZScJ:&tbnh=149&tbnw=113&hl=en&prev=/images%3Fq%3Deskimo%26svnum%3D10%26hl%3Den%26lr%3D%26sa%3DN&frame=small" "Mozilla/4.0 (compatible; MSIE 6.0; Windows NT 5.1; SV1)"
217.212.224.147 - - [01/Nov/2005:06:26:50 -0900] "GET /gallery/photos/20030063/1/pages/2003-0063-00143.html HTTP/1.0" 304 - "-" "psbot/0.1 (+http://www.picsearch.com/bot.html)"
217.212.224.147 - - [01/Nov/2005:06:27:30 -0900] "GET /gallery/photos/19950244/12/pages/1995-0244-01240.html HTTP/1.0" 304 - "-" "psbot/0.1 (+http://www.picsearch.com/bot.html)"
64.56.141.163 - - [01/Nov/2005:06:23:07 -0900] "GET /store/photos/largejpegs/(040)1958-1026-01700.jpg HTTP/1.1" 200 138785 "http://images.google.ca/imgres?imgurl=http://photolab.elmer.uaf.edu/store/photos/largejpegs/(040)1958-1026-01700.jpg&imgrefurl=http://photolab.elmer.uaf.edu/store/people.html&h=1000&w=762&sz=136&tbnid=muofWG5zZScJ:&tbnh=149&tbnw=113&hl=en&prev=/images%3Fq%3Deskimo%26svnum%3D10%26hl%3Den%26lr%3D%26sa%3DN&frame=small" "Mozilla/4.0 (compatible; MSIE 6.0; Windows NT 5.1; SV1)"
64.56.141.163 - - [01/Nov/2005:06:23:10 -0900] "GET /store/photos/largejpegs/(040)1958-1026-01700.jpg HTTP/1.1" 200 138785 "http://images.google.ca/imgres?imgurl=http://photolab.elmer.uaf.edu/store/photos/largejpegs/(040)1958-1026-01700.jpg&imgrefurl=http://photolab.elmer.uaf.edu/store/people.html&h=1000&w=762&sz=136&tbnid=muofWG5zZScJ:&tbnh=149&tbnw=113&hl=en&prev=/images%3Fq%3Deskimo%26svnum%3D10%26hl%3Den%26lr%3D%26sa%3DN&frame=small" "Mozilla/4.0 (compatible; MSIE 6.0; Windows NT 5.1; SV1)"
217.212.224.147 - - [01/Nov/2005:06:28:10 -0900] "GET /gallery/photos/19950244/12/pages/1995-0244-01244.html HTTP/1.0" 304 - "-" "psbot/0.1 (+http://www.picsearch.com/bot.html)"
217.212.224.147 - - [01/Nov/2005:06:23:29 -0900] "GET /gallery/photos/19581026/22/pages/1958-1026-02254.html HTTP/1.0" 200 2092 "-" "psbot/0.1 (+http://www.picsearch.com/bot.html)"
80.98.230.238 - - [01/Nov/2005:06:23:48 -0900] "GET /store/photos/largejpegs/(040)1958-1026-01700.jpg HTTP/1.1" 200 138785 "http://www.beusichem.web-log.nl/" "Mozilla/5.0 (Windows; U; Windows NT 5.1; hu-HU; rv:1.7.12) Gecko/20050919 Firefox/1.0.7"
80.98.230.238 - - [01/Nov/2005:06:24:45 -0900] "GET /store/photos/largejpegs/(040)1958-1026-01700.jpg HTTP/1.1" 200 138785 "http://www.beusichem.web-log.nl/" "Mozilla/5.0 (Windows; U; Windows NT 5.1; hu-HU; rv:1.7.12) Gecko/20050919 Firefox/1.0.7"
167.202.196.72 - - [01/Nov/2005:06:25:00 -0900] "GET /store/people.html HTTP/1.1" 200 21075 "http://www.google.nl/search?hl=nl&q=famous+woman+in+fur&meta=" "Mozilla/4.0 (compatible; MSIE 6.0; Windows NT 5.0; T312461)"
64.56.141.163 - - [01/Nov/2005:06:23:12 -0900] "GET /store/photos/largejpegs/(040)1958-1026-01700.jpg HTTP/1.1" 200 138785 "http://images.google.ca/imgres?imgurl=http://photolab.elmer.uaf.edu/store/photos/largejpegs/(040)1958-1026-01700.jpg&imgrefurl=http://photolab.elmer.uaf.edu/store/people.html&h=1000&w=762&sz=136&tbnid=muofWG5zZScJ:&tbnh=149&tbnw=113&hl=en&prev=/images%3Fq%3Deskimo%26svnum%3D10%26hl%3Den%26lr%3D%26sa%3DN&frame=small" "Mozilla/4.0 (compatible; MSIE 6.0; Windows NT 5.1; SV1)"
213.128.132.194 - - [01/Nov/2005:06:26:49 -0900] "GET /store/people.html HTTP/1.1" 200 21075 "http://images.google.fi/imgres?imgurl=http://photolab.elmer.uaf.edu/store/photos/largejpegs/(040)1958-1026-01700.jpg&imgrefurl=http://photolab.elmer.uaf.edu/store/people.html&h=1000&w=762&sz=136&tbnid=muofWG5zZScJ:&tbnh=149&tbnw=113&hl=fi&start=6&prev=/images%3Fq%3Deskimo%26svnum%3D10%26hl%3Dfi%26lr%3D%26sa%3DG" "Mozilla/5.0 (Macintosh; U; PPC Mac OS X; de-de) AppleWebKit/416.11 (KHTML, like Gecko) Safari/416.12"
167.202.196.72 - - [01/Nov/2005:06:25:59 -0900] "GET /store/people.html HTTP/1.1" 200 21075 "-" "Mozilla/4.0 (compatible; MSIE 6.0; Windows NT 5.0; T312461)"
213.128.132.194 - - [01/Nov/2005:06:26:50 -0900] "GET /store/photos/largejpegs/(040)1958-1026-01700.jpg HTTP/1.1" 200 138785 "http://images.google.fi/imgres?imgurl=http://photolab.elmer.uaf.edu/store/photos/largejpegs/(040)1958-1026-01700.jpg&imgrefurl=http://photolab.elmer.uaf.edu/store/people.html&h=1000&w=762&sz=136&tbnid=muofWG5zZScJ:&tbnh=149&tbnw=113&hl=fi&prev=/images%3Fq%3Deskimo%26svnum%3D10%26hl%3Dfi%26lr%3D%26sa%3DG&frame=small" "Mozilla/5.0 (Macintosh; U; PPC Mac OS X; de-de) AppleWebKit/416.11 (KHTML, like Gecko) Safari/416.12"
217.212.224.147 - - [01/Nov/2005:06:28:51 -0900] "GET /gallery/photos/20040145/0/pages/2004-0145-00056.htm HTTP/1.0" 304 - "-" "psbot/0.1 (+http://www.picsearch.com/bot.html)"
80.126.253.62 - - [01/Nov/2005:06:29:28 -0900] "GET /store/photos/largejpegs/(040)1958-1026-01700.jpg HTTP/1.1" 304 - "http://www.beusichem.web-log.nl/" "Mozilla/4.0 (compatible; MSIE 6.0; Windows NT 5.1; SV1; .NET CLR 1.1.4322)"
217.212.224.147 - - [01/Nov/2005:06:29:37 -0900] "GET /gallery/photos/20040145/0/pages/2004-0145-00058.htm HTTP/1.0" 304 - "-" "psbot/0.1 (+http://www.picsearch.com/bot.html)"
217.212.224.147 - - [01/Nov/2005:06:30:21 -0900] "GET /gallery/photos/20040145/0/pages/2004-0145-00060.htm HTTP/1.0" 304 - "-" "psbot/0.1 (+http://www.picsearch.com/bot.html)"
217.212.224.147 - - [01/Nov/2005:06:31:02 -0900] "GET /gallery/photos/19950244/12/pages/1995-0244-01245.html HTTP/1.0" 304 - "-" "psbot/0.1 (+http://www.picsearch.com/bot.html)"
165.138.138.193 - - [01/Nov/2005:06:31:45 -0900] "GET /gallery/documents/constitution/constitution.html HTTP/1.0" 200 10917 "http://images.google.com/imgres?imgurl=http://photolab.elmer.uaf.edu/gallery/documents/constitution/AK%2520constitution%2520page%252007.jpg&imgrefurl=http://photolab.elmer.uaf.edu/gallery/documents/constitution/constitution.html&h=1500&w=1147&sz=307&tbnid=aoB_L5QHBB0J:&tbnh=150&tbnw=114&hl=en&start=43&prev=/images%3Fq%3Dconstitution%26start%3D40%26svnum%3D10%26hl%3Den%26lr%3D%26sa%3DN" "Mozilla/5.0 (Windows; U; Windows NT 5.0; en-US; rv:1.7.6) Gecko/20050225 Firefox/1.0.1"
165.138.138.193 - - [01/Nov/2005:06:31:45 -0900] "GET /index_files/lib.css HTTP/1.0" 200 2634 "http://photolab.elmer.uaf.edu/gallery/documents/constitution/constitution.html" "Mozilla/5.0 (Windows; U; Windows NT 5.0; en-US; rv:1.7.6) Gecko/20050225 Firefox/1.0.1"
165.138.138.193 - - [01/Nov/2005:06:31:46 -0900] "GET /index_files/empty.gif HTTP/1.0" 200 45 "http://photolab.elmer.uaf.edu/gallery/documents/constitution/constitution.html" "Mozilla/5.0 (Windows; U; Windows NT 5.0; en-US; rv:1.7.6) Gecko/20050225 Firefox/1.0.1"
165.138.138.193 - - [01/Nov/2005:06:31:46 -0900] "GET /index_files/apr.jpg HTTP/1.0" 200 6015 "http://photolab.elmer.uaf.edu/gallery/documents/constitution/constitution.html" "Mozilla/5.0 (Windows; U; Windows NT 5.0; en-US; rv:1.7.6) Gecko/20050225 Firefox/1.0.1"
165.138.138.193 - - [01/Nov/2005:06:31:46 -0900] "GET /index_files/small.jpg HTTP/1.0" 200 2294 "http://photolab.elmer.uaf.edu/gallery/documents/constitution/constitution.html" "Mozilla/5.0 (Windows; U; Windows NT 5.0; en-US; rv:1.7.6) Gecko/20050225 Firefox/1.0.1"
165.138.138.193 - - [01/Nov/2005:06:31:46 -0900] "GET /index_files/title.jpg HTTP/1.0" 200 5438 "http://photolab.elmer.uaf.edu/gallery/documents/constitution/constitution.html" "Mozilla/5.0 (Windows; U; Windows NT 5.0; en-US; rv:1.7.6) Gecko/20050225 Firefox/1.0.1"
165.138.138.193 - - [01/Nov/2005:06:31:46 -0900] "GET /index_files/small.dps.jpg HTTP/1.0" 200 5830 "http://photolab.elmer.uaf.edu/gallery/documents/constitution/constitution.html" "Mozilla/5.0 (Windows; U; Windows NT 5.0; en-US; rv:1.7.6) Gecko/20050225 Firefox/1.0.1"
165.138.138.193 - - [01/Nov/2005:06:31:46 -0900] "GET /index_files/bar.gif HTTP/1.0" 200 342 "http://photolab.elmer.uaf.edu/gallery/documents/constitution/constitution.html" "Mozilla/5.0 (Windows; U; Windows NT 5.0; en-US; rv:1.7.6) Gecko/20050225 Firefox/1.0.1"
165.138.138.193 - - [01/Nov/2005:06:31:46 -0900] "GET /index_files/small.jpg HTTP/1.0" 200 2294 "http://photolab.elmer.uaf.edu/gallery/documents/constitution/constitution.html" "Mozilla/5.0 (Windows; U; Windows NT 5.0; en-US; rv:1.7.6) Gecko/20050225 Firefox/1.0.1"
165.138.138.193 - - [01/Nov/2005:06:31:46 -0900] "GET /index_files/title.jpg HTTP/1.0" 200 5438 "http://photolab.elmer.uaf.edu/gallery/documents/constitution/constitution.html" "Mozilla/5.0 (Windows; U; Windows NT 5.0; en-US; rv:1.7.6) Gecko/20050225 Firefox/1.0.1"
165.138.138.193 - - [01/Nov/2005:06:31:46 -0900] "GET /index_files/small.dps.jpg HTTP/1.0" 200 5830 "http://photolab.elmer.uaf.edu/gallery/documents/constitution/constitution.html" "Mozilla/5.0 (Windows; U; Windows NT 5.0; en-US; rv:1.7.6) Gecko/20050225 Firefox/1.0.1"
165.138.138.193 - - [01/Nov/2005:06:31:46 -0900] "GET /index_files/small.jpg HTTP/1.0" 200 2294 "http://photolab.elmer.uaf.edu/gallery/documents/constitution/constitution.html" "Mozilla/5.0 (Windows; U; Windows NT 5.0; en-US; rv:1.7.6) Gecko/20050225 Firefox/1.0.1"
165.138.138.193 - - [01/Nov/2005:06:31:47 -0900] "GET /index_files/title.jpg HTTP/1.0" 200 5438 "http://photolab.elmer.uaf.edu/gallery/documents/constitution/constitution.html" "Mozilla/5.0 (Windows; U; Windows NT 5.0; en-US; rv:1.7.6) Gecko/20050225 Firefox/1.0.1"
165.138.138.193 - - [01/Nov/2005:06:31:47 -0900] "GET /index_files/small.dps.jpg HTTP/1.0" 200 5830 "http://photolab.elmer.uaf.edu/gallery/documents/constitution/constitution.html" "Mozilla/5.0 (Windows; U; Windows NT 5.0; en-US; rv:1.7.6) Gecko/20050225 Firefox/1.0.1"
165.138.138.193 - - [01/Nov/2005:06:31:47 -0900] "GET /index_files/small.jpg HTTP/1.0" 200 2294 "http://photolab.elmer.uaf.edu/gallery/documents/constitution/constitution.html" "Mozilla/5.0 (Windows; U; Windows NT 5.0; en-US; rv:1.7.6) Gecko/20050225 Firefox/1.0.1"
165.138.138.193 - - [01/Nov/2005:06:31:47 -0900] "GET /index_files/title.jpg HTTP/1.0" 200 5438 "http://photolab.elmer.uaf.edu/gallery/documents/constitution/constitution.html" "Mozilla/5.0 (Windows; U; Windows NT 5.0; en-US; rv:1.7.6) Gecko/20050225 Firefox/1.0.1"
165.138.138.193 - - [01/Nov/2005:06:31:47 -0900] "GET /index_files/small.dps.jpg HTTP/1.0" 200 5830 "http://photolab.elmer.uaf.edu/gallery/documents/constitution/constitution.html" "Mozilla/5.0 (Windows; U; Windows NT 5.0; en-US; rv:1.7.6) Gecko/20050225 Firefox/1.0.1"
165.138.138.193 - - [01/Nov/2005:06:31:47 -0900] "GET /index_files/small.jpg HTTP/1.0" 200 2294 "http://photolab.elmer.uaf.edu/gallery/documents/constitution/constitution.html" "Mozilla/5.0 (Windows; U; Windows NT 5.0; en-US; rv:1.7.6) Gecko/20050225 Firefox/1.0.1"
165.138.138.193 - - [01/Nov/2005:06:31:48 -0900] "GET /index_files/small.dps.jpg HTTP/1.0" 200 5830 "http://photolab.elmer.uaf.edu/gallery/documents/constitution/constitution.html" "Mozilla/5.0 (Windows; U; Windows NT 5.0; en-US; rv:1.7.6) Gecko/20050225 Firefox/1.0.1"
165.138.138.193 - - [01/Nov/2005:06:31:48 -0900] "GET /index_files/title.jpg HTTP/1.0" 200 5438 "http://photolab.elmer.uaf.edu/gallery/documents/constitution/constitution.html" "Mozilla/5.0 (Windows; U; Windows NT 5.0; en-US; rv:1.7.6) Gecko/20050225 Firefox/1.0.1"
165.138.138.193 - - [01/Nov/2005:06:31:48 -0900] "GET /index_files/small.jpg HTTP/1.0" 200 2294 "http://photolab.elmer.uaf.edu/gallery/documents/constitution/constitution.html" "Mozilla/5.0 (Windows; U; Windows NT 5.0; en-US; rv:1.7.6) Gecko/20050225 Firefox/1.0.1"
165.138.138.193 - - [01/Nov/2005:06:31:48 -0900] "GET /index_files/small.dps.jpg HTTP/1.0" 200 5830 "http://photolab.elmer.uaf.edu/gallery/documents/constitution/constitution.html" "Mozilla/5.0 (Windows; U; Windows NT 5.0; en-US; rv:1.7.6) Gecko/20050225 Firefox/1.0.1"
165.138.138.193 - - [01/Nov/2005:06:31:48 -0900] "GET /index_files/title.jpg HTTP/1.0" 200 5438 "http://photolab.elmer.uaf.edu/gallery/documents/constitution/constitution.html" "Mozilla/5.0 (Windows; U; Windows NT 5.0; en-US; rv:1.7.6) Gecko/20050225 Firefox/1.0.1"
165.138.138.193 - - [01/Nov/2005:06:31:46 -0900] "GET /gallery/documents/constitution/AK%20constitution%20page%2007.jpg HTTP/1.0" 200 313869 "http://images.google.com/imgres?imgurl=http://photolab.elmer.uaf.edu/gallery/documents/constitution/AK%2520constitution%2520page%252007.jpg&imgrefurl=http://photolab.elmer.uaf.edu/gallery/documents/constitution/constitution.html&h=1500&w=1147&sz=307&tbnid=aoB_L5QHBB0J:&tbnh=150&tbnw=114&hl=en&prev=/images%3Fq%3Dconstitution%26start%3D40%26svnum%3D10%26hl%3Den%26lr%3D%26sa%3DN&frame=small" "Mozilla/5.0 (Windows; U; Windows NT 5.0; en-US; rv:1.7.6) Gecko/20050225 Firefox/1.0.1"
165.138.138.193 - - [01/Nov/2005:06:31:49 -0900] "GET /index_files/small.jpg HTTP/1.0" 200 2294 "http://photolab.elmer.uaf.edu/gallery/documents/constitution/constitution.html" "Mozilla/5.0 (Windows; U; Windows NT 5.0; en-US; rv:1.7.6) Gecko/20050225 Firefox/1.0.1"
165.138.138.193 - - [01/Nov/2005:06:31:49 -0900] "GET /index_files/title.jpg HTTP/1.0" 200 5438 "http://photolab.elmer.uaf.edu/gallery/documents/constitution/constitution.html" "Mozilla/5.0 (Windows; U; Windows NT 5.0; en-US; rv:1.7.6) Gecko/20050225 Firefox/1.0.1"
165.138.138.193 - - [01/Nov/2005:06:31:49 -0900] "GET /index_files/small.dps.jpg HTTP/1.0" 200 5830 "http://photolab.elmer.uaf.edu/gallery/documents/constitution/constitution.html" "Mozilla/5.0 (Windows; U; Windows NT 5.0; en-US; rv:1.7.6) Gecko/20050225 Firefox/1.0.1"
165.138.138.193 - - [01/Nov/2005:06:31:49 -0900] "GET /index_files/small_002.jpg HTTP/1.0" 200 1351 "http://photolab.elmer.uaf.edu/gallery/documents/constitution/constitution.html" "Mozilla/5.0 (Windows; U; Windows NT 5.0; en-US; rv:1.7.6) Gecko/20050225 Firefox/1.0.1"
165.138.138.193 - - [01/Nov/2005:06:31:49 -0900] "GET /gallery/documents/constitution/AK%20constitution%20page%2007.jpg HTTP/1.0" 200 313869 "http://images.google.com/imgres?imgurl=http://photolab.elmer.uaf.edu/gallery/documents/constitution/AK%2520constitution%2520page%252007.jpg&imgrefurl=http://photolab.elmer.uaf.edu/gallery/documents/constitution/constitution.html&h=1500&w=1147&sz=307&tbnid=aoB_L5QHBB0J:&tbnh=150&tbnw=114&hl=en&prev=/images%3Fq%3Dconstitution%26start%3D40%26svnum%3D10%26hl%3Den%26lr%3D%26sa%3DN&frame=small" "Mozilla/5.0 (Windows; U; Windows NT 5.0; en-US; rv:1.7.6) Gecko/20050225 Firefox/1.0.1"
165.138.138.193 - - [01/Nov/2005:06:31:49 -0900] "GET /index_files/small.dps.jpg HTTP/1.0" 200 5830 "http://photolab.elmer.uaf.edu/gallery/documents/constitution/constitution.html" "Mozilla/5.0 (Windows; U; Windows NT 5.0; en-US; rv:1.7.6) Gecko/20050225 Firefox/1.0.1"
165.138.138.193 - - [01/Nov/2005:06:31:49 -0900] "GET /index_files/small_002.jpg HTTP/1.0" 200 1351 "http://photolab.elmer.uaf.edu/gallery/documents/constitution/constitution.html" "Mozilla/5.0 (Windows; U; Windows NT 5.0; en-US; rv:1.7.6) Gecko/20050225 Firefox/1.0.1"
165.138.138.193 - - [01/Nov/2005:06:31:49 -0900] "GET /gallery/documents/constitution/AK%20constitution%20page%2007.jpg HTTP/1.0" 200 313869 "http://images.google.com/imgres?imgurl=http://photolab.elmer.uaf.edu/gallery/documents/constitution/AK%2520constitution%2520page%252007.jpg&imgrefurl=http://photolab.elmer.uaf.edu/gallery/documents/constitution/constitution.html&h=1500&w=1147&sz=307&tbnid=aoB_L5QHBB0J:&tbnh=150&tbnw=114&hl=en&prev=/images%3Fq%3Dconstitution%26start%3D40%26svnum%3D10%26hl%3Den%26lr%3D%26sa%3DN&frame=small" "Mozilla/5.0 (Windows; U; Windows NT 5.0; en-US; rv:1.7.6) Gecko/20050225 Firefox/1.0.1"
165.138.138.193 - - [01/Nov/2005:06:31:49 -0900] "GET /index_files/small_002.jpg HTTP/1.0" 200 1351 "http://photolab.elmer.uaf.edu/gallery/documents/constitution/constitution.html" "Mozilla/5.0 (Windows; U; Windows NT 5.0; en-US; rv:1.7.6) Gecko/20050225 Firefox/1.0.1"
165.138.138.193 - - [01/Nov/2005:06:31:49 -0900] "GET /index_files/small.dps.jpg HTTP/1.0" 200 5830 "http://photolab.elmer.uaf.edu/gallery/documents/constitution/constitution.html" "Mozilla/5.0 (Windows; U; Windows NT 5.0; en-US; rv:1.7.6) Gecko/20050225 Firefox/1.0.1"
165.138.138.193 - - [01/Nov/2005:06:31:50 -0900] "GET /gallery/documents/constitution/AK%20constitution%20page%2007.jpg HTTP/1.0" 200 313869 "http://images.google.com/imgres?imgurl=http://photolab.elmer.uaf.edu/gallery/documents/constitution/AK%2520constitution%2520page%252007.jpg&imgrefurl=http://photolab.elmer.uaf.edu/gallery/documents/constitution/constitution.html&h=1500&w=1147&sz=307&tbnid=aoB_L5QHBB0J:&tbnh=150&tbnw=114&hl=en&prev=/images%3Fq%3Dconstitution%26start%3D40%26svnum%3D10%26hl%3Den%26lr%3D%26sa%3DN&frame=small" "Mozilla/5.0 (Windows; U; Windows NT 5.0; en-US; rv:1.7.6) Gecko/20050225 Firefox/1.0.1"
165.138.138.193 - - [01/Nov/2005:06:31:50 -0900] "GET /index_files/small.dps.jpg HTTP/1.0" 200 5830 "http://photolab.elmer.uaf.edu/gallery/documents/constitution/constitution.html" "Mozilla/5.0 (Windows; U; Windows NT 5.0; en-US; rv:1.7.6) Gecko/20050225 Firefox/1.0.1"
165.138.138.193 - - [01/Nov/2005:06:31:50 -0900] "GET /index_files/small_002.jpg HTTP/1.0" 200 1351 "http://photolab.elmer.uaf.edu/gallery/documents/constitution/constitution.html" "Mozilla/5.0 (Windows; U; Windows NT 5.0; en-US; rv:1.7.6) Gecko/20050225 Firefox/1.0.1"
165.138.138.193 - - [01/Nov/2005:06:31:50 -0900] "GET /index_files/small.dps.jpg HTTP/1.0" 200 5830 "http://photolab.elmer.uaf.edu/gallery/documents/constitution/constitution.html" "Mozilla/5.0 (Windows; U; Windows NT 5.0; en-US; rv:1.7.6) Gecko/20050225 Firefox/1.0.1"
165.138.138.193 - - [01/Nov/2005:06:31:50 -0900] "GET /gallery/documents/constitution/AK%20constitution%20page%2007.jpg HTTP/1.0" 200 313869 "http://images.google.com/imgres?imgurl=http://photolab.elmer.uaf.edu/gallery/documents/constitution/AK%2520constitution%2520page%252007.jpg&imgrefurl=http://photolab.elmer.uaf.edu/gallery/documents/constitution/constitution.html&h=1500&w=1147&sz=307&tbnid=aoB_L5QHBB0J:&tbnh=150&tbnw=114&hl=en&prev=/images%3Fq%3Dconstitution%26start%3D40%26svnum%3D10%26hl%3Den%26lr%3D%26sa%3DN&frame=small" "Mozilla/5.0 (Windows; U; Windows NT 5.0; en-US; rv:1.7.6) Gecko/20050225 Firefox/1.0.1"
165.138.138.193 - - [01/Nov/2005:06:31:50 -0900] "GET /index_files/small_002.jpg HTTP/1.0" 200 1351 "http://photolab.elmer.uaf.edu/gallery/documents/constitution/constitution.html" "Mozilla/5.0 (Windows; U; Windows NT 5.0; en-US; rv:1.7.6) Gecko/20050225 Firefox/1.0.1"
165.138.138.193 - - [01/Nov/2005:06:31:50 -0900] "GET /index_files/small.dps.jpg HTTP/1.0" 200 5830 "http://photolab.elmer.uaf.edu/gallery/documents/constitution/constitution.html" "Mozilla/5.0 (Windows; U; Windows NT 5.0; en-US; rv:1.7.6) Gecko/20050225 Firefox/1.0.1"
165.138.138.193 - - [01/Nov/2005:06:31:50 -0900] "GET /gallery/documents/constitution/AK%20constitution%20page%2007.jpg HTTP/1.0" 200 313869 "http://images.google.com/imgres?imgurl=http://photolab.elmer.uaf.edu/gallery/documents/constitution/AK%2520constitution%2520page%252007.jpg&imgrefurl=http://photolab.elmer.uaf.edu/gallery/documents/constitution/constitution.html&h=1500&w=1147&sz=307&tbnid=aoB_L5QHBB0J:&tbnh=150&tbnw=114&hl=en&prev=/images%3Fq%3Dconstitution%26start%3D40%26svnum%3D10%26hl%3Den%26lr%3D%26sa%3DN&frame=small" "Mozilla/5.0 (Windows; U; Windows NT 5.0; en-US; rv:1.7.6) Gecko/20050225 Firefox/1.0.1"
165.138.138.193 - - [01/Nov/2005:06:31:50 -0900] "GET /index_files/small_002.jpg HTTP/1.0" 200 1351 "http://photolab.elmer.uaf.edu/gallery/documents/constitution/constitution.html" "Mozilla/5.0 (Windows; U; Windows NT 5.0; en-US; rv:1.7.6) Gecko/20050225 Firefox/1.0.1"
70.89.185.109 - - [01/Nov/2005:06:33:02 -0900] "GET /store/photos/largejpegs/(040)1958-1026-01700.jpg HTTP/1.1" 200 138785 "http://www.beusichem.web-log.nl/" "Mozilla/4.0 (compatible; MSIE 6.0; Windows NT 5.1)"
72.136.181.213 - - [01/Nov/2005:06:37:38 -0900] "GET /store/photos/largejpegs/(040)1958-1026-01700.jpg HTTP/1.1" 200 138785 "http://www.beusichem.web-log.nl/" "Mozilla/5.0 (Windows; U; Win 9x 4.90; en-US; rv:1.4) Gecko/20030624 Netscape/7.1 (ax)"
24.216.142.115 - - [01/Nov/2005:06:40:50 -0900] "GET /gallery/Panorama HTTP/1.1" 404 312 "http://images.search.yahoo.com/search/images/view?back=http%3A%2F%2Fimages.search.yahoo.com%2Fsearch%2Fimages%3Fp%3Ddiomede%2Bcity%26ei%3DUTF-8%26fr%3Dslv1-adbe&h=400&w=2494&imgcurl=photolab.elmer.uaf.edu%2Fgallery%2FPanorama%2Fimages%2F1988-0051-00019.jpg&imgurl=photolab.elmer.uaf.edu%2Fgallery%2FPanorama%2Fimages%2F1988-0051-00019.jpg&size=116.2kB&name=1988-0051-00019.jpg&rcurl=http%3A%2F%2Fphotolab.elmer.uaf.edu%2Fgallery%2FPanorama&rurl=http%3A%2F%2Fphotolab.elmer.uaf.edu%2Fgallery%2FPanorama&p=diomede+city&type=jpeg&no=6&tt=13&ei=UTF-8" "Mozilla/4.0 (compatible; MSIE 6.0; Windows NT 5.1; SV1)"
24.216.142.115 - - [01/Nov/2005:06:40:50 -0900] "GET /gallery/Panorama/images/1988-0051-00019.jpg HTTP/1.1" 404 339 "http://images.search.yahoo.com/search/images/view?frame=top&back=http%3A%2F%2Fimages.search.yahoo.com%2Fsearch%2Fimages%3Fp%3Ddiomede%2Bcity%26ei%3DUTF-8%26fr%3Dslv1-adbe&h=400&w=2494&imgcurl=photolab.elmer.uaf.edu%2Fgallery%2FPanorama%2Fimages%2F1988-0051-00019.jpg&imgurl=photolab.elmer.uaf.edu%2Fgallery%2FPanorama%2Fimages%2F1988-0051-00019.jpg&size=116.2kB&name=1988-0051-00019.jpg&rcurl=http%3A%2F%2Fphotolab.elmer.uaf.edu%2Fgallery%2FPanorama&rurl=http%3A%2F%2Fphotolab.elmer.uaf.edu%2Fgallery%2FPanorama&p=diomede+city&type=jpeg&no=6&tt=13&ei=UTF-8" "Mozilla/4.0 (compatible; MSIE 6.0; Windows NT 5.1; SV1)"
24.216.142.115 - - [01/Nov/2005:06:40:52 -0900] "GET /gallery/Panorama HTTP/1.1" 404 312 "http://images.search.yahoo.com/search/images/view?back=http%3A%2F%2Fimages.search.yahoo.com%2Fsearch%2Fimages%3Fp%3Ddiomede%2Bcity%26ei%3DUTF-8%26fr%3Dslv1-adbe&h=400&w=2494&imgcurl=photolab.elmer.uaf.edu%2Fgallery%2FPanorama%2Fimages%2F1988-0051-00019.jpg&imgurl=photolab.elmer.uaf.edu%2Fgallery%2FPanorama%2Fimages%2F1988-0051-00019.jpg&size=116.2kB&name=1988-0051-00019.jpg&rcurl=http%3A%2F%2Fphotolab.elmer.uaf.edu%2Fgallery%2FPanorama&rurl=http%3A%2F%2Fphotolab.elmer.uaf.edu%2Fgallery%2FPanorama&p=diomede+city&type=jpeg&no=6&tt=13&ei=UTF-8" "Mozilla/4.0 (compatible; MSIE 6.0; Windows NT 5.1; SV1)"
213.84.20.107 - - [01/Nov/2005:06:41:29 -0900] "GET /store/photos/largejpegs/(040)1958-1026-01700.jpg HTTP/1.0" 200 138785 "http://beusichem.web-log.nl/" "Mozilla/5.0 (Windows; U; Windows NT 5.1; nl-NL; rv:1.7.12) Gecko/20050919 Firefox/1.0.7"
137.229.67.106 - - [01/Nov/2005:06:44:33 -0900] "GET /store HTTP/1.1" 301 342 "-" "Mozilla/5.0 (Windows; U; Windows NT 5.1; en-US; rv:1.7.5) Gecko/20041107 Firefox/1.0"
205.188.116.137 - - [01/Nov/2005:06:46:41 -0900] "GET /store/people.html HTTP/1.0" 200 21075 "http://images.google.com/imgres?imgurl=http://photolab.elmer.uaf.edu/store/photos/largejpegs/(040)1958-1026-01700.jpg&imgrefurl=http://photolab.elmer.uaf.edu/store/people.html&h=1000&w=762&sz=136&tbnid=muofWG5zZScJ:&tbnh=149&tbnw=113&hl=en&start=6&prev=/images%3Fq%3Deskimo%26svnum%3D10%26hl%3Den%26lr%3D%26ie%3DUTF-8" "Mozilla/4.0 (compatible; MSIE 6.0; AOL 9.0; Windows 98)"
205.188.116.135 - - [01/Nov/2005:06:46:42 -0900] "GET /index_files/store.css HTTP/1.0" 200 2756 "http://photolab.elmer.uaf.edu/store/people.html" "Mozilla/4.0 (compatible; MSIE 6.0; AOL 9.0; Windows 98)"
205.188.116.7 - - [01/Nov/2005:06:46:43 -0900] "GET /index_files/titlebrown.jpg HTTP/1.0" 200 5451 "http://photolab.elmer.uaf.edu/store/people.html" "Mozilla/4.0 (compatible; MSIE 6.0; AOL 9.0; Windows 98)"
205.188.116.7 - - [01/Nov/2005:06:46:43 -0900] "GET /index_files/storetitle.gif HTTP/1.0" 200 14535 "http://photolab.elmer.uaf.edu/store/people.html" "Mozilla/4.0 (compatible; MSIE 6.0; AOL 9.0; Windows 98)"
205.188.117.14 - - [01/Nov/2005:06:46:43 -0900] "GET /index_files/menubar.gif HTTP/1.0" 200 2913 "http://photolab.elmer.uaf.edu/store/people.html" "Mozilla/4.0 (compatible; MSIE 6.0; AOL 9.0; Windows 98)"
205.188.117.69 - - [01/Nov/2005:06:46:43 -0900] "GET /index_files/aprbrown.jpg HTTP/1.0" 200 5509 "http://photolab.elmer.uaf.edu/store/people.html" "Mozilla/4.0 (compatible; MSIE 6.0; AOL 9.0; Windows 98)"
220.181.26.74 - - [01/Nov/2005:06:48:22 -0900] "GET / HTTP/1.1" 200 9267 "-" "sohu-search"
220.181.26.74 - - [01/Nov/2005:06:48:23 -0900] "GET //robots.txt HTTP/1.1" 200 96 "-" "sohu-search"
84.164.101.156 - - [01/Nov/2005:06:49:25 -0900] "GET /index_files/dps.ico HTTP/1.1" 200 318 "http://photolab.elmer.uaf.edu/gallery/maps/mapg3270b.html" "Mozilla/4.0 (compatible; MSIE 6.0; Windows NT 5.1) Opera 7.54 [de]"
84.164.101.156 - - [01/Nov/2005:06:49:24 -0900] "GET /gallery/maps/mapg3270b.html HTTP/1.1" 200 23873 "http://images.google.de/imgres?imgurl=http://photolab.elmer.uaf.edu/gallery/maps/G3200/large/G3270%25201875%2520P471.jpg&imgrefurl=http://photolab.elmer.uaf.edu/gallery/maps/mapg3270b.html&h=995&w=1200&sz=349&tbnid=oUrbWvIuPHsJ:&tbnh=124&tbnw=150&hl=de&start=10&prev=/images%3Fq%3Dkarte%2B1875%26svnum%3D10%26hl%3Dde%26lr%3D%26sa%3DG" "Mozilla/4.0 (compatible; MSIE 6.0; Windows NT 5.1) Opera 7.54 [de]"
84.164.101.156 - - [01/Nov/2005:06:49:25 -0900] "GET /index_files/lib.css HTTP/1.1" 200 2634 "http://photolab.elmer.uaf.edu/gallery/maps/mapg3270b.html" "Mozilla/4.0 (compatible; MSIE 6.0; Windows NT 5.1) Opera 7.54 [de]"
84.164.101.156 - - [01/Nov/2005:06:49:26 -0900] "GET /index_files/title.jpg HTTP/1.1" 200 5438 "http://photolab.elmer.uaf.edu/gallery/maps/mapg3270b.html" "Mozilla/4.0 (compatible; MSIE 6.0; Windows NT 5.1) Opera 7.54 [de]"
84.164.101.156 - - [01/Nov/2005:06:49:27 -0900] "GET /index_files/empty.gif HTTP/1.1" 200 45 "http://photolab.elmer.uaf.edu/gallery/maps/mapg3270b.html" "Mozilla/4.0 (compatible; MSIE 6.0; Windows NT 5.1) Opera 7.54 [de]"
84.164.101.156 - - [01/Nov/2005:06:49:27 -0900] "GET /index_files/bar.gif HTTP/1.1" 200 342 "http://photolab.elmer.uaf.edu/gallery/maps/mapg3270b.html" "Mozilla/4.0 (compatible; MSIE 6.0; Windows NT 5.1) Opera 7.54 [de]"
84.164.101.156 - - [01/Nov/2005:06:49:27 -0900] "GET /index_files/apr.jpg HTTP/1.1" 200 6015 "http://photolab.elmer.uaf.edu/gallery/maps/mapg3270b.html" "Mozilla/4.0 (compatible; MSIE 6.0; Windows NT 5.1) Opera 7.54 [de]"
84.164.101.156 - - [01/Nov/2005:06:49:27 -0900] "GET /index_files/small.dps.jpg HTTP/1.1" 200 5830 "http://photolab.elmer.uaf.edu/gallery/maps/mapg3270b.html" "Mozilla/4.0 (compatible; MSIE 6.0; Windows NT 5.1) Opera 7.54 [de]"
84.164.101.156 - - [01/Nov/2005:06:49:27 -0900] "GET /index_files/small_002.jpg HTTP/1.1" 200 1351 "http://photolab.elmer.uaf.edu/gallery/maps/mapg3270b.html" "Mozilla/4.0 (compatible; MSIE 6.0; Windows NT 5.1) Opera 7.54 [de]"
84.164.101.156 - - [01/Nov/2005:06:49:28 -0900] "GET /index_files/small.jpg HTTP/1.1" 200 2294 "http://photolab.elmer.uaf.edu/gallery/maps/mapg3270b.html" "Mozilla/4.0 (compatible; MSIE 6.0; Windows NT 5.1) Opera 7.54 [de]"
84.164.101.156 - - [01/Nov/2005:06:49:28 -0900] "GET /index_files/small_003.jpg HTTP/1.1" 200 1521 "http://photolab.elmer.uaf.edu/gallery/maps/mapg3270b.html" "Mozilla/4.0 (compatible; MSIE 6.0; Windows NT 5.1) Opera 7.54 [de]"
84.164.101.156 - - [01/Nov/2005:06:49:28 -0900] "GET /gallery/maps/G3200/large/G3270%201875%20P471.jpg HTTP/1.1" 200 356586 "http://images.google.de/imgres?imgurl=http://photolab.elmer.uaf.edu/gallery/maps/G3200/large/G3270%25201875%2520P471.jpg&imgrefurl=http://photolab.elmer.uaf.edu/gallery/maps/mapg3270b.html&h=995&w=1200&sz=349&tbnid=oUrbWvIuPHsJ:&tbnh=124&tbnw=150&hl=de&prev=/images%3Fq%3Dkarte%2B1875%26svnum%3D10%26hl%3Dde%26lr%3D%26sa%3DG&frame=small" "Mozilla/4.0 (compatible; MSIE 6.0; Windows NT 5.1) Opera 7.54 [de]"
70.58.212.23 - - [01/Nov/2005:06:50:16 -0900] "GET /index_files/aprbrown.jpg HTTP/1.1" 200 5509 "http://www.alaska.net/~johnd/urban/" "Mozilla/4.0 (compatible; MSIE 6.0; Windows NT 5.1; SV1; .NET CLR 1.1.4322)"
63.147.165.2 - - [01/Nov/2005:06:51:10 -0900] "GET /index_files/store.css HTTP/1.1" 200 2756 "http://photolab.elmer.uaf.edu/store/people.html" "Mozilla/4.0 (compatible; MSIE 6.0; Windows NT 5.1; SV1; .NET CLR 1.1.4322)"
63.147.165.2 - - [01/Nov/2005:06:51:11 -0900] "GET /index_files/titlebrown.jpg HTTP/1.1" 200 5451 "http://photolab.elmer.uaf.edu/store/people.html" "Mozilla/4.0 (compatible; MSIE 6.0; Windows NT 5.1; SV1; .NET CLR 1.1.4322)"
63.147.165.2 - - [01/Nov/2005:06:51:10 -0900] "GET /store/people.html HTTP/1.1" 200 21075 "http://images.google.com/imgres?imgurl=http://photolab.elmer.uaf.edu/store/photos/largejpegs/(040)1958-1026-01700.jpg&imgrefurl=http://photolab.elmer.uaf.edu/store/people.html&h=1000&w=762&sz=136&tbnid=muofWG5zZScJ:&tbnh=149&tbnw=113&hl=en&start=6&prev=/images%3Fq%3Deskimo%26svnum%3D10%26hl%3Den%26lr%3D" "Mozilla/4.0 (compatible; MSIE 6.0; Windows NT 5.1; SV1; .NET CLR 1.1.4322)"
63.147.165.2 - - [01/Nov/2005:06:51:11 -0900] "GET /index_files/aprbrown.jpg HTTP/1.1" 200 5509 "http://photolab.elmer.uaf.edu/store/people.html" "Mozilla/4.0 (compatible; MSIE 6.0; Windows NT 5.1; SV1; .NET CLR 1.1.4322)"
63.147.165.2 - - [01/Nov/2005:06:51:11 -0900] "GET /index_files/menubar.gif HTTP/1.1" 200 2913 "http://photolab.elmer.uaf.edu/store/people.html" "Mozilla/4.0 (compatible; MSIE 6.0; Windows NT 5.1; SV1; .NET CLR 1.1.4322)"
63.147.165.2 - - [01/Nov/2005:06:51:11 -0900] "GET /index_files/storetitle.gif HTTP/1.1" 200 14535 "http://photolab.elmer.uaf.edu/store/people.html" "Mozilla/4.0 (compatible; MSIE 6.0; Windows NT 5.1; SV1; .NET CLR 1.1.4322)"
63.147.165.2 - - [01/Nov/2005:06:51:11 -0900] "GET /store/photos/smalljpegs/(007)1972-0071-03234.jpg HTTP/1.1" 200 32052 "http://photolab.elmer.uaf.edu/store/people.html" "Mozilla/4.0 (compatible; MSIE 6.0; Windows NT 5.1; SV1; .NET CLR 1.1.4322)"
63.147.165.2 - - [01/Nov/2005:06:51:11 -0900] "GET /store/photos/smalljpegs/(009)1975-0146-00003.jpg HTTP/1.1" 200 35453 "http://photolab.elmer.uaf.edu/store/people.html" "Mozilla/4.0 (compatible; MSIE 6.0; Windows NT 5.1; SV1; .NET CLR 1.1.4322)"
63.147.165.2 - - [01/Nov/2005:06:51:12 -0900] "GET /store/photos/largejpegs/(040)1958-1026-01700.jpg HTTP/1.1" 200 138785 "http://images.google.com/imgres?imgurl=http://photolab.elmer.uaf.edu/store/photos/largejpegs/(040)1958-1026-01700.jpg&imgrefurl=http://photolab.elmer.uaf.edu/store/people.html&h=1000&w=762&sz=136&tbnid=muofWG5zZScJ:&tbnh=149&tbnw=113&hl=en&prev=/images%3Fq%3Deskimo%26svnum%3D10%26hl%3Den%26lr%3D&frame=small" "Mozilla/4.0 (compatible; MSIE 6.0; Windows NT 5.1; SV1; .NET CLR 1.1.4322)"
63.147.165.2 - - [01/Nov/2005:06:51:45 -0900] "GET /store/photos/smalljpegs/(007)1972-0071-03234.jpg HTTP/1.1" 206 11572 "http://photolab.elmer.uaf.edu/store/people.html" "Mozilla/4.0 (compatible; MSIE 6.0; Windows NT 5.1; SV1; .NET CLR 1.1.4322)"
63.147.165.2 - - [01/Nov/2005:06:51:45 -0900] "GET /store/photos/smalljpegs/(009)1975-0146-00003.jpg HTTP/1.1" 206 23165 "http://photolab.elmer.uaf.edu/store/people.html" "Mozilla/4.0 (compatible; MSIE 6.0; Windows NT 5.1; SV1; .NET CLR 1.1.4322)"
63.147.165.2 - - [01/Nov/2005:06:51:45 -0900] "GET /store/photos/smalljpegs/(012)1989-0166-00375.jpg HTTP/1.1" 200 41883 "http://photolab.elmer.uaf.edu/store/people.html" "Mozilla/4.0 (compatible; MSIE 6.0; Windows NT 5.1; SV1; .NET CLR 1.1.4322)"
63.147.165.2 - - [01/Nov/2005:06:51:45 -0900] "GET /store/photos/smalljpegs/(024)1972-0116-00334.jpg HTTP/1.1" 200 29908 "http://photolab.elmer.uaf.edu/store/people.html" "Mozilla/4.0 (compatible; MSIE 6.0; Windows NT 5.1; SV1; .NET CLR 1.1.4322)"
156.63.181.3 - - [01/Nov/2005:06:55:16 -0900] "GET /gallery/documents/constitution/constitution.html HTTP/1.0" 200 10917 "http://images.google.com/imgres?imgurl=http://photolab.elmer.uaf.edu/gallery/documents/constitution/AK%2520constitution%2520page%252007.jpg&imgrefurl=http://photolab.elmer.uaf.edu/gallery/documents/constitution/constitution.html&h=1500&w=1147&sz=307&tbnid=aoB_L5QHBB0J:&tbnh=150&tbnw=114&hl=en&start=18&prev=/images%3Fq%3DConstitution%26svnum%3D10%26hl%3Den%26lr%3D%26safe%3Dactive" "Mozilla/4.0 (compatible; MSIE 6.0; Windows NT 5.1; SV1; .NET CLR 1.1.4322)"
156.63.181.3 - - [01/Nov/2005:06:55:17 -0900] "GET /index_files/lib.css HTTP/1.0" 200 2634 "http://photolab.elmer.uaf.edu/gallery/documents/constitution/constitution.html" "Mozilla/4.0 (compatible; MSIE 6.0; Windows NT 5.1; SV1; .NET CLR 1.1.4322)"
156.63.181.3 - - [01/Nov/2005:06:55:17 -0900] "GET /index_files/title.jpg HTTP/1.0" 200 5438 "http://photolab.elmer.uaf.edu/gallery/documents/constitution/constitution.html" "Mozilla/4.0 (compatible; MSIE 6.0; Windows NT 5.1; SV1; .NET CLR 1.1.4322)"
156.63.181.3 - - [01/Nov/2005:06:55:17 -0900] "GET /index_files/empty.gif HTTP/1.0" 200 45 "http://photolab.elmer.uaf.edu/gallery/documents/constitution/constitution.html" "Mozilla/4.0 (compatible; MSIE 6.0; Windows NT 5.1; SV1; .NET CLR 1.1.4322)"
156.63.181.3 - - [01/Nov/2005:06:55:17 -0900] "GET /index_files/apr.jpg HTTP/1.0" 200 6015 "http://photolab.elmer.uaf.edu/gallery/documents/constitution/constitution.html" "Mozilla/4.0 (compatible; MSIE 6.0; Windows NT 5.1; SV1; .NET CLR 1.1.4322)"
156.63.181.3 - - [01/Nov/2005:06:55:17 -0900] "GET /index_files/small.jpg HTTP/1.0" 200 2294 "http://photolab.elmer.uaf.edu/gallery/documents/constitution/constitution.html" "Mozilla/4.0 (compatible; MSIE 6.0; Windows NT 5.1; SV1; .NET CLR 1.1.4322)"
156.63.181.3 - - [01/Nov/2005:06:55:18 -0900] "GET /gallery/documents/constitution/AK%20constitution%20page%2007.jpg HTTP/1.0" 200 313869 "http://images.google.com/imgres?imgurl=http://photolab.elmer.uaf.edu/gallery/documents/constitution/AK%2520constitution%2520page%252007.jpg&imgrefurl=http://photolab.elmer.uaf.edu/gallery/documents/constitution/constitution.html&h=1500&w=1147&sz=307&tbnid=aoB_L5QHBB0J:&tbnh=150&tbnw=114&hl=en&prev=/images%3Fq%3DConstitution%26svnum%3D10%26hl%3Den%26lr%3D%26safe%3Dactive&frame=small" "Mozilla/4.0 (compatible; MSIE 6.0; Windows NT 5.1; SV1; .NET CLR 1.1.4322)"
156.63.181.3 - - [01/Nov/2005:06:55:23 -0900] "GET /index_files/small.dps.jpg HTTP/1.0" 200 5830 "http://photolab.elmer.uaf.edu/gallery/documents/constitution/constitution.html" "Mozilla/4.0 (compatible; MSIE 6.0; Windows NT 5.1; SV1; .NET CLR 1.1.4322)"
156.63.181.3 - - [01/Nov/2005:06:55:23 -0900] "GET /index_files/small.jpg HTTP/1.0" 200 2294 "http://photolab.elmer.uaf.edu/gallery/documents/constitution/constitution.html" "Mozilla/4.0 (compatible; MSIE 6.0; Windows NT 5.1; SV1; .NET CLR 1.1.4322)"
156.63.181.3 - - [01/Nov/2005:06:55:23 -0900] "GET /index_files/small_002.jpg HTTP/1.0" 200 1351 "http://photolab.elmer.uaf.edu/gallery/documents/constitution/constitution.html" "Mozilla/4.0 (compatible; MSIE 6.0; Windows NT 5.1; SV1; .NET CLR 1.1.4322)"
156.63.181.3 - - [01/Nov/2005:06:55:23 -0900] "GET /index_files/small_003.jpg HTTP/1.0" 200 1521 "http://photolab.elmer.uaf.edu/gallery/documents/constitution/constitution.html" "Mozilla/4.0 (compatible; MSIE 6.0; Windows NT 5.1; SV1; .NET CLR 1.1.4322)"
82.173.168.78 - - [01/Nov/2005:06:55:25 -0900] "GET /store/people.html HTTP/1.1" 200 21075 "http://images.google.nl/imgres?imgurl=http://photolab.elmer.uaf.edu/store/photos/largejpegs/(074)1968-0012-00009.jpg&imgrefurl=http://photolab.elmer.uaf.edu/store/people.html&h=611&w=1000&sz=160&tbnid=HvhJvJEmruMJ:&tbnh=91&tbnw=149&hl=nl&start=255&prev=/images%3Fq%3Dindians%2B%26start%3D240%26imgsz%3Dxxlarge%26svnum%3D10%26hl%3Dnl%26lr%3D%26rls%3DGGLG,GGLG:2005-36,GGLG:nl%26sa%3DN" "Mozilla/4.0 (compatible; MSIE 6.0; Windows NT 5.1)"
82.173.168.78 - - [01/Nov/2005:06:55:25 -0900] "GET /store/photos/largejpegs/(074)1968-0012-00009.jpg HTTP/1.1" 200 163566 "http://images.google.nl/imgres?imgurl=http://photolab.elmer.uaf.edu/store/photos/largejpegs/(074)1968-0012-00009.jpg&imgrefurl=http://photolab.elmer.uaf.edu/store/people.html&h=611&w=1000&sz=160&tbnid=HvhJvJEmruMJ:&tbnh=91&tbnw=149&hl=nl&prev=/images%3Fq%3Dindians%2B%26start%3D240%26imgsz%3Dxxlarge%26svnum%3D10%26hl%3Dnl%26lr%3D%26rls%3DGGLG,GGLG:2005-36,GGLG:nl%26sa%3DN&frame=small" "Mozilla/4.0 (compatible; MSIE 6.0; Windows NT 5.1)"
82.173.168.78 - - [01/Nov/2005:06:55:33 -0900] "GET /store/people.html HTTP/1.1" 200 21075 "http://images.google.nl/imgres?imgurl=http://photolab.elmer.uaf.edu/store/photos/largejpegs/(074)1968-0012-00009.jpg&imgrefurl=http://photolab.elmer.uaf.edu/store/people.html&h=611&w=1000&sz=160&tbnid=HvhJvJEmruMJ:&tbnh=91&tbnw=149&hl=nl&start=255&prev=/images%3Fq%3Dindians%2B%26start%3D240%26imgsz%3Dxxlarge%26svnum%3D10%26hl%3Dnl%26lr%3D%26rls%3DGGLG,GGLG:2005-36,GGLG:nl%26sa%3DN" "Mozilla/4.0 (compatible; MSIE 6.0; Windows NT 5.1)"
82.173.168.78 - - [01/Nov/2005:06:55:34 -0900] "GET /index_files/titlebrown.jpg HTTP/1.1" 200 5451 "http://photolab.elmer.uaf.edu/store/people.html" "Mozilla/4.0 (compatible; MSIE 6.0; Windows NT 5.1)"
82.173.168.78 - - [01/Nov/2005:06:55:34 -0900] "GET /index_files/store.css HTTP/1.1" 200 2756 "http://photolab.elmer.uaf.edu/store/people.html" "Mozilla/4.0 (compatible; MSIE 6.0; Windows NT 5.1)"
82.173.168.78 - - [01/Nov/2005:06:55:34 -0900] "GET /index_files/menubar.gif HTTP/1.1" 200 2913 "http://photolab.elmer.uaf.edu/store/people.html" "Mozilla/4.0 (compatible; MSIE 6.0; Windows NT 5.1)"
82.173.168.78 - - [01/Nov/2005:06:55:34 -0900] "GET /index_files/aprbrown.jpg HTTP/1.1" 200 5509 "http://photolab.elmer.uaf.edu/store/people.html" "Mozilla/4.0 (compatible; MSIE 6.0; Windows NT 5.1)"
82.173.168.78 - - [01/Nov/2005:06:55:34 -0900] "GET /index_files/storetitle.gif HTTP/1.1" 200 14535 "http://photolab.elmer.uaf.edu/store/people.html" "Mozilla/4.0 (compatible; MSIE 6.0; Windows NT 5.1)"
82.173.168.78 - - [01/Nov/2005:06:55:35 -0900] "GET /store/photos/smalljpegs/(007)1972-0071-03234.jpg HTTP/1.1" 200 32052 "http://photolab.elmer.uaf.edu/store/people.html" "Mozilla/4.0 (compatible; MSIE 6.0; Windows NT 5.1)"
82.173.168.78 - - [01/Nov/2005:06:55:35 -0900] "GET /store/photos/smalljpegs/(009)1975-0146-00003.jpg HTTP/1.1" 200 35453 "http://photolab.elmer.uaf.edu/store/people.html" "Mozilla/4.0 (compatible; MSIE 6.0; Windows NT 5.1)"
70.107.255.39 - - [01/Nov/2005:06:56:21 -0900] "GET /store/photos/largejpegs/(057)1972-0071-00823.jpg HTTP/1.1" 200 103718 "http://profile.myspace.com/index.cfm?fuseaction=user.viewProfile&friendID=21524269&Mytoken=681D8E2D-107E-1560-7373A6C48FAD221663970337" "Mozilla/4.0 (compatible; MSIE 6.0; Windows NT 5.1; SV1; .NET CLR 1.1.4322)"
203.144.143.6 - - [01/Nov/2005:06:57:26 -0900] "GET /store/people.html HTTP/1.1" 200 21075 "http://images.google.co.th/imgres?imgurl=http://photolab.elmer.uaf.edu/store/photos/largejpegs/(040)1958-1026-01700.jpg&imgrefurl=http://photolab.elmer.uaf.edu/store/people.html&h=1000&w=762&sz=136&tbnid=muofWG5zZScJ:&tbnh=149&tbnw=113&hl=th&start=6&prev=/images%3Fq%3Deskimo%26svnum%3D10%26hl%3Dth%26lr%3D%26sa%3DN" "Mozilla/4.0 (compatible; MSIE 6.0; Windows NT 5.1; SV1)"
217.212.224.149 - - [01/Nov/2005:07:00:50 -0900] "GET /gallery/photos/19890199/0/pages/1989-0199-00019.html HTTP/1.0" 304 - "-" "psbot/0.1 (+http://www.picsearch.com/bot.html)"
195.195.64.41 - - [01/Nov/2005:07:02:02 -0900] "GET /store/people.html HTTP/1.1" 200 21075 "http://images.google.co.uk/imgres?imgurl=http://photolab.elmer.uaf.edu/store/photos/largejpegs/(040)1958-1026-01700.jpg&imgrefurl=http://photolab.elmer.uaf.edu/store/people.html&h=1000&w=762&sz=136&tbnid=muofWG5zZScJ:&tbnh=149&tbnw=113&hl=en&start=6&prev=/images%3Fq%3Deskimo%26svnum%3D10%26hl%3Den%26lr%3D" "Mozilla/4.0 (compatible; MSIE 6.0; Windows NT 5.0)"
195.195.64.41 - - [01/Nov/2005:07:02:02 -0900] "GET /index_files/store.css HTTP/1.1" 200 2756 "http://photolab.elmer.uaf.edu/store/people.html" "Mozilla/4.0 (compatible; MSIE 6.0; Windows NT 5.0)"
195.195.64.41 - - [01/Nov/2005:07:02:03 -0900] "GET /store/photos/largejpegs/(040)1958-1026-01700.jpg HTTP/1.1" 200 138785 "http://images.google.co.uk/imgres?imgurl=http://photolab.elmer.uaf.edu/store/photos/largejpegs/(040)1958-1026-01700.jpg&imgrefurl=http://photolab.elmer.uaf.edu/store/people.html&h=1000&w=762&sz=136&tbnid=muofWG5zZScJ:&tbnh=149&tbnw=113&hl=en&prev=/images%3Fq%3Deskimo%26svnum%3D10%26hl%3Den%26lr%3D&frame=small" "Mozilla/4.0 (compatible; MSIE 6.0; Windows NT 5.0)"
195.195.64.41 - - [01/Nov/2005:07:02:09 -0900] "GET /store/people.html HTTP/1.1" 206 9714 "http://images.google.co.uk/imgres?imgurl=http://photolab.elmer.uaf.edu/store/photos/largejpegs/(040)1958-1026-01700.jpg&imgrefurl=http://photolab.elmer.uaf.edu/store/people.html&h=1000&w=762&sz=136&tbnid=muofWG5zZScJ:&tbnh=149&tbnw=113&hl=en&start=6&prev=/images%3Fq%3Deskimo%26svnum%3D10%26hl%3Den%26lr%3D" "Mozilla/4.0 (compatible; MSIE 6.0; Windows NT 5.0)"
195.195.64.41 - - [01/Nov/2005:07:02:09 -0900] "GET /index_files/store.css HTTP/1.1" 206 132 "http://photolab.elmer.uaf.edu/store/people.html" "Mozilla/4.0 (compatible; MSIE 6.0; Windows NT 5.0)"
195.195.64.41 - - [01/Nov/2005:07:02:09 -0900] "GET /index_files/titlebrown.jpg HTTP/1.1" 200 5451 "http://photolab.elmer.uaf.edu/store/people.html" "Mozilla/4.0 (compatible; MSIE 6.0; Windows NT 5.0)"
203.146.247.69 - - [01/Nov/2005:07:02:53 -0900] "GET /store/people.html HTTP/1.1" 200 21075 "http://images.google.co.th/imgres?imgurl=http://photolab.elmer.uaf.edu/store/photos/largejpegs/(040)1958-1026-01700.jpg&imgrefurl=http://photolab.elmer.uaf.edu/store/people.html&h=1000&w=762&sz=136&tbnid=muofWG5zZScJ:&tbnh=149&tbnw=113&hl=th&start=6&prev=/images%3Fq%3Deskimo%26svnum%3D10%26hl%3Dth%26lr%3D" "Mozilla/4.0 (compatible; MSIE 6.0; Windows NT 5.1; SV1)"
203.146.247.69 - - [01/Nov/2005:07:03:11 -0900] "GET /index_files/store.css HTTP/1.1" 200 2756 "http://photolab.elmer.uaf.edu/store/people.html" "Mozilla/4.0 (compatible; MSIE 6.0; Windows NT 5.1; SV1)"
203.146.247.69 - - [01/Nov/2005:07:03:15 -0900] "GET /index_files/titlebrown.jpg HTTP/1.1" 200 5451 "http://photolab.elmer.uaf.edu/store/people.html" "Mozilla/4.0 (compatible; MSIE 6.0; Windows NT 5.1; SV1)"
203.146.247.69 - - [01/Nov/2005:07:03:22 -0900] "GET /index_files/aprbrown.jpg HTTP/1.1" 200 5509 "http://photolab.elmer.uaf.edu/store/people.html" "Mozilla/4.0 (compatible; MSIE 6.0; Windows NT 5.1; SV1)"
203.146.247.69 - - [01/Nov/2005:07:03:29 -0900] "GET /index_files/storetitle.gif HTTP/1.1" 200 14535 "http://photolab.elmer.uaf.edu/store/people.html" "Mozilla/4.0 (compatible; MSIE 6.0; Windows NT 5.1; SV1)"
203.146.247.69 - - [01/Nov/2005:07:03:37 -0900] "GET /index_files/menubar.gif HTTP/1.1" 200 2913 "http://photolab.elmer.uaf.edu/store/people.html" "Mozilla/4.0 (compatible; MSIE 6.0; Windows NT 5.1; SV1)"
203.146.247.69 - - [01/Nov/2005:07:03:46 -0900] "GET /store/photos/smalljpegs/(009)1975-0146-00003.jpg HTTP/1.1" 200 35453 "http://photolab.elmer.uaf.edu/store/people.html" "Mozilla/4.0 (compatible; MSIE 6.0; Windows NT 5.1; SV1)"
203.146.247.69 - - [01/Nov/2005:07:03:53 -0900] "GET /store/photos/smalljpegs/(007)1972-0071-03234.jpg HTTP/1.1" 200 32052 "http://photolab.elmer.uaf.edu/store/people.html" "Mozilla/4.0 (compatible; MSIE 6.0; Windows NT 5.1; SV1)"
203.146.247.69 - - [01/Nov/2005:07:04:35 -0900] "GET /store/photos/smalljpegs/(024)1972-0116-00334.jpg HTTP/1.1" 200 29908 "http://photolab.elmer.uaf.edu/store/people.html" "Mozilla/4.0 (compatible; MSIE 6.0; Windows NT 5.1; SV1)"
203.146.247.69 - - [01/Nov/2005:07:04:42 -0900] "GET /store/photos/smalljpegs/(026)1997-0165-00010.jpg HTTP/1.1" 200 26695 "http://photolab.elmer.uaf.edu/store/people.html" "Mozilla/4.0 (compatible; MSIE 6.0; Windows NT 5.1; SV1)"
217.212.224.149 - - [01/Nov/2005:07:04:52 -0900] "GET /gallery/photos/19890199/1/pages/1989-0199-00117.html HTTP/1.0" 304 - "-" "psbot/0.1 (+http://www.picsearch.com/bot.html)"
217.212.224.149 - - [01/Nov/2005:07:05:52 -0900] "GET /gallery/photos/19890199/1/pages/1989-0199-00119.html HTTP/1.0" 304 - "-" "psbot/0.1 (+http://www.picsearch.com/bot.html)"
203.146.247.69 - - [01/Nov/2005:07:05:47 -0900] "GET /store/photos/smalljpegs/(055)1966-0054-00104.jpg HTTP/1.1" 200 35929 "http://photolab.elmer.uaf.edu/store/people.html" "Mozilla/4.0 (compatible; MSIE 6.0; Windows NT 5.1; SV1)"
217.212.224.147 - - [01/Nov/2005:07:06:23 -0900] "GET /gallery/photos/19950244/16/pages/1995-0244-01605.html HTTP/1.0" 304 - "-" "psbot/0.1 (+http://www.picsearch.com/bot.html)"
203.144.143.6 - - [01/Nov/2005:07:06:51 -0900] "GET /store/people.html HTTP/1.1" 200 21075 "http://images.google.co.th/imgres?imgurl=http://photolab.elmer.uaf.edu/store/photos/largejpegs/(040)1958-1026-01700.jpg&imgrefurl=http://photolab.elmer.uaf.edu/store/people.html&h=1000&w=762&sz=136&tbnid=muofWG5zZScJ:&tbnh=149&tbnw=113&hl=th&start=6&prev=/images%3Fq%3Deskimo%26svnum%3D10%26hl%3Dth%26lr%3D%26sa%3DN" "Mozilla/4.0 (compatible; MSIE 6.0; Windows NT 5.1; SV1)"
203.144.143.6 - - [01/Nov/2005:07:06:52 -0900] "GET /index_files/titlebrown.jpg HTTP/1.1" 200 5451 "http://photolab.elmer.uaf.edu/store/people.html" "Mozilla/4.0 (compatible; MSIE 6.0; Windows NT 5.1; SV1)"
203.144.143.6 - - [01/Nov/2005:07:06:52 -0900] "GET /index_files/aprbrown.jpg HTTP/1.1" 200 5509 "http://photolab.elmer.uaf.edu/store/people.html" "Mozilla/4.0 (compatible; MSIE 6.0; Windows NT 5.1; SV1)"
203.144.143.6 - - [01/Nov/2005:07:06:51 -0900] "GET /index_files/store.css HTTP/1.1" 200 2756 "http://photolab.elmer.uaf.edu/store/people.html" "Mozilla/4.0 (compatible; MSIE 6.0; Windows NT 5.1; SV1)"
203.144.143.6 - - [01/Nov/2005:07:06:53 -0900] "GET /index_files/storetitle.gif HTTP/1.1" 200 14535 "http://photolab.elmer.uaf.edu/store/people.html" "Mozilla/4.0 (compatible; MSIE 6.0; Windows NT 5.1; SV1)"
203.144.143.6 - - [01/Nov/2005:07:06:53 -0900] "GET /index_files/menubar.gif HTTP/1.1" 200 2913 "http://photolab.elmer.uaf.edu/store/people.html" "Mozilla/4.0 (compatible; MSIE 6.0; Windows NT 5.1; SV1)"
217.212.224.149 - - [01/Nov/2005:07:06:57 -0900] "GET /gallery/photos/19890199/1/pages/1989-0199-00121.html HTTP/1.0" 304 - "-" "psbot/0.1 (+http://www.picsearch.com/bot.html)"
