203.144.143.6 - - [01/Nov/2005:07:06:54 -0900] "GET /store/photos/largejpegs/(040)1958-1026-01700.jpg HTTP/1.1" 200 138785 "http://images.google.co.th/imgres?imgurl=http://photolab.elmer.uaf.edu/store/photos/largejpegs/(040)1958-1026-01700.jpg&imgrefurl=http://photolab.elmer.uaf.edu/store/people.html&h=1000&w=762&sz=136&tbnid=muofWG5zZScJ:&tbnh=149&tbnw=113&hl=th&prev=/images%3Fq%3Deskimo%26svnum%3D10%26hl%3Dth%26lr%3D%26sa%3DN&frame=small" "Mozilla/4.0 (compatible; MSIE 6.0; Windows NT 5.1; SV1)"
217.212.224.147 - - [01/Nov/2005:07:07:21 -0900] "GET /gallery/photos/20020164/pages/2002-0164-00034.html HTTP/1.0" 304 - "-" "psbot/0.1 (+http://www.picsearch.com/bot.html)"
203.144.143.6 - - [01/Nov/2005:07:07:23 -0900] "GET /store/photos/smalljpegs/(009)1975-0146-00003.jpg HTTP/1.1" 200 35453 "http://photolab.elmer.uaf.edu/store/people.html" "Mozilla/4.0 (compatible; MSIE 6.0; Windows NT 5.1; SV1)"
203.144.143.6 - - [01/Nov/2005:07:07:23 -0900] "GET /store/photos/smalljpegs/(007)1972-0071-03234.jpg HTTP/1.1" 200 32052 "http://photolab.elmer.uaf.edu/store/people.html" "Mozilla/4.0 (compatible; MSIE 6.0; Windows NT 5.1; SV1)"
217.212.224.149 - - [01/Nov/2005:07:07:47 -0900] "GET /gallery/photos/19890199/1/pages/1989-0199-00123.html HTTP/1.0" 304 - "-" "psbot/0.1 (+http://www.picsearch.com/bot.html)"
217.212.224.147 - - [01/Nov/2005:07:07:52 -0900] "GET /gallery/photos/20040110/10/pages/2004-0110-00955.htm HTTP/1.0" 304 - "-" "psbot/0.1 (+http://www.picsearch.com/bot.html)"
217.212.224.147 - - [01/Nov/2005:07:08:08 -0900] "GET /gallery/photos/20030109/0/index_4.html HTTP/1.0" 304 - "-" "psbot/0.1 (+http://www.picsearch.com/bot.html)"
217.212.224.147 - - [01/Nov/2005:07:08:36 -0900] "GET /gallery/photos/20020015/4/pages/2002-0015-00403m.html HTTP/1.0" 304 - "-" "psbot/0.1 (+http://www.picsearch.com/bot.html)"
217.212.224.149 - - [01/Nov/2005:07:09:01 -0900] "GET /gallery/photos/19690092/2/pages/1969-0092-00201.html HTTP/1.0" 304 - "-" "psbot/0.1 (+http://www.picsearch.com/bot.html)"
217.212.224.147 - - [01/Nov/2005:07:09:16 -0900] "GET /gallery/photos/20030109/0/index_3.html HTTP/1.0" 304 - "-" "psbot/0.1 (+http://www.picsearch.com/bot.html)"
217.212.224.147 - - [01/Nov/2005:07:09:40 -0900] "GET /gallery/photos/19800068/2/pages/1980-0068-00284.html HTTP/1.0" 304 - "-" "psbot/0.1 (+http://www.picsearch.com/bot.html)"
38.112.6.182 - - [01/Nov/2005:07:09:48 -0900] "GET /robots.txt HTTP/1.0" 200 96 "-" "cfetch/1.0"
38.112.6.182 - - [01/Nov/2005:07:09:58 -0900] "GET /hours.html HTTP/1.0" 200 5862 "-" "cfetch/1.0"
217.212.224.147 - - [01/Nov/2005:07:10:24 -0900] "GET /gallery/photos/20030040/0/pages/2003-0040-00041.html HTTP/1.0" 304 - "-" "psbot/0.1 (+http://www.picsearch.com/bot.html)"
69.205.127.153 - - [01/Nov/2005:07:10:23 -0900] "GET /store/photos/largejpegs/(040)1958-1026-01700.jpg HTTP/1.1" 200 138785 "http://www.warcraft3.com/idealbb/view.asp?mode=viewtopic&topicID=41871&num=20&pageNo=16" "Mozilla/4.0 (compatible; MSIE 6.0; Windows 98)"
205.236.31.29 - - [01/Nov/2005:07:11:16 -0900] "GET /index_files/lib.css HTTP/1.0" 200 2634 "http://photolab.elmer.uaf.edu/gallery/maps/mapg3300.html" "Mozilla/4.0 (compatible; MSIE 6.0; Windows 98)"
205.236.31.29 - - [01/Nov/2005:07:11:15 -0900] "GET /gallery/maps/mapg3300.html HTTP/1.0" 200 21793 "http://images.google.ca/imgres?imgurl=http://photolab.elmer.uaf.edu/gallery/maps/G3300/large/G3300%2520%255B1868%255D%2520C671.jpg&imgrefurl=http://photolab.elmer.uaf.edu/gallery/maps/mapg3300.html&h=906&w=1200&sz=288&tbnid=QqtQn67HUnEJ:&tbnh=113&tbnw=150&hl=en&start=109&prev=/images%3Fq%3Dmap%2Bof%2Bamerique%2Bdu%2Bnord%26start%3D100%26svnum%3D10%26hl%3Den%26lr%3D%26safe%3Dactive%26sa%3DN" "Mozilla/4.0 (compatible; MSIE 6.0; Windows 98)"
205.236.31.29 - - [01/Nov/2005:07:11:16 -0900] "GET /index_files/apr.jpg HTTP/1.0" 200 6015 "http://photolab.elmer.uaf.edu/gallery/maps/mapg3300.html" "Mozilla/4.0 (compatible; MSIE 6.0; Windows 98)"
205.236.31.29 - - [01/Nov/2005:07:11:16 -0900] "GET /index_files/title.jpg HTTP/1.0" 200 5438 "http://photolab.elmer.uaf.edu/gallery/maps/mapg3300.html" "Mozilla/4.0 (compatible; MSIE 6.0; Windows 98)"
205.236.31.29 - - [01/Nov/2005:07:11:16 -0900] "GET /gallery/maps/G3300/large/G3300%20%5B1868%5D%20C671.jpg HTTP/1.0" 200 294208 "http://images.google.ca/imgres?imgurl=http://photolab.elmer.uaf.edu/gallery/maps/G3300/large/G3300%2520%255B1868%255D%2520C671.jpg&imgrefurl=http://photolab.elmer.uaf.edu/gallery/maps/mapg3300.html&h=906&w=1200&sz=288&tbnid=QqtQn67HUnEJ:&tbnh=113&tbnw=150&hl=en&prev=/images%3Fq%3Dmap%2Bof%2Bamerique%2Bdu%2Bnord%26start%3D100%26svnum%3D10%26hl%3Den%26lr%3D%26safe%3Dactive%26sa%3DN&frame=small" "Mozilla/4.0 (compatible; MSIE 6.0; Windows 98)"
217.212.224.147 - - [01/Nov/2005:07:11:28 -0900] "GET /gallery/photos/20030129/2/pages/1999-0293-00201.html HTTP/1.0" 304 - "-" "psbot/0.1 (+http://www.picsearch.com/bot.html)"
205.236.31.29 - - [01/Nov/2005:07:11:33 -0900] "GET /gallery/maps/mapg3300.html HTTP/1.0" 206 9505 "http://images.google.ca/imgres?imgurl=http://photolab.elmer.uaf.edu/gallery/maps/G3300/large/G3300%2520%255B1868%255D%2520C671.jpg&imgrefurl=http://photolab.elmer.uaf.edu/gallery/maps/mapg3300.html&h=906&w=1200&sz=288&tbnid=QqtQn67HUnEJ:&tbnh=113&tbnw=150&hl=en&start=109&prev=/images%3Fq%3Dmap%2Bof%2Bamerique%2Bdu%2Bnord%26start%3D100%26svnum%3D10%26hl%3Den%26lr%3D%26safe%3Dactive%26sa%3DN" "Mozilla/4.0 (compatible; MSIE 6.0; Windows 98)"
217.212.224.149 - - [01/Nov/2005:07:11:50 -0900] "GET /gallery/photos/20030163/pages/2003-0163-00012m.html HTTP/1.0" 304 - "-" "psbot/0.1 (+http://www.picsearch.com/bot.html)"
217.212.224.147 - - [01/Nov/2005:07:12:01 -0900] "GET /gallery/photos/19950244/16/pages/1995-0244-01619.html HTTP/1.0" 304 - "-" "psbot/0.1 (+http://www.picsearch.com/bot.html)"
217.212.224.149 - - [01/Nov/2005:07:12:10 -0900] "GET /gallery/photos/19950244/02/pages/1995-0244-00201.html HTTP/1.0" 304 - "-" "psbot/0.1 (+http://www.picsearch.com/bot.html)"
217.212.224.149 - - [01/Nov/2005:07:12:33 -0900] "GET /gallery/photos/19890199/0/pages/1989-0199-00013.html HTTP/1.0" 304 - "-" "psbot/0.1 (+http://www.picsearch.com/bot.html)"
217.212.224.149 - - [01/Nov/2005:07:13:13 -0900] "GET /gallery/photos/19890199/0/pages/1989-0199-00014.html HTTP/1.0" 304 - "-" "psbot/0.1 (+http://www.picsearch.com/bot.html)"
217.212.224.148 - - [01/Nov/2005:07:13:20 -0900] "GET /robots.txt HTTP/1.0" 200 96 "-" "psbot/0.1 (+http://www.picsearch.com/bot.html)"
217.212.224.148 - - [01/Nov/2005:07:13:23 -0900] "GET /gallery/photos/19800068/0/pages/1980-0068-00059.html HTTP/1.0" 304 - "-" "psbot/0.1 (+http://www.picsearch.com/bot.html)"
217.212.224.147 - - [01/Nov/2005:07:13:32 -0900] "GET /gallery/photos/19690092/1/pages/1969-0092-00164.html HTTP/1.0" 304 - "-" "psbot/0.1 (+http://www.picsearch.com/bot.html)"
217.212.224.149 - - [01/Nov/2005:07:13:48 -0900] "GET /gallery/photos/19890199/0/pages/1989-0199-00016.html HTTP/1.0" 304 - "-" "psbot/0.1 (+http://www.picsearch.com/bot.html)"
217.212.224.147 - - [01/Nov/2005:07:14:26 -0900] "GET /gallery/photos/20030063/2/pages/2003-0063-00216.html HTTP/1.0" 304 - "-" "psbot/0.1 (+http://www.picsearch.com/bot.html)"
217.212.224.147 - - [01/Nov/2005:07:14:29 -0900] "GET /gallery/photos/19890199/1/pages/1989-0199-00171.html HTTP/1.0" 304 - "-" "psbot/0.1 (+http://www.picsearch.com/bot.html)"
169.199.224.1 - - [01/Nov/2005:07:14:36 -0900] "GET /index_files/store.css HTTP/1.0" 200 2756 "http://photolab.elmer.uaf.edu/store/allphotos2.html" "Mozilla/4.0 (compatible; MSIE 6.0; Windows NT 5.1; SV1)"
169.199.224.1 - - [01/Nov/2005:07:14:35 -0900] "GET /store/allphotos2.html HTTP/1.0" 200 28769 "http://images.google.com/imgres?imgurl=http://photolab.elmer.uaf.edu/store/photos/largejpegs/(062)1973-0050-00013.jpg&imgrefurl=http://photolab.elmer.uaf.edu/store/allphotos2.html&h=1000&w=792&sz=185&tbnid=It7kr_IFOaYJ:&tbnh=149&tbnw=118&hl=en&start=2&prev=/images%3Fq%3Dgold%2Brush%2Bminers%26svnum%3D10%26hl%3Den%26lr%3D" "Mozilla/4.0 (compatible; MSIE 6.0; Windows NT 5.1; SV1)"
169.199.224.1 - - [01/Nov/2005:07:14:36 -0900] "GET /index_files/titlebrown.jpg HTTP/1.0" 200 5451 "http://photolab.elmer.uaf.edu/store/allphotos2.html" "Mozilla/4.0 (compatible; MSIE 6.0; Windows NT 5.1; SV1)"
169.199.224.1 - - [01/Nov/2005:07:14:36 -0900] "GET /index_files/storetitle.gif HTTP/1.0" 200 14535 "http://photolab.elmer.uaf.edu/store/allphotos2.html" "Mozilla/4.0 (compatible; MSIE 6.0; Windows NT 5.1; SV1)"
169.199.224.1 - - [01/Nov/2005:07:14:36 -0900] "GET /index_files/aprbrown.jpg HTTP/1.0" 200 5509 "http://photolab.elmer.uaf.edu/store/allphotos2.html" "Mozilla/4.0 (compatible; MSIE 6.0; Windows NT 5.1; SV1)"
169.199.224.1 - - [01/Nov/2005:07:14:36 -0900] "GET /index_files/menubar.gif HTTP/1.0" 200 2913 "http://photolab.elmer.uaf.edu/store/allphotos2.html" "Mozilla/4.0 (compatible; MSIE 6.0; Windows NT 5.1; SV1)"
169.199.224.1 - - [01/Nov/2005:07:14:36 -0900] "GET /store/photos/smalljpegs/(041)1989-0166-00699.jpg HTTP/1.0" 200 28697 "http://photolab.elmer.uaf.edu/store/allphotos2.html" "Mozilla/4.0 (compatible; MSIE 6.0; Windows NT 5.1; SV1)"
169.199.224.1 - - [01/Nov/2005:07:14:36 -0900] "GET /store/photos/smalljpegs/(042)1958-1026-02246.jpg HTTP/1.0" 200 30955 "http://photolab.elmer.uaf.edu/store/allphotos2.html" "Mozilla/4.0 (compatible; MSIE 6.0; Windows NT 5.1; SV1)"
169.199.224.1 - - [01/Nov/2005:07:14:36 -0900] "GET /store/photos/smalljpegs/(043)1964-0029-00313.jpg HTTP/1.0" 200 32327 "http://photolab.elmer.uaf.edu/store/allphotos2.html" "Mozilla/4.0 (compatible; MSIE 6.0; Windows NT 5.1; SV1)"
169.199.224.1 - - [01/Nov/2005:07:14:36 -0900] "GET /store/photos/smalljpegs/(044)1958-1026-02211.jpg HTTP/1.0" 200 35860 "http://photolab.elmer.uaf.edu/store/allphotos2.html" "Mozilla/4.0 (compatible; MSIE 6.0; Windows NT 5.1; SV1)"
169.199.224.1 - - [01/Nov/2005:07:14:36 -0900] "GET /store/photos/smalljpegs/(046)1958-1026-02232.jpg HTTP/1.0" 200 39743 "http://photolab.elmer.uaf.edu/store/allphotos2.html" "Mozilla/4.0 (compatible; MSIE 6.0; Windows NT 5.1; SV1)"
169.199.224.1 - - [01/Nov/2005:07:14:36 -0900] "GET /store/photos/smalljpegs/(045)1989-0166-00025.jpg HTTP/1.0" 200 40740 "http://photolab.elmer.uaf.edu/store/allphotos2.html" "Mozilla/4.0 (compatible; MSIE 6.0; Windows NT 5.1; SV1)"
169.199.224.1 - - [01/Nov/2005:07:14:37 -0900] "GET /store/photos/smalljpegs/(048)1989-0166-00105.jpg HTTP/1.0" 200 24419 "http://photolab.elmer.uaf.edu/store/allphotos2.html" "Mozilla/4.0 (compatible; MSIE 6.0; Windows NT 5.1; SV1)"
169.199.224.1 - - [01/Nov/2005:07:14:37 -0900] "GET /store/photos/smalljpegs/(047)1958-1026-01592.jpg HTTP/1.0" 200 35235 "http://photolab.elmer.uaf.edu/store/allphotos2.html" "Mozilla/4.0 (compatible; MSIE 6.0; Windows NT 5.1; SV1)"
169.199.224.1 - - [01/Nov/2005:07:14:37 -0900] "GET /store/photos/smalljpegs/(049)1958-1026-01439.jpg HTTP/1.0" 200 34222 "http://photolab.elmer.uaf.edu/store/allphotos2.html" "Mozilla/4.0 (compatible; MSIE 6.0; Windows NT 5.1; SV1)"
169.199.224.1 - - [01/Nov/2005:07:14:37 -0900] "GET /store/photos/smalljpegs/(050)896-055.jpg HTTP/1.0" 200 22732 "http://photolab.elmer.uaf.edu/store/allphotos2.html" "Mozilla/4.0 (compatible; MSIE 6.0; Windows NT 5.1; SV1)"
169.199.224.1 - - [01/Nov/2005:07:14:37 -0900] "GET /store/photos/smalljpegs/(051)1981-0107-00008.jpg HTTP/1.0" 200 33523 "http://photolab.elmer.uaf.edu/store/allphotos2.html" "Mozilla/4.0 (compatible; MSIE 6.0; Windows NT 5.1; SV1)"
169.199.224.1 - - [01/Nov/2005:07:14:37 -0900] "GET /store/photos/smalljpegs/(052)1989-0166-00467.jpg HTTP/1.0" 200 35022 "http://photolab.elmer.uaf.edu/store/allphotos2.html" "Mozilla/4.0 (compatible; MSIE 6.0; Windows NT 5.1; SV1)"
169.199.224.1 - - [01/Nov/2005:07:14:38 -0900] "GET /store/photos/largejpegs/(062)1973-0050-00013.jpg HTTP/1.0" 200 189237 "http://images.google.com/imgres?imgurl=http://photolab.elmer.uaf.edu/store/photos/largejpegs/(062)1973-0050-00013.jpg&imgrefurl=http://photolab.elmer.uaf.edu/store/allphotos2.html&h=1000&w=792&sz=185&tbnid=It7kr_IFOaYJ:&tbnh=149&tbnw=118&hl=en&prev=/images%3Fq%3Dgold%2Brush%2Bminers%26svnum%3D10%26hl%3Den%26lr%3D&frame=small" "Mozilla/4.0 (compatible; MSIE 6.0; Windows NT 5.1; SV1)"
169.199.224.1 - - [01/Nov/2005:07:14:58 -0900] "GET /store/photos/smalljpegs/(050)896-055.jpg HTTP/1.0" 200 22732 "http://photolab.elmer.uaf.edu/store/allphotos2.html" "Mozilla/4.0 (compatible; MSIE 6.0; Windows NT 5.1; SV1)"
169.199.224.1 - - [01/Nov/2005:07:14:58 -0900] "GET /store/photos/smalljpegs/(049)1958-1026-01439.jpg HTTP/1.0" 200 34222 "http://photolab.elmer.uaf.edu/store/allphotos2.html" "Mozilla/4.0 (compatible; MSIE 6.0; Windows NT 5.1; SV1)"
169.199.224.1 - - [01/Nov/2005:07:14:58 -0900] "GET /store/photos/smalljpegs/(051)1981-0107-00008.jpg HTTP/1.0" 200 33523 "http://photolab.elmer.uaf.edu/store/allphotos2.html" "Mozilla/4.0 (compatible; MSIE 6.0; Windows NT 5.1; SV1)"
169.199.224.1 - - [01/Nov/2005:07:14:58 -0900] "GET /store/photos/smalljpegs/(052)1989-0166-00467.jpg HTTP/1.0" 200 35022 "http://photolab.elmer.uaf.edu/store/allphotos2.html" "Mozilla/4.0 (compatible; MSIE 6.0; Windows NT 5.1; SV1)"
169.199.224.1 - - [01/Nov/2005:07:14:59 -0900] "GET /store/photos/smalljpegs/(053)1970-0028-00753.jpg HTTP/1.0" 200 32896 "http://photolab.elmer.uaf.edu/store/allphotos2.html" "Mozilla/4.0 (compatible; MSIE 6.0; Windows NT 5.1; SV1)"
169.199.224.1 - - [01/Nov/2005:07:14:59 -0900] "GET /store/photos/smalljpegs/(054)1989-0166-00161a.jpg HTTP/1.0" 200 33691 "http://photolab.elmer.uaf.edu/store/allphotos2.html" "Mozilla/4.0 (compatible; MSIE 6.0; Windows NT 5.1; SV1)"
169.199.224.1 - - [01/Nov/2005:07:14:59 -0900] "GET /store/photos/smalljpegs/(055)1966-0054-00104.jpg HTTP/1.0" 200 35929 "http://photolab.elmer.uaf.edu/store/allphotos2.html" "Mozilla/4.0 (compatible; MSIE 6.0; Windows NT 5.1; SV1)"
169.199.224.1 - - [01/Nov/2005:07:14:59 -0900] "GET /store/photos/smalljpegs/1969-0004-00003.jpg HTTP/1.0" 200 24486 "http://photolab.elmer.uaf.edu/store/allphotos2.html" "Mozilla/4.0 (compatible; MSIE 6.0; Windows NT 5.1; SV1)"
169.199.224.1 - - [01/Nov/2005:07:14:59 -0900] "GET /store/photos/smalljpegs/(057)1972-0071-00823.jpg HTTP/1.0" 200 23575 "http://photolab.elmer.uaf.edu/store/allphotos2.html" "Mozilla/4.0 (compatible; MSIE 6.0; Windows NT 5.1; SV1)"
217.212.224.148 - - [01/Nov/2005:07:15:00 -0900] "GET /gallery/photos/20030063/2/pages/2003-0063-00225.html HTTP/1.0" 304 - "-" "psbot/0.1 (+http://www.picsearch.com/bot.html)"
169.199.224.1 - - [01/Nov/2005:07:15:00 -0900] "GET /store/photos/smalljpegs/(058)1969-0016-00011.jpg HTTP/1.0" 200 38151 "http://photolab.elmer.uaf.edu/store/allphotos2.html" "Mozilla/4.0 (compatible; MSIE 6.0; Windows NT 5.1; SV1)"
169.199.224.1 - - [01/Nov/2005:07:15:00 -0900] "GET /store/photos/smalljpegs/(059)1972-0117-00014.jpg HTTP/1.0" 200 29126 "http://photolab.elmer.uaf.edu/store/allphotos2.html" "Mozilla/4.0 (compatible; MSIE 6.0; Windows NT 5.1; SV1)"
169.199.224.1 - - [01/Nov/2005:07:15:00 -0900] "GET /store/photos/smalljpegs/(060)972-103.jpg HTTP/1.0" 200 20152 "http://photolab.elmer.uaf.edu/store/allphotos2.html" "Mozilla/4.0 (compatible; MSIE 6.0; Windows NT 5.1; SV1)"
169.199.224.1 - - [01/Nov/2005:07:15:00 -0900] "GET /store/photos/smalljpegs/(062)1973-0050-00013.jpg HTTP/1.0" 200 39979 "http://photolab.elmer.uaf.edu/store/allphotos2.html" "Mozilla/4.0 (compatible; MSIE 6.0; Windows NT 5.1; SV1)"
169.199.224.1 - - [01/Nov/2005:07:15:00 -0900] "GET /store/photos/smalljpegs/(061)1989-0166-00191.jpg HTTP/1.0" 200 36566 "http://photolab.elmer.uaf.edu/store/allphotos2.html" "Mozilla/4.0 (compatible; MSIE 6.0; Windows NT 5.1; SV1)"
169.199.224.1 - - [01/Nov/2005:07:15:00 -0900] "GET /store/photos/smalljpegs/(066)1970-0058-00387.jpg HTTP/1.0" 200 27677 "http://photolab.elmer.uaf.edu/store/allphotos2.html" "Mozilla/4.0 (compatible; MSIE 6.0; Windows NT 5.1; SV1)"
169.199.224.1 - - [01/Nov/2005:07:15:01 -0900] "GET /store/photos/smalljpegs/(067)1989-0166-00462.jpg HTTP/1.0" 200 31593 "http://photolab.elmer.uaf.edu/store/allphotos2.html" "Mozilla/4.0 (compatible; MSIE 6.0; Windows NT 5.1; SV1)"
169.199.224.1 - - [01/Nov/2005:07:15:01 -0900] "GET /store/photos/smalljpegs/(069)1976-0092-00075.jpg HTTP/1.0" 200 25519 "http://photolab.elmer.uaf.edu/store/allphotos2.html" "Mozilla/4.0 (compatible; MSIE 6.0; Windows NT 5.1; SV1)"
169.199.224.1 - - [01/Nov/2005:07:15:01 -0900] "GET /store/photos/smalljpegs/(063)1958-1026-00112.jpg HTTP/1.0" 200 33764 "http://photolab.elmer.uaf.edu/store/allphotos2.html" "Mozilla/4.0 (compatible; MSIE 6.0; Windows NT 5.1; SV1)"
169.199.224.1 - - [01/Nov/2005:07:15:01 -0900] "GET /store/photos/smalljpegs/(068)1964-0029-00066.jpg HTTP/1.0" 200 26810 "http://photolab.elmer.uaf.edu/store/allphotos2.html" "Mozilla/4.0 (compatible; MSIE 6.0; Windows NT 5.1; SV1)"
169.199.224.1 - - [01/Nov/2005:07:15:01 -0900] "GET /store/photos/smalljpegs/(070)1959-0845-00124.jpg HTTP/1.0" 200 25734 "http://photolab.elmer.uaf.edu/store/allphotos2.html" "Mozilla/4.0 (compatible; MSIE 6.0; Windows NT 5.1; SV1)"
169.199.224.1 - - [01/Nov/2005:07:15:02 -0900] "GET /store/photos/smalljpegs/(071)1958-1026-02042.jpg HTTP/1.0" 200 32951 "http://photolab.elmer.uaf.edu/store/allphotos2.html" "Mozilla/4.0 (compatible; MSIE 6.0; Windows NT 5.1; SV1)"
169.199.224.1 - - [01/Nov/2005:07:15:02 -0900] "GET /store/photos/smalljpegs/(072)1975-0084-02715.jpg HTTP/1.0" 200 33859 "http://photolab.elmer.uaf.edu/store/allphotos2.html" "Mozilla/4.0 (compatible; MSIE 6.0; Windows NT 5.1; SV1)"
169.199.224.1 - - [01/Nov/2005:07:15:02 -0900] "GET /store/photos/smalljpegs/(074)1968-0012-00009.jpg HTTP/1.0" 200 36819 "http://photolab.elmer.uaf.edu/store/allphotos2.html" "Mozilla/4.0 (compatible; MSIE 6.0; Windows NT 5.1; SV1)"
169.199.224.1 - - [01/Nov/2005:07:15:02 -0900] "GET /store/photos/smalljpegs/(073)2000-0176-00106a.jpg HTTP/1.0" 200 39020 "http://photolab.elmer.uaf.edu/store/allphotos2.html" "Mozilla/4.0 (compatible; MSIE 6.0; Windows NT 5.1; SV1)"
169.199.224.1 - - [01/Nov/2005:07:15:02 -0900] "GET /store/photos/smalljpegs/(075)2002-0155-00055.jpg HTTP/1.0" 200 24233 "http://photolab.elmer.uaf.edu/store/allphotos2.html" "Mozilla/4.0 (compatible; MSIE 6.0; Windows NT 5.1; SV1)"
169.199.224.1 - - [01/Nov/2005:07:15:02 -0900] "GET /store/photos/smalljpegs/(076)1989-0166-00236.jpg HTTP/1.0" 200 40878 "http://photolab.elmer.uaf.edu/store/allphotos2.html" "Mozilla/4.0 (compatible; MSIE 6.0; Windows NT 5.1; SV1)"
169.199.224.1 - - [01/Nov/2005:07:15:03 -0900] "GET /store/photos/smalljpegs/(077)1959-0845-00326.jpg HTTP/1.0" 200 29777 "http://photolab.elmer.uaf.edu/store/allphotos2.html" "Mozilla/4.0 (compatible; MSIE 6.0; Windows NT 5.1; SV1)"
169.199.224.1 - - [01/Nov/2005:07:15:03 -0900] "GET /store/photos/smalljpegs/(078)1989-0166-00453.jpg HTTP/1.0" 200 39910 "http://photolab.elmer.uaf.edu/store/allphotos2.html" "Mozilla/4.0 (compatible; MSIE 6.0; Windows NT 5.1; SV1)"
169.199.224.1 - - [01/Nov/2005:07:15:03 -0900] "GET /store/photos/smalljpegs/(079)1989-0166-00170.jpg HTTP/1.0" 200 31534 "http://photolab.elmer.uaf.edu/store/allphotos2.html" "Mozilla/4.0 (compatible; MSIE 6.0; Windows NT 5.1; SV1)"
169.199.224.1 - - [01/Nov/2005:07:15:03 -0900] "GET /index_files/bluebear.gif HTTP/1.0" 200 1263 "http://photolab.elmer.uaf.edu/store/allphotos2.html" "Mozilla/4.0 (compatible; MSIE 6.0; Windows NT 5.1; SV1)"
169.199.224.1 - - [01/Nov/2005:07:15:04 -0900] "GET /index_files/sitemap.gif HTTP/1.0" 200 1503 "http://photolab.elmer.uaf.edu/store/allphotos2.html" "Mozilla/4.0 (compatible; MSIE 6.0; Windows NT 5.1; SV1)"
169.199.224.1 - - [01/Nov/2005:07:15:03 -0900] "GET /store/photos/smalljpegs/(080)1958-1026-01682.jpg HTTP/1.0" 200 34989 "http://photolab.elmer.uaf.edu/store/allphotos2.html" "Mozilla/4.0 (compatible; MSIE 6.0; Windows NT 5.1; SV1)"
169.199.224.1 - - [01/Nov/2005:07:15:07 -0900] "GET /store/photos/largejpegs/(045)1989-0166-00025.jpg HTTP/1.0" 200 205558 "http://photolab.elmer.uaf.edu/store/allphotos2.html" "Mozilla/4.0 (compatible; MSIE 6.0; Windows NT 5.1; SV1)"
169.199.224.1 - - [01/Nov/2005:07:15:31 -0900] "GET /store/photos/largejpegs/(047)1958-1026-01592.jpg HTTP/1.0" 200 186304 "http://photolab.elmer.uaf.edu/store/allphotos2.html" "Mozilla/4.0 (compatible; MSIE 6.0; Windows NT 5.1; SV1)"
217.212.224.149 - - [01/Nov/2005:07:15:47 -0900] "GET /gallery/photos/20030109/0/pages/2003-0109-00073.html HTTP/1.0" 304 - "-" "psbot/0.1 (+http://www.picsearch.com/bot.html)"
217.212.224.147 - - [01/Nov/2005:07:15:50 -0900] "GET /gallery/photos/19700058/1/pages/1970-0058-00127.html HTTP/1.0" 304 - "-" "psbot/0.1 (+http://www.picsearch.com/bot.html)"
217.212.224.147 - - [01/Nov/2005:07:16:06 -0900] "GET /gallery/photos/19890199/0/pages/1989-0199-00048.html HTTP/1.0" 304 - "-" "psbot/0.1 (+http://www.picsearch.com/bot.html)"
169.199.224.1 - - [01/Nov/2005:07:16:13 -0900] "GET /store/photos/largejpegs/(073)2000-0176-00106a.jpg HTTP/1.0" 200 217311 "http://photolab.elmer.uaf.edu/store/allphotos2.html" "Mozilla/4.0 (compatible; MSIE 6.0; Windows NT 5.1; SV1)"
217.212.224.149 - - [01/Nov/2005:07:16:28 -0900] "GET /gallery/photos/20040086/0/pages/2004-0086-00100.htm HTTP/1.0" 304 - "-" "psbot/0.1 (+http://www.picsearch.com/bot.html)"
217.212.224.147 - - [01/Nov/2005:07:16:31 -0900] "GET /gallery/photos/20040086/0/index_3.htm HTTP/1.0" 304 - "-" "psbot/0.1 (+http://www.picsearch.com/bot.html)"
217.212.224.148 - - [01/Nov/2005:07:17:05 -0900] "GET /gallery/photos/19581026/16/pages/1958-1026-01647.html HTTP/1.0" 200 2092 "-" "psbot/0.1 (+http://www.picsearch.com/bot.html)"
217.212.224.149 - - [01/Nov/2005:07:17:06 -0900] "GET /gallery/photos/20030109/0/pages/2003-0109-00075.html HTTP/1.0" 304 - "-" "psbot/0.1 (+http://www.picsearch.com/bot.html)"
217.212.224.147 - - [01/Nov/2005:07:17:17 -0900] "GET /gallery/photos/20040145/0/pages/2004-0145-00022.htm HTTP/1.0" 304 - "-" "psbot/0.1 (+http://www.picsearch.com/bot.html)"
217.212.224.148 - - [01/Nov/2005:07:17:58 -0900] "GET /gallery/photos/19900043/10/pages/1990-0043-01046.html HTTP/1.0" 304 - "-" "psbot/0.1 (+http://www.picsearch.com/bot.html)"
217.212.224.147 - - [01/Nov/2005:07:18:13 -0900] "GET /gallery/photos/19850072/pages/1985-0072-00134.html HTTP/1.0" 304 - "-" "psbot/0.1 (+http://www.picsearch.com/bot.html)"
217.212.224.148 - - [01/Nov/2005:07:18:39 -0900] "GET /gallery/photos/19700058/1/pages/1970-0058-00154.html HTTP/1.0" 304 - "-" "psbot/0.1 (+http://www.picsearch.com/bot.html)"
217.212.224.147 - - [01/Nov/2005:07:18:57 -0900] "GET /gallery/photos/20030109/0/index_5.html HTTP/1.0" 304 - "-" "psbot/0.1 (+http://www.picsearch.com/bot.html)"
217.212.224.147 - - [01/Nov/2005:07:19:47 -0900] "GET /gallery/photos/19940070/2/pages/1994-0070-00254.html HTTP/1.0" 304 - "-" "psbot/0.1 (+http://www.picsearch.com/bot.html)"
217.212.224.148 - - [01/Nov/2005:07:20:03 -0900] "GET /gallery/photos/20030040/2/pages/2003-0040-00243.html HTTP/1.0" 304 - "-" "psbot/0.1 (+http://www.picsearch.com/bot.html)"
217.212.224.147 - - [01/Nov/2005:07:20:28 -0900] "GET /gallery/photos/19940070/2/pages/1994-0070-00255.html HTTP/1.0" 304 - "-" "psbot/0.1 (+http://www.picsearch.com/bot.html)"
217.212.224.148 - - [01/Nov/2005:07:20:43 -0900] "GET /gallery/photos/20030040/2/pages/2003-0040-00245.html HTTP/1.0" 304 - "-" "psbot/0.1 (+http://www.picsearch.com/bot.html)"
206.252.74.47 - - [01/Nov/2005:07:20:50 -0900] "GET /store/people.html HTTP/1.0" 200 21075 "-" "Mozilla/4.0 (compatible; MSIE 6.0; Windows NT 5.1; Zurich North America; .NET CLR 1.0.3705; .NET CLR 1.1.4322)"
206.252.74.47 - - [01/Nov/2005:07:20:50 -0900] "GET /index_files/menubar.gif HTTP/1.0" 200 2913 "http://photolab.elmer.uaf.edu/store/people.html" "Mozilla/4.0 (compatible; MSIE 6.0; Windows NT 5.1; Zurich North America; .NET CLR 1.0.3705; .NET CLR 1.1.4322)"
206.252.74.47 - - [01/Nov/2005:07:20:50 -0900] "GET /index_files/aprbrown.jpg HTTP/1.0" 200 5509 "http://photolab.elmer.uaf.edu/store/people.html" "Mozilla/4.0 (compatible; MSIE 6.0; Windows NT 5.1; Zurich North America; .NET CLR 1.0.3705; .NET CLR 1.1.4322)"
206.252.74.47 - - [01/Nov/2005:07:20:51 -0900] "GET /index_files/titlebrown.jpg HTTP/1.0" 200 5451 "http://photolab.elmer.uaf.edu/store/people.html" "Mozilla/4.0 (compatible; MSIE 6.0; Windows NT 5.1; Zurich North America; .NET CLR 1.0.3705; .NET CLR 1.1.4322)"
206.252.74.47 - - [01/Nov/2005:07:20:50 -0900] "GET /store/photos/smalljpegs/(009)1975-0146-00003.jpg HTTP/1.0" 200 35453 "http://photolab.elmer.uaf.edu/store/people.html" "Mozilla/4.0 (compatible; MSIE 6.0; Windows NT 5.1; Zurich North America; .NET CLR 1.0.3705; .NET CLR 1.1.4322)"
206.252.74.47 - - [01/Nov/2005:07:20:51 -0900] "GET /store/photos/smalljpegs/(012)1989-0166-00375.jpg HTTP/1.0" 200 41883 "http://photolab.elmer.uaf.edu/store/people.html" "Mozilla/4.0 (compatible; MSIE 6.0; Windows NT 5.1; Zurich North America; .NET CLR 1.0.3705; .NET CLR 1.1.4322)"
206.252.74.47 - - [01/Nov/2005:07:20:51 -0900] "GET /store/photos/smalljpegs/(024)1972-0116-00334.jpg HTTP/1.0" 200 29908 "http://photolab.elmer.uaf.edu/store/people.html" "Mozilla/4.0 (compatible; MSIE 6.0; Windows NT 5.1; Zurich North America; .NET CLR 1.0.3705; .NET CLR 1.1.4322)"
206.252.74.47 - - [01/Nov/2005:07:20:51 -0900] "GET /store/photos/smalljpegs/(026)1997-0165-00010.jpg HTTP/1.0" 200 26695 "http://photolab.elmer.uaf.edu/store/people.html" "Mozilla/4.0 (compatible; MSIE 6.0; Windows NT 5.1; Zurich North America; .NET CLR 1.0.3705; .NET CLR 1.1.4322)"
206.252.74.47 - - [01/Nov/2005:07:20:51 -0900] "GET /store/photos/smalljpegs/(040)1958-1026-01700.jpg HTTP/1.0" 200 30523 "http://photolab.elmer.uaf.edu/store/people.html" "Mozilla/4.0 (compatible; MSIE 6.0; Windows NT 5.1; Zurich North America; .NET CLR 1.0.3705; .NET CLR 1.1.4322)"
206.252.74.47 - - [01/Nov/2005:07:20:52 -0900] "GET /index_files/store.css HTTP/1.0" 200 2756 "http://photolab.elmer.uaf.edu/store/people.html" "Mozilla/4.0 (compatible; MSIE 6.0; Windows NT 5.1; Zurich North America; .NET CLR 1.0.3705; .NET CLR 1.1.4322)"
206.252.74.47 - - [01/Nov/2005:07:20:52 -0900] "GET /index_files/storetitle.gif HTTP/1.0" 200 14535 "http://photolab.elmer.uaf.edu/store/people.html" "Mozilla/4.0 (compatible; MSIE 6.0; Windows NT 5.1; Zurich North America; .NET CLR 1.0.3705; .NET CLR 1.1.4322)"
206.252.74.47 - - [01/Nov/2005:07:20:52 -0900] "GET /store/photos/smalljpegs/(055)1966-0054-00104.jpg HTTP/1.0" 200 35929 "http://photolab.elmer.uaf.edu/store/people.html" "Mozilla/4.0 (compatible; MSIE 6.0; Windows NT 5.1; Zurich North America; .NET CLR 1.0.3705; .NET CLR 1.1.4322)"
206.252.74.47 - - [01/Nov/2005:07:20:52 -0900] "GET /store/photos/smalljpegs/(069)1976-0092-00075.jpg HTTP/1.0" 200 25519 "http://photolab.elmer.uaf.edu/store/people.html" "Mozilla/4.0 (compatible; MSIE 6.0; Windows NT 5.1; Zurich North America; .NET CLR 1.0.3705; .NET CLR 1.1.4322)"
206.252.74.47 - - [01/Nov/2005:07:20:52 -0900] "GET /store/photos/smalljpegs/(073)2000-0176-00106a.jpg HTTP/1.0" 200 39020 "http://photolab.elmer.uaf.edu/store/people.html" "Mozilla/4.0 (compatible; MSIE 6.0; Windows NT 5.1; Zurich North America; .NET CLR 1.0.3705; .NET CLR 1.1.4322)"
206.252.74.47 - - [01/Nov/2005:07:20:53 -0900] "GET /store/photos/smalljpegs/(090)1972-0071-02759.jpg HTTP/1.0" 200 35919 "http://photolab.elmer.uaf.edu/store/people.html" "Mozilla/4.0 (compatible; MSIE 6.0; Windows NT 5.1; Zurich North America; .NET CLR 1.0.3705; .NET CLR 1.1.4322)"
206.252.74.47 - - [01/Nov/2005:07:20:53 -0900] "GET /store/photos/smalljpegs/(074)1968-0012-00009.jpg HTTP/1.0" 200 36819 "http://photolab.elmer.uaf.edu/store/people.html" "Mozilla/4.0 (compatible; MSIE 6.0; Windows NT 5.1; Zurich North America; .NET CLR 1.0.3705; .NET CLR 1.1.4322)"
206.252.74.47 - - [01/Nov/2005:07:20:53 -0900] "GET /store/photos/smalljpegs/(101)1995-0244-01044.jpg HTTP/1.0" 200 33660 "http://photolab.elmer.uaf.edu/store/people.html" "Mozilla/4.0 (compatible; MSIE 6.0; Windows NT 5.1; Zurich North America; .NET CLR 1.0.3705; .NET CLR 1.1.4322)"
206.252.74.47 - - [01/Nov/2005:07:20:53 -0900] "GET /store/photos/smalljpegs/(083)1989-0166-00380.jpg HTTP/1.0" 200 32119 "http://photolab.elmer.uaf.edu/store/people.html" "Mozilla/4.0 (compatible; MSIE 6.0; Windows NT 5.1; Zurich North America; .NET CLR 1.0.3705; .NET CLR 1.1.4322)"
206.252.74.47 - - [01/Nov/2005:07:20:54 -0900] "GET /store/photos/smalljpegs/(102)1972-0071-00804.jpg HTTP/1.0" 200 33600 "http://photolab.elmer.uaf.edu/store/people.html" "Mozilla/4.0 (compatible; MSIE 6.0; Windows NT 5.1; Zurich North America; .NET CLR 1.0.3705; .NET CLR 1.1.4322)"
206.252.74.47 - - [01/Nov/2005:07:20:54 -0900] "GET /store/photos/smalljpegs/(103)1972-0071-02925.jpg HTTP/1.0" 200 30024 "http://photolab.elmer.uaf.edu/store/people.html" "Mozilla/4.0 (compatible; MSIE 6.0; Windows NT 5.1; Zurich North America; .NET CLR 1.0.3705; .NET CLR 1.1.4322)"
206.252.74.47 - - [01/Nov/2005:07:20:54 -0900] "GET /store/photos/smalljpegs/(104)1958-1026-02106.jpg HTTP/1.0" 200 34617 "http://photolab.elmer.uaf.edu/store/people.html" "Mozilla/4.0 (compatible; MSIE 6.0; Windows NT 5.1; Zurich North America; .NET CLR 1.0.3705; .NET CLR 1.1.4322)"
206.252.74.47 - - [01/Nov/2005:07:20:55 -0900] "GET /store/photos/smalljpegs/(105)1989-0166-00522a.jpg HTTP/1.0" 200 25417 "http://photolab.elmer.uaf.edu/store/people.html" "Mozilla/4.0 (compatible; MSIE 6.0; Windows NT 5.1; Zurich North America; .NET CLR 1.0.3705; .NET CLR 1.1.4322)"
206.252.74.47 - - [01/Nov/2005:07:20:55 -0900] "GET /store/photos/smalljpegs/(106)1972-0071-03229.jpg HTTP/1.0" 200 38182 "http://photolab.elmer.uaf.edu/store/people.html" "Mozilla/4.0 (compatible; MSIE 6.0; Windows NT 5.1; Zurich North America; .NET CLR 1.0.3705; .NET CLR 1.1.4322)"
206.252.74.47 - - [01/Nov/2005:07:20:56 -0900] "GET /store/photos/smalljpegs/(007)1972-0071-03234.jpg HTTP/1.0" 200 32052 "http://photolab.elmer.uaf.edu/store/people.html" "Mozilla/4.0 (compatible; MSIE 6.0; Windows NT 5.1; Zurich North America; .NET CLR 1.0.3705; .NET CLR 1.1.4322)"
206.252.74.47 - - [01/Nov/2005:07:20:56 -0900] "GET /store/photos/smalljpegs/(112)1958-1026-01589.jpg HTTP/1.0" 200 31936 "http://photolab.elmer.uaf.edu/store/people.html" "Mozilla/4.0 (compatible; MSIE 6.0; Windows NT 5.1; Zurich North America; .NET CLR 1.0.3705; .NET CLR 1.1.4322)"
206.252.74.47 - - [01/Nov/2005:07:20:56 -0900] "GET /store/photos/smalljpegs/(119)1968-0069-02524.jpg HTTP/1.0" 200 31385 "http://photolab.elmer.uaf.edu/store/people.html" "Mozilla/4.0 (compatible; MSIE 6.0; Windows NT 5.1; Zurich North America; .NET CLR 1.0.3705; .NET CLR 1.1.4322)"
206.252.74.47 - - [01/Nov/2005:07:20:57 -0900] "GET /store/photos/smalljpegs/(110)1958-1026-01591.jpg HTTP/1.0" 200 38244 "http://photolab.elmer.uaf.edu/store/people.html" "Mozilla/4.0 (compatible; MSIE 6.0; Windows NT 5.1; Zurich North America; .NET CLR 1.0.3705; .NET CLR 1.1.4322)"
206.252.74.47 - - [01/Nov/2005:07:20:57 -0900] "GET /store/photos/smalljpegs/(107)1958-1026-02271.jpg HTTP/1.0" 200 34747 "http://photolab.elmer.uaf.edu/store/people.html" "Mozilla/4.0 (compatible; MSIE 6.0; Windows NT 5.1; Zurich North America; .NET CLR 1.0.3705; .NET CLR 1.1.4322)"
206.252.74.47 - - [01/Nov/2005:07:20:57 -0900] "GET /store/photos/smalljpegs/(139)1958-1026-02130.jpg HTTP/1.0" 200 37323 "http://photolab.elmer.uaf.edu/store/people.html" "Mozilla/4.0 (compatible; MSIE 6.0; Windows NT 5.1; Zurich North America; .NET CLR 1.0.3705; .NET CLR 1.1.4322)"
206.252.74.47 - - [01/Nov/2005:07:20:57 -0900] "GET /store/photos/smalljpegs/(141)1972-0071-00099.jpg HTTP/1.0" 200 38687 "http://photolab.elmer.uaf.edu/store/people.html" "Mozilla/4.0 (compatible; MSIE 6.0; Windows NT 5.1; Zurich North America; .NET CLR 1.0.3705; .NET CLR 1.1.4322)"
206.252.74.47 - - [01/Nov/2005:07:20:58 -0900] "GET /store/photos/smalljpegs/(150)1972-0071-00102.jpg HTTP/1.0" 200 31506 "http://photolab.elmer.uaf.edu/store/people.html" "Mozilla/4.0 (compatible; MSIE 6.0; Windows NT 5.1; Zurich North America; .NET CLR 1.0.3705; .NET CLR 1.1.4322)"
206.252.74.47 - - [01/Nov/2005:07:20:58 -0900] "GET /store/photos/smalljpegs/(145)1972-0071-02415.jpg HTTP/1.0" 200 25683 "http://photolab.elmer.uaf.edu/store/people.html" "Mozilla/4.0 (compatible; MSIE 6.0; Windows NT 5.1; Zurich North America; .NET CLR 1.0.3705; .NET CLR 1.1.4322)"
206.252.74.47 - - [01/Nov/2005:07:20:58 -0900] "GET /store/photos/smalljpegs/(172)1989-0166-01182.jpg HTTP/1.0" 200 30897 "http://photolab.elmer.uaf.edu/store/people.html" "Mozilla/4.0 (compatible; MSIE 6.0; Windows NT 5.1; Zurich North America; .NET CLR 1.0.3705; .NET CLR 1.1.4322)"
206.252.74.47 - - [01/Nov/2005:07:20:58 -0900] "GET /store/photos/smalljpegs/(151)1989-0166-00382.jpg HTTP/1.0" 200 30137 "http://photolab.elmer.uaf.edu/store/people.html" "Mozilla/4.0 (compatible; MSIE 6.0; Windows NT 5.1; Zurich North America; .NET CLR 1.0.3705; .NET CLR 1.1.4322)"
206.252.74.47 - - [01/Nov/2005:07:20:59 -0900] "GET /index_files/sitemap.gif HTTP/1.0" 200 1503 "http://photolab.elmer.uaf.edu/store/people.html" "Mozilla/4.0 (compatible; MSIE 6.0; Windows NT 5.1; Zurich North America; .NET CLR 1.0.3705; .NET CLR 1.1.4322)"
206.252.74.47 - - [01/Nov/2005:07:20:59 -0900] "GET /index_files/bluebear.gif HTTP/1.0" 200 1263 "http://photolab.elmer.uaf.edu/store/people.html" "Mozilla/4.0 (compatible; MSIE 6.0; Windows NT 5.1; Zurich North America; .NET CLR 1.0.3705; .NET CLR 1.1.4322)"
217.212.224.148 - - [01/Nov/2005:07:21:47 -0900] "GET /gallery/photos/20040086/0/pages/2004-0086-00075.htm HTTP/1.0" 304 - "-" "psbot/0.1 (+http://www.picsearch.com/bot.html)"
84.83.136.128 - - [01/Nov/2005:07:22:10 -0900] "GET /store/people.html HTTP/1.1" 200 21075 "http://images.google.nl/imgres?imgurl=http://photolab.elmer.uaf.edu/store/photos/largejpegs/(040)1958-1026-01700.jpg&imgrefurl=http://photolab.elmer.uaf.edu/store/people.html&h=1000&w=762&sz=136&tbnid=muofWG5zZScJ:&tbnh=149&tbnw=113&hl=nl&start=6&prev=/images%3Fq%3D%2Beskimo%2B%26svnum%3D10%26hl%3Dnl%26lr%3D%26sa%3DG" "Mozilla/4.0 (compatible; MSIE 6.0; Windows NT 5.1; SV1)"
84.83.136.128 - - [01/Nov/2005:07:22:11 -0900] "GET /index_files/store.css HTTP/1.1" 200 2756 "http://photolab.elmer.uaf.edu/store/people.html" "Mozilla/4.0 (compatible; MSIE 6.0; Windows NT 5.1; SV1)"
84.83.136.128 - - [01/Nov/2005:07:22:12 -0900] "GET /store/photos/largejpegs/(040)1958-1026-01700.jpg HTTP/1.1" 200 138785 "http://images.google.nl/imgres?imgurl=http://photolab.elmer.uaf.edu/store/photos/largejpegs/(040)1958-1026-01700.jpg&imgrefurl=http://photolab.elmer.uaf.edu/store/people.html&h=1000&w=762&sz=136&tbnid=muofWG5zZScJ:&tbnh=149&tbnw=113&hl=nl&prev=/images%3Fq%3D%2Beskimo%2B%26svnum%3D10%26hl%3Dnl%26lr%3D%26sa%3DG&frame=small" "Mozilla/4.0 (compatible; MSIE 6.0; Windows NT 5.1; SV1)"
217.212.224.147 - - [01/Nov/2005:07:22:21 -0900] "GET /gallery/photos/19950244/09/pages/1995-0244-00933.html HTTP/1.0" 304 - "-" "psbot/0.1 (+http://www.picsearch.com/bot.html)"
84.83.136.128 - - [01/Nov/2005:07:22:24 -0900] "GET /store/people.html HTTP/1.1" 206 4691 "http://images.google.nl/imgres?imgurl=http://photolab.elmer.uaf.edu/store/photos/largejpegs/(040)1958-1026-01700.jpg&imgrefurl=http://photolab.elmer.uaf.edu/store/people.html&h=1000&w=762&sz=136&tbnid=muofWG5zZScJ:&tbnh=149&tbnw=113&hl=nl&start=6&prev=/images%3Fq%3D%2Beskimo%2B%26svnum%3D10%26hl%3Dnl%26lr%3D%26sa%3DG" "Mozilla/4.0 (compatible; MSIE 6.0; Windows NT 5.1; SV1)"
84.83.136.128 - - [01/Nov/2005:07:22:24 -0900] "GET /index_files/store.css HTTP/1.1" 200 2756 "http://photolab.elmer.uaf.edu/store/people.html" "Mozilla/4.0 (compatible; MSIE 6.0; Windows NT 5.1; SV1)"
80.200.69.182 - - [01/Nov/2005:07:22:51 -0900] "GET /gallery/maps/mapg3400.html HTTP/1.1" 200 12616 "-" "Mozilla/4.0 (compatible; MSIE 6.0; Windows NT 5.1; FunWebProducts; SV1; .NET CLR 1.0.3705)"
80.200.69.182 - - [01/Nov/2005:07:22:52 -0900] "GET /index_files/title.jpg HTTP/1.1" 200 5438 "http://photolab.elmer.uaf.edu/gallery/maps/mapg3400.html" "Mozilla/4.0 (compatible; MSIE 6.0; Windows NT 5.1; FunWebProducts; SV1; .NET CLR 1.0.3705)"
80.200.69.182 - - [01/Nov/2005:07:22:52 -0900] "GET /index_files/empty.gif HTTP/1.1" 200 45 "http://photolab.elmer.uaf.edu/gallery/maps/mapg3400.html" "Mozilla/4.0 (compatible; MSIE 6.0; Windows NT 5.1; FunWebProducts; SV1; .NET CLR 1.0.3705)"
80.200.69.182 - - [01/Nov/2005:07:22:52 -0900] "GET /index_files/small.dps.jpg HTTP/1.1" 200 5830 "http://photolab.elmer.uaf.edu/gallery/maps/mapg3400.html" "Mozilla/4.0 (compatible; MSIE 6.0; Windows NT 5.1; FunWebProducts; SV1; .NET CLR 1.0.3705)"
80.200.69.182 - - [01/Nov/2005:07:22:52 -0900] "GET /index_files/small.jpg HTTP/1.1" 200 2294 "http://photolab.elmer.uaf.edu/gallery/maps/mapg3400.html" "Mozilla/4.0 (compatible; MSIE 6.0; Windows NT 5.1; FunWebProducts; SV1; .NET CLR 1.0.3705)"
80.200.69.182 - - [01/Nov/2005:07:22:53 -0900] "GET /index_files/small_002.jpg HTTP/1.1" 200 1351 "http://photolab.elmer.uaf.edu/gallery/maps/mapg3400.html" "Mozilla/4.0 (compatible; MSIE 6.0; Windows NT 5.1; FunWebProducts; SV1; .NET CLR 1.0.3705)"
80.200.69.182 - - [01/Nov/2005:07:22:53 -0900] "GET /index_files/small_003.jpg HTTP/1.1" 200 1521 "http://photolab.elmer.uaf.edu/gallery/maps/mapg3400.html" "Mozilla/4.0 (compatible; MSIE 6.0; Windows NT 5.1; FunWebProducts; SV1; .NET CLR 1.0.3705)"
80.200.69.182 - - [01/Nov/2005:07:22:53 -0900] "GET /gallery/maps/G3400/small/G3402%20H8%20%5B1758%5D%20J4.jpg HTTP/1.1" 200 19916 "http://photolab.elmer.uaf.edu/gallery/maps/mapg3400.html" "Mozilla/4.0 (compatible; MSIE 6.0; Windows NT 5.1; FunWebProducts; SV1; .NET CLR 1.0.3705)"
80.200.69.182 - - [01/Nov/2005:07:22:51 -0900] "GET /index_files/lib.css HTTP/1.1" 200 2634 "http://photolab.elmer.uaf.edu/gallery/maps/mapg3400.html" "Mozilla/4.0 (compatible; MSIE 6.0; Windows NT 5.1; FunWebProducts; SV1; .NET CLR 1.0.3705)"
80.200.69.182 - - [01/Nov/2005:07:22:54 -0900] "GET /gallery/maps/G3400/small/G3400%201769%20T571.jpg HTTP/1.1" 200 15758 "http://photolab.elmer.uaf.edu/gallery/maps/mapg3400.html" "Mozilla/4.0 (compatible; MSIE 6.0; Windows NT 5.1; FunWebProducts; SV1; .NET CLR 1.0.3705)"
80.200.69.182 - - [01/Nov/2005:07:22:54 -0900] "GET /index_files/apr.jpg HTTP/1.1" 200 6015 "http://photolab.elmer.uaf.edu/gallery/maps/mapg3400.html" "Mozilla/4.0 (compatible; MSIE 6.0; Windows NT 5.1; FunWebProducts; SV1; .NET CLR 1.0.3705)"
80.200.69.182 - - [01/Nov/2005:07:22:55 -0900] "GET /gallery/maps/G3400/large/G3400%201769%20T571.jpg HTTP/1.1" 200 285650 "-" "Mozilla/4.0 (compatible; MSIE 6.0; Windows NT 5.1; FunWebProducts; SV1; .NET CLR 1.0.3705)"
217.212.224.147 - - [01/Nov/2005:07:23:20 -0900] "GET /gallery/photos/19940096/4/pages/1994-0096-00444.html HTTP/1.0" 304 - "-" "psbot/0.1 (+http://www.picsearch.com/bot.html)"
217.212.224.148 - - [01/Nov/2005:07:23:47 -0900] "GET /gallery/photos/20030109/0/pages/2003-0109-00065.html HTTP/1.0" 304 - "-" "psbot/0.1 (+http://www.picsearch.com/bot.html)"
217.212.224.147 - - [01/Nov/2005:07:24:03 -0900] "GET /gallery/photos/20040086/0/index_5.htm HTTP/1.0" 304 - "-" "psbot/0.1 (+http://www.picsearch.com/bot.html)"
217.212.224.148 - - [01/Nov/2005:07:24:27 -0900] "GET /gallery/photos/20030109/0/pages/2003-0109-00067.html HTTP/1.0" 304 - "-" "psbot/0.1 (+http://www.picsearch.com/bot.html)"
217.212.224.148 - - [01/Nov/2005:07:26:16 -0900] "GET /gallery/photos/19900043/09/pages/1990-0043-00937A.html HTTP/1.0" 304 - "-" "psbot/0.1 (+http://www.picsearch.com/bot.html)"
217.212.224.148 - - [01/Nov/2005:07:27:29 -0900] "GET /gallery/photos/19900043/09/pages/1990-0043-00938A.html HTTP/1.0" 304 - "-" "psbot/0.1 (+http://www.picsearch.com/bot.html)"
217.212.224.148 - - [01/Nov/2005:07:28:33 -0900] "GET /gallery/photos/20030063/2/pages/2003-0063-00236.html HTTP/1.0" 304 - "-" "psbot/0.1 (+http://www.picsearch.com/bot.html)"
217.212.224.148 - - [01/Nov/2005:07:30:36 -0900] "GET /gallery/photos/20040086/0/pages/2004-0086-00087.htm HTTP/1.0" 304 - "-" "psbot/0.1 (+http://www.picsearch.com/bot.html)"
81.205.73.19 - - [01/Nov/2005:07:31:51 -0900] "GET /store/photos/largejpegs/(040)1958-1026-01700.jpg HTTP/1.1" 200 138785 "-" "Mozilla/5.0 (Windows; U; Windows NT 5.1; nl-NL; rv:1.7.12) Gecko/20050919 Firefox/1.0.7"
217.212.224.149 - - [01/Nov/2005:07:33:11 -0900] "GET /gallery/photos/20010129/3/pages/2001-0129-00326.html HTTP/1.0" 304 - "-" "psbot/0.1 (+http://www.picsearch.com/bot.html)"
217.212.224.149 - - [01/Nov/2005:07:33:52 -0900] "GET /gallery/photos/20030174/1/pages/2003-0174-00108.html HTTP/1.0" 304 - "-" "psbot/0.1 (+http://www.picsearch.com/bot.html)"
217.212.224.149 - - [01/Nov/2005:07:34:39 -0900] "GET /gallery/photos/19940070/1/pages/1994-0070-00115.html HTTP/1.0" 304 - "-" "psbot/0.1 (+http://www.picsearch.com/bot.html)"
217.212.224.149 - - [01/Nov/2005:07:35:23 -0900] "GET /gallery/photos/20040145/0/pages/2004-0145-00024.htm HTTP/1.0" 304 - "-" "psbot/0.1 (+http://www.picsearch.com/bot.html)"
217.212.224.147 - - [01/Nov/2005:07:35:58 -0900] "GET /robots.txt HTTP/1.0" 200 96 "-" "psbot/0.1 (+http://www.picsearch.com/bot.html)"
217.212.224.149 - - [01/Nov/2005:07:36:06 -0900] "GET /gallery/photos/19910156/web/0/pages/1991-0156-00046.html HTTP/1.0" 304 - "-" "psbot/0.1 (+http://www.picsearch.com/bot.html)"
217.212.224.149 - - [01/Nov/2005:07:36:48 -0900] "GET /gallery/photos/20020164/pages/2002-0164-00035.html HTTP/1.0" 304 - "-" "psbot/0.1 (+http://www.picsearch.com/bot.html)"
80.12.66.230 - - [01/Nov/2005:07:37:07 -0900] "GET /gallery/maps/mapg3200.html HTTP/1.1" 200 17203 "http://images.google.fr/imgres?imgurl=http://photolab.elmer.uaf.edu/gallery/maps/G3200/large/G3200%2520%255B1798%255D%2520R622.jpg&imgrefurl=http://photolab.elmer.uaf.edu/gallery/maps/mapg3200.html&h=828&w=1200&sz=160&tbnid=q6RGbR5hHv8J:&tbnh=103&tbnw=150&hl=fr&start=27&prev=/images%3Fq%3Dmappemonde%26start%3D20%26imgsz%3Dxxlarge%26svnum%3D10%26hl%3Dfr%26lr%3D%26sa%3DN" "Mozilla/5.0 (Windows; U; Windows NT 5.1; fr-FR; rv:1.7.12) Gecko/20050919 Firefox/1.0.7"
80.12.66.230 - - [01/Nov/2005:07:37:14 -0900] "GET /index_files/lib.css HTTP/1.1" 200 2634 "http://photolab.elmer.uaf.edu/gallery/maps/mapg3200.html" "Mozilla/5.0 (Windows; U; Windows NT 5.1; fr-FR; rv:1.7.12) Gecko/20050919 Firefox/1.0.7"
80.12.66.230 - - [01/Nov/2005:07:37:16 -0900] "GET /index_files/title.jpg HTTP/1.1" 200 5438 "http://photolab.elmer.uaf.edu/gallery/maps/mapg3200.html" "Mozilla/5.0 (Windows; U; Windows NT 5.1; fr-FR; rv:1.7.12) Gecko/20050919 Firefox/1.0.7"
80.12.66.230 - - [01/Nov/2005:07:37:16 -0900] "GET /index_files/apr.jpg HTTP/1.1" 200 6015 "http://photolab.elmer.uaf.edu/gallery/maps/mapg3200.html" "Mozilla/5.0 (Windows; U; Windows NT 5.1; fr-FR; rv:1.7.12) Gecko/20050919 Firefox/1.0.7"
80.12.66.230 - - [01/Nov/2005:07:37:18 -0900] "GET /index_files/empty.gif HTTP/1.1" 200 45 "http://photolab.elmer.uaf.edu/gallery/maps/mapg3200.html" "Mozilla/5.0 (Windows; U; Windows NT 5.1; fr-FR; rv:1.7.12) Gecko/20050919 Firefox/1.0.7"
217.212.224.149 - - [01/Nov/2005:07:37:31 -0900] "GET /gallery/photos/19940096/4/pages/1994-0096-00423.html HTTP/1.0" 304 - "-" "psbot/0.1 (+http://www.picsearch.com/bot.html)"
217.212.224.149 - - [01/Nov/2005:07:38:18 -0900] "GET /gallery/photos/19680069/26/pages/1968-0069-02644.html HTTP/1.0" 304 - "-" "psbot/0.1 (+http://www.picsearch.com/bot.html)"
80.12.66.230 - - [01/Nov/2005:07:37:18 -0900] "GET /gallery/maps/G3200/large/G3200%20%5B1798%5D%20R622.jpg HTTP/1.1" 200 163399 "http://images.google.fr/imgres?imgurl=http://photolab.elmer.uaf.edu/gallery/maps/G3200/large/G3200%2520%255B1798%255D%2520R622.jpg&imgrefurl=http://photolab.elmer.uaf.edu/gallery/maps/mapg3200.html&h=828&w=1200&sz=160&tbnid=q6RGbR5hHv8J:&tbnh=103&tbnw=150&hl=fr&prev=/images%3Fq%3Dmappemonde%26start%3D20%26imgsz%3Dxxlarge%26svnum%3D10%26hl%3Dfr%26lr%3D%26sa%3DN&frame=small" "Mozilla/5.0 (Windows; U; Windows NT 5.1; fr-FR; rv:1.7.12) Gecko/20050919 Firefox/1.0.7"
217.212.224.149 - - [01/Nov/2005:07:39:01 -0900] "GET /gallery/photos/20030040/0/pages/2003-0040-00042.html HTTP/1.0" 304 - "-" "psbot/0.1 (+http://www.picsearch.com/bot.html)"
217.212.224.149 - - [01/Nov/2005:07:39:44 -0900] "GET /gallery/photos/19900043/09/pages/1990-0043-00926.html HTTP/1.0" 304 - "-" "psbot/0.1 (+http://www.picsearch.com/bot.html)"
217.212.224.149 - - [01/Nov/2005:07:40:28 -0900] "GET /gallery/photos/20030129/0/pages/2003-0129-00028.html HTTP/1.0" 304 - "-" "psbot/0.1 (+http://www.picsearch.com/bot.html)"
217.212.224.149 - - [01/Nov/2005:07:41:09 -0900] "GET /gallery/photos/20030109/1/pages/2003-0109-00135.html HTTP/1.0" 304 - "-" "psbot/0.1 (+http://www.picsearch.com/bot.html)"
217.212.224.149 - - [01/Nov/2005:07:41:57 -0900] "GET /gallery/photos/19690092/5/pages/1969-0092-00529.html HTTP/1.0" 304 - "-" "psbot/0.1 (+http://www.picsearch.com/bot.html)"
217.212.224.149 - - [01/Nov/2005:07:42:39 -0900] "GET /gallery/photos/20010129/2/pages/2001-0129-00222.html HTTP/1.0" 304 - "-" "psbot/0.1 (+http://www.picsearch.com/bot.html)"
217.212.224.149 - - [01/Nov/2005:07:43:21 -0900] "GET /gallery/photos/19700058/3/pages/1970-0058-00325.html HTTP/1.0" 304 - "-" "psbot/0.1 (+http://www.picsearch.com/bot.html)"
219.65.180.32 - - [01/Nov/2005:07:43:50 -0900] "GET /index_files/store.css HTTP/1.1" 200 2756 "http://photolab.elmer.uaf.edu/store/alaskanatives.html" "Mozilla/4.0 (compatible; MSIE 5.0; Windows 98; DigExt)"
219.65.180.32 - - [01/Nov/2005:07:43:46 -0900] "GET /store/alaskanatives.html HTTP/1.1" 200 23188 "http://www.google.com/search?hl=en&ie=ISO-8859-1&q=Eskimos+of+Alaska&btnG=Google+Search" "Mozilla/4.0 (compatible; MSIE 5.0; Windows 98; DigExt)"
219.65.180.32 - - [01/Nov/2005:07:43:53 -0900] "GET /index_files/titlebrown.jpg HTTP/1.1" 200 5451 "http://photolab.elmer.uaf.edu/store/alaskanatives.html" "Mozilla/4.0 (compatible; MSIE 5.0; Windows 98; DigExt)"
219.65.180.32 - - [01/Nov/2005:07:43:55 -0900] "GET /index_files/aprbrown.jpg HTTP/1.1" 200 5509 "http://photolab.elmer.uaf.edu/store/alaskanatives.html" "Mozilla/4.0 (compatible; MSIE 5.0; Windows 98; DigExt)"
219.65.180.32 - - [01/Nov/2005:07:43:57 -0900] "GET /index_files/menubar.gif HTTP/1.1" 200 2913 "http://photolab.elmer.uaf.edu/store/alaskanatives.html" "Mozilla/4.0 (compatible; MSIE 5.0; Windows 98; DigExt)"
219.65.180.32 - - [01/Nov/2005:07:43:55 -0900] "GET /index_files/storetitle.gif HTTP/1.1" 200 14535 "http://photolab.elmer.uaf.edu/store/alaskanatives.html" "Mozilla/4.0 (compatible; MSIE 5.0; Windows 98; DigExt)"
195.193.196.164 - - [01/Nov/2005:07:44:08 -0900] "GET /store/photos/largejpegs/(040)1958-1026-01700.jpg HTTP/1.0" 304 - "http://beusichem.web-log.nl/" "Mozilla/4.0 (compatible; MSIE 6.0; Windows NT 5.0)"
217.212.224.149 - - [01/Nov/2005:07:44:09 -0900] "GET /gallery/photos/20030040/1/pages/2003-0040-00129.html HTTP/1.0" 304 - "-" "psbot/0.1 (+http://www.picsearch.com/bot.html)"
219.65.180.32 - - [01/Nov/2005:07:44:00 -0900] "GET /store/photos/smalljpegs/(007)1972-0071-03234.jpg HTTP/1.1" 200 32052 "http://photolab.elmer.uaf.edu/store/alaskanatives.html" "Mozilla/4.0 (compatible; MSIE 5.0; Windows 98; DigExt)"
217.212.224.149 - - [01/Nov/2005:07:44:25 -0900] "GET /gallery/photos/19910046/04/pages/1991-0046-00410.html HTTP/1.0" 304 - "-" "psbot/0.1 (+http://www.picsearch.com/bot.html)"
219.65.180.32 - - [01/Nov/2005:07:44:08 -0900] "GET /store/photos/smalljpegs/(009)1975-0146-00003.jpg HTTP/1.1" 200 35453 "http://photolab.elmer.uaf.edu/store/alaskanatives.html" "Mozilla/4.0 (compatible; MSIE 5.0; Windows 98; DigExt)"
219.65.180.32 - - [01/Nov/2005:07:44:27 -0900] "GET /store/photos/smalljpegs/(040)1958-1026-01700.jpg HTTP/1.1" 200 30523 "http://photolab.elmer.uaf.edu/store/alaskanatives.html" "Mozilla/4.0 (compatible; MSIE 5.0; Windows 98; DigExt)"
219.65.180.32 - - [01/Nov/2005:07:44:22 -0900] "GET /store/photos/smalljpegs/(012)1989-0166-00375.jpg HTTP/1.1" 200 41883 "http://photolab.elmer.uaf.edu/store/alaskanatives.html" "Mozilla/4.0 (compatible; MSIE 5.0; Windows 98; DigExt)"
217.212.224.149 - - [01/Nov/2005:07:44:54 -0900] "GET /gallery/photos/19940070/1/pages/1994-0070-00127.html HTTP/1.0" 304 - "-" "psbot/0.1 (+http://www.picsearch.com/bot.html)"
219.65.180.32 - - [01/Nov/2005:07:44:45 -0900] "GET /store/photos/smalljpegs/(041)1989-0166-00699.jpg HTTP/1.1" 200 28697 "http://photolab.elmer.uaf.edu/store/alaskanatives.html" "Mozilla/4.0 (compatible; MSIE 5.0; Windows 98; DigExt)"
217.212.224.149 - - [01/Nov/2005:07:45:03 -0900] "GET /gallery/photos/19910046/04/pages/1991-0046-00412.html HTTP/1.0" 304 - "-" "psbot/0.1 (+http://www.picsearch.com/bot.html)"
219.65.180.32 - - [01/Nov/2005:07:44:45 -0900] "GET /store/photos/smalljpegs/(055)1966-0054-00104.jpg HTTP/1.1" 200 35929 "http://photolab.elmer.uaf.edu/store/alaskanatives.html" "Mozilla/4.0 (compatible; MSIE 5.0; Windows 98; DigExt)"
219.65.180.32 - - [01/Nov/2005:07:44:59 -0900] "GET /store/photos/smalljpegs/(057)1972-0071-00823.jpg HTTP/1.1" 200 23575 "http://photolab.elmer.uaf.edu/store/alaskanatives.html" "Mozilla/4.0 (compatible; MSIE 5.0; Windows 98; DigExt)"
219.65.180.32 - - [01/Nov/2005:07:45:04 -0900] "GET /store/photos/smalljpegs/(004)1958-1026-01477.jpg HTTP/1.1" 200 31263 "http://photolab.elmer.uaf.edu/store/alaskanatives.html" "Mozilla/4.0 (compatible; MSIE 5.0; Windows 98; DigExt)"
219.65.180.32 - - [01/Nov/2005:07:45:14 -0900] "GET /store/photos/smalljpegs/(074)1968-0012-00009.jpg HTTP/1.1" 200 36819 "http://photolab.elmer.uaf.edu/store/alaskanatives.html" "Mozilla/4.0 (compatible; MSIE 5.0; Windows 98; DigExt)"
219.65.180.32 - - [01/Nov/2005:07:45:19 -0900] "GET /store/photos/smalljpegs/(080)1958-1026-01682.jpg HTTP/1.1" 200 34989 "http://photolab.elmer.uaf.edu/store/alaskanatives.html" "Mozilla/4.0 (compatible; MSIE 5.0; Windows 98; DigExt)"
217.212.224.149 - - [01/Nov/2005:07:45:39 -0900] "GET /gallery/photos/20030109/0/pages/2003-0109-00037.html HTTP/1.0" 304 - "-" "psbot/0.1 (+http://www.picsearch.com/bot.html)"
219.65.180.32 - - [01/Nov/2005:07:45:32 -0900] "GET /store/photos/smalljpegs/(083)1989-0166-00380.jpg HTTP/1.1" 200 32119 "http://photolab.elmer.uaf.edu/store/alaskanatives.html" "Mozilla/4.0 (compatible; MSIE 5.0; Windows 98; DigExt)"
