64.12.116.201 - - [01/Nov/2005:05:36:54 -0900] "HEAD /store/photos/largejpegs/(043)1964-0029-00313.jpg HTTP/1.1" 200 - "-" "-"
193.60.223.139 - - [01/Nov/2005:05:41:25 -0900] "GET /index_files/store.css HTTP/1.1" 200 2756 "http://photolab.elmer.uaf.edu/store/people.html" "Mozilla/4.0 (compatible; MSIE 6.0; Windows NT 5.1; SV1; .NET CLR 1.1.4322)"
193.60.223.139 - - [01/Nov/2005:05:41:24 -0900] "GET /store/people.html HTTP/1.1" 200 21075 "http://images.google.co.uk/imgres?imgurl=http://photolab.elmer.uaf.edu/store/photos/largejpegs/(040)1958-1026-01700.jpg&imgrefurl=http://photolab.elmer.uaf.edu/store/people.html&h=1000&w=762&sz=136&tbnid=muofWG5zZScJ:&tbnh=149&tbnw=113&hl=en&start=6&prev=/images%3Fq%3Deskimo%26svnum%3D10%26hl%3Den%26lr%3D" "Mozilla/4.0 (compatible; MSIE 6.0; Windows NT 5.1; SV1; .NET CLR 1.1.4322)"
193.60.223.139 - - [01/Nov/2005:05:41:25 -0900] "GET /store/photos/smalljpegs/(040)1958-1026-01700.jpg HTTP/1.1" 200 30523 "http://photolab.elmer.uaf.edu/store/people.html" "Mozilla/4.0 (compatible; MSIE 6.0; Windows NT 5.1; SV1; .NET CLR 1.1.4322)"
193.60.223.139 - - [01/Nov/2005:05:41:25 -0900] "GET /store/photos/smalljpegs/(055)1966-0054-00104.jpg HTTP/1.1" 200 35929 "http://photolab.elmer.uaf.edu/store/people.html" "Mozilla/4.0 (compatible; MSIE 6.0; Windows NT 5.1; SV1; .NET CLR 1.1.4322)"
193.60.223.139 - - [01/Nov/2005:05:41:27 -0900] "GET /index_files/titlebrown.jpg HTTP/1.1" 200 5451 "http://photolab.elmer.uaf.edu/store/people.html" "Mozilla/4.0 (compatible; MSIE 6.0; Windows NT 5.1; SV1; .NET CLR 1.1.4322)"
193.60.223.139 - - [01/Nov/2005:05:41:27 -0900] "GET /index_files/aprbrown.jpg HTTP/1.1" 200 5509 "http://photolab.elmer.uaf.edu/store/people.html" "Mozilla/4.0 (compatible; MSIE 6.0; Windows NT 5.1; SV1; .NET CLR 1.1.4322)"
193.60.223.139 - - [01/Nov/2005:05:41:27 -0900] "GET /store/photos/smalljpegs/(145)1972-0071-02415.jpg HTTP/1.1" 200 25683 "http://photolab.elmer.uaf.edu/store/people.html" "Mozilla/4.0 (compatible; MSIE 6.0; Windows NT 5.1; SV1; .NET CLR 1.1.4322)"
193.60.223.139 - - [01/Nov/2005:05:41:27 -0900] "GET /store/photos/smalljpegs/(150)1972-0071-00102.jpg HTTP/1.1" 200 31506 "http://photolab.elmer.uaf.edu/store/people.html" "Mozilla/4.0 (compatible; MSIE 6.0; Windows NT 5.1; SV1; .NET CLR 1.1.4322)"
193.60.223.139 - - [01/Nov/2005:05:41:28 -0900] "GET /store/photos/smalljpegs/(151)1989-0166-00382.jpg HTTP/1.1" 200 30137 "http://photolab.elmer.uaf.edu/store/people.html" "Mozilla/4.0 (compatible; MSIE 6.0; Windows NT 5.1; SV1; .NET CLR 1.1.4322)"
193.60.223.139 - - [01/Nov/2005:05:41:28 -0900] "GET /store/photos/smalljpegs/(172)1989-0166-01182.jpg HTTP/1.1" 200 30897 "http://photolab.elmer.uaf.edu/store/people.html" "Mozilla/4.0 (compatible; MSIE 6.0; Windows NT 5.1; SV1; .NET CLR 1.1.4322)"
62.166.6.202 - - [01/Nov/2005:05:46:09 -0900] "GET /store/photos/largejpegs/(040)1958-1026-01700.jpg HTTP/1.1" 200 138785 "http://beusichem.web-log.nl/" "Mozilla/4.0 (compatible; MSIE 6.0; Windows NT 5.1; SV1; .NET CLR 1.1.4322)"
62.166.6.202 - - [01/Nov/2005:05:47:51 -0900] "GET /store/photos/largejpegs/(040)1958-1026-01700.jpg HTTP/1.1" 304 - "http://beusichem.web-log.nl/" "Mozilla/4.0 (compatible; MSIE 6.0; Windows NT 5.1; SV1; .NET CLR 1.1.4322)"
198.234.191.189 - - [01/Nov/2005:05:48:38 -0900] "GET /index_files/store.css HTTP/1.1" 200 2756 "http://photolab.elmer.uaf.edu/store/people.html" "Mozilla/4.0 (compatible; MSIE 5.17; Mac_PowerPC)"
198.234.191.189 - - [01/Nov/2005:05:48:38 -0900] "GET /index_files/titlebrown.jpg HTTP/1.1" 200 5451 "http://photolab.elmer.uaf.edu/store/people.html" "Mozilla/4.0 (compatible; MSIE 5.17; Mac_PowerPC)"
198.234.191.189 - - [01/Nov/2005:05:48:37 -0900] "GET /store/people.html HTTP/1.1" 200 21075 "-" "Mozilla/4.0 (compatible; MSIE 5.17; Mac_PowerPC)"
198.234.191.189 - - [01/Nov/2005:05:48:38 -0900] "GET /store/photos/smalljpegs/(073)2000-0176-00106a.jpg HTTP/1.1" 200 39020 "http://photolab.elmer.uaf.edu/store/people.html" "Mozilla/4.0 (compatible; MSIE 5.17; Mac_PowerPC)"
198.234.191.189 - - [01/Nov/2005:05:48:38 -0900] "GET /store/photos/smalljpegs/(040)1958-1026-01700.jpg HTTP/1.1" 200 30523 "http://photolab.elmer.uaf.edu/store/people.html" "Mozilla/4.0 (compatible; MSIE 5.17; Mac_PowerPC)"
198.234.191.189 - - [01/Nov/2005:05:48:38 -0900] "GET /store/photos/smalljpegs/(069)1976-0092-00075.jpg HTTP/1.1" 200 25519 "http://photolab.elmer.uaf.edu/store/people.html" "Mozilla/4.0 (compatible; MSIE 5.17; Mac_PowerPC)"
198.234.191.189 - - [01/Nov/2005:05:48:38 -0900] "GET /store/photos/smalljpegs/(055)1966-0054-00104.jpg HTTP/1.1" 200 35929 "http://photolab.elmer.uaf.edu/store/people.html" "Mozilla/4.0 (compatible; MSIE 5.17; Mac_PowerPC)"
198.234.191.189 - - [01/Nov/2005:05:48:38 -0900] "GET /store/photos/largejpegs/(040)1958-1026-01700.jpg HTTP/1.1" 200 138785 "http://images.google.com/imgres?imgurl=http://photolab.elmer.uaf.edu/store/photos/largejpegs/(040)1958-1026-01700.jpg&imgrefurl=http://photolab.elmer.uaf.edu/store/people.html&h=1000&w=762&sz=136&tbnid=muofWG5zZScJ:&tbnh=149&tbnw=113&hl=en&prev=/images%3Fq%3Deskimo%26imgsz%3Dxxlarge%26svnum%3D10%26hl%3Den%26lr%3D%26ie%3DUTF-8&frame=small" "Mozilla/4.0 (compatible; MSIE 5.17; Mac_PowerPC)"
198.234.191.189 - - [01/Nov/2005:05:48:53 -0900] "GET /store/people.html HTTP/1.1" 206 1931 "-" "Mozilla/4.0 (compatible; MSIE 5.17; Mac_PowerPC)"
198.234.191.189 - - [01/Nov/2005:05:48:54 -0900] "GET /index_files/titlebrown.jpg HTTP/1.1" 200 5451 "http://photolab.elmer.uaf.edu/store/people.html" "Mozilla/4.0 (compatible; MSIE 5.17; Mac_PowerPC)"
198.234.191.189 - - [01/Nov/2005:05:48:54 -0900] "GET /index_files/aprbrown.jpg HTTP/1.1" 200 5509 "http://photolab.elmer.uaf.edu/store/people.html" "Mozilla/4.0 (compatible; MSIE 5.17; Mac_PowerPC)"
198.234.191.189 - - [01/Nov/2005:05:48:54 -0900] "GET /index_files/menubar.gif HTTP/1.1" 200 2913 "http://photolab.elmer.uaf.edu/store/people.html" "Mozilla/4.0 (compatible; MSIE 5.17; Mac_PowerPC)"
198.234.191.189 - - [01/Nov/2005:05:48:54 -0900] "GET /index_files/sitemap.gif HTTP/1.1" 200 1503 "http://photolab.elmer.uaf.edu/store/people.html" "Mozilla/4.0 (compatible; MSIE 5.17; Mac_PowerPC)"
198.234.191.189 - - [01/Nov/2005:05:48:54 -0900] "GET /index_files/bluebear.gif HTTP/1.1" 200 1263 "http://photolab.elmer.uaf.edu/store/people.html" "Mozilla/4.0 (compatible; MSIE 5.17; Mac_PowerPC)"
198.234.191.189 - - [01/Nov/2005:05:48:54 -0900] "GET /index_files/storetitle.gif HTTP/1.1" 200 14535 "http://photolab.elmer.uaf.edu/store/people.html" "Mozilla/4.0 (compatible; MSIE 5.17; Mac_PowerPC)"
198.234.191.189 - - [01/Nov/2005:05:48:54 -0900] "GET /store/photos/smalljpegs/(172)1989-0166-01182.jpg HTTP/1.1" 200 30897 "http://photolab.elmer.uaf.edu/store/people.html" "Mozilla/4.0 (compatible; MSIE 5.17; Mac_PowerPC)"
198.234.191.189 - - [01/Nov/2005:05:48:54 -0900] "GET /store/photos/smalljpegs/(151)1989-0166-00382.jpg HTTP/1.1" 200 30137 "http://photolab.elmer.uaf.edu/store/people.html" "Mozilla/4.0 (compatible; MSIE 5.17; Mac_PowerPC)"
198.234.191.189 - - [01/Nov/2005:05:48:55 -0900] "GET /store/photos/smalljpegs/(150)1972-0071-00102.jpg HTTP/1.1" 200 31506 "http://photolab.elmer.uaf.edu/store/people.html" "Mozilla/4.0 (compatible; MSIE 5.17; Mac_PowerPC)"
198.234.191.189 - - [01/Nov/2005:05:48:55 -0900] "GET /store/photos/smalljpegs/(145)1972-0071-02415.jpg HTTP/1.1" 200 25683 "http://photolab.elmer.uaf.edu/store/people.html" "Mozilla/4.0 (compatible; MSIE 5.17; Mac_PowerPC)"
61.172.49.246 - - [01/Nov/2005:05:49:30 -0900] "GET /store/alaskanatives.html HTTP/1.1" 200 23188 "http://www.google.com/search?hl=zh-CN&q=eskimo+skin+boat&btnG=Google+%E6%90%9C%E7%B4%A2&lr=" "Mozilla/4.0 (compatible; MSIE 6.0; Windows NT 5.1; SV1; Poco 0.31)"
61.172.49.246 - - [01/Nov/2005:05:49:31 -0900] "GET /index_files/store.css HTTP/1.1" 200 2756 "http://photolab.elmer.uaf.edu/store/alaskanatives.html" "Mozilla/4.0 (compatible; MSIE 6.0; Windows NT 5.1; SV1; Poco 0.31)"
61.172.49.246 - - [01/Nov/2005:05:49:32 -0900] "GET /index_files/aprbrown.jpg HTTP/1.1" 200 5509 "http://photolab.elmer.uaf.edu/store/alaskanatives.html" "Mozilla/4.0 (compatible; MSIE 6.0; Windows NT 5.1; SV1; Poco 0.31)"
61.172.49.246 - - [01/Nov/2005:05:49:32 -0900] "GET /index_files/titlebrown.jpg HTTP/1.1" 200 5451 "http://photolab.elmer.uaf.edu/store/alaskanatives.html" "Mozilla/4.0 (compatible; MSIE 6.0; Windows NT 5.1; SV1; Poco 0.31)"
61.172.49.246 - - [01/Nov/2005:05:49:32 -0900] "GET /index_files/menubar.gif HTTP/1.1" 200 2913 "http://photolab.elmer.uaf.edu/store/alaskanatives.html" "Mozilla/4.0 (compatible; MSIE 6.0; Windows NT 5.1; SV1; Poco 0.31)"
61.172.49.246 - - [01/Nov/2005:05:49:32 -0900] "GET /store/photos/smalljpegs/(009)1975-0146-00003.jpg HTTP/1.1" 200 35453 "http://photolab.elmer.uaf.edu/store/alaskanatives.html" "Mozilla/4.0 (compatible; MSIE 6.0; Windows NT 5.1; SV1; Poco 0.31)"
61.172.49.246 - - [01/Nov/2005:05:49:32 -0900] "GET /store/photos/smalljpegs/(007)1972-0071-03234.jpg HTTP/1.1" 200 32052 "http://photolab.elmer.uaf.edu/store/alaskanatives.html" "Mozilla/4.0 (compatible; MSIE 6.0; Windows NT 5.1; SV1; Poco 0.31)"
61.172.49.246 - - [01/Nov/2005:05:49:33 -0900] "GET /index_files/storetitle.gif HTTP/1.1" 200 14535 "http://photolab.elmer.uaf.edu/store/alaskanatives.html" "Mozilla/4.0 (compatible; MSIE 6.0; Windows NT 5.1; SV1; Poco 0.31)"
61.172.49.246 - - [01/Nov/2005:05:49:33 -0900] "GET /store/photos/smalljpegs/(012)1989-0166-00375.jpg HTTP/1.1" 200 41883 "http://photolab.elmer.uaf.edu/store/alaskanatives.html" "Mozilla/4.0 (compatible; MSIE 6.0; Windows NT 5.1; SV1; Poco 0.31)"
61.172.49.246 - - [01/Nov/2005:05:49:34 -0900] "GET /store/photos/smalljpegs/(040)1958-1026-01700.jpg HTTP/1.1" 200 30523 "http://photolab.elmer.uaf.edu/store/alaskanatives.html" "Mozilla/4.0 (compatible; MSIE 6.0; Windows NT 5.1; SV1; Poco 0.31)"
61.172.49.246 - - [01/Nov/2005:05:49:34 -0900] "GET /store/photos/smalljpegs/(041)1989-0166-00699.jpg HTTP/1.1" 200 28697 "http://photolab.elmer.uaf.edu/store/alaskanatives.html" "Mozilla/4.0 (compatible; MSIE 6.0; Windows NT 5.1; SV1; Poco 0.31)"
61.172.49.246 - - [01/Nov/2005:05:49:35 -0900] "GET /store/photos/smalljpegs/(055)1966-0054-00104.jpg HTTP/1.1" 200 35929 "http://photolab.elmer.uaf.edu/store/alaskanatives.html" "Mozilla/4.0 (compatible; MSIE 6.0; Windows NT 5.1; SV1; Poco 0.31)"
61.172.49.246 - - [01/Nov/2005:05:49:36 -0900] "GET /store/photos/smalljpegs/(057)1972-0071-00823.jpg HTTP/1.1" 200 23575 "http://photolab.elmer.uaf.edu/store/alaskanatives.html" "Mozilla/4.0 (compatible; MSIE 6.0; Windows NT 5.1; SV1; Poco 0.31)"
61.172.49.246 - - [01/Nov/2005:05:49:36 -0900] "GET /store/photos/smalljpegs/(004)1958-1026-01477.jpg HTTP/1.1" 200 31263 "http://photolab.elmer.uaf.edu/store/alaskanatives.html" "Mozilla/4.0 (compatible; MSIE 6.0; Windows NT 5.1; SV1; Poco 0.31)"
61.172.49.246 - - [01/Nov/2005:05:49:37 -0900] "GET /store/photos/smalljpegs/(074)1968-0012-00009.jpg HTTP/1.1" 200 36819 "http://photolab.elmer.uaf.edu/store/alaskanatives.html" "Mozilla/4.0 (compatible; MSIE 6.0; Windows NT 5.1; SV1; Poco 0.31)"
61.172.49.246 - - [01/Nov/2005:05:49:37 -0900] "GET /store/photos/smalljpegs/(080)1958-1026-01682.jpg HTTP/1.1" 200 34989 "http://photolab.elmer.uaf.edu/store/alaskanatives.html" "Mozilla/4.0 (compatible; MSIE 6.0; Windows NT 5.1; SV1; Poco 0.31)"
61.172.49.246 - - [01/Nov/2005:05:49:38 -0900] "GET /store/photos/smalljpegs/(083)1989-0166-00380.jpg HTTP/1.1" 200 32119 "http://photolab.elmer.uaf.edu/store/alaskanatives.html" "Mozilla/4.0 (compatible; MSIE 6.0; Windows NT 5.1; SV1; Poco 0.31)"
61.172.49.246 - - [01/Nov/2005:05:49:39 -0900] "GET /store/photos/smalljpegs/(101)1995-0244-01044.jpg HTTP/1.1" 200 33660 "http://photolab.elmer.uaf.edu/store/alaskanatives.html" "Mozilla/4.0 (compatible; MSIE 6.0; Windows NT 5.1; SV1; Poco 0.31)"
61.172.49.246 - - [01/Nov/2005:05:49:39 -0900] "GET /store/photos/smalljpegs/(102)1972-0071-00804.jpg HTTP/1.1" 200 33600 "http://photolab.elmer.uaf.edu/store/alaskanatives.html" "Mozilla/4.0 (compatible; MSIE 6.0; Windows NT 5.1; SV1; Poco 0.31)"
61.172.49.246 - - [01/Nov/2005:05:49:40 -0900] "GET /store/photos/smalljpegs/(103)1972-0071-02925.jpg HTTP/1.1" 200 30024 "http://photolab.elmer.uaf.edu/store/alaskanatives.html" "Mozilla/4.0 (compatible; MSIE 6.0; Windows NT 5.1; SV1; Poco 0.31)"
61.172.49.246 - - [01/Nov/2005:05:49:40 -0900] "GET /store/photos/smalljpegs/(104)1958-1026-02106.jpg HTTP/1.1" 200 34617 "http://photolab.elmer.uaf.edu/store/alaskanatives.html" "Mozilla/4.0 (compatible; MSIE 6.0; Windows NT 5.1; SV1; Poco 0.31)"
61.172.49.246 - - [01/Nov/2005:05:49:41 -0900] "GET /store/photos/smalljpegs/(105)1989-0166-00522a.jpg HTTP/1.1" 200 25417 "http://photolab.elmer.uaf.edu/store/alaskanatives.html" "Mozilla/4.0 (compatible; MSIE 6.0; Windows NT 5.1; SV1; Poco 0.31)"
61.172.49.246 - - [01/Nov/2005:05:49:41 -0900] "GET /store/photos/smalljpegs/(106)1972-0071-03229.jpg HTTP/1.1" 200 38182 "http://photolab.elmer.uaf.edu/store/alaskanatives.html" "Mozilla/4.0 (compatible; MSIE 6.0; Windows NT 5.1; SV1; Poco 0.31)"
61.172.49.246 - - [01/Nov/2005:05:49:43 -0900] "GET /store/photos/smalljpegs/(107)1958-1026-02271.jpg HTTP/1.1" 200 34747 "http://photolab.elmer.uaf.edu/store/alaskanatives.html" "Mozilla/4.0 (compatible; MSIE 6.0; Windows NT 5.1; SV1; Poco 0.31)"
61.172.49.246 - - [01/Nov/2005:05:49:43 -0900] "GET /store/photos/smalljpegs/(108)1966-0054-00248.jpg HTTP/1.1" 200 41001 "http://photolab.elmer.uaf.edu/store/alaskanatives.html" "Mozilla/4.0 (compatible; MSIE 6.0; Windows NT 5.1; SV1; Poco 0.31)"
61.172.49.246 - - [01/Nov/2005:05:49:44 -0900] "GET /store/photos/smalljpegs/(109)1972-0071-03235.jpg HTTP/1.1" 200 39850 "http://photolab.elmer.uaf.edu/store/alaskanatives.html" "Mozilla/4.0 (compatible; MSIE 6.0; Windows NT 5.1; SV1; Poco 0.31)"
61.172.49.246 - - [01/Nov/2005:05:49:44 -0900] "GET /store/photos/smalljpegs/(110)1958-1026-01591.jpg HTTP/1.1" 200 38244 "http://photolab.elmer.uaf.edu/store/alaskanatives.html" "Mozilla/4.0 (compatible; MSIE 6.0; Windows NT 5.1; SV1; Poco 0.31)"
61.172.49.246 - - [01/Nov/2005:05:49:45 -0900] "GET /store/photos/smalljpegs/(112)1958-1026-01589.jpg HTTP/1.1" 200 31936 "http://photolab.elmer.uaf.edu/store/alaskanatives.html" "Mozilla/4.0 (compatible; MSIE 6.0; Windows NT 5.1; SV1; Poco 0.31)"
61.172.49.246 - - [01/Nov/2005:05:49:47 -0900] "GET /store/photos/smalljpegs/(114)1972-0071-00776.jpg HTTP/1.1" 200 24068 "http://photolab.elmer.uaf.edu/store/alaskanatives.html" "Mozilla/4.0 (compatible; MSIE 6.0; Windows NT 5.1; SV1; Poco 0.31)"
61.172.49.246 - - [01/Nov/2005:05:49:46 -0900] "GET /store/photos/smalljpegs/(113)1972-0071-02895.jpg HTTP/1.1" 200 36468 "http://photolab.elmer.uaf.edu/store/alaskanatives.html" "Mozilla/4.0 (compatible; MSIE 6.0; Windows NT 5.1; SV1; Poco 0.31)"
61.172.49.246 - - [01/Nov/2005:05:49:47 -0900] "GET /store/photos/smalljpegs/(115)1989-0166-00398.jpg HTTP/1.1" 200 30154 "http://photolab.elmer.uaf.edu/store/alaskanatives.html" "Mozilla/4.0 (compatible; MSIE 6.0; Windows NT 5.1; SV1; Poco 0.31)"
61.172.49.246 - - [01/Nov/2005:05:49:48 -0900] "GET /store/photos/smalljpegs/(116)1989-0166-00402.jpg HTTP/1.1" 200 30729 "http://photolab.elmer.uaf.edu/store/alaskanatives.html" "Mozilla/4.0 (compatible; MSIE 6.0; Windows NT 5.1; SV1; Poco 0.31)"
61.172.49.246 - - [01/Nov/2005:05:49:49 -0900] "GET /store/photos/smalljpegs/(119)1968-0069-02524.jpg HTTP/1.1" 200 31385 "http://photolab.elmer.uaf.edu/store/alaskanatives.html" "Mozilla/4.0 (compatible; MSIE 6.0; Windows NT 5.1; SV1; Poco 0.31)"
61.172.49.246 - - [01/Nov/2005:05:49:49 -0900] "GET /store/photos/smalljpegs/(118)1989-0166-00389.jpg HTTP/1.1" 200 39923 "http://photolab.elmer.uaf.edu/store/alaskanatives.html" "Mozilla/4.0 (compatible; MSIE 6.0; Windows NT 5.1; SV1; Poco 0.31)"
61.172.49.246 - - [01/Nov/2005:05:49:50 -0900] "GET /store/photos/smalljpegs/(120)1966-0054-00114.jpg HTTP/1.1" 200 30387 "http://photolab.elmer.uaf.edu/store/alaskanatives.html" "Mozilla/4.0 (compatible; MSIE 6.0; Windows NT 5.1; SV1; Poco 0.31)"
61.172.49.246 - - [01/Nov/2005:05:49:50 -0900] "GET /store/photos/smalljpegs/(123)2002-0134-00056.jpg HTTP/1.1" 200 34062 "http://photolab.elmer.uaf.edu/store/alaskanatives.html" "Mozilla/4.0 (compatible; MSIE 6.0; Windows NT 5.1; SV1; Poco 0.31)"
61.172.49.246 - - [01/Nov/2005:05:49:51 -0900] "GET /store/photos/smalljpegs/(126)2002-0134-00097.jpg HTTP/1.1" 200 32555 "http://photolab.elmer.uaf.edu/store/alaskanatives.html" "Mozilla/4.0 (compatible; MSIE 6.0; Windows NT 5.1; SV1; Poco 0.31)"
61.172.49.246 - - [01/Nov/2005:05:49:52 -0900] "GET /index_files/bluebear.gif HTTP/1.1" 200 1263 "http://photolab.elmer.uaf.edu/store/alaskanatives.html" "Mozilla/4.0 (compatible; MSIE 6.0; Windows NT 5.1; SV1; Poco 0.31)"
61.172.49.246 - - [01/Nov/2005:05:49:53 -0900] "GET /index_files/sitemap.gif HTTP/1.1" 200 1503 "http://photolab.elmer.uaf.edu/store/alaskanatives.html" "Mozilla/4.0 (compatible; MSIE 6.0; Windows NT 5.1; SV1; Poco 0.31)"
61.172.49.246 - - [01/Nov/2005:05:49:51 -0900] "GET /store/photos/smalljpegs/(165)1989-0166-01146.jpg HTTP/1.1" 200 38177 "http://photolab.elmer.uaf.edu/store/alaskanatives.html" "Mozilla/4.0 (compatible; MSIE 6.0; Windows NT 5.1; SV1; Poco 0.31)"
193.60.223.248 - - [01/Nov/2005:05:50:48 -0900] "GET /store/people.html HTTP/1.1" 200 21075 "http://images.google.co.uk/imgres?imgurl=http://photolab.elmer.uaf.edu/store/photos/largejpegs/(151)1989-0166-00382.jpg&imgrefurl=http://photolab.elmer.uaf.edu/store/people.html&h=1000&w=779&sz=119&tbnid=Qo3zBc1FX24J:&tbnh=149&tbnw=116&hl=en&start=23&prev=/images%3Fq%3DFamous%2Bportraits%26start%3D20%26svnum%3D10%26hl%3Den%26lr%3D%26sa%3DN" "Mozilla/4.0 (compatible; MSIE 6.0; Windows NT 5.1; SV1; .NET CLR 1.1.4322)"
193.60.223.248 - - [01/Nov/2005:05:50:48 -0900] "GET /index_files/store.css HTTP/1.1" 200 2756 "http://photolab.elmer.uaf.edu/store/people.html" "Mozilla/4.0 (compatible; MSIE 6.0; Windows NT 5.1; SV1; .NET CLR 1.1.4322)"
193.60.223.248 - - [01/Nov/2005:05:50:49 -0900] "GET /store/photos/largejpegs/(151)1989-0166-00382.jpg HTTP/1.1" 200 121005 "http://images.google.co.uk/imgres?imgurl=http://photolab.elmer.uaf.edu/store/photos/largejpegs/(151)1989-0166-00382.jpg&imgrefurl=http://photolab.elmer.uaf.edu/store/people.html&h=1000&w=779&sz=119&tbnid=Qo3zBc1FX24J:&tbnh=149&tbnw=116&hl=en&prev=/images%3Fq%3DFamous%2Bportraits%26start%3D20%26svnum%3D10%26hl%3Den%26lr%3D%26sa%3DN&frame=small" "Mozilla/4.0 (compatible; MSIE 6.0; Windows NT 5.1; SV1; .NET CLR 1.1.4322)"
193.60.223.248 - - [01/Nov/2005:05:50:57 -0900] "GET /store/people.html HTTP/1.1" 206 4691 "http://images.google.co.uk/imgres?imgurl=http://photolab.elmer.uaf.edu/store/photos/largejpegs/(151)1989-0166-00382.jpg&imgrefurl=http://photolab.elmer.uaf.edu/store/people.html&h=1000&w=779&sz=119&tbnid=Qo3zBc1FX24J:&tbnh=149&tbnw=116&hl=en&start=23&prev=/images%3Fq%3DFamous%2Bportraits%26start%3D20%26svnum%3D10%26hl%3Den%26lr%3D%26sa%3DN" "Mozilla/4.0 (compatible; MSIE 6.0; Windows NT 5.1; SV1; .NET CLR 1.1.4322)"
193.60.223.248 - - [01/Nov/2005:05:50:57 -0900] "GET /index_files/store.css HTTP/1.1" 200 2756 "http://photolab.elmer.uaf.edu/store/people.html" "Mozilla/4.0 (compatible; MSIE 6.0; Windows NT 5.1; SV1; .NET CLR 1.1.4322)"
193.60.223.248 - - [01/Nov/2005:05:50:57 -0900] "GET /index_files/titlebrown.jpg HTTP/1.1" 200 5451 "http://photolab.elmer.uaf.edu/store/people.html" "Mozilla/4.0 (compatible; MSIE 6.0; Windows NT 5.1; SV1; .NET CLR 1.1.4322)"
217.212.224.149 - - [01/Nov/2005:05:54:07 -0900] "GET /gallery/photos/19950244/16/pages/1995-0244-01619.html HTTP/1.0" 304 - "-" "psbot/0.1 (+http://www.picsearch.com/bot.html)"
217.212.224.149 - - [01/Nov/2005:05:55:56 -0900] "GET /gallery/photos/19850072/pages/1985-0072-00134.html HTTP/1.0" 304 - "-" "psbot/0.1 (+http://www.picsearch.com/bot.html)"
167.23.0.90 - - [01/Nov/2005:05:55:59 -0900] "GET /store/photos/largejpegs/(040)1958-1026-01700.jpg HTTP/1.1" 200 138785 "http://www.beusichem.web-log.nl/" "Mozilla/4.0 (compatible; MSIE 6.0; Windows NT 5.1)"
217.212.224.149 - - [01/Nov/2005:05:56:33 -0900] "GET /gallery/photos/20030109/0/index_5.html HTTP/1.0" 304 - "-" "psbot/0.1 (+http://www.picsearch.com/bot.html)"
217.212.224.149 - - [01/Nov/2005:05:57:35 -0900] "GET /gallery/photos/19950244/09/pages/1995-0244-00933.html HTTP/1.0" 304 - "-" "psbot/0.1 (+http://www.picsearch.com/bot.html)"
217.212.224.147 - - [01/Nov/2005:05:58:20 -0900] "GET /gallery/photos/19910046/04/pages/1991-0046-00410.html HTTP/1.0" 304 - "-" "psbot/0.1 (+http://www.picsearch.com/bot.html)"
217.212.224.147 - - [01/Nov/2005:05:59:05 -0900] "GET /gallery/photos/19910046/04/pages/1991-0046-00413.html HTTP/1.0" 304 - "-" "psbot/0.1 (+http://www.picsearch.com/bot.html)"
217.212.224.147 - - [01/Nov/2005:05:59:48 -0900] "GET /gallery/photos/19910046/04/pages/1991-0046-00416.html HTTP/1.0" 304 - "-" "psbot/0.1 (+http://www.picsearch.com/bot.html)"
81.35.158.187 - - [01/Nov/2005:05:59:48 -0900] "GET /gallery/photos/19640042/2/pages/1964-0042-00225.htm HTTP/1.1" 200 1884 "-" "Mozilla/4.0 (compatible; MSIE 6.0; Windows 98)"
81.35.158.187 - - [01/Nov/2005:05:59:51 -0900] "GET /gallery/photos/19660054/02/pages/1966-0054-00225.html HTTP/1.1" 200 1760 "-" "Mozilla/4.0 (compatible; MSIE 6.0; Windows 98)"
81.35.158.187 - - [01/Nov/2005:06:00:14 -0900] "GET /gallery/photos/19800068/2/index_3.html HTTP/1.1" 200 6952 "-" "Mozilla/4.0 (compatible; MSIE 6.0; Windows 98)"
81.35.158.187 - - [01/Nov/2005:06:00:15 -0900] "GET /gallery/photos/19640042/2/index_3.htm HTTP/1.1" 200 7207 "-" "Mozilla/4.0 (compatible; MSIE 6.0; Windows 98)"
217.212.224.147 - - [01/Nov/2005:06:01:23 -0900] "GET /gallery/photos/19890207/0/pages/1989-0207-00016.html HTTP/1.0" 304 - "-" "psbot/0.1 (+http://www.picsearch.com/bot.html)"
213.84.53.235 - - [01/Nov/2005:06:01:35 -0900] "GET /store/photos/largejpegs/(040)1958-1026-01700.jpg HTTP/1.1" 200 138785 "-" "Mozilla/4.0 (compatible; MSIE 6.0; Windows NT 5.1; SV1)"
217.212.224.147 - - [01/Nov/2005:06:02:06 -0900] "GET /gallery/photos/19890207/0/pages/1989-0207-00017.html HTTP/1.0" 304 - "-" "psbot/0.1 (+http://www.picsearch.com/bot.html)"
217.212.224.147 - - [01/Nov/2005:06:02:49 -0900] "GET /gallery/photos/20010129/3/pages/2001-0129-00326.html HTTP/1.0" 304 - "-" "psbot/0.1 (+http://www.picsearch.com/bot.html)"
217.212.224.147 - - [01/Nov/2005:06:03:30 -0900] "GET /gallery/photos/19940070/1/pages/1994-0070-00115.html HTTP/1.0" 304 - "-" "psbot/0.1 (+http://www.picsearch.com/bot.html)"
61.135.146.206 - - [01/Nov/2005:06:03:39 -0900] "GET /robots.txt HTTP/1.1" 200 96 "-" "Baiduspider+(+http://www.baidu.com/search/spider.htm)"
217.212.224.147 - - [01/Nov/2005:06:04:13 -0900] "GET /gallery/photos/20040145/0/pages/2004-0145-00024.htm HTTP/1.0" 304 - "-" "psbot/0.1 (+http://www.picsearch.com/bot.html)"
217.212.224.147 - - [01/Nov/2005:06:04:58 -0900] "GET /gallery/photos/19890207/0/pages/1989-0207-00023.html HTTP/1.0" 304 - "-" "psbot/0.1 (+http://www.picsearch.com/bot.html)"
217.212.224.147 - - [01/Nov/2005:06:05:44 -0900] "GET /gallery/photos/19910156/web/0/pages/1991-0156-00046.html HTTP/1.0" 304 - "-" "psbot/0.1 (+http://www.picsearch.com/bot.html)"
217.212.224.147 - - [01/Nov/2005:06:06:28 -0900] "GET /gallery/photos/20030174/2/ HTTP/1.0" 304 - "-" "psbot/0.1 (+http://www.picsearch.com/bot.html)"
217.212.224.147 - - [01/Nov/2005:06:07:09 -0900] "GET /gallery/photos/20020164/pages/2002-0164-00035.html HTTP/1.0" 304 - "-" "psbot/0.1 (+http://www.picsearch.com/bot.html)"
217.212.224.147 - - [01/Nov/2005:06:07:54 -0900] "GET /gallery/photos/19900043/08/pages/1990-0043-00829.html HTTP/1.0" 304 - "-" "psbot/0.1 (+http://www.picsearch.com/bot.html)"
217.212.224.147 - - [01/Nov/2005:06:08:36 -0900] "GET /gallery/photos/19940096/4/pages/1994-0096-00423.html HTTP/1.0" 304 - "-" "psbot/0.1 (+http://www.picsearch.com/bot.html)"
217.212.224.147 - - [01/Nov/2005:06:09:19 -0900] "GET /gallery/photos/20020015/1/pages/2002-0015-00103m.html HTTP/1.0" 304 - "-" "psbot/0.1 (+http://www.picsearch.com/bot.html)"
216.218.81.252 - - [01/Nov/2005:06:09:17 -0900] "GET /store/photos/largejpegs/(040)1958-1026-01700.jpg HTTP/1.1" 200 138785 "http://www.beusichem.web-log.nl/" "Mozilla/4.0 (compatible; MSIE 6.0; Windows NT 5.1; SV1)"
217.212.224.147 - - [01/Nov/2005:06:10:03 -0900] "GET /gallery/photos/20030040/0/pages/2003-0040-00042.html HTTP/1.0" 304 - "-" "psbot/0.1 (+http://www.picsearch.com/bot.html)"
217.212.224.147 - - [01/Nov/2005:06:10:45 -0900] "GET /gallery/photos/19900043/09/pages/1990-0043-00926.html HTTP/1.0" 304 - "-" "psbot/0.1 (+http://www.picsearch.com/bot.html)"
217.212.224.147 - - [01/Nov/2005:06:11:32 -0900] "GET /gallery/photos/19700058/4/pages/1970-0058-00401.html HTTP/1.0" 304 - "-" "psbot/0.1 (+http://www.picsearch.com/bot.html)"
82.75.17.28 - - [01/Nov/2005:06:11:46 -0900] "GET /store/photos/largejpegs/(040)1958-1026-01700.jpg HTTP/1.1" 206 50741 "http://www.beusichem.web-log.nl/" "Mozilla/5.0 (Windows; U; Windows NT 5.1; nl-NL; rv:1.7.10) Gecko/20050717 Firefox/1.0.6"
62.211.24.18 - - [01/Nov/2005:06:12:20 -0900] "GET /gallery/maps/mapg3270a.html HTTP/1.1" 200 15972 "http://images.google.it/imgres?imgurl=http://photolab.elmer.uaf.edu/gallery/maps/G3200/large/G3270%2520%255B1645_%255D%2520B551.jpg&imgrefurl=http://photolab.elmer.uaf.edu/gallery/maps/mapg3270a.html&h=1060&w=1200&sz=299&tbnid=9Zyi08BnEvUJ:&tbnh=132&tbnw=150&hl=it&start=124&prev=/images%3Fq%3Djodocus%2Bhondius%26start%3D120%26svnum%3D10%26hl%3Dit%26lr%3D%26client%3Dfirefox-a%26rls%3Dorg.mozilla:it-IT:official_s%26sa%3DN" "Mozilla/5.0 (Windows; U; Windows NT 5.1; it-IT; rv:1.7.12) Gecko/20050919 Firefox/1.0.7"
217.212.224.147 - - [01/Nov/2005:06:12:21 -0900] "GET /gallery/photos/20030109/1/pages/2003-0109-00135.html HTTP/1.0" 304 - "-" "psbot/0.1 (+http://www.picsearch.com/bot.html)"
62.211.24.18 - - [01/Nov/2005:06:12:20 -0900] "GET /gallery/maps/G3200/large/G3270%20%5B1645_%5D%20B551.jpg HTTP/1.1" 200 305398 "http://images.google.it/imgres?imgurl=http://photolab.elmer.uaf.edu/gallery/maps/G3200/large/G3270%2520%255B1645_%255D%2520B551.jpg&imgrefurl=http://photolab.elmer.uaf.edu/gallery/maps/mapg3270a.html&h=1060&w=1200&sz=299&tbnid=9Zyi08BnEvUJ:&tbnh=132&tbnw=150&hl=it&prev=/images%3Fq%3Djodocus%2Bhondius%26start%3D120%26svnum%3D10%26hl%3Dit%26lr%3D%26client%3Dfirefox-a%26rls%3Dorg.mozilla:it-IT:official_s%26sa%3DN&frame=small" "Mozilla/5.0 (Windows; U; Windows NT 5.1; it-IT; rv:1.7.12) Gecko/20050919 Firefox/1.0.7"
217.212.224.147 - - [01/Nov/2005:06:13:05 -0900] "GET /gallery/photos/19880041/0/pages/1988-0041-00052.htm HTTP/1.0" 304 - "-" "psbot/0.1 (+http://www.picsearch.com/bot.html)"
62.211.24.18 - - [01/Nov/2005:06:13:14 -0900] "GET /index_files/lib.css HTTP/1.1" 200 2634 "http://photolab.elmer.uaf.edu/gallery/maps/mapg3270a.html" "Mozilla/5.0 (Windows; U; Windows NT 5.1; it-IT; rv:1.7.12) Gecko/20050919 Firefox/1.0.7"
62.211.24.18 - - [01/Nov/2005:06:13:13 -0900] "GET /gallery/maps/mapg3270a.html HTTP/1.1" 200 15972 "http://images.google.it/imgres?imgurl=http://photolab.elmer.uaf.edu/gallery/maps/G3200/large/G3270%2520%255B1645_%255D%2520B551.jpg&imgrefurl=http://photolab.elmer.uaf.edu/gallery/maps/mapg3270a.html&h=1060&w=1200&sz=299&tbnid=9Zyi08BnEvUJ:&tbnh=132&tbnw=150&hl=it&start=124&prev=/images%3Fq%3Djodocus%2Bhondius%26start%3D120%26svnum%3D10%26hl%3Dit%26lr%3D%26client%3Dfirefox-a%26rls%3Dorg.mozilla:it-IT:official_s%26sa%3DN" "Mozilla/5.0 (Windows; U; Windows NT 5.1; it-IT; rv:1.7.12) Gecko/20050919 Firefox/1.0.7"
62.211.24.18 - - [01/Nov/2005:06:13:14 -0900] "GET /index_files/title.jpg HTTP/1.1" 200 5438 "http://photolab.elmer.uaf.edu/gallery/maps/mapg3270a.html" "Mozilla/5.0 (Windows; U; Windows NT 5.1; it-IT; rv:1.7.12) Gecko/20050919 Firefox/1.0.7"
62.211.24.18 - - [01/Nov/2005:06:13:15 -0900] "GET /index_files/empty.gif HTTP/1.1" 200 45 "http://photolab.elmer.uaf.edu/gallery/maps/mapg3270a.html" "Mozilla/5.0 (Windows; U; Windows NT 5.1; it-IT; rv:1.7.12) Gecko/20050919 Firefox/1.0.7"
62.211.24.18 - - [01/Nov/2005:06:13:14 -0900] "GET /index_files/apr.jpg HTTP/1.1" 200 6015 "http://photolab.elmer.uaf.edu/gallery/maps/mapg3270a.html" "Mozilla/5.0 (Windows; U; Windows NT 5.1; it-IT; rv:1.7.12) Gecko/20050919 Firefox/1.0.7"
62.211.24.18 - - [01/Nov/2005:06:13:15 -0900] "GET /favicon.ico HTTP/1.1" 404 307 "-" "-"
62.211.24.18 - - [01/Nov/2005:06:13:15 -0900] "GET /index_files/small.dps.jpg HTTP/1.1" 200 5830 "http://photolab.elmer.uaf.edu/gallery/maps/mapg3270a.html" "Mozilla/5.0 (Windows; U; Windows NT 5.1; it-IT; rv:1.7.12) Gecko/20050919 Firefox/1.0.7"
62.211.24.18 - - [01/Nov/2005:06:13:15 -0900] "GET /index_files/small.jpg HTTP/1.1" 200 2294 "http://photolab.elmer.uaf.edu/gallery/maps/mapg3270a.html" "Mozilla/5.0 (Windows; U; Windows NT 5.1; it-IT; rv:1.7.12) Gecko/20050919 Firefox/1.0.7"
62.211.24.18 - - [01/Nov/2005:06:13:15 -0900] "GET /index_files/small_002.jpg HTTP/1.1" 200 1351 "http://photolab.elmer.uaf.edu/gallery/maps/mapg3270a.html" "Mozilla/5.0 (Windows; U; Windows NT 5.1; it-IT; rv:1.7.12) Gecko/20050919 Firefox/1.0.7"
62.211.24.18 - - [01/Nov/2005:06:13:15 -0900] "GET /index_files/small_003.jpg HTTP/1.1" 200 1521 "http://photolab.elmer.uaf.edu/gallery/maps/mapg3270a.html" "Mozilla/5.0 (Windows; U; Windows NT 5.1; it-IT; rv:1.7.12) Gecko/20050919 Firefox/1.0.7"
62.211.24.18 - - [01/Nov/2005:06:13:16 -0900] "GET /gallery/maps/G3200/small/G3270%20%5B1600_%5D%20B87.jpg HTTP/1.1" 200 17323 "http://photolab.elmer.uaf.edu/gallery/maps/mapg3270a.html" "Mozilla/5.0 (Windows; U; Windows NT 5.1; it-IT; rv:1.7.12) Gecko/20050919 Firefox/1.0.7"
62.211.24.18 - - [01/Nov/2005:06:13:16 -0900] "GET /gallery/maps/G3200/small/G3271%20S12%20%5B1601%5D%20B79.jpg HTTP/1.1" 200 19484 "http://photolab.elmer.uaf.edu/gallery/maps/mapg3270a.html" "Mozilla/5.0 (Windows; U; Windows NT 5.1; it-IT; rv:1.7.12) Gecko/20050919 Firefox/1.0.7"
62.211.24.18 - - [01/Nov/2005:06:13:17 -0900] "GET /gallery/maps/G3200/small/G3270%20%5B1613_%5D.jpg HTTP/1.1" 200 14983 "http://photolab.elmer.uaf.edu/gallery/maps/mapg3270a.html" "Mozilla/5.0 (Windows; U; Windows NT 5.1; it-IT; rv:1.7.12) Gecko/20050919 Firefox/1.0.7"
62.211.24.18 - - [01/Nov/2005:06:13:17 -0900] "GET /gallery/maps/G3200/small/G3270%201634%20M4.jpg HTTP/1.1" 200 15633 "http://photolab.elmer.uaf.edu/gallery/maps/mapg3270a.html" "Mozilla/5.0 (Windows; U; Windows NT 5.1; it-IT; rv:1.7.12) Gecko/20050919 Firefox/1.0.7"
62.211.24.18 - - [01/Nov/2005:06:13:18 -0900] "GET /gallery/maps/G3200/small/G3270%20%5B1645_%5D%20B551.jpg HTTP/1.1" 200 17323 "http://photolab.elmer.uaf.edu/gallery/maps/mapg3270a.html" "Mozilla/5.0 (Windows; U; Windows NT 5.1; it-IT; rv:1.7.12) Gecko/20050919 Firefox/1.0.7"
62.211.24.18 - - [01/Nov/2005:06:13:18 -0900] "GET /gallery/maps/G3200/small/G3270%20%5B1662%5D%20B551.jpg HTTP/1.1" 200 18257 "http://photolab.elmer.uaf.edu/gallery/maps/mapg3270a.html" "Mozilla/5.0 (Windows; U; Windows NT 5.1; it-IT; rv:1.7.12) Gecko/20050919 Firefox/1.0.7"
62.211.24.18 - - [01/Nov/2005:06:13:19 -0900] "GET /gallery/maps/G3200/small/G3270%20%5B1693%5D%20M665.jpg HTTP/1.1" 200 14538 "http://photolab.elmer.uaf.edu/gallery/maps/mapg3270a.html" "Mozilla/5.0 (Windows; U; Windows NT 5.1; it-IT; rv:1.7.12) Gecko/20050919 Firefox/1.0.7"
62.211.24.18 - - [01/Nov/2005:06:13:19 -0900] "GET /gallery/maps/G3200/small/G3270%20%5B1667_%5D%20B52.jpg HTTP/1.1" 200 17909 "http://photolab.elmer.uaf.edu/gallery/maps/mapg3270a.html" "Mozilla/5.0 (Windows; U; Windows NT 5.1; it-IT; rv:1.7.12) Gecko/20050919 Firefox/1.0.7"
62.211.24.18 - - [01/Nov/2005:06:13:20 -0900] "GET /gallery/maps/G3200/small/G3270%20%5B1698_%5D%20C68.jpg HTTP/1.1" 200 13328 "http://photolab.elmer.uaf.edu/gallery/maps/mapg3270a.html" "Mozilla/5.0 (Windows; U; Windows NT 5.1; it-IT; rv:1.7.12) Gecko/20050919 Firefox/1.0.7"
62.211.24.18 - - [01/Nov/2005:06:13:20 -0900] "GET /gallery/maps/G3200/small/G3270%20%5B1696_%5D%20C68.jpg HTTP/1.1" 200 16389 "http://photolab.elmer.uaf.edu/gallery/maps/mapg3270a.html" "Mozilla/5.0 (Windows; U; Windows NT 5.1; it-IT; rv:1.7.12) Gecko/20050919 Firefox/1.0.7"
62.211.24.18 - - [01/Nov/2005:06:13:21 -0900] "GET /gallery/maps/G3200/small/G3270%20%5B1720%5D%20B692.jpg HTTP/1.1" 200 17085 "http://photolab.elmer.uaf.edu/gallery/maps/mapg3270a.html" "Mozilla/5.0 (Windows; U; Windows NT 5.1; it-IT; rv:1.7.12) Gecko/20050919 Firefox/1.0.7"
62.211.24.18 - - [01/Nov/2005:06:13:21 -0900] "GET /gallery/maps/G3200/small/G3270%20%5B1720%5D%20B692a.jpg HTTP/1.1" 200 17098 "http://photolab.elmer.uaf.edu/gallery/maps/mapg3270a.html" "Mozilla/5.0 (Windows; U; Windows NT 5.1; it-IT; rv:1.7.12) Gecko/20050919 Firefox/1.0.7"
62.211.24.18 - - [01/Nov/2005:06:13:22 -0900] "GET /gallery/maps/G3200/small/G3270%20%5B1734_%5D%20D87.jpg HTTP/1.1" 200 15709 "http://photolab.elmer.uaf.edu/gallery/maps/mapg3270a.html" "Mozilla/5.0 (Windows; U; Windows NT 5.1; it-IT; rv:1.7.12) Gecko/20050919 Firefox/1.0.7"
62.211.24.18 - - [01/Nov/2005:06:13:22 -0900] "GET /gallery/maps/G3200/small/G3270%20%5B1734_%5D.jpg HTTP/1.1" 200 16227 "http://photolab.elmer.uaf.edu/gallery/maps/mapg3270a.html" "Mozilla/5.0 (Windows; U; Windows NT 5.1; it-IT; rv:1.7.12) Gecko/20050919 Firefox/1.0.7"
62.211.24.18 - - [01/Nov/2005:06:13:44 -0900] "GET /gallery/maps/G3200/large/G3270%20%5B1600_%5D%20B87.jpg HTTP/1.1" 200 384172 "http://photolab.elmer.uaf.edu/gallery/maps/mapg3270a.html" "Mozilla/5.0 (Windows; U; Windows NT 5.1; it-IT; rv:1.7.12) Gecko/20050919 Firefox/1.0.7"
62.211.24.18 - - [01/Nov/2005:06:13:44 -0900] "GET /index_files/bar.gif HTTP/1.1" 200 342 "http://photolab.elmer.uaf.edu/gallery/maps/mapg3270a.html" "Mozilla/5.0 (Windows; U; Windows NT 5.1; it-IT; rv:1.7.12) Gecko/20050919 Firefox/1.0.7"
81.35.158.187 - - [01/Nov/2005:06:13:44 -0900] "GET /gallery/photos/19640042/2/index_3.htm#26 HTTP/1.1" 200 7207 "-" "Mozilla/4.0 (compatible; MSIE 6.0; Windows 98)"
217.212.224.147 - - [01/Nov/2005:06:13:46 -0900] "GET /gallery/photos/19700058/0/pages/1970-0058-00045.html HTTP/1.0" 304 - "-" "psbot/0.1 (+http://www.picsearch.com/bot.html)"
81.35.158.187 - - [01/Nov/2005:06:13:44 -0900] "GET /gallery/photos/19640042/2/pages/1964-0042-00224.htm HTTP/1.1" 200 1884 "-" "Mozilla/4.0 (compatible; MSIE 6.0; Windows 98)"
81.35.158.187 - - [01/Nov/2005:06:13:45 -0900] "GET /gallery/photos/19640042/2/pages/1964-0042-00226.htm HTTP/1.1" 200 1884 "-" "Mozilla/4.0 (compatible; MSIE 6.0; Windows 98)"
81.35.158.187 - - [01/Nov/2005:06:13:48 -0900] "GET /gallery/photos/19660054/02/pages/1966-0054-00224.html HTTP/1.1" 200 1760 "-" "Mozilla/4.0 (compatible; MSIE 6.0; Windows 98)"
81.35.158.187 - - [01/Nov/2005:06:13:48 -0900] "GET /gallery/photos/19660054/02/index_3.html HTTP/1.1" 200 7254 "-" "Mozilla/4.0 (compatible; MSIE 6.0; Windows 98)"
81.35.158.187 - - [01/Nov/2005:06:13:52 -0900] "GET /gallery/photos/19660054/02/pages/1966-0054-00226.html HTTP/1.1" 200 1760 "-" "Mozilla/4.0 (compatible; MSIE 6.0; Windows 98)"
216.166.192.252 - - [01/Nov/2005:06:13:44 -0900] "GET /store/maps/small%20jpegs/(002)%20G4370%20%5B1862_%5D%20C631.jpg HTTP/1.1" 200 42691 "http://images.google.com/imgres?imgurl=http://photolab.elmer.uaf.edu/store/maps/small%2520jpegs/(002)%2520G4370%2520%255B1862_%255D%2520C631.jpg&imgrefurl=http://photolab.elmer.uaf.edu/store/maps.html&h=235&w=300&sz=42&tbnid=2BknoWDu3OgJ:&tbnh=86&tbnw=111&hl=en&prev=/images%3Fq%3Dalaska%2Bmap%2B%2Bhistorical%26svnum%3D10%26hl%3Den%26lr%3D%26sa%3DN&frame=small" "Mozilla/4.0 (compatible; MSIE 6.0; Windows 98; .NET CLR 1.1.4322)"
62.211.24.18 - - [01/Nov/2005:06:13:44 -0900] "GET /gallery/maps/G3200/large/G3270%20%5B1600_%5D%20B87.jpg HTTP/1.1" 200 384172 "http://photolab.elmer.uaf.edu/gallery/maps/mapg3270a.html" "Mozilla/5.0 (Windows; U; Windows NT 5.1; it-IT; rv:1.7.12) Gecko/20050919 Firefox/1.0.7"
62.211.24.18 - - [01/Nov/2005:06:14:05 -0900] "GET /favicon.ico HTTP/1.1" 404 307 "-" "Mozilla/5.0 (Windows; U; Windows NT 5.1; it-IT; rv:1.7.12) Gecko/20050919 Firefox/1.0.7"
62.211.24.18 - - [01/Nov/2005:06:14:14 -0900] "GET /gallery/maps/G3200/small/G3270%20%5B1734_%5D.jpg HTTP/1.1" 206 3939 "http://photolab.elmer.uaf.edu/gallery/maps/mapg3270a.html" "Mozilla/5.0 (Windows; U; Windows NT 5.1; it-IT; rv:1.7.12) Gecko/20050919 Firefox/1.0.7"
62.211.24.18 - - [01/Nov/2005:06:14:15 -0900] "GET /gallery/maps/G3200/small/G3270%20%5B1734_%5D%20D87.jpg HTTP/1.1" 206 7517 "http://photolab.elmer.uaf.edu/gallery/maps/mapg3270a.html" "Mozilla/5.0 (Windows; U; Windows NT 5.1; it-IT; rv:1.7.12) Gecko/20050919 Firefox/1.0.7"
62.211.24.18 - - [01/Nov/2005:06:14:15 -0900] "GET /gallery/maps/G3200/small/G3270%201735%20T5.jpg HTTP/1.1" 200 15292 "http://photolab.elmer.uaf.edu/gallery/maps/mapg3270a.html" "Mozilla/5.0 (Windows; U; Windows NT 5.1; it-IT; rv:1.7.12) Gecko/20050919 Firefox/1.0.7"
62.211.24.18 - - [01/Nov/2005:06:14:16 -0900] "GET /gallery/maps/G3200/small/G3270%20%5B1736%5D%20B692.jpg HTTP/1.1" 200 16560 "http://photolab.elmer.uaf.edu/gallery/maps/mapg3270a.html" "Mozilla/5.0 (Windows; U; Windows NT 5.1; it-IT; rv:1.7.12) Gecko/20050919 Firefox/1.0.7"
62.211.24.18 - - [01/Nov/2005:06:14:16 -0900] "GET /gallery/maps/G3200/small/G3270%20%5B1747_%5D.jpg HTTP/1.1" 200 17753 "http://photolab.elmer.uaf.edu/gallery/maps/mapg3270a.html" "Mozilla/5.0 (Windows; U; Windows NT 5.1; it-IT; rv:1.7.12) Gecko/20050919 Firefox/1.0.7"
62.211.24.18 - - [01/Nov/2005:06:14:17 -0900] "GET /gallery/maps/G3200/small/G3270%20%5B1747%5D%20I55.jpg HTTP/1.1" 200 16563 "http://photolab.elmer.uaf.edu/gallery/maps/mapg3270a.html" "Mozilla/5.0 (Windows; U; Windows NT 5.1; it-IT; rv:1.7.12) Gecko/20050919 Firefox/1.0.7"
62.211.24.18 - - [01/Nov/2005:06:14:17 -0900] "GET /gallery/maps/G3200/small/G3270%201754%20G4.jpg HTTP/1.1" 200 17083 "http://photolab.elmer.uaf.edu/gallery/maps/mapg3270a.html" "Mozilla/5.0 (Windows; U; Windows NT 5.1; it-IT; rv:1.7.12) Gecko/20050919 Firefox/1.0.7"
62.211.24.18 - - [01/Nov/2005:06:14:18 -0900] "GET /gallery/maps/G3200/small/G3270%20%5B1770_%5D%20G52.jpg HTTP/1.1" 200 17617 "http://photolab.elmer.uaf.edu/gallery/maps/mapg3270a.html" "Mozilla/5.0 (Windows; U; Windows NT 5.1; it-IT; rv:1.7.12) Gecko/20050919 Firefox/1.0.7"
62.211.24.18 - - [01/Nov/2005:06:14:18 -0900] "GET /gallery/maps/G3200/small/G3270%20%5B1779%5D%20V38.jpg HTTP/1.1" 200 16953 "http://photolab.elmer.uaf.edu/gallery/maps/mapg3270a.html" "Mozilla/5.0 (Windows; U; Windows NT 5.1; it-IT; rv:1.7.12) Gecko/20050919 Firefox/1.0.7"
62.211.24.18 - - [01/Nov/2005:06:14:19 -0900] "GET /gallery/maps/G3200/small/G3270%20%5B1794%5D.jpg HTTP/1.1" 200 19199 "http://photolab.elmer.uaf.edu/gallery/maps/mapg3270a.html" "Mozilla/5.0 (Windows; U; Windows NT 5.1; it-IT; rv:1.7.12) Gecko/20050919 Firefox/1.0.7"
62.211.24.18 - - [01/Nov/2005:06:14:19 -0900] "GET /gallery/maps/G3200/small/G3270%201797%20K41.jpg HTTP/1.1" 200 14053 "http://photolab.elmer.uaf.edu/gallery/maps/mapg3270a.html" "Mozilla/5.0 (Windows; U; Windows NT 5.1; it-IT; rv:1.7.12) Gecko/20050919 Firefox/1.0.7"
62.211.24.18 - - [01/Nov/2005:06:14:20 -0900] "GET /index_files/bluebear.gif HTTP/1.1" 200 1263 "http://photolab.elmer.uaf.edu/gallery/maps/mapg3270a.html" "Mozilla/5.0 (Windows; U; Windows NT 5.1; it-IT; rv:1.7.12) Gecko/20050919 Firefox/1.0.7"
62.211.24.18 - - [01/Nov/2005:06:14:20 -0900] "GET /index_files/sitemap.gif HTTP/1.1" 200 1503 "http://photolab.elmer.uaf.edu/gallery/maps/mapg3270a.html" "Mozilla/5.0 (Windows; U; Windows NT 5.1; it-IT; rv:1.7.12) Gecko/20050919 Firefox/1.0.7"
217.212.224.147 - - [01/Nov/2005:06:14:27 -0900] "GET /gallery/photos/19900043/08/pages/1990-0043-00852.html HTTP/1.0" 304 - "-" "psbot/0.1 (+http://www.picsearch.com/bot.html)"
62.211.24.18 - - [01/Nov/2005:06:14:39 -0900] "GET /gallery/maps/G3200/large/G3270%20%5B1698_%5D%20C68.jpg HTTP/1.1" 200 175098 "http://photolab.elmer.uaf.edu/gallery/maps/mapg3270a.html" "Mozilla/5.0 (Windows; U; Windows NT 5.1; it-IT; rv:1.7.12) Gecko/20050919 Firefox/1.0.7"
66.249.65.204 - - [01/Nov/2005:06:14:56 -0900] "GET /gallery/photos/19940070/3/pages/1994-0070-00374.html HTTP/1.1" 200 5959 "-" "Mozilla/5.0 (compatible; Googlebot/2.1; +http://www.google.com/bot.html)"
66.249.65.204 - - [01/Nov/2005:06:14:57 -0900] "GET /gallery/photos/19940070/3/pages/1994-0070-00335.html HTTP/1.1" 200 5959 "-" "Mozilla/5.0 (compatible; Googlebot/2.1; +http://www.google.com/bot.html)"
66.249.65.204 - - [01/Nov/2005:06:14:57 -0900] "GET /gallery/photos/19640033/butler/pages/p36.html HTTP/1.1" 200 8945 "-" "Mozilla/5.0 (compatible; Googlebot/2.1; +http://www.google.com/bot.html)"
217.212.224.147 - - [01/Nov/2005:06:15:09 -0900] "GET /gallery/photos/19940070/2/pages/1994-0070-00259.html HTTP/1.0" 304 - "-" "psbot/0.1 (+http://www.picsearch.com/bot.html)"
216.166.192.252 - - [01/Nov/2005:06:15:20 -0900] "GET /store/maps.html HTTP/1.1" 200 23493 "http://images.google.com/imgres?imgurl=http://photolab.elmer.uaf.edu/store/maps/small%2520jpegs/(002)%2520G4370%2520%255B1862_%255D%2520C631.jpg&imgrefurl=http://photolab.elmer.uaf.edu/store/maps.html&h=235&w=300&sz=42&tbnid=2BknoWDu3OgJ:&tbnh=86&tbnw=111&hl=en&start=16&prev=/images%3Fq%3Dalaska%2Bmap%2B%2Bhistorical%26svnum%3D10%26hl%3Den%26lr%3D%26sa%3DN" "Mozilla/4.0 (compatible; MSIE 6.0; Windows 98; .NET CLR 1.1.4322)"
62.211.24.18 - - [01/Nov/2005:06:15:09 -0900] "GET /gallery/maps/G3200/large/G3271%20S12%20%5B1601%5D%20B79.jpg HTTP/1.1" 200 424343 "http://photolab.elmer.uaf.edu/gallery/maps/mapg3270a.html" "Mozilla/5.0 (Windows; U; Windows NT 5.1; it-IT; rv:1.7.12) Gecko/20050919 Firefox/1.0.7"
217.212.224.147 - - [01/Nov/2005:06:15:51 -0900] "GET /gallery/photos/19940070/0/pages/1994-0070-00032.html HTTP/1.0" 304 - "-" "psbot/0.1 (+http://www.picsearch.com/bot.html)"
68.142.251.151 - - [01/Nov/2005:06:16:06 -0900] "GET /robots.txt HTTP/1.0" 200 96 "-" "Mozilla/5.0 (compatible; Yahoo! Slurp; http://help.yahoo.com/help/us/ysearch/slurp)"
68.142.249.57 - - [01/Nov/2005:06:16:07 -0900] "GET /gallery/photos/19640042/0/index_2.htm HTTP/1.0" 304 - "-" "Mozilla/5.0 (compatible; Yahoo! Slurp; http://help.yahoo.com/help/us/ysearch/slurp)"
217.212.224.147 - - [01/Nov/2005:06:16:35 -0900] "GET /gallery/photos/19950244/10/pages/1995-0244-01035.html HTTP/1.0" 304 - "-" "psbot/0.1 (+http://www.picsearch.com/bot.html)"
217.212.224.147 - - [01/Nov/2005:06:17:17 -0900] "GET /gallery/photos/20030109/2/pages/2003-0109-00204.html HTTP/1.0" 304 - "-" "psbot/0.1 (+http://www.picsearch.com/bot.html)"
217.212.224.147 - - [01/Nov/2005:06:17:59 -0900] "GET /gallery/photos/19940096/4/pages/1994-0096-00446.html HTTP/1.0" 304 - "-" "psbot/0.1 (+http://www.picsearch.com/bot.html)"
217.212.224.147 - - [01/Nov/2005:06:18:44 -0900] "GET /gallery/photos/19900043/08/pages/1990-0043-00865A.html HTTP/1.0" 304 - "-" "psbot/0.1 (+http://www.picsearch.com/bot.html)"
81.35.158.187 - - [01/Nov/2005:06:18:54 -0900] "GET /gallery/photos/19800068/2/index_2.html HTTP/1.1" 200 6950 "-" "Mozilla/4.0 (compatible; MSIE 6.0; Windows 98)"
81.35.158.187 - - [01/Nov/2005:06:18:54 -0900] "GET /gallery/photos/19800068/2/index_4.html HTTP/1.1" 200 6952 "-" "Mozilla/4.0 (compatible; MSIE 6.0; Windows 98)"
81.35.158.187 - - [01/Nov/2005:06:18:55 -0900] "GET /gallery/photos/19800068/2/pages/1980-0068-00225.html HTTP/1.1" 200 1860 "-" "Mozilla/4.0 (compatible; MSIE 6.0; Windows 98)"
81.35.158.187 - - [01/Nov/2005:06:18:55 -0900] "GET /gallery/photos/19800068/2/pages/1980-0068-00224.html HTTP/1.1" 200 1860 "-" "Mozilla/4.0 (compatible; MSIE 6.0; Windows 98)"
81.35.158.187 - - [01/Nov/2005:06:18:55 -0900] "GET /gallery/photos/19800068/2/pages/1980-0068-00226.html HTTP/1.1" 200 1860 "-" "Mozilla/4.0 (compatible; MSIE 6.0; Windows 98)"
81.35.158.187 - - [01/Nov/2005:06:18:55 -0900] "GET /gallery/photos/19800068/2/pages/1980-0068-00227.html HTTP/1.1" 200 1860 "-" "Mozilla/4.0 (compatible; MSIE 6.0; Windows 98)"
81.35.158.187 - - [01/Nov/2005:06:18:56 -0900] "GET /gallery/photos/19800068/2/pages/1980-0068-00228.html HTTP/1.1" 200 1860 "-" "Mozilla/4.0 (compatible; MSIE 6.0; Windows 98)"
81.35.158.187 - - [01/Nov/2005:06:18:56 -0900] "GET /gallery/photos/19800068/2/pages/1980-0068-00229.html HTTP/1.1" 200 1860 "-" "Mozilla/4.0 (compatible; MSIE 6.0; Windows 98)"
81.35.158.187 - - [01/Nov/2005:06:18:56 -0900] "GET /gallery/photos/19800068/2/pages/1980-0068-00230.html HTTP/1.1" 200 1860 "-" "Mozilla/4.0 (compatible; MSIE 6.0; Windows 98)"
81.35.158.187 - - [01/Nov/2005:06:18:56 -0900] "GET /gallery/photos/19800068/2/pages/1980-0068-00231.html HTTP/1.1" 200 1860 "-" "Mozilla/4.0 (compatible; MSIE 6.0; Windows 98)"
81.35.158.187 - - [01/Nov/2005:06:18:56 -0900] "GET /gallery/photos/19800068/2/pages/1980-0068-00232.html HTTP/1.1" 200 1860 "-" "Mozilla/4.0 (compatible; MSIE 6.0; Windows 98)"
81.35.158.187 - - [01/Nov/2005:06:18:56 -0900] "GET /gallery/photos/19800068/2/pages/1980-0068-00233.html HTTP/1.1" 200 1860 "-" "Mozilla/4.0 (compatible; MSIE 6.0; Windows 98)"
81.35.158.187 - - [01/Nov/2005:06:18:57 -0900] "GET /gallery/photos/19800068/2/pages/1980-0068-00234.html HTTP/1.1" 200 1860 "-" "Mozilla/4.0 (compatible; MSIE 6.0; Windows 98)"
81.35.158.187 - - [01/Nov/2005:06:18:57 -0900] "GET /gallery/photos/19800068/2/pages/1980-0068-00235.html HTTP/1.1" 200 1860 "-" "Mozilla/4.0 (compatible; MSIE 6.0; Windows 98)"
81.35.158.187 - - [01/Nov/2005:06:18:57 -0900] "GET /gallery/photos/19640042/2/index_2.htm HTTP/1.1" 200 7205 "-" "Mozilla/4.0 (compatible; MSIE 6.0; Windows 98)"
81.35.158.187 - - [01/Nov/2005:06:18:57 -0900] "GET /gallery/photos/19640042/2/index_4.htm HTTP/1.1" 200 7207 "-" "Mozilla/4.0 (compatible; MSIE 6.0; Windows 98)"
81.35.158.187 - - [01/Nov/2005:06:18:57 -0900] "GET /gallery/photos/19640042/2/pages/1964-0042-00228.htm HTTP/1.1" 200 1884 "-" "Mozilla/4.0 (compatible; MSIE 6.0; Windows 98)"
81.35.158.187 - - [01/Nov/2005:06:18:57 -0900] "GET /gallery/photos/19640042/2/pages/1964-0042-00227.htm HTTP/1.1" 200 1884 "-" "Mozilla/4.0 (compatible; MSIE 6.0; Windows 98)"
81.35.158.187 - - [01/Nov/2005:06:18:58 -0900] "GET /gallery/photos/19640042/2/pages/1964-0042-00229.htm HTTP/1.1" 200 1884 "-" "Mozilla/4.0 (compatible; MSIE 6.0; Windows 98)"
81.35.158.187 - - [01/Nov/2005:06:18:58 -0900] "GET /gallery/photos/19640042/2/pages/1964-0042-00230.htm HTTP/1.1" 200 1884 "-" "Mozilla/4.0 (compatible; MSIE 6.0; Windows 98)"
81.35.158.187 - - [01/Nov/2005:06:18:58 -0900] "GET /gallery/photos/19640042/2/pages/1964-0042-00232.htm HTTP/1.1" 200 1884 "-" "Mozilla/4.0 (compatible; MSIE 6.0; Windows 98)"
81.35.158.187 - - [01/Nov/2005:06:18:58 -0900] "GET /gallery/photos/19640042/2/pages/1964-0042-00231.htm HTTP/1.1" 200 1884 "-" "Mozilla/4.0 (compatible; MSIE 6.0; Windows 98)"
81.35.158.187 - - [01/Nov/2005:06:18:59 -0900] "GET /gallery/photos/19640042/2/pages/1964-0042-00233.htm HTTP/1.1" 200 1884 "-" "Mozilla/4.0 (compatible; MSIE 6.0; Windows 98)"
81.35.158.187 - - [01/Nov/2005:06:18:59 -0900] "GET /gallery/photos/19640042/2/pages/1964-0042-00234.htm HTTP/1.1" 200 1884 "-" "Mozilla/4.0 (compatible; MSIE 6.0; Windows 98)"
81.35.158.187 - - [01/Nov/2005:06:18:59 -0900] "GET /gallery/photos/19640042/2/pages/1964-0042-00235.htm HTTP/1.1" 200 1884 "-" "Mozilla/4.0 (compatible; MSIE 6.0; Windows 98)"
217.212.224.147 - - [01/Nov/2005:06:19:26 -0900] "GET /gallery/photos/20040086/0/pages/2004-0086-00064.htm HTTP/1.0" 304 - "-" "psbot/0.1 (+http://www.picsearch.com/bot.html)"
217.212.224.147 - - [01/Nov/2005:06:20:06 -0900] "GET /gallery/photos/19950244/01/pages/1995-0244-00151.html HTTP/1.0" 304 - "-" "psbot/0.1 (+http://www.picsearch.com/bot.html)"
217.212.224.147 - - [01/Nov/2005:06:20:48 -0900] "GET /gallery/photos/20030063/2/pages/2003-0063-00238.html HTTP/1.0" 304 - "-" "psbot/0.1 (+http://www.picsearch.com/bot.html)"
64.56.141.163 - - [01/Nov/2005:06:21:11 -0900] "GET /index_files/store.css HTTP/1.1" 200 2756 "http://photolab.elmer.uaf.edu/store/people.html" "Mozilla/4.0 (compatible; MSIE 6.0; Windows NT 5.1; SV1)"
64.56.141.163 - - [01/Nov/2005:06:21:11 -0900] "GET /store/people.html HTTP/1.1" 200 21075 "http://images.google.ca/imgres?imgurl=http://photolab.elmer.uaf.edu/store/photos/largejpegs/(040)1958-1026-01700.jpg&imgrefurl=http://photolab.elmer.uaf.edu/store/people.html&h=1000&w=762&sz=136&tbnid=muofWG5zZScJ:&tbnh=149&tbnw=113&hl=en&start=6&prev=/images%3Fq%3Deskimo%26svnum%3D10%26hl%3Den%26lr%3D%26sa%3DN" "Mozilla/4.0 (compatible; MSIE 6.0; Windows NT 5.1; SV1)"
64.56.141.163 - - [01/Nov/2005:06:21:12 -0900] "GET /index_files/titlebrown.jpg HTTP/1.1" 200 5451 "http://photolab.elmer.uaf.edu/store/people.html" "Mozilla/4.0 (compatible; MSIE 6.0; Windows NT 5.1; SV1)"
64.56.141.163 - - [01/Nov/2005:06:21:12 -0900] "GET /index_files/aprbrown.jpg HTTP/1.1" 200 5509 "http://photolab.elmer.uaf.edu/store/people.html" "Mozilla/4.0 (compatible; MSIE 6.0; Windows NT 5.1; SV1)"
64.56.141.163 - - [01/Nov/2005:06:21:12 -0900] "GET /index_files/menubar.gif HTTP/1.1" 200 2913 "http://photolab.elmer.uaf.edu/store/people.html" "Mozilla/4.0 (compatible; MSIE 6.0; Windows NT 5.1; SV1)"
217.212.224.147 - - [01/Nov/2005:06:21:29 -0900] "GET /gallery/photos/20030129/0/pages/2003-0129-00048.html HTTP/1.0" 304 - "-" "psbot/0.1 (+http://www.picsearch.com/bot.html)"
217.212.224.147 - - [01/Nov/2005:06:22:09 -0900] "GET /gallery/photos/20030109/0/pages/2003-0109-00050.html HTTP/1.0" 304 - "-" "psbot/0.1 (+http://www.picsearch.com/bot.html)"
64.56.141.163 - - [01/Nov/2005:06:21:12 -0900] "GET /store/photos/smalljpegs/(007)1972-0071-03234.jpg HTTP/1.1" 200 32052 "http://photolab.elmer.uaf.edu/store/people.html" "Mozilla/4.0 (compatible; MSIE 6.0; Windows NT 5.1; SV1)"
64.56.141.163 - - [01/Nov/2005:06:21:12 -0900] "GET /index_files/storetitle.gif HTTP/1.1" 200 14535 "http://photolab.elmer.uaf.edu/store/people.html" "Mozilla/4.0 (compatible; MSIE 6.0; Windows NT 5.1; SV1)"
217.212.224.147 - - [01/Nov/2005:06:22:49 -0900] "GET /gallery/photos/20020087/1/pages/2002-0087-00128.html HTTP/1.0" 304 - "-" "psbot/0.1 (+http://www.picsearch.com/bot.html)"
