165.83.59.50 - - [01/Nov/2005:08:32:40 -0900] "GET /gallery/photos/20040066/pages/thumbnails/page-21m.jpg HTTP/1.1" 304 - "http://photolab.elmer.uaf.edu/gallery/photos/20040066/pages/index_3.html" "Mozilla/4.0 (compatible; MSIE 6.0; Windows NT 5.1; SV1; .NET CLR 1.1.4322; InfoPath.1)"
165.83.59.50 - - [01/Nov/2005:08:32:40 -0900] "GET /gallery/photos/20040066/pages/thumbnails/page-22m.jpg HTTP/1.1" 304 - "http://photolab.elmer.uaf.edu/gallery/photos/20040066/pages/index_3.html" "Mozilla/4.0 (compatible; MSIE 6.0; Windows NT 5.1; SV1; .NET CLR 1.1.4322; InfoPath.1)"
165.83.59.50 - - [01/Nov/2005:08:32:40 -0900] "GET /gallery/photos/20040066/pages/thumbnails/page-23m.jpg HTTP/1.1" 304 - "http://photolab.elmer.uaf.edu/gallery/photos/20040066/pages/index_3.html" "Mozilla/4.0 (compatible; MSIE 6.0; Windows NT 5.1; SV1; .NET CLR 1.1.4322; InfoPath.1)"
165.83.59.50 - - [01/Nov/2005:08:32:40 -0900] "GET /gallery/photos/20040066/pages/thumbnails/page-24m.jpg HTTP/1.1" 304 - "http://photolab.elmer.uaf.edu/gallery/photos/20040066/pages/index_3.html" "Mozilla/4.0 (compatible; MSIE 6.0; Windows NT 5.1; SV1; .NET CLR 1.1.4322; InfoPath.1)"
165.83.59.50 - - [01/Nov/2005:08:32:40 -0900] "GET /gallery/photos/20040066/pages/thumbnails/page-25m.jpg HTTP/1.1" 304 - "http://photolab.elmer.uaf.edu/gallery/photos/20040066/pages/index_3.html" "Mozilla/4.0 (compatible; MSIE 6.0; Windows NT 5.1; SV1; .NET CLR 1.1.4322; InfoPath.1)"
165.83.59.50 - - [01/Nov/2005:08:32:44 -0900] "GET /gallery/photos/20040066/pages/pages/page-24m.html HTTP/1.1" 200 1834 "http://photolab.elmer.uaf.edu/gallery/photos/20040066/pages/index_3.html" "Mozilla/4.0 (compatible; MSIE 6.0; Windows NT 5.1; SV1; .NET CLR 1.1.4322; InfoPath.1)"
165.83.59.50 - - [01/Nov/2005:08:32:44 -0900] "GET /gallery/photos/20040066/pages/images/previous.gif HTTP/1.1" 304 - "http://photolab.elmer.uaf.edu/gallery/photos/20040066/pages/pages/page-24m.html" "Mozilla/4.0 (compatible; MSIE 6.0; Windows NT 5.1; SV1; .NET CLR 1.1.4322; InfoPath.1)"
165.83.59.50 - - [01/Nov/2005:08:32:44 -0900] "GET /gallery/photos/20040066/pages/images/home.gif HTTP/1.1" 200 268 "http://photolab.elmer.uaf.edu/gallery/photos/20040066/pages/pages/page-24m.html" "Mozilla/4.0 (compatible; MSIE 6.0; Windows NT 5.1; SV1; .NET CLR 1.1.4322; InfoPath.1)"
165.83.59.50 - - [01/Nov/2005:08:32:44 -0900] "GET /gallery/photos/20040066/pages/images/next.gif HTTP/1.1" 304 - "http://photolab.elmer.uaf.edu/gallery/photos/20040066/pages/pages/page-24m.html" "Mozilla/4.0 (compatible; MSIE 6.0; Windows NT 5.1; SV1; .NET CLR 1.1.4322; InfoPath.1)"
165.83.59.50 - - [01/Nov/2005:08:32:44 -0900] "GET /gallery/photos/20040066/pages/images/page-24m.jpg HTTP/1.1" 200 109956 "http://photolab.elmer.uaf.edu/gallery/photos/20040066/pages/pages/page-24m.html" "Mozilla/4.0 (compatible; MSIE 6.0; Windows NT 5.1; SV1; .NET CLR 1.1.4322; InfoPath.1)"
205.188.117.70 - - [01/Nov/2005:08:35:18 -0900] "GET /gallery/maps/mapg3270b.html HTTP/1.0" 200 23873 "http://www.google.com/search?hl=en&ie=ISO-8859-1&q=polar+region+maps&btnG=Google+Search" "Mozilla/4.0 (compatible; MSIE 6.0; AOL 6.0; Windows NT 5.1)"
205.188.116.135 - - [01/Nov/2005:08:35:19 -0900] "GET /index_files/lib.css HTTP/1.0" 200 2634 "http://photolab.elmer.uaf.edu/gallery/maps/mapg3270b.html" "Mozilla/4.0 (compatible; MSIE 6.0; AOL 6.0; Windows NT 5.1)"
205.188.116.198 - - [01/Nov/2005:08:35:21 -0900] "GET /index_files/apr.jpg HTTP/1.0" 200 6015 "http://photolab.elmer.uaf.edu/gallery/maps/mapg3270b.html" "Mozilla/4.0 (compatible; MSIE 6.0; AOL 6.0; Windows NT 5.1)"
205.188.117.6 - - [01/Nov/2005:08:35:21 -0900] "GET /index_files/title.jpg HTTP/1.0" 200 5438 "http://photolab.elmer.uaf.edu/gallery/maps/mapg3270b.html" "Mozilla/4.0 (compatible; MSIE 6.0; AOL 6.0; Windows NT 5.1)"
205.188.116.71 - - [01/Nov/2005:08:35:23 -0900] "GET /index_files/empty.gif HTTP/1.0" 200 45 "http://photolab.elmer.uaf.edu/gallery/maps/mapg3270b.html" "Mozilla/4.0 (compatible; MSIE 6.0; AOL 6.0; Windows NT 5.1)"
205.188.116.197 - - [01/Nov/2005:08:35:23 -0900] "GET /index_files/bar.gif HTTP/1.0" 200 342 "http://photolab.elmer.uaf.edu/gallery/maps/mapg3270b.html" "Mozilla/4.0 (compatible; MSIE 6.0; AOL 6.0; Windows NT 5.1)"
205.188.117.6 - - [01/Nov/2005:08:35:24 -0900] "GET /index_files/small.jpg HTTP/1.1" 200 2294 "http://photolab.elmer.uaf.edu/gallery/maps/mapg3270b.html" "Mozilla/4.0 (compatible; MSIE 6.0; AOL 6.0; Windows NT 5.1)"
205.188.117.70 - - [01/Nov/2005:08:35:24 -0900] "GET /index_files/small.dps.jpg HTTP/1.1" 200 5830 "http://photolab.elmer.uaf.edu/gallery/maps/mapg3270b.html" "Mozilla/4.0 (compatible; MSIE 6.0; AOL 6.0; Windows NT 5.1)"
205.188.117.65 - - [01/Nov/2005:08:35:25 -0900] "GET /index_files/small_002.jpg HTTP/1.0" 200 1351 "http://photolab.elmer.uaf.edu/gallery/maps/mapg3270b.html" "Mozilla/4.0 (compatible; MSIE 6.0; AOL 6.0; Windows NT 5.1)"
205.188.117.10 - - [01/Nov/2005:08:35:25 -0900] "GET /gallery/maps/G3200/small/G3270%20%5B1800%5D%20C382.jpg HTTP/1.0" 200 14087 "http://photolab.elmer.uaf.edu/gallery/maps/mapg3270b.html" "Mozilla/4.0 (compatible; MSIE 6.0; AOL 6.0; Windows NT 5.1)"
205.188.117.66 - - [01/Nov/2005:08:35:26 -0900] "GET /index_files/small_003.jpg HTTP/1.0" 200 1521 "http://photolab.elmer.uaf.edu/gallery/maps/mapg3270b.html" "Mozilla/4.0 (compatible; MSIE 6.0; AOL 6.0; Windows NT 5.1)"
205.188.116.198 - - [01/Nov/2005:08:35:26 -0900] "GET /gallery/maps/G3200/small/G3270%201807%20W52.jpg HTTP/1.1" 200 15982 "http://photolab.elmer.uaf.edu/gallery/maps/mapg3270b.html" "Mozilla/4.0 (compatible; MSIE 6.0; AOL 6.0; Windows NT 5.1)"
205.188.116.197 - - [01/Nov/2005:08:35:27 -0900] "GET /gallery/maps/G3200/small/G3270%201808%20L61.jpg HTTP/1.1" 200 16953 "http://photolab.elmer.uaf.edu/gallery/maps/mapg3270b.html" "Mozilla/4.0 (compatible; MSIE 6.0; AOL 6.0; Windows NT 5.1)"
205.188.116.197 - - [01/Nov/2005:08:35:28 -0900] "GET /gallery/maps/G3200/small/G3270%20%5B1814%5D.jpg HTTP/1.1" 200 17692 "http://photolab.elmer.uaf.edu/gallery/maps/mapg3270b.html" "Mozilla/4.0 (compatible; MSIE 6.0; AOL 6.0; Windows NT 5.1)"
205.188.117.6 - - [01/Nov/2005:08:35:28 -0900] "GET /gallery/maps/G3200/small/G3270%20%5B1814%5D%20a.jpg HTTP/1.1" 200 14887 "http://photolab.elmer.uaf.edu/gallery/maps/mapg3270b.html" "Mozilla/4.0 (compatible; MSIE 6.0; AOL 6.0; Windows NT 5.1)"
205.188.116.197 - - [01/Nov/2005:08:35:29 -0900] "GET /gallery/maps/G3200/small/G3270%201818%20G78.jpg HTTP/1.1" 200 14645 "http://photolab.elmer.uaf.edu/gallery/maps/mapg3270b.html" "Mozilla/4.0 (compatible; MSIE 6.0; AOL 6.0; Windows NT 5.1)"
205.188.116.197 - - [01/Nov/2005:08:35:30 -0900] "GET /gallery/maps/G3200/small/G3270%201820%20S61.jpg HTTP/1.1" 200 15393 "http://photolab.elmer.uaf.edu/gallery/maps/mapg3270b.html" "Mozilla/4.0 (compatible; MSIE 6.0; AOL 6.0; Windows NT 5.1)"
205.188.117.9 - - [01/Nov/2005:08:35:30 -0900] "GET /gallery/maps/G3200/small/G3270%20%5B1821%5D%20N61.jpg HTTP/1.0" 200 16791 "http://photolab.elmer.uaf.edu/gallery/maps/mapg3270b.html" "Mozilla/4.0 (compatible; MSIE 6.0; AOL 6.0; Windows NT 5.1)"
205.188.117.71 - - [01/Nov/2005:08:35:31 -0900] "GET /gallery/maps/G3200/small/G3271%20S12%20%5B1822%5D%20F71.jpg HTTP/1.0" 200 12792 "http://photolab.elmer.uaf.edu/gallery/maps/mapg3270b.html" "Mozilla/4.0 (compatible; MSIE 6.0; AOL 6.0; Windows NT 5.1)"
205.188.116.197 - - [01/Nov/2005:08:35:31 -0900] "GET /gallery/maps/G3200/small/G3270%201831%20B34.jpg HTTP/1.1" 200 15474 "http://photolab.elmer.uaf.edu/gallery/maps/mapg3270b.html" "Mozilla/4.0 (compatible; MSIE 6.0; AOL 6.0; Windows NT 5.1)"
205.188.116.199 - - [01/Nov/2005:08:35:32 -0900] "GET /gallery/maps/G3200/small/G3270%201831%20B341.jpg HTTP/1.0" 200 15259 "http://photolab.elmer.uaf.edu/gallery/maps/mapg3270b.html" "Mozilla/4.0 (compatible; MSIE 6.0; AOL 6.0; Windows NT 5.1)"
138.162.0.46 - - [01/Nov/2005:08:35:32 -0900] "GET /store/akcanada.html HTTP/1.0" 200 16332 "http://disc.server.com/discussion.cgi?disc=223953;article=13285;title=The%20Learning%20Board" "Mozilla/4.0 (compatible; MSIE 6.0; Windows NT 5.0; T312461; FunWebProducts-MyWay; .NET CLR 1.1.4322; .NET CLR 1.0.3705)"
205.188.117.13 - - [01/Nov/2005:08:35:33 -0900] "GET /gallery/maps/G3200/small/G3270%20%5B1839_%5D%20P46.jpg HTTP/1.0" 200 17039 "http://photolab.elmer.uaf.edu/gallery/maps/mapg3270b.html" "Mozilla/4.0 (compatible; MSIE 6.0; AOL 6.0; Windows NT 5.1)"
138.162.0.41 - - [01/Nov/2005:08:35:33 -0900] "GET /index_files/store.css HTTP/1.0" 200 2756 "http://photolab.elmer.uaf.edu/store/akcanada.html" "Mozilla/4.0 (compatible; MSIE 6.0; Windows NT 5.0; T312461; FunWebProducts-MyWay; .NET CLR 1.1.4322; .NET CLR 1.0.3705)"
138.162.0.46 - - [01/Nov/2005:08:35:33 -0900] "GET /index_files/titlebrown.jpg HTTP/1.0" 200 5451 "http://photolab.elmer.uaf.edu/store/akcanada.html" "Mozilla/4.0 (compatible; MSIE 6.0; Windows NT 5.0; T312461; FunWebProducts-MyWay; .NET CLR 1.1.4322; .NET CLR 1.0.3705)"
138.162.0.41 - - [01/Nov/2005:08:35:33 -0900] "GET /index_files/aprbrown.jpg HTTP/1.0" 200 5509 "http://photolab.elmer.uaf.edu/store/akcanada.html" "Mozilla/4.0 (compatible; MSIE 6.0; Windows NT 5.0; T312461; FunWebProducts-MyWay; .NET CLR 1.1.4322; .NET CLR 1.0.3705)"
205.188.117.12 - - [01/Nov/2005:08:35:33 -0900] "GET /gallery/maps/G3200/small/G3270%20%5B1840_%5D%20M41.jpg HTTP/1.0" 200 15883 "http://photolab.elmer.uaf.edu/gallery/maps/mapg3270b.html" "Mozilla/4.0 (compatible; MSIE 6.0; AOL 6.0; Windows NT 5.1)"
138.162.0.41 - - [01/Nov/2005:08:35:34 -0900] "GET /index_files/menubar.gif HTTP/1.0" 200 2913 "http://photolab.elmer.uaf.edu/store/akcanada.html" "Mozilla/4.0 (compatible; MSIE 6.0; Windows NT 5.0; T312461; FunWebProducts-MyWay; .NET CLR 1.1.4322; .NET CLR 1.0.3705)"
138.162.0.46 - - [01/Nov/2005:08:35:34 -0900] "GET /index_files/storetitle.gif HTTP/1.0" 200 14535 "http://photolab.elmer.uaf.edu/store/akcanada.html" "Mozilla/4.0 (compatible; MSIE 6.0; Windows NT 5.0; T312461; FunWebProducts-MyWay; .NET CLR 1.1.4322; .NET CLR 1.0.3705)"
205.188.117.70 - - [01/Nov/2005:08:35:34 -0900] "GET /gallery/maps/G3200/small/G3270%20%5B1849_%5D%20W941.jpg HTTP/1.1" 200 14266 "http://photolab.elmer.uaf.edu/gallery/maps/mapg3270b.html" "Mozilla/4.0 (compatible; MSIE 6.0; AOL 6.0; Windows NT 5.1)"
138.162.0.41 - - [01/Nov/2005:08:35:34 -0900] "GET /store/photos/smalljpegs/(001)1958-1026-01101.jpg HTTP/1.0" 200 26793 "http://photolab.elmer.uaf.edu/store/akcanada.html" "Mozilla/4.0 (compatible; MSIE 6.0; Windows NT 5.0; T312461; FunWebProducts-MyWay; .NET CLR 1.1.4322; .NET CLR 1.0.3705)"
205.188.117.13 - - [01/Nov/2005:08:35:35 -0900] "GET /gallery/maps/G3200/small/G3270%20%5B1850_%5D%20K55.jpg HTTP/1.1" 200 14799 "http://photolab.elmer.uaf.edu/gallery/maps/mapg3270b.html" "Mozilla/4.0 (compatible; MSIE 6.0; AOL 6.0; Windows NT 5.1)"
138.162.0.41 - - [01/Nov/2005:08:35:35 -0900] "GET /store/photos/smalljpegs/(014)1992-0016-00069.jpg HTTP/1.0" 200 35905 "http://photolab.elmer.uaf.edu/store/akcanada.html" "Mozilla/4.0 (compatible; MSIE 6.0; Windows NT 5.0; T312461; FunWebProducts-MyWay; .NET CLR 1.1.4322; .NET CLR 1.0.3705)"
138.162.0.46 - - [01/Nov/2005:08:35:35 -0900] "GET /store/photos/smalljpegs/(005)1958-1026-01479.jpg HTTP/1.0" 200 40549 "http://photolab.elmer.uaf.edu/store/akcanada.html" "Mozilla/4.0 (compatible; MSIE 6.0; Windows NT 5.0; T312461; FunWebProducts-MyWay; .NET CLR 1.1.4322; .NET CLR 1.0.3705)"
205.188.116.136 - - [01/Nov/2005:08:35:36 -0900] "GET /gallery/maps/G3200/small/G3270%201851%20P6%20front.jpg HTTP/1.0" 200 12798 "http://photolab.elmer.uaf.edu/gallery/maps/mapg3270b.html" "Mozilla/4.0 (compatible; MSIE 6.0; AOL 6.0; Windows NT 5.1)"
138.162.0.46 - - [01/Nov/2005:08:35:36 -0900] "GET /store/photos/smalljpegs/(017)1958-1026-01429.jpg HTTP/1.0" 200 42323 "http://photolab.elmer.uaf.edu/store/akcanada.html" "Mozilla/4.0 (compatible; MSIE 6.0; Windows NT 5.0; T312461; FunWebProducts-MyWay; .NET CLR 1.1.4322; .NET CLR 1.0.3705)"
138.162.0.41 - - [01/Nov/2005:08:35:36 -0900] "GET /store/photos/smalljpegs/(020)1958-1026-01099.jpg HTTP/1.0" 200 35284 "http://photolab.elmer.uaf.edu/store/akcanada.html" "Mozilla/4.0 (compatible; MSIE 6.0; Windows NT 5.0; T312461; FunWebProducts-MyWay; .NET CLR 1.1.4322; .NET CLR 1.0.3705)"
205.188.116.136 - - [01/Nov/2005:08:35:36 -0900] "GET /gallery/maps/G3200/small/G3270%201851%20P6%20back.jpg HTTP/1.0" 200 12915 "http://photolab.elmer.uaf.edu/gallery/maps/mapg3270b.html" "Mozilla/4.0 (compatible; MSIE 6.0; AOL 6.0; Windows NT 5.1)"
205.188.117.9 - - [01/Nov/2005:08:35:37 -0900] "GET /gallery/maps/G3200/small/G3271%20S12%201851%20A76.jpg HTTP/1.1" 200 14076 "http://photolab.elmer.uaf.edu/gallery/maps/mapg3270b.html" "Mozilla/4.0 (compatible; MSIE 6.0; AOL 6.0; Windows NT 5.1)"
138.162.0.46 - - [01/Nov/2005:08:35:37 -0900] "GET /store/photos/smalljpegs/(033)1958-1026-01464.jpg HTTP/1.0" 200 34298 "http://photolab.elmer.uaf.edu/store/akcanada.html" "Mozilla/4.0 (compatible; MSIE 6.0; Windows NT 5.0; T312461; FunWebProducts-MyWay; .NET CLR 1.1.4322; .NET CLR 1.0.3705)"
138.162.0.41 - - [01/Nov/2005:08:35:37 -0900] "GET /store/photos/smalljpegs/(037)1989-0166-00121.jpg HTTP/1.0" 200 29788 "http://photolab.elmer.uaf.edu/store/akcanada.html" "Mozilla/4.0 (compatible; MSIE 6.0; Windows NT 5.0; T312461; FunWebProducts-MyWay; .NET CLR 1.1.4322; .NET CLR 1.0.3705)"
205.188.116.197 - - [01/Nov/2005:08:35:38 -0900] "GET /gallery/maps/G3200/small/G3270%201853%20P51.jpg HTTP/1.1" 200 16630 "http://photolab.elmer.uaf.edu/gallery/maps/mapg3270b.html" "Mozilla/4.0 (compatible; MSIE 6.0; AOL 6.0; Windows NT 5.1)"
138.162.0.46 - - [01/Nov/2005:08:35:38 -0900] "GET /store/photos/smalljpegs/(039)1958-1026-02147.jpg HTTP/1.0" 200 36382 "http://photolab.elmer.uaf.edu/store/akcanada.html" "Mozilla/4.0 (compatible; MSIE 6.0; Windows NT 5.0; T312461; FunWebProducts-MyWay; .NET CLR 1.1.4322; .NET CLR 1.0.3705)"
205.188.117.9 - - [01/Nov/2005:08:35:38 -0900] "GET /gallery/maps/G3200/small/G3271%20S12%201853%20G78.jpg HTTP/1.1" 200 13619 "http://photolab.elmer.uaf.edu/gallery/maps/mapg3270b.html" "Mozilla/4.0 (compatible; MSIE 6.0; AOL 6.0; Windows NT 5.1)"
138.162.0.41 - - [01/Nov/2005:08:35:38 -0900] "GET /store/photos/smalljpegs/(046)1958-1026-02232.jpg HTTP/1.0" 200 39743 "http://photolab.elmer.uaf.edu/store/akcanada.html" "Mozilla/4.0 (compatible; MSIE 6.0; Windows NT 5.0; T312461; FunWebProducts-MyWay; .NET CLR 1.1.4322; .NET CLR 1.0.3705)"
205.188.116.197 - - [01/Nov/2005:08:35:39 -0900] "GET /gallery/maps/G3200/small/G3270%201855%20C64.jpg HTTP/1.1" 200 17528 "http://photolab.elmer.uaf.edu/gallery/maps/mapg3270b.html" "Mozilla/4.0 (compatible; MSIE 6.0; AOL 6.0; Windows NT 5.1)"
138.162.0.46 - - [01/Nov/2005:08:35:39 -0900] "GET /store/photos/smalljpegs/(072)1975-0084-02715.jpg HTTP/1.0" 200 33859 "http://photolab.elmer.uaf.edu/store/akcanada.html" "Mozilla/4.0 (compatible; MSIE 6.0; Windows NT 5.0; T312461; FunWebProducts-MyWay; .NET CLR 1.1.4322; .NET CLR 1.0.3705)"
205.188.116.67 - - [01/Nov/2005:08:35:40 -0900] "GET /gallery/maps/G3200/small/G3270%20%5B1855%5D%20C641%20front.jpg HTTP/1.0" 200 16307 "http://photolab.elmer.uaf.edu/gallery/maps/mapg3270b.html" "Mozilla/4.0 (compatible; MSIE 6.0; AOL 6.0; Windows NT 5.1)"
138.162.0.41 - - [01/Nov/2005:08:35:40 -0900] "GET /store/photos/smalljpegs/(080)1958-1026-01682.jpg HTTP/1.0" 200 34989 "http://photolab.elmer.uaf.edu/store/akcanada.html" "Mozilla/4.0 (compatible; MSIE 6.0; Windows NT 5.0; T312461; FunWebProducts-MyWay; .NET CLR 1.1.4322; .NET CLR 1.0.3705)"
138.162.0.46 - - [01/Nov/2005:08:35:40 -0900] "GET /store/photos/smalljpegs/(081)2002-0155-00005.jpg HTTP/1.0" 200 33739 "http://photolab.elmer.uaf.edu/store/akcanada.html" "Mozilla/4.0 (compatible; MSIE 6.0; Windows NT 5.0; T312461; FunWebProducts-MyWay; .NET CLR 1.1.4322; .NET CLR 1.0.3705)"
138.162.0.41 - - [01/Nov/2005:08:35:41 -0900] "GET /store/photos/smalljpegs/(091)1958-1026-02253.jpg HTTP/1.0" 200 31326 "http://photolab.elmer.uaf.edu/store/akcanada.html" "Mozilla/4.0 (compatible; MSIE 6.0; Windows NT 5.0; T312461; FunWebProducts-MyWay; .NET CLR 1.1.4322; .NET CLR 1.0.3705)"
205.188.116.11 - - [01/Nov/2005:08:35:41 -0900] "GET /gallery/maps/G3200/small/G3270%20%5B1855%5D%20C641%20back.jpg HTTP/1.0" 200 15668 "http://photolab.elmer.uaf.edu/gallery/maps/mapg3270b.html" "Mozilla/4.0 (compatible; MSIE 6.0; AOL 6.0; Windows NT 5.1)"
138.162.0.46 - - [01/Nov/2005:08:35:41 -0900] "GET /store/photos/smalljpegs/(125)1968-0069-01325.jpg HTTP/1.0" 200 33514 "http://photolab.elmer.uaf.edu/store/akcanada.html" "Mozilla/4.0 (compatible; MSIE 6.0; Windows NT 5.0; T312461; FunWebProducts-MyWay; .NET CLR 1.1.4322; .NET CLR 1.0.3705)"
138.162.0.41 - - [01/Nov/2005:08:35:41 -0900] "GET /store/photos/smalljpegs/(127)1958-1026-01652.jpg HTTP/1.0" 200 35392 "http://photolab.elmer.uaf.edu/store/akcanada.html" "Mozilla/4.0 (compatible; MSIE 6.0; Windows NT 5.0; T312461; FunWebProducts-MyWay; .NET CLR 1.1.4322; .NET CLR 1.0.3705)"
205.188.116.5 - - [01/Nov/2005:08:35:41 -0900] "GET /gallery/maps/G3200/small/G3271%20S12%20%5B1855%5D%20K36a.jpg HTTP/1.0" 200 13669 "http://photolab.elmer.uaf.edu/gallery/maps/mapg3270b.html" "Mozilla/4.0 (compatible; MSIE 6.0; AOL 6.0; Windows NT 5.1)"
138.162.0.46 - - [01/Nov/2005:08:35:42 -0900] "GET /store/photos/smalljpegs/(130)1958-1026-01545.jpg HTTP/1.0" 200 32843 "http://photolab.elmer.uaf.edu/store/akcanada.html" "Mozilla/4.0 (compatible; MSIE 6.0; Windows NT 5.0; T312461; FunWebProducts-MyWay; .NET CLR 1.1.4322; .NET CLR 1.0.3705)"
138.162.0.41 - - [01/Nov/2005:08:35:43 -0900] "GET /store/photos/smalljpegs/(175)1979-0093-00266.jpg HTTP/1.0" 200 32874 "http://photolab.elmer.uaf.edu/store/akcanada.html" "Mozilla/4.0 (compatible; MSIE 6.0; Windows NT 5.0; T312461; FunWebProducts-MyWay; .NET CLR 1.1.4322; .NET CLR 1.0.3705)"
205.188.117.71 - - [01/Nov/2005:08:35:43 -0900] "GET /gallery/maps/G3200/small/G3271%20S12%20%5B1855%5D%20K36.jpg HTTP/1.1" 200 13720 "http://photolab.elmer.uaf.edu/gallery/maps/mapg3270b.html" "Mozilla/4.0 (compatible; MSIE 6.0; AOL 6.0; Windows NT 5.1)"
205.188.116.197 - - [01/Nov/2005:08:35:43 -0900] "GET /gallery/maps/G3200/small/G3270%201856%20F81.jpg HTTP/1.1" 200 15778 "http://photolab.elmer.uaf.edu/gallery/maps/mapg3270b.html" "Mozilla/4.0 (compatible; MSIE 6.0; AOL 6.0; Windows NT 5.1)"
138.162.0.41 - - [01/Nov/2005:08:35:44 -0900] "GET /index_files/bluebear.gif HTTP/1.0" 200 1263 "http://photolab.elmer.uaf.edu/store/akcanada.html" "Mozilla/4.0 (compatible; MSIE 6.0; Windows NT 5.0; T312461; FunWebProducts-MyWay; .NET CLR 1.1.4322; .NET CLR 1.0.3705)"
138.162.0.41 - - [01/Nov/2005:08:35:44 -0900] "GET /index_files/sitemap.gif HTTP/1.0" 200 1503 "http://photolab.elmer.uaf.edu/store/akcanada.html" "Mozilla/4.0 (compatible; MSIE 6.0; Windows NT 5.0; T312461; FunWebProducts-MyWay; .NET CLR 1.1.4322; .NET CLR 1.0.3705)"
205.188.117.71 - - [01/Nov/2005:08:35:45 -0900] "GET /gallery/maps/G3200/small/G3271%20S12%20%5B1856%5D%20A61.jpg HTTP/1.1" 200 16279 "http://photolab.elmer.uaf.edu/gallery/maps/mapg3270b.html" "Mozilla/4.0 (compatible; MSIE 6.0; AOL 6.0; Windows NT 5.1)"
138.162.0.46 - - [01/Nov/2005:08:35:43 -0900] "GET /store/photos/smalljpegs/(177)1966-0064-00093.jpg HTTP/1.0" 200 45411 "http://photolab.elmer.uaf.edu/store/akcanada.html" "Mozilla/4.0 (compatible; MSIE 6.0; Windows NT 5.0; T312461; FunWebProducts-MyWay; .NET CLR 1.1.4322; .NET CLR 1.0.3705)"
205.188.116.7 - - [01/Nov/2005:08:35:45 -0900] "GET /gallery/maps/G3200/small/G3271%20s12%20%5B1859_%5D%20W95.jpg HTTP/1.1" 200 14814 "http://photolab.elmer.uaf.edu/gallery/maps/mapg3270b.html" "Mozilla/4.0 (compatible; MSIE 6.0; AOL 6.0; Windows NT 5.1)"
205.188.117.73 - - [01/Nov/2005:08:35:46 -0900] "GET /gallery/maps/G3200/small/G3271%20S12%20%5B1859_%5D%20P5.jpg HTTP/1.0" 200 16737 "http://photolab.elmer.uaf.edu/gallery/maps/mapg3270b.html" "Mozilla/4.0 (compatible; MSIE 6.0; AOL 6.0; Windows NT 5.1)"
205.188.117.10 - - [01/Nov/2005:08:35:47 -0900] "GET /gallery/maps/G3200/small/G3270%20%5B1860%5D%20B521.jpg HTTP/1.1" 200 14605 "http://photolab.elmer.uaf.edu/gallery/maps/mapg3270b.html" "Mozilla/4.0 (compatible; MSIE 6.0; AOL 6.0; Windows NT 5.1)"
132.215.49.166 - - [01/Nov/2005:08:37:29 -0900] "GET /index_files/store.css HTTP/1.1" 200 2756 "http://photolab.elmer.uaf.edu/store/people.html" "Mozilla/4.0 (compatible; MSIE 6.0; Windows NT 5.1; SV1; .NET CLR 1.1.4322)"
132.215.49.166 - - [01/Nov/2005:08:37:28 -0900] "GET /store/people.html HTTP/1.1" 200 21075 "http://images.google.ca/imgres?imgurl=http://photolab.elmer.uaf.edu/store/photos/largejpegs/(040)1958-1026-01700.jpg&imgrefurl=http://photolab.elmer.uaf.edu/store/people.html&h=1000&w=762&sz=136&tbnid=muofWG5zZScJ:&tbnh=149&tbnw=113&hl=fr&start=6&prev=/images%3Fq%3Deskimo%26svnum%3D10%26hl%3Dfr%26lr%3D%26sa%3DG" "Mozilla/4.0 (compatible; MSIE 6.0; Windows NT 5.1; SV1; .NET CLR 1.1.4322)"
132.215.49.166 - - [01/Nov/2005:08:37:29 -0900] "GET /index_files/aprbrown.jpg HTTP/1.1" 200 5509 "http://photolab.elmer.uaf.edu/store/people.html" "Mozilla/4.0 (compatible; MSIE 6.0; Windows NT 5.1; SV1; .NET CLR 1.1.4322)"
132.215.49.166 - - [01/Nov/2005:08:37:29 -0900] "GET /index_files/titlebrown.jpg HTTP/1.1" 200 5451 "http://photolab.elmer.uaf.edu/store/people.html" "Mozilla/4.0 (compatible; MSIE 6.0; Windows NT 5.1; SV1; .NET CLR 1.1.4322)"
132.215.49.166 - - [01/Nov/2005:08:37:29 -0900] "GET /store/photos/largejpegs/(040)1958-1026-01700.jpg HTTP/1.1" 200 138785 "http://images.google.ca/imgres?imgurl=http://photolab.elmer.uaf.edu/store/photos/largejpegs/(040)1958-1026-01700.jpg&imgrefurl=http://photolab.elmer.uaf.edu/store/people.html&h=1000&w=762&sz=136&tbnid=muofWG5zZScJ:&tbnh=149&tbnw=113&hl=fr&prev=/images%3Fq%3Deskimo%26svnum%3D10%26hl%3Dfr%26lr%3D%26sa%3DG&frame=small" "Mozilla/4.0 (compatible; MSIE 6.0; Windows NT 5.1; SV1; .NET CLR 1.1.4322)"
132.215.49.166 - - [01/Nov/2005:08:37:46 -0900] "GET /index_files/titlebrown.jpg HTTP/1.1" 206 1355 "http://photolab.elmer.uaf.edu/store/people.html" "Mozilla/4.0 (compatible; MSIE 6.0; Windows NT 5.1; SV1; .NET CLR 1.1.4322)"
132.215.49.166 - - [01/Nov/2005:08:37:46 -0900] "GET /index_files/menubar.gif HTTP/1.1" 200 2913 "http://photolab.elmer.uaf.edu/store/people.html" "Mozilla/4.0 (compatible; MSIE 6.0; Windows NT 5.1; SV1; .NET CLR 1.1.4322)"
132.215.49.166 - - [01/Nov/2005:08:37:46 -0900] "GET /index_files/aprbrown.jpg HTTP/1.1" 200 5509 "http://photolab.elmer.uaf.edu/store/people.html" "Mozilla/4.0 (compatible; MSIE 6.0; Windows NT 5.1; SV1; .NET CLR 1.1.4322)"
132.215.49.166 - - [01/Nov/2005:08:37:47 -0900] "GET /store/photos/smalljpegs/(007)1972-0071-03234.jpg HTTP/1.1" 200 32052 "http://photolab.elmer.uaf.edu/store/people.html" "Mozilla/4.0 (compatible; MSIE 6.0; Windows NT 5.1; SV1; .NET CLR 1.1.4322)"
132.215.49.166 - - [01/Nov/2005:08:37:47 -0900] "GET /store/photos/smalljpegs/(009)1975-0146-00003.jpg HTTP/1.1" 200 35453 "http://photolab.elmer.uaf.edu/store/people.html" "Mozilla/4.0 (compatible; MSIE 6.0; Wind