80.131.222.173 - - [16/Oct/2005:04:18:02 -0800] "GET /store/photos/smalljpegs/(070)1959-0845-00124.jpg HTTP/1.0" 200 25734 "-" "WebSauger 1.20b"
80.131.222.173 - - [16/Oct/2005:04:17:54 -0800] "GET /store/photos/largejpegs/(067)1989-0166-00462.jpg HTTP/1.0" 200 160085 "-" "WebSauger 1.20b"
80.131.222.173 - - [16/Oct/2005:04:18:01 -0800] "GET /store/photos/largejpegs/(068)1964-0029-00066.jpg HTTP/1.0" 200 130589 "-" "WebSauger 1.20b"
80.131.222.173 - - [16/Oct/2005:04:18:01 -0800] "GET /store/photos/largejpegs/(069)1976-0092-00075.jpg HTTP/1.0" 200 110936 "-" "WebSauger 1.20b"
80.131.222.173 - - [16/Oct/2005:04:18:09 -0800] "GET /store/photos/smalljpegs/(071)1958-1026-02042.jpg HTTP/1.0" 200 32951 "-" "WebSauger 1.20b"
80.131.222.173 - - [16/Oct/2005:04:18:07 -0800] "GET /store/photos/largejpegs/(070)1959-0845-00124.jpg HTTP/1.0" 200 119486 "-" "WebSauger 1.20b"
80.131.222.173 - - [16/Oct/2005:04:18:14 -0800] "GET /store/photos/smalljpegs/(072)1975-0084-02715.jpg HTTP/1.0" 200 33859 "-" "WebSauger 1.20b"
80.131.222.173 - - [16/Oct/2005:04:18:18 -0800] "GET /store/photos/smalljpegs/(073)2000-0176-00106a.jpg HTTP/1.0" 200 39020 "-" "WebSauger 1.20b"
80.131.222.173 - - [16/Oct/2005:04:18:11 -0800] "GET /store/photos/largejpegs/(071)1958-1026-02042.jpg HTTP/1.0" 200 178268 "-" "WebSauger 1.20b"
80.131.222.173 - - [16/Oct/2005:04:18:25 -0800] "GET /store/photos/smalljpegs/(074)1968-0012-00009.jpg HTTP/1.0" 200 36819 "-" "WebSauger 1.20b"
80.131.222.173 - - [16/Oct/2005:04:18:15 -0800] "GET /store/photos/largejpegs/(072)1975-0084-02715.jpg HTTP/1.0" 200 159932 "-" "WebSauger 1.20b"
80.131.222.173 - - [16/Oct/2005:04:18:30 -0800] "GET /store/photos/smalljpegs/(075)2002-0155-00055.jpg HTTP/1.0" 200 24233 "-" "WebSauger 1.20b"
80.131.222.173 - - [16/Oct/2005:04:18:20 -0800] "GET /store/photos/largejpegs/(073)2000-0176-00106a.jpg HTTP/1.0" 200 217311 "-" "WebSauger 1.20b"
161.200.130.100 - - [16/Oct/2005:04:18:42 -0800] "GET /index_files/store.css HTTP/1.1" 200 2756 "http://photolab.elmer.uaf.edu/store/people.html" "Mozilla/4.0 (compatible; MSIE 6.0; Windows NT 5.1; FunWebProducts; .NET CLR 1.0.3705)"
161.200.130.100 - - [16/Oct/2005:04:18:27 -0800] "GET /store/people.html HTTP/1.1" 200 21075 "http://images.google.co.th/imgres?imgurl=http://photolab.elmer.uaf.edu/store/photos/largejpegs/(040)1958-1026-01700.jpg&imgrefurl=http://photolab.elmer.uaf.edu/store/people.html&h=1000&w=762&sz=136&tbnid=muofWG5zZScJ:&tbnh=149&tbnw=113&hl=th&start=7&prev=/images%3Fq%3Deskimo%26svnum%3D10%26hl%3Dth%26lr%3D%26sa%3DG" "Mozilla/4.0 (compatible; MSIE 6.0; Windows NT 5.1; FunWebProducts; .NET CLR 1.0.3705)"
80.131.222.173 - - [16/Oct/2005:04:18:42 -0800] "GET /store/photos/smalljpegs/(076)1989-0166-00236.jpg HTTP/1.0" 200 40878 "-" "WebSauger 1.20b"
80.131.222.173 - - [16/Oct/2005:04:18:29 -0800] "GET /store/photos/largejpegs/(074)1968-0012-00009.jpg HTTP/1.0" 200 163566 "-" "WebSauger 1.20b"
80.131.222.173 - - [16/Oct/2005:04:18:32 -0800] "GET /store/photos/largejpegs/(075)2002-0155-00055.jpg HTTP/1.0" 200 114817 "-" "WebSauger 1.20b"
161.200.130.100 - - [16/Oct/2005:04:19:24 -0800] "GET /index_files/titlebrown.jpg HTTP/1.1" 200 5451 "http://photolab.elmer.uaf.edu/store/people.html" "Mozilla/4.0 (compatible; MSIE 6.0; Windows NT 5.1; FunWebProducts; .NET CLR 1.0.3705)"
161.200.130.100 - - [16/Oct/2005:04:19:26 -0800] "GET /index_files/aprbrown.jpg HTTP/1.1" 200 5509 "http://photolab.elmer.uaf.edu/store/people.html" "Mozilla/4.0 (compatible; MSIE 6.0; Windows NT 5.1; FunWebProducts; .NET CLR 1.0.3705)"
80.131.222.173 - - [16/Oct/2005:04:19:28 -0800] "GET /store/photos/smalljpegs/(077)1959-0845-00326.jpg HTTP/1.0" 200 29777 "-" "WebSauger 1.20b"
80.131.222.173 - - [16/Oct/2005:04:19:30 -0800] "GET /store/photos/smalljpegs/(078)1989-0166-00453.jpg HTTP/1.0" 200 39910 "-" "WebSauger 1.20b"
161.200.130.100 - - [16/Oct/2005:04:19:35 -0800] "GET /index_files/menubar.gif HTTP/1.1" 200 2913 "http://photolab.elmer.uaf.edu/store/people.html" "Mozilla/4.0 (compatible; MSIE 6.0; Windows NT 5.1; FunWebProducts; .NET CLR 1.0.3705)"
161.200.130.100 - - [16/Oct/2005:04:19:32 -0800] "GET /index_files/storetitle.gif HTTP/1.1" 200 14535 "http://photolab.elmer.uaf.edu/store/people.html" "Mozilla/4.0 (compatible; MSIE 6.0; Windows NT 5.1; FunWebProducts; .NET CLR 1.0.3705)"
80.131.222.173 - - [16/Oct/2005:04:19:39 -0800] "GET /store/photos/smalljpegs/(079)1989-0166-00170.jpg HTTP/1.0" 200 31534 "-" "WebSauger 1.20b"
161.200.130.100 - - [16/Oct/2005:04:20:14 -0800] "GET /store/photos/smalljpegs/(007)1972-0071-03234.jpg HTTP/1.1" 200 32052 "http://photolab.elmer.uaf.edu/store/people.html" "Mozilla/4.0 (compatible; MSIE 6.0; Windows NT 5.1; FunWebProducts; .NET CLR 1.0.3705)"
80.131.222.173 - - [16/Oct/2005:04:19:29 -0800] "GET /store/photos/largejpegs/(077)1959-0845-00326.jpg HTTP/1.0" 200 141974 "-" "WebSauger 1.20b"
80.131.222.173 - - [16/Oct/2005:04:18:50 -0800] "GET /store/photos/largejpegs/(076)1989-0166-00236.jpg HTTP/1.0" 200 209688 "-" "WebSauger 1.20b"
161.200.130.100 - - [16/Oct/2005:04:20:19 -0800] "GET /store/photos/smalljpegs/(009)1975-0146-00003.jpg HTTP/1.1" 200 35453 "http://photolab.elmer.uaf.edu/store/people.html" "Mozilla/4.0 (compatible; MSIE 6.0; Windows NT 5.1; FunWebProducts; .NET CLR 1.0.3705)"
66.194.6.71 - - [16/Oct/2005:04:20:32 -0800] "GET / HTTP/1.1" 200 8968 "-" "Mozilla/5.0 (compatible; Konqueror/3.0; i686 Linux; 20020501)"
80.131.222.173 - - [16/Oct/2005:04:20:42 -0800] "GET /store/photos/smalljpegs/(080)1958-1026-01682.jpg HTTP/1.0" 200 34989 "-" "WebSauger 1.20b"
161.200.130.100 - - [16/Oct/2005:04:20:41 -0800] "GET /store/photos/smalljpegs/(012)1989-0166-00375.jpg HTTP/1.1" 200 41883 "http://photolab.elmer.uaf.edu/store/people.html" "Mozilla/4.0 (compatible; MSIE 6.0; Windows NT 5.1; FunWebProducts; .NET CLR 1.0.3705)"
161.200.130.100 - - [16/Oct/2005:04:20:50 -0800] "GET /store/photos/smalljpegs/(024)1972-0116-00334.jpg HTTP/1.1" 200 29908 "http://photolab.elmer.uaf.edu/store/people.html" "Mozilla/4.0 (compatible; MSIE 6.0; Windows NT 5.1; FunWebProducts; .NET CLR 1.0.3705)"
80.131.222.173 - - [16/Oct/2005:04:20:54 -0800] "GET /index_files/titlebrown.jpg HTTP/1.0" 200 5451 "-" "WebSauger 1.20b"
161.200.130.100 - - [16/Oct/2005:04:21:21 -0800] "GET /store/photos/smalljpegs/(026)1997-0165-00010.jpg HTTP/1.1" 200 26695 "http://photolab.elmer.uaf.edu/store/people.html" "Mozilla/4.0 (compatible; MSIE 6.0; Windows NT 5.1; FunWebProducts; .NET CLR 1.0.3705)"
80.131.222.173 - - [16/Oct/2005:04:19:36 -0800] "GET /store/photos/largejpegs/(078)1989-0166-00453.jpg HTTP/1.0" 200 275435 "-" "WebSauger 1.20b"
161.200.130.100 - - [16/Oct/2005:04:21:23 -0800] "GET /store/photos/smalljpegs/(040)1958-1026-01700.jpg HTTP/1.1" 200 30523 "http://photolab.elmer.uaf.edu/store/people.html" "Mozilla/4.0 (compatible; MSIE 6.0; Windows NT 5.1; FunWebProducts; .NET CLR 1.0.3705)"
80.131.222.173 - - [16/Oct/2005:04:20:22 -0800] "GET /store/photos/largejpegs/(079)1989-0166-00170.jpg HTTP/1.0" 200 204998 "-" "WebSauger 1.20b"
80.131.222.173 - - [16/Oct/2005:04:21:25 -0800] "GET /store/photos/smalljpegs/(081)2002-0155-00005.jpg HTTP/1.0" 200 33739 "-" "WebSauger 1.20b"
161.200.130.100 - - [16/Oct/2005:04:21:43 -0800] "GET /store/photos/smalljpegs/(069)1976-0092-00075.jpg HTTP/1.1" 200 25519 "http://photolab.elmer.uaf.edu/store/people.html" "Mozilla/4.0 (compatible; MSIE 6.0; Windows NT 5.1; FunWebProducts; .NET CLR 1.0.3705)"
80.131.222.173 - - [16/Oct/2005:04:21:47 -0800] "GET /store/photos/smalljpegs/(082)2000-0176-00094.jpg HTTP/1.0" 200 34448 "-" "WebSauger 1.20b"
80.131.222.173 - - [16/Oct/2005:04:20:48 -0800] "GET /store/photos/largejpegs/(080)1958-1026-01682.jpg HTTP/1.0" 200 202354 "-" "WebSauger 1.20b"
161.200.130.100 - - [16/Oct/2005:04:21:46 -0800] "GET /store/photos/smalljpegs/(055)1966-0054-00104.jpg HTTP/1.1" 200 35929 "http://photolab.elmer.uaf.edu/store/people.html" "Mozilla/4.0 (compatible; MSIE 6.0; Windows NT 5.1; FunWebProducts; .NET CLR 1.0.3705)"
80.131.222.173 - - [16/Oct/2005:04:21:57 -0800] "GET /store/photos/smalljpegs/(083)1989-0166-00380.jpg HTTP/1.0" 200 32119 "-" "WebSauger 1.20b"
161.200.130.100 - - [16/Oct/2005:04:21:54 -0800] "GET /store/photos/smalljpegs/(073)2000-0176-00106a.jpg HTTP/1.1" 200 39020 "http://photolab.elmer.uaf.edu/store/people.html" "Mozilla/4.0 (compatible; MSIE 6.0; Windows NT 5.1; FunWebProducts; .NET CLR 1.0.3705)"
80.131.222.173 - - [16/Oct/2005:04:22:09 -0800] "GET /store/photos/smalljpegs/(084)1958-1026-02244.jpg HTTP/1.0" 200 31105 "-" "WebSauger 1.20b"
80.131.222.173 - - [16/Oct/2005:04:21:47 -0800] "GET /store/photos/largejpegs/(082)2000-0176-00094.jpg HTTP/1.0" 200 185923 "-" "WebSauger 1.20b"
80.131.222.173 - - [16/Oct/2005:04:21:45 -0800] "GET /store/photos/largejpegs/(081)2002-0155-00005.jpg HTTP/1.0" 200 197663 "-" "WebSauger 1.20b"
161.200.130.100 - - [16/Oct/2005:04:22:05 -0800] "GET /store/photos/smalljpegs/(074)1968-0012-00009.jpg HTTP/1.1" 200 36819 "http://photolab.elmer.uaf.edu/store/people.html" "Mozilla/4.0 (compatible; MSIE 6.0; Windows NT 5.1; FunWebProducts; .NET CLR 1.0.3705)"
161.200.130.100 - - [16/Oct/2005:04:22:33 -0800] "GET /store/photos/smalljpegs/(083)1989-0166-00380.jpg HTTP/1.1" 200 32119 "http://photolab.elmer.uaf.edu/store/people.html" "Mozilla/4.0 (compatible; MSIE 6.0; Windows NT 5.1; FunWebProducts; .NET CLR 1.0.3705)"
80.131.222.173 - - [16/Oct/2005:04:22:01 -0800] "GET /store/photos/largejpegs/(083)1989-0166-00380.jpg HTTP/1.0" 200 141524 "-" "WebSauger 1.20b"
80.131.222.173 - - [16/Oct/2005:04:22:40 -0800] "GET /store/photos/smalljpegs/(087)1958-1026-01659.jpg HTTP/1.0" 200 34229 "-" "WebSauger 1.20b"
161.200.130.100 - - [16/Oct/2005:04:23:16 -0800] "GET /store/photos/smalljpegs/(090)1972-0071-02759.jpg HTTP/1.1" 200 35919 "http://photolab.elmer.uaf.edu/store/people.html" "Mozilla/4.0 (compatible; MSIE 6.0; Windows NT 5.1; FunWebProducts; .NET CLR 1.0.3705)"
161.200.130.100 - - [16/Oct/2005:04:23:19 -0800] "GET /store/photos/smalljpegs/(101)1995-0244-01044.jpg HTTP/1.1" 200 33660 "http://photolab.elmer.uaf.edu/store/people.html" "Mozilla/4.0 (compatible; MSIE 6.0; Windows NT 5.1; FunWebProducts; .NET CLR 1.0.3705)"
80.131.222.173 - - [16/Oct/2005:04:23:22 -0800] "GET /store/photos/smalljpegs/(088)1989-0166-00496a.jpg HTTP/1.0" 200 31266 "-" "WebSauger 1.20b"
161.200.130.100 - - [16/Oct/2005:04:23:40 -0800] "GET /store/photos/smalljpegs/(102)1972-0071-00804.jpg HTTP/1.1" 200 33600 "http://photolab.elmer.uaf.edu/store/people.html" "Mozilla/4.0 (compatible; MSIE 6.0; Windows NT 5.1; FunWebProducts; .NET CLR 1.0.3705)"
80.131.222.173 - - [16/Oct/2005:04:22:37 -0800] "GET /store/photos/largejpegs/(084)1958-1026-02244.jpg HTTP/1.0" 200 143975 "-" "WebSauger 1.20b"
161.200.130.100 - - [16/Oct/2005:04:23:43 -0800] "GET /store/photos/smalljpegs/(103)1972-0071-02925.jpg HTTP/1.1" 200 30024 "http://photolab.elmer.uaf.edu/store/people.html" "Mozilla/4.0 (compatible; MSIE 6.0; Windows NT 5.1; FunWebProducts; .NET CLR 1.0.3705)"
80.131.222.173 - - [16/Oct/2005:04:23:46 -0800] "GET /store/photos/smalljpegs/(089)1989-0166-00445.jpg HTTP/1.0" 200 35944 "-" "WebSauger 1.20b"
80.131.222.173 - - [16/Oct/2005:04:23:22 -0800] "GET /store/photos/largejpegs/(088)1989-0166-00496a.jpg HTTP/1.0" 200 114479 "-" "WebSauger 1.20b"
80.131.222.173 - - [16/Oct/2005:04:22:44 -0800] "GET /store/photos/largejpegs/(087)1958-1026-01659.jpg HTTP/1.0" 200 171803 "-" "WebSauger 1.20b"
161.200.130.100 - - [16/Oct/2005:04:24:21 -0800] "GET /store/photos/smalljpegs/(145)1972-0071-02415.jpg HTTP/1.1" 200 25683 "http://photolab.elmer.uaf.edu/store/people.html" "Mozilla/4.0 (compatible; MSIE 6.0; Windows NT 5.1; FunWebProducts; .NET CLR 1.0.3705)"
80.131.222.173 - - [16/Oct/2005:04:24:25 -0800] "GET /store/photos/smalljpegs/(090)1972-0071-02759.jpg HTTP/1.0" 200 35919 "-" "WebSauger 1.20b"
161.200.130.100 - - [16/Oct/2005:04:24:24 -0800] "GET /store/photos/smalljpegs/(150)1972-0071-00102.jpg HTTP/1.1" 200 31506 "http://photolab.elmer.uaf.edu/store/people.html" "Mozilla/4.0 (compatible; MSIE 6.0; Windows NT 5.1; FunWebProducts; .NET CLR 1.0.3705)"
80.131.222.173 - - [16/Oct/2005:04:24:27 -0800] "GET /store/photos/smalljpegs/(091)1958-1026-02253.jpg HTTP/1.0" 200 31326 "-" "WebSauger 1.20b"
80.131.222.173 - - [16/Oct/2005:04:24:48 -0800] "GET /store/photos/smalljpegs/(092)1989-0166-00600.jpg HTTP/1.0" 200 33760 "-" "WebSauger 1.20b"
80.131.222.173 - - [16/Oct/2005:04:24:26 -0800] "GET /store/photos/largejpegs/(090)1972-0071-02759.jpg HTTP/1.0" 200 167581 "-" "WebSauger 1.20b"
80.131.222.173 - - [16/Oct/2005:04:24:23 -0800] "GET /store/photos/largejpegs/(089)1989-0166-00445.jpg HTTP/1.0" 200 222465 "-" "WebSauger 1.20b"
80.131.222.173 - - [16/Oct/2005:04:24:42 -0800] "GET /store/photos/largejpegs/(091)1958-1026-02253.jpg HTTP/1.0" 200 137959 "-" "WebSauger 1.20b"
80.131.222.173 - - [16/Oct/2005:04:24:59 -0800] "GET /store/photos/smalljpegs/(093)1989-0166-00100.jpg HTTP/1.0" 200 30634 "-" "WebSauger 1.20b"
80.131.222.173 - - [16/Oct/2005:04:25:01 -0800] "GET /store/photos/smalljpegs/(098)1989-0166-00658.jpg HTTP/1.0" 200 31045 "-" "WebSauger 1.20b"
80.131.222.173 - - [16/Oct/2005:04:25:01 -0800] "GET /store/photos/largejpegs/(093)1989-0166-00100.jpg HTTP/1.0" 200 97622 "-" "WebSauger 1.20b"
80.131.222.173 - - [16/Oct/2005:04:24:55 -0800] "GET /store/photos/largejpegs/(092)1989-0166-00600.jpg HTTP/1.0" 200 163820 "-" "WebSauger 1.20b"
80.131.222.173 - - [16/Oct/2005:04:25:06 -0800] "GET /store/photos/smalljpegs/(099)1989-0166-00219.jpg HTTP/1.0" 200 36061 "-" "WebSauger 1.20b"
80.131.222.173 - - [16/Oct/2005:04:25:13 -0800] "GET /store/photos/smalljpegs/(100)1989-0166-00661.jpg HTTP/1.0" 200 25729 "-" "WebSauger 1.20b"
80.131.222.173 - - [16/Oct/2005:04:25:03 -0800] "GET /store/photos/largejpegs/(098)1989-0166-00658.jpg HTTP/1.0" 200 139533 "-" "WebSauger 1.20b"
80.131.222.173 - - [16/Oct/2005:04:25:20 -0800] "GET /store/photos/smalljpegs/(102)1972-0071-00804.jpg HTTP/1.0" 200 33600 "-" "WebSauger 1.20b"
80.131.222.173 - - [16/Oct/2005:04:25:12 -0800] "GET /store/photos/largejpegs/(099)1989-0166-00219.jpg HTTP/1.0" 200 168640 "-" "WebSauger 1.20b"
80.131.222.173 - - [16/Oct/2005:04:25:13 -0800] "GET /store/photos/largejpegs/(100)1989-0166-00661.jpg HTTP/1.0" 200 131878 "-" "WebSauger 1.20b"
80.131.222.173 - - [16/Oct/2005:04:25:19 -0800] "GET /store/photos/largejpegs/(101)1995-0244-01044.jpg HTTP/1.0" 200 155003 "-" "WebSauger 1.20b"
80.131.222.173 - - [16/Oct/2005:04:25:29 -0800] "GET /store/photos/smalljpegs/(103)1972-0071-02925.jpg HTTP/1.0" 200 30024 "-" "WebSauger 1.20b"
80.131.222.173 - - [16/Oct/2005:04:25:35 -0800] "GET /store/photos/smalljpegs/(104)1958-1026-02106.jpg HTTP/1.0" 200 34617 "-" "WebSauger 1.20b"
80.131.222.173 - - [16/Oct/2005:04:25:26 -0800] "GET /store/photos/largejpegs/(102)1972-0071-00804.jpg HTTP/1.0" 200 135961 "-" "WebSauger 1.20b"
80.131.222.173 - - [16/Oct/2005:04:25:42 -0800] "GET /store/photos/smalljpegs/(105)1989-0166-00522a.jpg HTTP/1.0" 200 25417 "-" "WebSauger 1.20b"
80.131.222.173 - - [16/Oct/2005:04:25:33 -0800] "GET /store/photos/largejpegs/(103)1972-0071-02925.jpg HTTP/1.0" 200 117675 "-" "WebSauger 1.20b"
80.131.222.173 - - [16/Oct/2005:04:25:46 -0800] "GET /store/photos/smalljpegs/(106)1972-0071-03229.jpg HTTP/1.0" 200 38182 "-" "WebSauger 1.20b"
80.131.222.173 - - [16/Oct/2005:04:25:36 -0800] "GET /store/photos/largejpegs/(104)1958-1026-02106.jpg HTTP/1.0" 200 154747 "-" "WebSauger 1.20b"
80.131.222.173 - - [16/Oct/2005:04:25:43 -0800] "GET /store/photos/largejpegs/(105)1989-0166-00522a.jpg HTTP/1.0" 200 101451 "-" "WebSauger 1.20b"
80.131.222.173 - - [16/Oct/2005:04:25:53 -0800] "GET /store/photos/smalljpegs/(107)1958-1026-02271.jpg HTTP/1.0" 200 34747 "-" "WebSauger 1.20b"
80.131.222.173 - - [16/Oct/2005:04:25:57 -0800] "GET /store/photos/smalljpegs/(108)1966-0054-00248.jpg HTTP/1.0" 200 41001 "-" "WebSauger 1.20b"
80.131.222.173 - - [16/Oct/2005:04:25:46 -0800] "GET /store/photos/largejpegs/(106)1972-0071-03229.jpg HTTP/1.0" 200 178388 "-" "WebSauger 1.20b"
80.131.222.173 - - [16/Oct/2005:04:26:04 -0800] "GET /store/photos/smalljpegs/(109)1972-0071-03235.jpg HTTP/1.0" 200 39850 "-" "WebSauger 1.20b"
80.131.222.173 - - [16/Oct/2005:04:25:54 -0800] "GET /store/photos/largejpegs/(107)1958-1026-02271.jpg HTTP/1.0" 200 151436 "-" "WebSauger 1.20b"
80.131.222.173 - - [16/Oct/2005:04:26:12 -0800] "GET /store/photos/smalljpegs/(110)1958-1026-01591.jpg HTTP/1.0" 200 38244 "-" "WebSauger 1.20b"
80.131.222.173 - - [16/Oct/2005:04:25:58 -0800] "GET /store/photos/largejpegs/(108)1966-0054-00248.jpg HTTP/1.0" 200 187996 "-" "WebSauger 1.20b"
80.131.222.173 - - [16/Oct/2005:04:26:19 -0800] "GET /store/photos/smalljpegs/(113)1972-0071-02895.jpg HTTP/1.0" 200 36468 "-" "WebSauger 1.20b"
80.131.222.173 - - [16/Oct/2005:04:26:09 -0800] "GET /store/photos/largejpegs/(109)1972-0071-03235.jpg HTTP/1.0" 200 163307 "-" "WebSauger 1.20b"
80.131.222.173 - - [16/Oct/2005:04:26:13 -0800] "GET /store/photos/largejpegs/(110)1958-1026-01591.jpg HTTP/1.0" 200 184507 "-" "WebSauger 1.20b"
80.131.222.173 - - [16/Oct/2005:04:26:16 -0800] "GET /store/photos/largejpegs/(112)1958-1026-01589.jpg HTTP/1.0" 200 145970 "-" "WebSauger 1.20b"
80.131.222.173 - - [16/Oct/2005:04:26:30 -0800] "GET /store/photos/smalljpegs/(114)1972-0071-00776.jpg HTTP/1.0" 200 24068 "-" "WebSauger 1.20b"
80.131.222.173 - - [16/Oct/2005:04:26:34 -0800] "GET /store/photos/smalljpegs/(115)1989-0166-00398.jpg HTTP/1.0" 200 30154 "-" "WebSauger 1.20b"
80.131.222.173 - - [16/Oct/2005:04:26:26 -0800] "GET /store/photos/largejpegs/(113)1972-0071-02895.jpg HTTP/1.0" 200 170687 "-" "WebSauger 1.20b"
80.131.222.173 - - [16/Oct/2005:04:26:34 -0800] "GET /store/photos/largejpegs/(114)1972-0071-00776.jpg HTTP/1.0" 200 95509 "-" "WebSauger 1.20b"
80.131.222.173 - - [16/Oct/2005:04:26:41 -0800] "GET /store/photos/smalljpegs/(116)1989-0166-00402.jpg HTTP/1.0" 200 30729 "-" "WebSauger 1.20b"
80.131.222.173 - - [16/Oct/2005:04:26:36 -0800] "GET /store/photos/largejpegs/(115)1989-0166-00398.jpg HTTP/1.0" 200 128157 "-" "WebSauger 1.20b"
80.131.222.173 - - [16/Oct/2005:04:26:45 -0800] "GET /store/photos/smalljpegs/(117)1989-0166-00405.jpg HTTP/1.0" 200 34274 "-" "WebSauger 1.20b"
80.131.222.173 - - [16/Oct/2005:04:26:43 -0800] "GET /store/photos/largejpegs/(116)1989-0166-00402.jpg HTTP/1.0" 200 123450 "-" "WebSauger 1.20b"
80.131.222.173 - - [16/Oct/2005:04:26:51 -0800] "GET /store/photos/smalljpegs/(118)1989-0166-00389.jpg HTTP/1.0" 200 39923 "-" "WebSauger 1.20b"
80.131.222.173 - - [16/Oct/2005:04:26:47 -0800] "GET /store/photos/largejpegs/(117)1989-0166-00405.jpg HTTP/1.0" 200 116948 "-" "WebSauger 1.20b"
80.131.222.173 - - [16/Oct/2005:04:26:55 -0800] "GET /store/photos/smalljpegs/(119)1968-0069-02524.jpg HTTP/1.0" 200 31385 "-" "WebSauger 1.20b"
80.131.222.173 - - [16/Oct/2005:04:27:01 -0800] "GET /store/photos/smalljpegs/(120)1966-0054-00114.jpg HTTP/1.0" 200 30387 "-" "WebSauger 1.20b"
80.131.222.173 - - [16/Oct/2005:04:26:52 -0800] "GET /store/photos/largejpegs/(118)1989-0166-00389.jpg HTTP/1.0" 200 163425 "-" "WebSauger 1.20b"
80.131.222.173 - - [16/Oct/2005:04:27:08 -0800] "GET /index_files/titlebrown.jpg HTTP/1.0" 200 5451 "-" "WebSauger 1.20b"
80.131.222.173 - - [16/Oct/2005:04:26:58 -0800] "GET /store/photos/largejpegs/(119)1968-0069-02524.jpg HTTP/1.0" 200 180017 "-" "WebSauger 1.20b"
80.131.222.173 - - [16/Oct/2005:04:27:11 -0800] "GET /store/photos/smalljpegs/(121)1966-0054-00132.jpg HTTP/1.0" 200 28540 "-" "WebSauger 1.20b"
80.131.222.173 - - [16/Oct/2005:04:27:02 -0800] "GET /store/photos/largejpegs/(120)1966-0054-00114.jpg HTTP/1.0" 200 140584 "-" "WebSauger 1.20b"
80.131.222.173 - - [16/Oct/2005:04:27:16 -0800] "GET /store/photos/smalljpegs/(123)2002-0134-00056.jpg HTTP/1.0" 200 34062 "-" "WebSauger 1.20b"
80.131.222.173 - - [16/Oct/2005:04:27:19 -0800] "GET /store/photos/smalljpegs/(125)1968-0069-01325.jpg HTTP/1.0" 200 33514 "-" "WebSauger 1.20b"
80.131.222.173 - - [16/Oct/2005:04:27:12 -0800] "GET /store/photos/largejpegs/(121)1966-0054-00132.jpg HTTP/1.0" 200 106711 "-" "WebSauger 1.20b"
80.131.222.173 - - [16/Oct/2005:04:27:24 -0800] "GET /store/photos/smalljpegs/(126)2002-0134-00097.jpg HTTP/1.0" 200 32555 "-" "WebSauger 1.20b"
80.131.222.173 - - [16/Oct/2005:04:27:18 -0800] "GET /store/photos/largejpegs/(123)2002-0134-00056.jpg HTTP/1.0" 200 176859 "-" "WebSauger 1.20b"
80.131.222.173 - - [16/Oct/2005:04:27:31 -0800] "GET /store/photos/smalljpegs/(127)1958-1026-01652.jpg HTTP/1.0" 200 35392 "-" "WebSauger 1.20b"
80.131.222.173 - - [16/Oct/2005:04:27:22 -0800] "GET /store/photos/largejpegs/(125)1968-0069-01325.jpg HTTP/1.0" 200 174388 "-" "WebSauger 1.20b"
68.142.249.188 - - [16/Oct/2005:04:27:40 -0800] "GET /gallery/19950244/14 HTTP/1.0" 404 315 "-" "Mozilla/5.0 (compatible; Yahoo! Slurp; http://help.yahoo.com/help/us/ysearch/slurp)"
80.131.222.173 - - [16/Oct/2005:04:27:38 -0800] "GET /store/photos/smalljpegs/(128)1958-1026-01580.jpg HTTP/1.0" 200 31695 "-" "WebSauger 1.20b"
80.131.222.173 - - [16/Oct/2005:04:27:43 -0800] "GET /store/photos/smalljpegs/(129)1989-0166-00652.jpg HTTP/1.0" 200 38623 "-" "WebSauger 1.20b"
80.131.222.173 - - [16/Oct/2005:04:27:27 -0800] "GET /store/photos/largejpegs/(126)2002-0134-00097.jpg HTTP/1.0" 200 228432 "-" "WebSauger 1.20b"
80.131.222.173 - - [16/Oct/2005:04:27:51 -0800] "GET /store/photos/smalljpegs/(130)1958-1026-01545.jpg HTTP/1.0" 200 32843 "-" "WebSauger 1.20b"
80.131.222.173 - - [16/Oct/2005:04:27:40 -0800] "GET /store/photos/largejpegs/(128)1958-1026-01580.jpg HTTP/1.0" 200 180359 "-" "WebSauger 1.20b"
80.131.222.173 - - [16/Oct/2005:04:27:37 -0800] "GET /store/photos/largejpegs/(127)1958-1026-01652.jpg HTTP/1.0" 200 209308 "-" "WebSauger 1.20b"
80.131.222.173 - - [16/Oct/2005:04:28:00 -0800] "GET /store/photos/smalljpegs/(133)1989-0166-00004.jpg HTTP/1.0" 200 36226 "-" "WebSauger 1.20b"
80.131.222.173 - - [16/Oct/2005:04:27:49 -0800] "GET /store/photos/largejpegs/(129)1989-0166-00652.jpg HTTP/1.0" 200 208734 "-" "WebSauger 1.20b"
80.131.222.173 - - [16/Oct/2005:04:28:07 -0800] "GET /store/photos/smalljpegs/(135)1972-0071-01669.jpg HTTP/1.0" 200 39043 "-" "WebSauger 1.20b"
80.131.222.173 - - [16/Oct/2005:04:27:57 -0800] "GET /store/photos/largejpegs/(130)1958-1026-01545.jpg HTTP/1.0" 200 153193 "-" "WebSauger 1.20b"
80.131.222.173 - - [16/Oct/2005:04:28:04 -0800] "GET /store/photos/largejpegs/(133)1989-0166-00004.jpg HTTP/1.0" 200 161201 "-" "WebSauger 1.20b"
80.131.222.173 - - [16/Oct/2005:04:28:13 -0800] "GET /store/photos/largejpegs/(136)1966-0054-00239.jpg HTTP/1.0" 200 130496 "-" "WebSauger 1.20b"
80.131.222.173 - - [16/Oct/2005:04:28:23 -0800] "GET /store/photos/smalljpegs/(140)1969-0092-00826.jpg HTTP/1.0" 200 46250 "-" "WebSauger 1.20b"
80.131.222.173 - - [16/Oct/2005:04:28:14 -0800] "GET /store/photos/largejpegs/(139)1958-1026-02130.jpg HTTP/1.0" 200 182394 "-" "WebSauger 1.20b"
80.131.222.173 - - [16/Oct/2005:04:28:30 -0800] "GET /store/photos/smalljpegs/(141)1972-0071-00099.jpg HTTP/1.0" 200 38687 "-" "WebSauger 1.20b"
80.131.222.173 - - [16/Oct/2005:04:28:13 -0800] "GET /store/photos/largejpegs/(135)1972-0071-01669.jpg HTTP/1.0" 200 215155 "-" "WebSauger 1.20b"
80.131.222.173 - - [16/Oct/2005:04:28:37 -0800] "GET /store/photos/smalljpegs/(143)1958-1026-01643.jpg HTTP/1.0" 200 30139 "-" "WebSauger 1.20b"
80.131.222.173 - - [16/Oct/2005:04:28:42 -0800] "GET /store/photos/smalljpegs/(144)1974-0027-00525.jpg HTTP/1.0" 200 32505 "-" "WebSauger 1.20b"
80.131.222.173 - - [16/Oct/2005:04:28:36 -0800] "GET /store/photos/largejpegs/(141)1972-0071-00099.jpg HTTP/1.0" 200 151367 "-" "WebSauger 1.20b"
80.131.222.173 - - [16/Oct/2005:04:28:37 -0800] "GET /store/photos/largejpegs/(143)1958-1026-01643.jpg HTTP/1.0" 200 145210 "-" "WebSauger 1.20b"
80.131.222.173 - - [16/Oct/2005:04:28:26 -0800] "GET /store/photos/largejpegs/(140)1969-0092-00826.jpg HTTP/1.0" 200 262726 "-" "WebSauger 1.20b"
80.131.222.173 - - [16/Oct/2005:04:28:53 -0800] "GET /store/photos/smalljpegs/(145)1972-0071-02415.jpg HTTP/1.0" 200 25683 "-" "WebSauger 1.20b"
80.131.222.173 - - [16/Oct/2005:04:28:53 -0800] "GET /store/photos/smalljpegs/(146)1966-0054-00051.jpg HTTP/1.0" 200 27693 "-" "WebSauger 1.20b"
80.131.222.173 - - [16/Oct/2005:04:28:57 -0800] "GET /store/photos/smalljpegs/(147)1989-0166-00777.jpg HTTP/1.0" 200 26474 "-" "WebSauger 1.20b"
80.131.222.173 - - [16/Oct/2005:04:28:48 -0800] "GET /store/photos/largejpegs/(144)1974-0027-00525.jpg HTTP/1.0" 200 153919 "-" "WebSauger 1.20b"
80.131.222.173 - - [16/Oct/2005:04:28:53 -0800] "GET /store/photos/largejpegs/(145)1972-0071-02415.jpg HTTP/1.0" 200 90836 "-" "WebSauger 1.20b"
80.131.222.173 - - [16/Oct/2005:04:28:55 -0800] "GET /store/photos/largejpegs/(146)1966-0054-00051.jpg HTTP/1.0" 200 126073 "-" "WebSauger 1.20b"
80.131.222.173 - - [16/Oct/2005:04:29:05 -0800] "GET /store/photos/smalljpegs/(150)1972-0071-00102.jpg HTTP/1.0" 200 31506 "-" "WebSauger 1.20b"
80.131.222.173 - - [16/Oct/2005:04:29:08 -0800] "GET /store/photos/smalljpegs/(151)1989-0166-00382.jpg HTTP/1.0" 200 30137 "-" "WebSauger 1.20b"
80.131.222.173 - - [16/Oct/2005:04:29:03 -0800] "GET /store/photos/largejpegs/(147)1989-0166-00777.jpg HTTP/1.0" 200 123483 "-" "WebSauger 1.20b"
80.131.222.173 - - [16/Oct/2005:04:29:13 -0800] "GET /store/photos/smalljpegs/(152)1989-0166-00582a.jpg HTTP/1.0" 200 33713 "-" "WebSauger 1.20b"
80.131.222.173 - - [16/Oct/2005:04:29:11 -0800] "GET /store/photos/largejpegs/(151)1989-0166-00382.jpg HTTP/1.0" 200 121005 "-" "WebSauger 1.20b"
80.131.222.173 - - [16/Oct/2005:04:29:05 -0800] "GET /store/photos/largejpegs/(150)1972-0071-00102.jpg HTTP/1.0" 200 135003 "-" "WebSauger 1.20b"
80.131.222.173 - - [16/Oct/2005:04:29:19 -0800] "GET /store/photos/smalljpegs/(153)1989-0166-00588.jpg HTTP/1.0" 200 37633 "-" "WebSauger 1.20b"
80.131.222.173 - - [16/Oct/2005:04:29:23 -0800] "GET /store/photos/smalljpegs/(154)1958-1026-00899.jpg HTTP/1.0" 200 29503 "-" "WebSauger 1.20b"
80.131.222.173 - - [16/Oct/2005:04:29:16 -0800] "GET /store/photos/largejpegs/(152)1989-0166-00582a.jpg HTTP/1.0" 200 131244 "-" "WebSauger 1.20b"
80.131.222.173 - - [16/Oct/2005:04:29:29 -0800] "GET /index_files/titlebrown.jpg HTTP/1.0" 200 5451 "-" "WebSauger 1.20b"
80.131.222.173 - - [16/Oct/2005:04:29:26 -0800] "GET /store/photos/largejpegs/(154)1958-1026-00899.jpg HTTP/1.0" 200 105968 "-" "WebSauger 1.20b"
80.131.222.173 - - [16/Oct/2005:04:29:22 -0800] "GET /store/photos/largejpegs/(153)1989-0166-00588.jpg HTTP/1.0" 200 173109 "-" "WebSauger 1.20b"
80.131.222.173 - - [16/Oct/2005:04:29:33 -0800] "GET /store/photos/smalljpegs/(161)1977-0055-00037.jpg HTTP/1.0" 200 29343 "-" "WebSauger 1.20b"
80.131.222.173 - - [16/Oct/2005:04:29:35 -0800] "GET /store/photos/smalljpegs/(165)1989-0166-01146.jpg HTTP/1.0" 200 38177 "-" "WebSauger 1.20b"
80.131.222.173 - - [16/Oct/2005:04:29:37 -0800] "GET /store/photos/smalljpegs/(166)1989-0166-01150.jpg HTTP/1.0" 200 38536 "-" "WebSauger 1.20b"
80.131.222.173 - - [16/Oct/2005:04:29:33 -0800] "GET /store/photos/largejpegs/(161)1977-0055-00037.jpg HTTP/1.0" 200 127261 "-" "WebSauger 1.20b"
80.131.222.173 - - [16/Oct/2005:04:29:43 -0800] "GET /store/photos/smalljpegs/(167)1989-0166-01172.jpg HTTP/1.0" 200 30788 "-" "WebSauger 1.20b"
80.131.222.173 - - [16/Oct/2005:04:29:35 -0800] "GET /store/photos/largejpegs/(165)1989-0166-01146.jpg HTTP/1.0" 200 186632 "-" "WebSauger 1.20b"
80.131.222.173 - - [16/Oct/2005:04:29:50 -0800] "GET /store/photos/smalljpegs/(168)1989-0166-01191.jpg HTTP/1.0" 200 37439 "-" "WebSauger 1.20b"
80.131.222.173 - - [16/Oct/2005:04:29:40 -0800] "GET /store/photos/largejpegs/(166)1989-0166-01150.jpg HTTP/1.0" 200 191400 "-" "WebSauger 1.20b"
80.131.222.173 - - [16/Oct/2005:04:29:56 -0800] "GET /store/photos/smalljpegs/(169)1989-0166-01200.jpg HTTP/1.0" 200 28733 "-" "WebSauger 1.20b"
80.131.222.173 - - [16/Oct/2005:04:30:02 -0800] "GET /store/photos/smalljpegs/(170)1989-0166-01143.jpg HTTP/1.0" 200 36327 "-" "WebSauger 1.20b"
80.131.222.173 - - [16/Oct/2005:04:29:46 -0800] "GET /store/photos/largejpegs/(167)1989-0166-01172.jpg HTTP/1.0" 200 200194 "-" "WebSauger 1.20b"
80.131.222.173 - - [16/Oct/2005:04:30:08 -0800] "GET /store/photos/smalljpegs/(171)1989-0166-01152.jpg HTTP/1.0" 200 28145 "-" "WebSauger 1.20b"
80.131.222.173 - - [16/Oct/2005:04:29:59 -0800] "GET /store/photos/largejpegs/(169)1989-0166-01200.jpg HTTP/1.0" 200 174385 "-" "WebSauger 1.20b"
80.131.222.173 - - [16/Oct/2005:04:29:56 -0800] "GET /store/photos/largejpegs/(168)1989-0166-01191.jpg HTTP/1.0" 200 230568 "-" "WebSauger 1.20b"
80.131.222.173 - - [16/Oct/2005:04:30:22 -0800] "GET /store/photos/smalljpegs/(173)1989-0166-01192.jpg HTTP/1.0" 200 30679 "-" "WebSauger 1.20b"
80.131.222.173 - - [16/Oct/2005:04:30:07 -0800] "GET /store/photos/largejpegs/(170)1989-0166-01143.jpg HTTP/1.0" 200 199332 "-" "WebSauger 1.20b"
80.131.222.173 - - [16/Oct/2005:04:30:13 -0800] "GET /store/photos/largejpegs/(171)1989-0166-01152.jpg HTTP/1.0" 200 138874 "-" "WebSauger 1.20b"
80.131.222.173 - - [16/Oct/2005:04:30:17 -0800] "GET /store/photos/largejpegs/(172)1989-0166-01182.jpg HTTP/1.0" 200 192045 "-" "WebSauger 1.20b"
80.131.222.173 - - [16/Oct/2005:04:30:32 -0800] "GET /store/photos/smalljpegs/(174)1989-0166-01202.jpg HTTP/1.0" 200 38317 "-" "WebSauger 1.20b"
80.131.222.173 - - [16/Oct/2005:04:30:36 -0800] "GET /store/photos/smalljpegs/(175)1979-0093-00266.jpg HTTP/1.0" 200 32874 "-" "WebSauger 1.20b"
80.131.222.173 - - [16/Oct/2005:04:30:28 -0800] "GET /store/photos/largejpegs/(173)1989-0166-01192.jpg HTTP/1.0" 200 165318 "-" "WebSauger 1.20b"
80.131.222.173 - - [16/Oct/2005:04:30:42 -0800] "GET /store/photos/smalljpegs/(177)1966-0064-00093.jpg HTTP/1.0" 200 45411 "-" "WebSauger 1.20b"
80.131.222.173 - - [16/Oct/2005:04:30:29 -0800] "GET /store/photos/largejpegs/(174)1989-0166-01202.jpg HTTP/1.0" 200 224122 "-" "WebSauger 1.20b"
80.131.222.173 - - [16/Oct/2005:04:30:37 -0800] "GET /store/photos/largejpegs/(175)1979-0093-00266.jpg HTTP/1.0" 200 196738 "-" "WebSauger 1.20b"
80.131.222.173 - - [16/Oct/2005:04:30:44 -0800] "GET /store/photos/largejpegs/(177)1966-0064-00093.jpg HTTP/1.0" 200 290077 "-" "WebSauger 1.20b"
220.92.201.222 - - [16/Oct/2005:04:31:17 -0800] "GET /index_files/title.jpg HTTP/1.1" 200 5438 "http://photolab.elmer.uaf.edu/gallery/maps/mapg3300.html" "Mozilla/4.0 (compatible; MSIE 6.0; Windows NT 5.1; .NET CLR 1.1.4322)"
220.92.201.222 - - [16/Oct/2005:04:31:17 -0800] "GET /gallery/maps/mapg3300.html HTTP/1.1" 200 21856 "http://www.worldmapfinder.com/Map_Detail.php?MAP=549&FN=G3300%20%5B1780%5D%20C66.jpg&MW=1200&MH=896&FS=242&FT=jpg&WO=0&CE=4&CO=0&CI=0&IT=0&LC=2&PG=1&CS=iso-8859-1&FU=http://photolab.elmer.uaf.edu/gallery/maps/G3300/large/G3300%20%5B1780%5D%20C66.jpg&SU=http://photolab.elmer.uaf.edu/gallery/maps/mapg3300.html" "Mozilla/4.0 (compatible; MSIE 6.0; Windows NT 5.1; .NET CLR 1.1.4322)"
220.92.201.222 - - [16/Oct/2005:04:31:18 -0800] "GET /index_files/empty.gif HTTP/1.1" 200 45 "http://photolab.elmer.uaf.edu/gallery/maps/mapg3300.html" "Mozilla/4.0 (compatible; MSIE 6.0; Windows NT 5.1; .NET CLR 1.1.4322)"
220.92.201.222 - - [16/Oct/2005:04:31:18 -0800] "GET /index_files/lib.css HTTP/1.1" 200 2634 "http://photolab.elmer.uaf.edu/gallery/maps/mapg3300.html" "Mozilla/4.0 (compatible; MSIE 6.0; Windows NT 5.1; .NET CLR 1.1.4322)"
220.92.201.222 - - [16/Oct/2005:04:31:18 -0800] "GET /index_files/apr.jpg HTTP/1.1" 200 6015 "http://photolab.elmer.uaf.edu/gallery/maps/mapg3300.html" "Mozilla/4.0 (compatible; MSIE 6.0; Windows NT 5.1; .NET CLR 1.1.4322)"
220.92.201.222 - - [16/Oct/2005:04:31:18 -0800] "GET /index_files/small.dps.jpg HTTP/1.1" 200 5830 "http://photolab.elmer.uaf.edu/gallery/maps/mapg3300.html" "Mozilla/4.0 (compatible; MSIE 6.0; Windows NT 5.1; .NET CLR 1.1.4322)"
220.92.201.222 - - [16/Oct/2005:04:31:18 -0800] "GET /index_files/small.jpg HTTP/1.1" 200 2294 "http://photolab.elmer.uaf.edu/gallery/maps/mapg3300.html" "Mozilla/4.0 (compatible; MSIE 6.0; Windows NT 5.1; .NET CLR 1.1.4322)"
220.92.201.222 - - [16/Oct/2005:04:31:18 -0800] "GET /index_files/small_002.jpg HTTP/1.1" 200 1351 "http://photolab.elmer.uaf.edu/gallery/maps/mapg3300.html" "Mozilla/4.0 (compatible; MSIE 6.0; Windows NT 5.1; .NET CLR 1.1.4322)"
220.92.201.222 - - [16/Oct/2005:04:31:19 -0800] "GET /index_files/small_003.jpg HTTP/1.1" 200 1521 "http://photolab.elmer.uaf.edu/gallery/maps/mapg3300.html" "Mozilla/4.0 (compatible; MSIE 6.0; Windows NT 5.1; .NET CLR 1.1.4322)"
220.92.201.222 - - [16/Oct/2005:04:31:19 -0800] "GET /gallery/maps/G3300/small/G3300%20%5B1590%5D%20P67.jpg HTTP/1.1" 200 14993 "http://photolab.elmer.uaf.edu/gallery/maps/mapg3300.html" "Mozilla/4.0 (compatible; MSIE 6.0; Windows NT 5.1; .NET CLR 1.1.4322)"
220.92.201.222 - - [16/Oct/2005:04:31:19 -0800] "GET /gallery/maps/G3300/small/G3300%20%5B1625%5D%20E47.jpg HTTP/1.1" 200 17451 "http://photolab.elmer.uaf.edu/gallery/maps/mapg3300.html" "Mozilla/4.0 (compatible; MSIE 6.0; Windows NT 5.1; .NET CLR 1.1.4322)"
220.92.201.222 - - [16/Oct/2005:04:31:19 -0800] "GET /gallery/maps/G3300/small/G3300%20%5B1740_%5D.jpg HTTP/1.1" 200 20134 "http://photolab.elmer.uaf.edu/gallery/maps/mapg3300.html" "Mozilla/4.0 (compatible; MSIE 6.0; Windows NT 5.1; .NET CLR 1.1.4322)"
220.92.201.222 - - [16/Oct/2005:04:31:20 -0800] "GET /gallery/maps/G3300/small/G3300%201755%20B431.jpg HTTP/1.1" 200 14901 "http://photolab.elmer.uaf.edu/gallery/maps/mapg3300.html" "Mozilla/4.0 (compatible; MSIE 6.0; Windows NT 5.1; .NET CLR 1.1.4322)"
220.92.201.222 - - [16/Oct/2005:04:31:20 -0800] "GET /gallery/maps/G3300/small/G3300%201772%20R62.jpg HTTP/1.1" 200 15425 "http://photolab.elmer.uaf.edu/gallery/maps/mapg3300.html" "Mozilla/4.0 (compatible; MSIE 6.0; Windows NT 5.1; .NET CLR 1.1.4322)"
220.92.201.222 - - [16/Oct/2005:04:31:20 -0800] "GET /gallery/maps/G3300/small/G3300%201774%20D861.jpg HTTP/1.1" 200 14984 "http://photolab.elmer.uaf.edu/gallery/maps/mapg3300.html" "Mozilla/4.0 (compatible; MSIE 6.0; Windows NT 5.1; .NET CLR 1.1.4322)"
220.92.201.222 - - [16/Oct/2005:04:31:21 -0800] "GET /gallery/maps/G3300/small/G3300%201775%20R621.jpg HTTP/1.1" 200 14889 "http://photolab.elmer.uaf.edu/gallery/maps/mapg3300.html" "Mozilla/4.0 (compatible; MSIE 6.0; Windows NT 5.1; .NET CLR 1.1.4322)"
220.92.201.222 - - [16/Oct/2005:04:31:21 -0800] "GET /gallery/maps/G3300/small/G3300%20%5B1779%5D%20C662.jpg HTTP/1.1" 200 15796 "http://photolab.elmer.uaf.edu/gallery/maps/mapg3300.html" "Mozilla/4.0 (compatible; MSIE 6.0; Windows NT 5.1; .NET CLR 1.1.4322)"
220.92.201.222 - - [16/Oct/2005:04:31:22 -0800] "GET /gallery/maps/G3300/small/G3300%20%5B1780_%5D%20C66a.jpg HTTP/1.1" 200 14727 "http://photolab.elmer.uaf.edu/gallery/maps/mapg3300.html" "Mozilla/4.0 (compatible; MSIE 6.0; Windows NT 5.1; .NET CLR 1.1.4322)"
220.92.201.222 - - [16/Oct/2005:04:31:22 -0800] "GET /gallery/maps/G3300/small/G3300%20%5B1780%5D%20C66.jpg HTTP/1.1" 200 17169 "http://photolab.elmer.uaf.edu/gallery/maps/mapg3300.html" "Mozilla/4.0 (compatible; MSIE 6.0; Windows NT 5.1; .NET CLR 1.1.4322)"
220.92.201.222 - - [16/Oct/2005:04:31:22 -0800] "GET /gallery/maps/G3300/small/G3300%201783%20R62.jpg HTTP/1.1" 200 15342 "http://photolab.elmer.uaf.edu/gallery/maps/mapg3300.html" "Mozilla/4.0 (compatible; MSIE 6.0; Windows NT 5.1; .NET CLR 1.1.4322)"
220.92.201.222 - - [16/Oct/2005:04:31:23 -0800] "GET /gallery/maps/G3300/small/G3300%20%5B1786_%5D%20B691.jpg HTTP/1.1" 200 16623 "http://photolab.elmer.uaf.edu/gallery/maps/mapg3300.html" "Mozilla/4.0 (compatible; MSIE 6.0; Windows NT 5.1; .NET CLR 1.1.4322)"
220.92.201.222 - - [16/Oct/2005:04:31:23 -0800] "GET /gallery/maps/G3300/small/G3300%20%5B1787%5D%20B66.jpg HTTP/1.1" 200 14342 "http://photolab.elmer.uaf.edu/gallery/maps/mapg3300.html" "Mozilla/4.0 (compatible; MSIE 6.0; Windows NT 5.1; .NET CLR 1.1.4322)"
220.92.201.222 - - [16/Oct/2005:04:31:23 -0800] "GET /gallery/maps/G3300/small/G3300%201797%20N43.jpg HTTP/1.1" 200 15960 "http://photolab.elmer.uaf.edu/gallery/maps/mapg3300.html" "Mozilla/4.0 (compatible; MSIE 6.0; Windows NT 5.1; .NET CLR 1.1.4322)"
220.92.201.222 - - [16/Oct/2005:04:31:24 -0800] "GET /gallery/maps/G3300/small/G3300%20%5B1822%5D%20F55.jpg HTTP/1.1" 200 16603 "http://photolab.elmer.uaf.edu/gallery/maps/mapg3300.html" "Mozilla/4.0 (compatible; MSIE 6.0; Windows NT 5.1; .NET CLR 1.1.4322)"
220.92.201.222 - - [16/Oct/2005:04:31:24 -0800] "GET /gallery/maps/G3300/small/G3300%201841%20S75.jpg HTTP/1.1" 200 17336 "http://photolab.elmer.uaf.edu/gallery/maps/mapg3300.html" "Mozilla/4.0 (compatible; MSIE 6.0; Windows NT 5.1; .NET CLR 1.1.4322)"
220.92.201.222 - - [16/Oct/2005:04:31:25 -0800] "GET /gallery/maps/G3300/small/G3300%201849%20R321.jpg HTTP/1.1" 200 15980 "http://photolab.elmer.uaf.edu/gallery/maps/mapg3300.html" "Mozilla/4.0 (compatible; MSIE 6.0; Windows NT 5.1; .NET CLR 1.1.4322)"
220.92.201.222 - - [16/Oct/2005:04:31:25 -0800] "GET /gallery/maps/G3300/small/G3300%20%5B1848_%5D%20C61.jpg HTTP/1.1" 200 16536 "http://photolab.elmer.uaf.edu/gallery/maps/mapg3300.html" "Mozilla/4.0 (compatible; MSIE 6.0; Windows NT 5.1; .NET CLR 1.1.4322)"
220.92.201.222 - - [16/Oct/2005:04:31:25 -0800] "GET /gallery/maps/G3300/small/G3300%20%5B184-_%5D%20L681.jpg HTTP/1.1" 200 15119 "http://photolab.elmer.uaf.edu/gallery/maps/mapg3300.html" "Mozilla/4.0 (compatible; MSIE 6.0; Windows NT 5.1; .NET CLR 1.1.4322)"
220.92.201.222 - - [16/Oct/2005:04:31:26 -0800] "GET /gallery/maps/G3300/small/G3300%20%5B1851%5D%20R36.jpg HTTP/1.1" 200 16233 "http://photolab.elmer.uaf.edu/gallery/maps/mapg3300.html" "Mozilla/4.0 (compatible; MSIE 6.0; Windows NT 5.1; .NET CLR 1.1.4322)"
220.92.201.222 - - [16/Oct/2005:04:31:26 -0800] "GET /gallery/maps/G3300/small/G3321%20P5%201852%20G73.jpg HTTP/1.1" 200 14278 "http://photolab.elmer.uaf.edu/gallery/maps/mapg3300.html" "Mozilla/4.0 (compatible; MSIE 6.0; Windows NT 5.1; .NET CLR 1.1.4322)"
220.92.201.222 - - [16/Oct/2005:04:31:27 -0800] "GET /gallery/maps/G3300/small/G3300%20%5B1854_%5D%20B36.jpg HTTP/1.1" 200 14541 "http://photolab.elmer.uaf.edu/gallery/maps/mapg3300.html" "Mozilla/4.0 (compatible; MSIE 6.0; Windows NT 5.1; .NET CLR 1.1.4322)"
220.92.201.222 - - [16/Oct/2005:04:31:27 -0800] "GET /gallery/maps/G3300/small/G3300%201855%20C64.jpg HTTP/1.1" 200 16222 "http://photolab.elmer.uaf.edu/gallery/maps/mapg3300.html" "Mozilla/4.0 (compatible; MSIE 6.0; Windows NT 5.1; .NET CLR 1.1.4322)"
220.92.201.222 - - [16/Oct/2005:04:31:27 -0800] "GET /gallery/maps/G3300/small/G3300%20%5B1855_%5D%20C641.jpg HTTP/1.1" 200 17024 "http://photolab.elmer.uaf.edu/gallery/maps/mapg3300.html" "Mozilla/4.0 (compatible; MSIE 6.0; Windows NT 5.1; .NET CLR 1.1.4322)"
220.92.201.222 - - [16/Oct/2005:04:31:28 -0800] "GET /gallery/maps/G3300/small/G3300%20%5B1858%5D%20B361.jpg HTTP/1.1" 200 14683 "http://photolab.elmer.uaf.edu/gallery/maps/mapg3300.html" "Mozilla/4.0 (compatible; MSIE 6.0; Windows NT 5.1; .NET CLR 1.1.4322)"
220.92.201.222 - - [16/Oct/2005:04:31:28 -0800] "GET /gallery/maps/G3300/small/G3300%20%5B1857_%5D%20B36.jpg HTTP/1.1" 200 15604 "http://photolab.elmer.uaf.edu/gallery/maps/mapg3300.html" "Mozilla/4.0 (compatible; MSIE 6.0; Windows NT 5.1; .NET CLR 1.1.4322)"
220.92.201.222 - - [16/Oct/2005:04:31:28 -0800] "GET /gallery/maps/G3300/small/G3300%20%5B1864%5D%20J61.jpg HTTP/1.1" 200 15913 "http://photolab.elmer.uaf.edu/gallery/maps/mapg3300.html" "Mozilla/4.0 (compatible; MSIE 6.0; Windows NT 5.1; .NET CLR 1.1.4322)"
220.92.201.222 - - [16/Oct/2005:04:31:29 -0800] "GET /gallery/maps/G3300/small/G3300%20%5B1862_%5D%20B36.jpg HTTP/1.1" 200 14330 "http://photolab.elmer.uaf.edu/gallery/maps/mapg3300.html" "Mozilla/4.0 (compatible; MSIE 6.0; Windows NT 5.1; .NET CLR 1.1.4322)"
220.92.201.222 - - [16/Oct/2005:04:31:29 -0800] "GET /gallery/maps/G3300/small/G3300%20%5B1868%5D%20C671.jpg HTTP/1.1" 200 15494 "http://photolab.elmer.uaf.edu/gallery/maps/mapg3300.html" "Mozilla/4.0 (compatible; MSIE 6.0; Windows NT 5.1; .NET CLR 1.1.4322)"
220.92.201.222 - - [16/Oct/2005:04:31:29 -0800] "GET /gallery/maps/G3300/small/G3312%20Y81%20%5B1898_%5D%20D5.jpg HTTP/1.1" 200 16571 "http://photolab.elmer.uaf.edu/gallery/maps/mapg3300.html" "Mozilla/4.0 (compatible; MSIE 6.0; Windows NT 5.1; .NET CLR 1.1.4322)"
220.92.201.222 - - [16/Oct/2005:04:31:30 -0800] "GET /gallery/maps/G3300/small/G3300%201872%20W51.jpg HTTP/1.1" 200 17525 "http://photolab.elmer.uaf.edu/gallery/maps/mapg3300.html" "Mozilla/4.0 (compatible; MSIE 6.0; Windows NT 5.1; .NET CLR 1.1.4322)"
220.92.201.222 - - [16/Oct/2005:04:31:30 -0800] "GET /index_files/bluebear.gif HTTP/1.1" 200 1263 "http://photolab.elmer.uaf.edu/gallery/maps/mapg3300.html" "Mozilla/4.0 (compatible; MSIE 6.0; Windows NT 5.1; .NET CLR 1.1.4322)"
220.92.201.222 - - [16/Oct/2005:04:31:31 -0800] "GET /index_files/sitemap.gif HTTP/1.1" 200 1503 "http://photolab.elmer.uaf.edu/gallery/maps/mapg3300.html" "Mozilla/4.0 (compatible; MSIE 6.0; Windows NT 5.1; .NET CLR 1.1.4322)"
220.92.201.222 - - [16/Oct/2005:04:31:31 -0800] "GET /index_files/bar.gif HTTP/1.1" 200 342 "http://photolab.elmer.uaf.edu/gallery/maps/mapg3300.html" "Mozilla/4.0 (compatible; MSIE 6.0; Windows NT 5.1; .NET CLR 1.1.4322)"
213.104.241.135 - - [16/Oct/2005:04:34:04 -0800] "GET /store/people.html HTTP/1.1" 200 21075 "http://images.google.co.uk/imgres?imgurl=http://photolab.elmer.uaf.edu/store/photos/largejpegs/(040)1958-1026-01700.jpg&imgrefurl=http://photolab.elmer.uaf.edu/store/people.html&h=1000&w=762&sz=136&tbnid=muofWG5zZScJ:&tbnh=149&tbnw=113&hl=en&start=7&prev=/images%3Fq%3Deskimo%26svnum%3D10%26hl%3Den%26hs%3DPz6%26lr%3D%26safe%3Doff%26client%3Dfirefox-a%26rls%3Dorg.mozilla:en-GB:official_s%26sa%3DN" "Mozilla/5.0 (Windows; U; Windows NT 5.1; en-GB; rv:1.7.12) Gecko/20050919 Firefox/1.0.7"
213.104.241.135 - - [16/Oct/2005:04:34:05 -0800] "GET /index_files/store.css HTTP/1.1" 200 2756 "http://photolab.elmer.uaf.edu/store/people.html" "Mozilla/5.0 (Windows; U; Windows NT 5.1; en-GB; rv:1.7.12) Gecko/20050919 Firefox/1.0.7"
213.104.241.135 - - [16/Oct/2005:04:34:05 -0800] "GET /index_files/titlebrown.jpg HTTP/1.1" 200 5451 "http://photolab.elmer.uaf.edu/store/people.html" "Mozilla/5.0 (Windows; U; Windows NT 5.1; en-GB; rv:1.7.12) Gecko/20050919 Firefox/1.0.7"
213.104.241.135 - - [16/Oct/2005:04:34:05 -0800] "GET /index_files/aprbrown.jpg HTTP/1.1" 200 5509 "http://photolab.elmer.uaf.edu/store/people.html" "Mozilla/5.0 (Windows; U; Windows NT 5.1; en-GB; rv:1.7.12) Gecko/20050919 Firefox/1.0.7"
213.104.241.135 - - [16/Oct/2005:04:34:06 -0800] "GET /index_files/storetitle.gif HTTP/1.1" 200 14535 "http://photolab.elmer.uaf.edu/store/people.html" "Mozilla/5.0 (Windows; U; Windows NT 5.1; en-GB; rv:1.7.12) Gecko/20050919 Firefox/1.0.7"
213.104.241.135 - - [16/Oct/2005:04:34:06 -0800] "GET /index_files/menubar.gif HTTP/1.1" 200 2913 "http://photolab.elmer.uaf.edu/store/people.html" "Mozilla/5.0 (Windows; U; Windows NT 5.1; en-GB; rv:1.7.12) Gecko/20050919 Firefox/1.0.7"
213.104.241.135 - - [16/Oct/2005:04:34:06 -0800] "GET /store/photos/smalljpegs/(007)1972-0071-03234.jpg HTTP/1.1" 200 32052 "http://photolab.elmer.uaf.edu/store/people.html" "Mozilla/5.0 (Windows; U; Windows NT 5.1; en-GB; rv:1.7.12) Gecko/20050919 Firefox/1.0.7"
213.104.241.135 - - [16/Oct/2005:04:34:07 -0800] "GET /store/photos/smalljpegs/(009)1975-0146-00003.jpg HTTP/1.1" 200 35453 "http://photolab.elmer.uaf.edu/store/people.html" "Mozilla/5.0 (Windows; U; Windows NT 5.1; en-GB; rv:1.7.12) Gecko/20050919 Firefox/1.0.7"
213.104.241.135 - - [16/Oct/2005:04:34:07 -0800] "GET /store/photos/smalljpegs/(012)1989-0166-00375.jpg HTTP/1.1" 200 41883 "http://photolab.elmer.uaf.edu/store/people.html" "Mozilla/5.0 (Windows; U; Windows NT 5.1; en-GB; rv:1.7.12) Gecko/20050919 Firefox/1.0.7"
213.104.241.135 - - [16/Oct/2005:04:34:08 -0800] "GET /store/photos/smalljpegs/(024)1972-0116-00334.jpg HTTP/1.1" 200 29908 "http://photolab.elmer.uaf.edu/store/people.html" "Mozilla/5.0 (Windows; U; Windows NT 5.1; en-GB; rv:1.7.12) Gecko/20050919 Firefox/1.0.7"
213.104.241.135 - - [16/Oct/2005:04:34:09 -0800] "GET /store/photos/smalljpegs/(026)1997-0165-00010.jpg HTTP/1.1" 200 26695 "http://photolab.elmer.uaf.edu/store/people.html" "Mozilla/5.0 (Windows; U; Windows NT 5.1; en-GB; rv:1.7.12) Gecko/20050919 Firefox/1.0.7"
213.104.241.135 - - [16/Oct/2005:04:34:09 -0800] "GET /store/photos/smalljpegs/(040)1958-1026-01700.jpg HTTP/1.1" 200 30523 "http://photolab.elmer.uaf.edu/store/people.html" "Mozilla/5.0 (Windows; U; Windows NT 5.1; en-GB; rv:1.7.12) Gecko/20050919 Firefox/1.0.7"
213.104.241.135 - - [16/Oct/2005:04:34:10 -0800] "GET /store/photos/smalljpegs/(069)1976-0092-00075.jpg HTTP/1.1" 200 25519 "http://photolab.elmer.uaf.edu/store/people.html" "Mozilla/5.0 (Windows; U; Windows NT 5.1; en-GB; rv:1.7.12) Gecko/20050919 Firefox/1.0.7"
213.104.241.135 - - [16/Oct/2005:04:34:10 -0800] "GET /store/photos/smalljpegs/(055)1966-0054-00104.jpg HTTP/1.1" 200 35929 "http://photolab.elmer.uaf.edu/store/people.html" "Mozilla/5.0 (Windows; U; Windows NT 5.1; en-GB; rv:1.7.12) Gecko/20050919 Firefox/1.0.7"
213.104.241.135 - - [16/Oct/2005:04:34:11 -0800] "GET /store/photos/smalljpegs/(073)2000-0176-00106a.jpg HTTP/1.1" 200 39020 "http://photolab.elmer.uaf.edu/store/people.html" "Mozilla/5.0 (Windows; U; Windows NT 5.1; en-GB; rv:1.7.12) Gecko/20050919 Firefox/1.0.7"
213.104.241.135 - - [16/Oct/2005:04:34:11 -0800] "GET /store/photos/smalljpegs/(074)1968-0012-00009.jpg HTTP/1.1" 200 36819 "http://photolab.elmer.uaf.edu/store/people.html" "Mozilla/5.0 (Windows; U; Windows NT 5.1; en-GB; rv:1.7.12) Gecko/20050919 Firefox/1.0.7"
213.104.241.135 - - [16/Oct/2005:04:34:12 -0800] "GET /store/photos/smalljpegs/(083)1989-0166-00380.jpg HTTP/1.1" 200 32119 "http://photolab.elmer.uaf.edu/store/people.html" "Mozilla/5.0 (Windows; U; Windows NT 5.1; en-GB; rv:1.7.12) Gecko/20050919 Firefox/1.0.7"
213.104.241.135 - - [16/Oct/2005:04:34:13 -0800] "GET /store/photos/smalljpegs/(090)1972-0071-02759.jpg HTTP/1.1" 200 35919 "http://photolab.elmer.uaf.edu/store/people.html" "Mozilla/5.0 (Windows; U; Windows NT 5.1; en-GB; rv:1.7.12) Gecko/20050919 Firefox/1.0.7"
213.104.241.135 - - [16/Oct/2005:04:34:13 -0800] "GET /store/photos/smalljpegs/(101)1995-0244-01044.jpg HTTP/1.1" 200 33660 "http://photolab.elmer.uaf.edu/store/people.html" "Mozilla/5.0 (Windows; U; Windows NT 5.1; en-GB; rv:1.7.12) Gecko/20050919 Firefox/1.0.7"
213.104.241.135 - - [16/Oct/2005:04:34:14 -0800] "GET /store/photos/smalljpegs/(102)1972-0071-00804.jpg HTTP/1.1" 200 33600 "http://photolab.elmer.uaf.edu/store/people.html" "Mozilla/5.0 (Windows; U; Windows NT 5.1; en-GB; rv:1.7.12) Gecko/20050919 Firefox/1.0.7"
213.104.241.135 - - [16/Oct/2005:04:34:14 -0800] "GET /store/photos/smalljpegs/(103)1972-0071-02925.jpg HTTP/1.1" 200 30024 "http://photolab.elmer.uaf.edu/store/people.html" "Mozilla/5.0 (Windows; U; Windows NT 5.1; en-GB; rv:1.7.12) Gecko/20050919 Firefox/1.0.7"
213.104.241.135 - - [16/Oct/2005:04:34:15 -0800] "GET /store/photos/smalljpegs/(105)1989-0166-00522a.jpg HTTP/1.1" 200 25417 "http://photolab.elmer.uaf.edu/store/people.html" "Mozilla/5.0 (Windows; U; Windows NT 5.1; en-GB; rv:1.7.12) Gecko/20050919 Firefox/1.0.7"
213.104.241.135 - - [16/Oct/2005:04:34:15 -0800] "GET /store/photos/smalljpegs/(104)1958-1026-02106.jpg HTTP/1.1" 200 34617 "http://photolab.elmer.uaf.edu/store/people.html" "Mozilla/5.0 (Windows; U; Windows NT 5.1; en-GB; rv:1.7.12) Gecko/20050919 Firefox/1.0.7"
213.104.241.135 - - [16/Oct/2005:04:34:16 -0800] "GET /store/photos/smalljpegs/(107)1958-1026-02271.jpg HTTP/1.1" 200 34747 "http://photolab.elmer.uaf.edu/store/people.html" "Mozilla/5.0 (Windows; U; Windows NT 5.1; en-GB; rv:1.7.12) Gecko/20050919 Firefox/1.0.7"
213.104.241.135 - - [16/Oct/2005:04:34:16 -0800] "GET /store/photos/smalljpegs/(106)1972-0071-03229.jpg HTTP/1.1" 200 38182 "http://photolab.elmer.uaf.edu/store/people.html" "Mozilla/5.0 (Windows; U; Windows NT 5.1; en-GB; rv:1.7.12) Gecko/20050919 Firefox/1.0.7"
213.104.241.135 - - [16/Oct/2005:04:34:18 -0800] "GET /store/photos/smalljpegs/(112)1958-1026-01589.jpg HTTP/1.1" 200 31936 "http://photolab.elmer.uaf.edu/store/people.html" "Mozilla/5.0 (Windows; U; Windows NT 5.1; en-GB; rv:1.7.12) Gecko/20050919 Firefox/1.0.7"
213.104.241.135 - - [16/Oct/2005:04:34:18 -0800] "GET /store/photos/smalljpegs/(110)1958-1026-01591.jpg HTTP/1.1" 200 38244 "http://photolab.elmer.uaf.edu/store/people.html" "Mozilla/5.0 (Windows; U; Windows NT 5.1; en-GB; rv:1.7.12) Gecko/20050919 Firefox/1.0.7"
213.104.241.135 - - [16/Oct/2005:04:34:19 -0800] "GET /store/photos/smalljpegs/(119)1968-0069-02524.jpg HTTP/1.1" 200 31385 "http://photolab.elmer.uaf.edu/store/people.html" "Mozilla/5.0 (Windows; U; Windows NT 5.1; en-GB; rv:1.7.12) Gecko/20050919 Firefox/1.0.7"
213.104.241.135 - - [16/Oct/2005:04:34:19 -0800] "GET /store/photos/smalljpegs/(139)1958-1026-02130.jpg HTTP/1.1" 200 37323 "http://photolab.elmer.uaf.edu/store/people.html" "Mozilla/5.0 (Windows; U; Windows NT 5.1; en-GB; rv:1.7.12) Gecko/20050919 Firefox/1.0.7"
213.104.241.135 - - [16/Oct/2005:04:34:20 -0800] "GET /store/photos/smalljpegs/(141)1972-0071-00099.jpg HTTP/1.1" 200 38687 "http://photolab.elmer.uaf.edu/store/people.html" "Mozilla/5.0 (Windows; U; Windows NT 5.1; en-GB; rv:1.7.12) Gecko/20050919 Firefox/1.0.7"
213.104.241.135 - - [16/Oct/2005:04:34:20 -0800] "GET /store/photos/smalljpegs/(145)1972-0071-02415.jpg HTTP/1.1" 200 25683 "http://photolab.elmer.uaf.edu/store/people.html" "Mozilla/5.0 (Windows; U; Windows NT 5.1; en-GB; rv:1.7.12) Gecko/20050919 Firefox/1.0.7"
213.104.241.135 - - [16/Oct/2005:04:34:21 -0800] "GET /store/photos/smalljpegs/(150)1972-0071-00102.jpg HTTP/1.1" 200 31506 "http://photolab.elmer.uaf.edu/store/people.html" "Mozilla/5.0 (Windows; U; Windows NT 5.1; en-GB; rv:1.7.12) Gecko/20050919 Firefox/1.0.7"
213.104.241.135 - - [16/Oct/2005:04:34:21 -0800] "GET /store/photos/smalljpegs/(151)1989-0166-00382.jpg HTTP/1.1" 200 30137 "http://photolab.elmer.uaf.edu/store/people.html" "Mozilla/5.0 (Windows; U; Windows NT 5.1; en-GB; rv:1.7.12) Gecko/20050919 Firefox/1.0.7"
