68.142.250.122 - - [16/Sep/2005:08:33:16 -0800] "GET /gallery/photos/19940070/0/pages/1994-0070-00001.html HTTP/1.0" 200 5844 "-" "Mozilla/5.0 (compatible; Yahoo! Slurp; http://help.yahoo.com/help/us/ysearch/slurp)"
217.212.224.149 - - [16/Sep/2005:08:33:26 -0800] "GET /gallery/photos/19660054/02/thumbnails/1966-0054-00229A.jpg HTTP/1.0" 200 6510 "-" "psbot/0.1 (+http://www.picsearch.com/bot.html)"
217.212.224.150 - - [16/Sep/2005:08:33:50 -0800] "GET /gallery/photos/19660054/02/thumbnails/1966-0054-00230.jpg HTTP/1.0" 200 5703 "-" "psbot/0.1 (+http://www.picsearch.com/bot.html)"
217.212.224.149 - - [16/Sep/2005:08:34:13 -0800] "GET /gallery/photos/19660054/02/thumbnails/1966-0054-00231.jpg HTTP/1.0" 200 5466 "-" "psbot/0.1 (+http://www.picsearch.com/bot.html)"
217.212.224.159 - - [16/Sep/2005:08:34:36 -0800] "GET /gallery/photos/19680041/1/images/1968-0041-00139.jpg HTTP/1.0" 200 71380 "-" "psbot/0.1 (+http://www.picsearch.com/bot.html)"
217.212.224.159 - - [16/Sep/2005:08:35:01 -0800] "GET /gallery/photos/19680041/1/images/1968-0041-00140.jpg HTTP/1.0" 200 67046 "-" "psbot/0.1 (+http://www.picsearch.com/bot.html)"
217.212.224.159 - - [16/Sep/2005:08:35:25 -0800] "GET /gallery/photos/19680041/1/images/1968-0041-00141.jpg HTTP/1.0" 200 81586 "-" "psbot/0.1 (+http://www.picsearch.com/bot.html)"
217.212.224.149 - - [16/Sep/2005:08:35:49 -0800] "GET /gallery/photos/19680041/1/images/1968-0041-00142.jpg HTTP/1.0" 200 52825 "-" "psbot/0.1 (+http://www.picsearch.com/bot.html)"
217.212.224.162 - - [16/Sep/2005:08:36:13 -0800] "GET /gallery/photos/19581026/15/images/1958-1026-01524.jpg HTTP/1.0" 200 347879 "-" "psbot/0.1 (+http://www.picsearch.com/bot.html)"
213.3.242.81 - - [16/Sep/2005:08:32:03 -0800] "GET /store/photos/largejpegs/(105)1989-0166-00522a.jpg HTTP/1.1" 200 101451 "http://images.google.ch/imgres?imgurl=http://photolab.elmer.uaf.edu/store/photos/largejpegs/(105)1989-0166-00522a.jpg&imgrefurl=http://photolab.elmer.uaf.edu/store/people.html&h=692&w=1000&sz=100&tbnid=mRifvhDN3-gJ:&tbnh=103&tbnw=149&hl=de&prev=/images%3Fq%3Dold%2Bwoman%26imgsz%3Dxxlarge%26svnum%3D10%26hl%3Dde%26lr%3D%26client%3Dfirefox-a%26rls%3Dorg.mozilla:de-DE:official_s%26sa%3DG&frame=small" "Mozilla/5.0 (Windows; U; Windows NT 5.1; de-DE; rv:1.7.6) Gecko/20050226 Firefox/1.0.1"
217.212.224.159 - - [16/Sep/2005:08:36:36 -0800] "GET /gallery/photos/19640042/4/images/1964-0042-00431.jpg HTTP/1.0" 200 40791 "-" "psbot/0.1 (+http://www.picsearch.com/bot.html)"
217.212.224.150 - - [16/Sep/2005:08:36:59 -0800] "GET /gallery/photos/19640042/4/images/1964-0042-00432.jpg HTTP/1.0" 200 38560 "-" "psbot/0.1 (+http://www.picsearch.com/bot.html)"
217.212.224.146 - - [16/Sep/2005:08:37:22 -0800] "GET /gallery/photos/19640042/4/images/1964-0042-00433.jpg HTTP/1.0" 200 41170 "-" "psbot/0.1 (+http://www.picsearch.com/bot.html)"
217.212.224.163 - - [16/Sep/2005:08:37:45 -0800] "GET /gallery/photos/19680041/1/images/1968-0041-00149.jpg HTTP/1.0" 200 42103 "-" "psbot/0.1 (+http://www.picsearch.com/bot.html)"
217.212.224.163 - - [16/Sep/2005:08:38:08 -0800] "GET /gallery/photos/19680041/1/images/1968-0041-00150.jpg HTTP/1.0" 200 56079 "-" "psbot/0.1 (+http://www.picsearch.com/bot.html)"
207.46.98.84 - - [16/Sep/2005:08:38:10 -0800] "GET /robots.txt HTTP/1.0" 200 96 "-" "msnbot/1.0 (+http://search.msn.com/msnbot.htm)"
64.107.185.11 - - [16/Sep/2005:08:38:10 -0800] "GET /store/people.html HTTP/1.1" 304 - "-" "Mozilla/4.0 (compatible; MSIE 6.0; Windows NT 5.1; SV1; .NET CLR 1.1.4322)"
207.46.98.84 - - [16/Sep/2005:08:38:10 -0800] "GET /gallery/photos/20040069/pages/2002-0032-00041.html HTTP/1.0" 200 1884 "-" "msnbot/1.0 (+http://search.msn.com/msnbot.htm)"
64.107.185.11 - - [16/Sep/2005:08:38:10 -0800] "GET /index_files/store.css HTTP/1.1" 304 - "http://photolab.elmer.uaf.edu/store/people.html" "Mozilla/4.0 (compatible; MSIE 6.0; Windows NT 5.1; SV1; .NET CLR 1.1.4322)"
64.107.185.11 - - [16/Sep/2005:08:38:11 -0800] "GET /index_files/titlebrown.jpg HTTP/1.1" 304 - "http://photolab.elmer.uaf.edu/store/people.html" "Mozilla/4.0 (compatible; MSIE 6.0; Windows NT 5.1; SV1; .NET CLR 1.1.4322)"
64.107.185.11 - - [16/Sep/2005:08:38:11 -0800] "GET /index_files/aprbrown.jpg HTTP/1.1" 304 - "http://photolab.elmer.uaf.edu/store/people.html" "Mozilla/4.0 (compatible; MSIE 6.0; Windows NT 5.1; SV1; .NET CLR 1.1.4322)"
64.107.185.11 - - [16/Sep/2005:08:38:11 -0800] "GET /index_files/storetitle.gif HTTP/1.1" 304 - "http://photolab.elmer.uaf.edu/store/people.html" "Mozilla/4.0 (compatible; MSIE 6.0; Windows NT 5.1; SV1; .NET CLR 1.1.4322)"
64.107.185.11 - - [16/Sep/2005:08:38:11 -0800] "GET /index_files/menubar.gif HTTP/1.1" 304 - "http://photolab.elmer.uaf.edu/store/people.html" "Mozilla/4.0 (compatible; MSIE 6.0; Windows NT 5.1; SV1; .NET CLR 1.1.4322)"
64.107.185.11 - - [16/Sep/2005:08:38:11 -0800] "GET /store/photos/smalljpegs/(007)1972-0071-03234.jpg HTTP/1.1" 304 - "http://photolab.elmer.uaf.edu/store/people.html" "Mozilla/4.0 (compatible; MSIE 6.0; Windows NT 5.1; SV1; .NET CLR 1.1.4322)"
64.107.185.11 - - [16/Sep/2005:08:38:11 -0800] "GET /store/photos/smalljpegs/(009)1975-0146-00003.jpg HTTP/1.1" 206 2685 "http://photolab.elmer.uaf.edu/store/people.html" "Mozilla/4.0 (compatible; MSIE 6.0; Windows NT 5.1; SV1; .NET CLR 1.1.4322)"
64.107.185.11 - - [16/Sep/2005:08:38:11 -0800] "GET /store/photos/smalljpegs/(024)1972-0116-00334.jpg HTTP/1.1" 200 29908 "http://photolab.elmer.uaf.edu/store/people.html" "Mozilla/4.0 (compatible; MSIE 6.0; Windows NT 5.1; SV1; .NET CLR 1.1.4322)"
64.107.185.11 - - [16/Sep/2005:08:38:11 -0800] "GET /store/photos/smalljpegs/(012)1989-0166-00375.jpg HTTP/1.1" 206 36527 "http://photolab.elmer.uaf.edu/store/people.html" "Mozilla/4.0 (compatible; MSIE 6.0; Windows NT 5.1; SV1; .NET CLR 1.1.4322)"
64.107.185.11 - - [16/Sep/2005:08:38:11 -0800] "GET /store/photos/smalljpegs/(026)1997-0165-00010.jpg HTTP/1.1" 200 26695 "http://photolab.elmer.uaf.edu/store/people.html" "Mozilla/4.0 (compatible; MSIE 6.0; Windows NT 5.1; SV1; .NET CLR 1.1.4322)"
64.107.185.11 - - [16/Sep/2005:08:38:12 -0800] "GET /store/photos/smalljpegs/(055)1966-0054-00104.jpg HTTP/1.1" 200 35929 "http://photolab.elmer.uaf.edu/store/people.html" "Mozilla/4.0 (compatible; MSIE 6.0; Windows NT 5.1; SV1; .NET CLR 1.1.4322)"
64.107.185.11 - - [16/Sep/2005:08:38:12 -0800] "GET /store/photos/smalljpegs/(040)1958-1026-01700.jpg HTTP/1.1" 200 30523 "http://photolab.elmer.uaf.edu/store/people.html" "Mozilla/4.0 (compatible; MSIE 6.0; Windows NT 5.1; SV1; .NET CLR 1.1.4322)"
207.46.98.84 - - [16/Sep/2005:08:38:31 -0800] "GET /gallery/photos/20030120/2/pages/2003-0120-00239.html HTTP/1.0" 200 1871 "-" "msnbot/1.0 (+http://search.msn.com/msnbot.htm)"
217.212.224.159 - - [16/Sep/2005:08:38:32 -0800] "GET /gallery/photos/19581026/15/images/1958-1026-01541.jpg HTTP/1.0" 200 649628 "-" "psbot/0.1 (+http://www.picsearch.com/bot.html)"
207.46.98.84 - - [16/Sep/2005:08:38:47 -0800] "GET /gallery/photos/19690092/8/pages/1969-0092-00829.html HTTP/1.0" 200 1765 "-" "msnbot/1.0 (+http://search.msn.com/msnbot.htm)"
207.46.98.84 - - [16/Sep/2005:08:39:28 -0800] "GET /gallery/photos/20040069/pages/2002-0032-00043.html HTTP/1.0" 200 1884 "-" "msnbot/1.0 (+http://search.msn.com/msnbot.htm)"
217.212.224.159 - - [16/Sep/2005:08:39:18 -0800] "GET /gallery/photos/19581026/15/images/1958-1026-01542.jpg HTTP/1.0" 200 1002368 "-" "psbot/0.1 (+http://www.picsearch.com/bot.html)"
217.212.224.149 - - [16/Sep/2005:08:40:03 -0800] "GET /gallery/photos/19640042/4/images/1964-0042-00437.jpg HTTP/1.0" 200 49988 "-" "psbot/0.1 (+http://www.picsearch.com/bot.html)"
217.212.224.162 - - [16/Sep/2005:08:39:41 -0800] "GET /gallery/photos/19581026/15/images/1958-1026-01543.jpg HTTP/1.0" 200 1061904 "-" "psbot/0.1 (+http://www.picsearch.com/bot.html)"
217.212.224.162 - - [16/Sep/2005:08:40:48 -0800] "GET /gallery/photos/19640042/3/images/1964-0042-00303.jpg HTTP/1.0" 200 44595 "-" "psbot/0.1 (+http://www.picsearch.com/bot.html)"
217.212.224.150 - - [16/Sep/2005:08:41:33 -0800] "GET /gallery/photos/19680041/1/images/1968-0041-00161.jpg HTTP/1.0" 200 94277 "-" "psbot/0.1 (+http://www.picsearch.com/bot.html)"
217.212.224.149 - - [16/Sep/2005:08:42:19 -0800] "GET /gallery/photos/19680041/1/images/1968-0041-00162.jpg HTTP/1.0" 200 95985 "-" "psbot/0.1 (+http://www.picsearch.com/bot.html)"
207.46.98.84 - - [16/Sep/2005:08:42:42 -0800] "GET /gallery/photos/20040069/pages/2002-0032-00045.html HTTP/1.0" 200 1884 "-" "msnbot/1.0 (+http://search.msn.com/msnbot.htm)"
207.46.98.84 - - [16/Sep/2005:08:42:54 -0800] "GET /gallery/photos/19690092/8/pages/1969-0092-00827.html HTTP/1.0" 200 1765 "-" "msnbot/1.0 (+http://search.msn.com/msnbot.htm)"
207.46.98.84 - - [16/Sep/2005:08:43:02 -0800] "GET /gallery/photos/19680041/1/pages/1968-0041-00183.htm HTTP/1.0" 200 1889 "-" "msnbot/1.0 (+http://search.msn.com/msnbot.htm)"
217.212.224.149 - - [16/Sep/2005:08:43:03 -0800] "GET /gallery/photos/19581026/15/images/1958-1026-01550.jpg HTTP/1.0" 200 437863 "-" "psbot/0.1 (+http://www.picsearch.com/bot.html)"
217.212.224.161 - - [16/Sep/2005:08:43:24 -0800] "GET /gallery/photos/19581026/15/images/1958-1026-01551.jpg HTTP/1.0" 200 494293 "-" "psbot/0.1 (+http://www.picsearch.com/bot.html)"
81.204.238.84 - - [16/Sep/2005:08:43:49 -0800] "GET /gallery/maps/mapg3300.html HTTP/1.1" 200 21856 "http://images.google.nl/imgres?imgurl=http://photolab.elmer.uaf.edu/gallery/maps/G3300/small/G3300%25201797%2520N43.jpg&imgrefurl=http://photolab.elmer.uaf.edu/gallery/maps/mapg3300.html&h=100&w=79&sz=16&tbnid=VaDJrWRPygAJ:&tbnh=77&tbnw=60&hl=nl&start=317&prev=/images%3Fq%3Dbritish%2Bcolonies%26start%3D300%26svnum%3D10%26hl%3Dnl%26lr%3D%26rls%3DRNWE,RNWE:2004-44,RNWE:en%26sa%3DN" "Mozilla/4.0 (compatible; MSIE 6.0; Windows NT 5.1; .NET CLR 1.1.4322)"
81.204.238.84 - - [16/Sep/2005:08:43:50 -0800] "GET /index_files/lib.css HTTP/1.1" 200 2634 "http://photolab.elmer.uaf.edu/gallery/maps/mapg3300.html" "Mozilla/4.0 (compatible; MSIE 6.0; Windows NT 5.1; .NET CLR 1.1.4322)"
81.204.238.84 - - [16/Sep/2005:08:43:50 -0800] "GET /index_files/title.jpg HTTP/1.1" 200 5438 "http://photolab.elmer.uaf.edu/gallery/maps/mapg3300.html" "Mozilla/4.0 (compatible; MSIE 6.0; Windows NT 5.1; .NET CLR 1.1.4322)"
81.204.238.84 - - [16/Sep/2005:08:43:51 -0800] "GET /index_files/empty.gif HTTP/1.1" 200 45 "http://photolab.elmer.uaf.edu/gallery/maps/mapg3300.html" "Mozilla/4.0 (compatible; MSIE 6.0; Windows NT 5.1; .NET CLR 1.1.4322)"
81.204.238.84 - - [16/Sep/2005:08:43:50 -0800] "GET /index_files/apr.jpg HTTP/1.1" 200 6015 "http://photolab.elmer.uaf.edu/gallery/maps/mapg3300.html" "Mozilla/4.0 (compatible; MSIE 6.0; Windows NT 5.1; .NET CLR 1.1.4322)"
81.204.238.84 - - [16/Sep/2005:08:43:51 -0800] "GET /index_files/small.dps.jpg HTTP/1.1" 200 5830 "http://photolab.elmer.uaf.edu/gallery/maps/mapg3300.html" "Mozilla/4.0 (compatible; MSIE 6.0; Windows NT 5.1; .NET CLR 1.1.4322)"
81.204.238.84 - - [16/Sep/2005:08:43:51 -0800] "GET /index_files/small.jpg HTTP/1.1" 200 2294 "http://photolab.elmer.uaf.edu/gallery/maps/mapg3300.html" "Mozilla/4.0 (compatible; MSIE 6.0; Windows NT 5.1; .NET CLR 1.1.4322)"
81.204.238.84 - - [16/Sep/2005:08:43:51 -0800] "GET /index_files/small_002.jpg HTTP/1.1" 200 1351 "http://photolab.elmer.uaf.edu/gallery/maps/mapg3300.html" "Mozilla/4.0 (compatible; MSIE 6.0; Windows NT 5.1; .NET CLR 1.1.4322)"
81.204.238.84 - - [16/Sep/2005:08:43:51 -0800] "GET /index_files/small_003.jpg HTTP/1.1" 200 1521 "http://photolab.elmer.uaf.edu/gallery/maps/mapg3300.html" "Mozilla/4.0 (compatible; MSIE 6.0; Windows NT 5.1; .NET CLR 1.1.4322)"
81.204.238.84 - - [16/Sep/2005:08:43:52 -0800] "GET /gallery/maps/G3300/small/G3300%20%5B1590%5D%20P67.jpg HTTP/1.1" 200 14993 "http://photolab.elmer.uaf.edu/gallery/maps/mapg3300.html" "Mozilla/4.0 (compatible; MSIE 6.0; Windows NT 5.1; .NET CLR 1.1.4322)"
81.204.238.84 - - [16/Sep/2005:08:43:52 -0800] "GET /gallery/maps/G3300/small/G3300%20%5B1625%5D%20E47.jpg HTTP/1.1" 200 17451 "http://photolab.elmer.uaf.edu/gallery/maps/mapg3300.html" "Mozilla/4.0 (compatible; MSIE 6.0; Windows NT 5.1; .NET CLR 1.1.4322)"
81.204.238.84 - - [16/Sep/2005:08:43:52 -0800] "GET /gallery/maps/G3300/small/G3300%201772%20R62.jpg HTTP/1.1" 200 15425 "http://photolab.elmer.uaf.edu/gallery/maps/mapg3300.html" "Mozilla/4.0 (compatible; MSIE 6.0; Windows NT 5.1; .NET CLR 1.1.4322)"
81.204.238.84 - - [16/Sep/2005:08:43:52 -0800] "GET /gallery/maps/G3300/small/G3300%201755%20B431.jpg HTTP/1.1" 200 14901 "http://photolab.elmer.uaf.edu/gallery/maps/mapg3300.html" "Mozilla/4.0 (compatible; MSIE 6.0; Windows NT 5.1; .NET CLR 1.1.4322)"
81.204.238.84 - - [16/Sep/2005:08:43:53 -0800] "GET /gallery/maps/G3300/small/G3300%201774%20D861.jpg HTTP/1.1" 200 14984 "http://photolab.elmer.uaf.edu/gallery/maps/mapg3300.html" "Mozilla/4.0 (compatible; MSIE 6.0; Windows NT 5.1; .NET CLR 1.1.4322)"
81.204.238.84 - - [16/Sep/2005:08:43:53 -0800] "GET /gallery/maps/G3300/small/G3300%20%5B1740_%5D.jpg HTTP/1.1" 200 20134 "http://photolab.elmer.uaf.edu/gallery/maps/mapg3300.html" "Mozilla/4.0 (compatible; MSIE 6.0; Windows NT 5.1; .NET CLR 1.1.4322)"
81.204.238.84 - - [16/Sep/2005:08:43:53 -0800] "GET /gallery/maps/G3300/small/G3300%201775%20R621.jpg HTTP/1.1" 200 14889 "http://photolab.elmer.uaf.edu/gallery/maps/mapg3300.html" "Mozilla/4.0 (compatible; MSIE 6.0; Windows NT 5.1; .NET CLR 1.1.4322)"
81.204.238.84 - - [16/Sep/2005:08:43:54 -0800] "GET /gallery/maps/G3300/small/G3300%20%5B1779%5D%20C662.jpg HTTP/1.1" 200 15796 "http://photolab.elmer.uaf.edu/gallery/maps/mapg3300.html" "Mozilla/4.0 (compatible; MSIE 6.0; Windows NT 5.1; .NET CLR 1.1.4322)"
81.204.238.84 - - [16/Sep/2005:08:43:54 -0800] "GET /gallery/maps/G3300/small/G3300%20%5B1780_%5D%20C66a.jpg HTTP/1.1" 200 14727 "http://photolab.elmer.uaf.edu/gallery/maps/mapg3300.html" "Mozilla/4.0 (compatible; MSIE 6.0; Windows NT 5.1; .NET CLR 1.1.4322)"
81.204.238.84 - - [16/Sep/2005:08:43:54 -0800] "GET /gallery/maps/G3300/small/G3300%20%5B1780%5D%20C66.jpg HTTP/1.1" 200 17169 "http://photolab.elmer.uaf.edu/gallery/maps/mapg3300.html" "Mozilla/4.0 (compatible; MSIE 6.0; Windows NT 5.1; .NET CLR 1.1.4322)"
81.204.238.84 - - [16/Sep/2005:08:43:55 -0800] "GET /gallery/maps/G3300/small/G3300%201783%20R62.jpg HTTP/1.1" 200 15342 "http://photolab.elmer.uaf.edu/gallery/maps/mapg3300.html" "Mozilla/4.0 (compatible; MSIE 6.0; Windows NT 5.1; .NET CLR 1.1.4322)"
81.204.238.84 - - [16/Sep/2005:08:43:55 -0800] "GET /gallery/maps/G3300/small/G3300%20%5B1786_%5D%20B691.jpg HTTP/1.1" 200 16623 "http://photolab.elmer.uaf.edu/gallery/maps/mapg3300.html" "Mozilla/4.0 (compatible; MSIE 6.0; Windows NT 5.1; .NET CLR 1.1.4322)"
81.204.238.84 - - [16/Sep/2005:08:43:55 -0800] "GET /gallery/maps/G3300/small/G3300%20%5B1787%5D%20B66.jpg HTTP/1.1" 200 14342 "http://photolab.elmer.uaf.edu/gallery/maps/mapg3300.html" "Mozilla/4.0 (compatible; MSIE 6.0; Windows NT 5.1; .NET CLR 1.1.4322)"
81.204.238.84 - - [16/Sep/2005:08:43:56 -0800] "GET /gallery/maps/G3300/small/G3300%201797%20N43.jpg HTTP/1.1" 200 15960 "http://photolab.elmer.uaf.edu/gallery/maps/mapg3300.html" "Mozilla/4.0 (compatible; MSIE 6.0; Windows NT 5.1; .NET CLR 1.1.4322)"
81.204.238.84 - - [16/Sep/2005:08:43:56 -0800] "GET /gallery/maps/G3300/small/G3300%20%5B1822%5D%20F55.jpg HTTP/1.1" 200 16603 "http://photolab.elmer.uaf.edu/gallery/maps/mapg3300.html" "Mozilla/4.0 (compatible; MSIE 6.0; Windows NT 5.1; .NET CLR 1.1.4322)"
81.204.238.84 - - [16/Sep/2005:08:43:56 -0800] "GET /gallery/maps/G3300/small/G3300%201841%20S75.jpg HTTP/1.1" 200 17336 "http://photolab.elmer.uaf.edu/gallery/maps/mapg3300.html" "Mozilla/4.0 (compatible; MSIE 6.0; Windows NT 5.1; .NET CLR 1.1.4322)"
81.204.238.84 - - [16/Sep/2005:08:43:57 -0800] "GET /gallery/maps/G3300/small/G3300%20%5B1848_%5D%20C61.jpg HTTP/1.1" 200 16536 "http://photolab.elmer.uaf.edu/gallery/maps/mapg3300.html" "Mozilla/4.0 (compatible; MSIE 6.0; Windows NT 5.1; .NET CLR 1.1.4322)"
81.204.238.84 - - [16/Sep/2005:08:43:57 -0800] "GET /gallery/maps/G3300/small/G3300%201849%20R321.jpg HTTP/1.1" 200 15980 "http://photolab.elmer.uaf.edu/gallery/maps/mapg3300.html" "Mozilla/4.0 (compatible; MSIE 6.0; Windows NT 5.1; .NET CLR 1.1.4322)"
81.204.238.84 - - [16/Sep/2005:08:43:57 -0800] "GET /gallery/maps/G3300/small/G3300%20%5B184-_%5D%20L681.jpg HTTP/1.1" 200 15119 "http://photolab.elmer.uaf.edu/gallery/maps/mapg3300.html" "Mozilla/4.0 (compatible; MSIE 6.0; Windows NT 5.1; .NET CLR 1.1.4322)"
81.204.238.84 - - [16/Sep/2005:08:43:57 -0800] "GET /gallery/maps/G3300/small/G3300%20%5B1851%5D%20R36.jpg HTTP/1.1" 200 16233 "http://photolab.elmer.uaf.edu/gallery/maps/mapg3300.html" "Mozilla/4.0 (compatible; MSIE 6.0; Windows NT 5.1; .NET CLR 1.1.4322)"
81.204.238.84 - - [16/Sep/2005:08:43:58 -0800] "GET /gallery/maps/G3300/small/G3321%20P5%201852%20G73.jpg HTTP/1.1" 200 14278 "http://photolab.elmer.uaf.edu/gallery/maps/mapg3300.html" "Mozilla/4.0 (compatible; MSIE 6.0; Windows NT 5.1; .NET CLR 1.1.4322)"
81.204.238.84 - - [16/Sep/2005:08:43:58 -0800] "GET /gallery/maps/G3300/small/G3300%20%5B1854_%5D%20B36.jpg HTTP/1.1" 200 14541 "http://photolab.elmer.uaf.edu/gallery/maps/mapg3300.html" "Mozilla/4.0 (compatible; MSIE 6.0; Windows NT 5.1; .NET CLR 1.1.4322)"
81.204.238.84 - - [16/Sep/2005:08:43:58 -0800] "GET /gallery/maps/G3300/small/G3300%201855%20C64.jpg HTTP/1.1" 200 16222 "http://photolab.elmer.uaf.edu/gallery/maps/mapg3300.html" "Mozilla/4.0 (compatible; MSIE 6.0; Windows NT 5.1; .NET CLR 1.1.4322)"
81.204.238.84 - - [16/Sep/2005:08:43:59 -0800] "GET /gallery/maps/G3300/small/G3300%20%5B1855_%5D%20C641.jpg HTTP/1.1" 200 17024 "http://photolab.elmer.uaf.edu/gallery/maps/mapg3300.html" "Mozilla/4.0 (compatible; MSIE 6.0; Windows NT 5.1; .NET CLR 1.1.4322)"
81.204.238.84 - - [16/Sep/2005:08:43:59 -0800] "GET /gallery/maps/G3300/small/G3300%20%5B1857_%5D%20B36.jpg HTTP/1.1" 200 15604 "http://photolab.elmer.uaf.edu/gallery/maps/mapg3300.html" "Mozilla/4.0 (compatible; MSIE 6.0; Windows NT 5.1; .NET CLR 1.1.4322)"
81.204.238.84 - - [16/Sep/2005:08:43:59 -0800] "GET /gallery/maps/G3300/small/G3300%20%5B1858%5D%20B361.jpg HTTP/1.1" 200 14683 "http://photolab.elmer.uaf.edu/gallery/maps/mapg3300.html" "Mozilla/4.0 (compatible; MSIE 6.0; Windows NT 5.1; .NET CLR 1.1.4322)"
81.204.238.84 - - [16/Sep/2005:08:44:00 -0800] "GET /gallery/maps/G3300/small/G3300%20%5B1864%5D%20J61.jpg HTTP/1.1" 200 15913 "http://photolab.elmer.uaf.edu/gallery/maps/mapg3300.html" "Mozilla/4.0 (compatible; MSIE 6.0; Windows NT 5.1; .NET CLR 1.1.4322)"
81.204.238.84 - - [16/Sep/2005:08:44:00 -0800] "GET /gallery/maps/G3300/small/G3300%201797%20N43.jpg HTTP/1.1" 304 - "http://images.google.nl/imgres?imgurl=http://photolab.elmer.uaf.edu/gallery/maps/G3300/small/G3300%25201797%2520N43.jpg&imgrefurl=http://photolab.elmer.uaf.edu/gallery/maps/mapg3300.html&h=100&w=79&sz=16&tbnid=VaDJrWRPygAJ:&tbnh=77&tbnw=60&hl=nl&prev=/images%3Fq%3Dbritish%2Bcolonies%26start%3D300%26svnum%3D10%26hl%3Dnl%26lr%3D%26rls%3DRNWE,RNWE:2004-44,RNWE:en%26sa%3DN&frame=small" "Mozilla/4.0 (compatible; MSIE 6.0; Windows NT 5.1; .NET CLR 1.1.4322)"
81.204.238.84 - - [16/Sep/2005:08:44:00 -0800] "GET /index_files/bar.gif HTTP/1.1" 200 342 "http://photolab.elmer.uaf.edu/gallery/maps/mapg3300.html" "Mozilla/4.0 (compatible; MSIE 6.0; Windows NT 5.1; .NET CLR 1.1.4322)"
81.204.238.84 - - [16/Sep/2005:08:44:02 -0800] "GET /index_files/bar.gif HTTP/1.1" 200 342 "http://photolab.elmer.uaf.edu/gallery/maps/mapg3300.html" "Mozilla/4.0 (compatible; MSIE 6.0; Windows NT 5.1; .NET CLR 1.1.4322)"
81.204.238.84 - - [16/Sep/2005:08:44:02 -0800] "GET /gallery/maps/G3300/small/G3300%20%5B1858%5D%20B361.jpg HTTP/1.1" 200 14683 "http://photolab.elmer.uaf.edu/gallery/maps/mapg3300.html" "Mozilla/4.0 (compatible; MSIE 6.0; Windows NT 5.1; .NET CLR 1.1.4322)"
81.204.238.84 - - [16/Sep/2005:08:44:02 -0800] "GET /gallery/maps/G3300/small/G3300%20%5B1868%5D%20C671.jpg HTTP/1.1" 200 15494 "http://photolab.elmer.uaf.edu/gallery/maps/mapg3300.html" "Mozilla/4.0 (compatible; MSIE 6.0; Windows NT 5.1; .NET CLR 1.1.4322)"
207.46.98.84 - - [16/Sep/2005:08:44:06 -0800] "GET /gallery/photos/19690092/8/pages/1969-0092-00825.html HTTP/1.0" 200 1765 "-" "msnbot/1.0 (+http://search.msn.com/msnbot.htm)"
207.46.98.84 - - [16/Sep/2005:08:44:15 -0800] "GET /gallery/photos/19680041/1/pages/1968-0041-00191.htm HTTP/1.0" 200 1889 "-" "msnbot/1.0 (+http://search.msn.com/msnbot.htm)"
207.46.98.84 - - [16/Sep/2005:08:44:22 -0800] "GET /gallery/photos/19690092/8/pages/1969-0092-00835.html HTTP/1.0" 200 1765 "-" "msnbot/1.0 (+http://search.msn.com/msnbot.htm)"
207.46.98.84 - - [16/Sep/2005:08:44:28 -0800] "GET /gallery/photos/20030120/2/pages/2003-0120-00242.html HTTP/1.0" 200 1871 "-" "msnbot/1.0 (+http://search.msn.com/msnbot.htm)"
217.212.224.150 - - [16/Sep/2005:08:44:31 -0800] "GET /gallery/photos/19660054/02/thumbnails/1966-0054-00232.jpg HTTP/1.0" 200 4938 "-" "psbot/0.1 (+http://www.picsearch.com/bot.html)"
207.46.98.84 - - [16/Sep/2005:08:44:35 -0800] "GET /gallery/photos/20030120/2/pages/2003-0120-00237.html HTTP/1.0" 200 1871 "-" "msnbot/1.0 (+http://search.msn.com/msnbot.htm)"
217.212.224.149 - - [16/Sep/2005:08:44:09 -0800] "GET /gallery/photos/19581026/15/images/1958-1026-01552.jpg HTTP/1.0" 200 1066161 "-" "psbot/0.1 (+http://www.picsearch.com/bot.html)"
217.212.224.163 - - [16/Sep/2005:08:44:55 -0800] "GET /gallery/photos/19660054/02/thumbnails/1966-0054-00233.jpg HTTP/1.0" 200 5124 "-" "psbot/0.1 (+http://www.picsearch.com/bot.html)"
217.212.224.162 - - [16/Sep/2005:08:45:16 -0800] "GET /gallery/photos/19660054/02/thumbnails/1966-0054-00234.jpg HTTP/1.0" 200 8049 "-" "psbot/0.1 (+http://www.picsearch.com/bot.html)"
217.212.224.150 - - [16/Sep/2005:08:45:38 -0800] "GET /gallery/photos/19660054/02/thumbnails/1966-0054-00235.jpg HTTP/1.0" 200 7136 "-" "psbot/0.1 (+http://www.picsearch.com/bot.html)"
207.46.98.84 - - [16/Sep/2005:08:45:45 -0800] "GET /gallery/photos/19690092/8/pages/1969-0092-00831.html HTTP/1.0" 200 1765 "-" "msnbot/1.0 (+http://search.msn.com/msnbot.htm)"
207.46.98.84 - - [16/Sep/2005:08:45:51 -0800] "GET /gallery/photos/19680041/1/pages/1968-0041-00186.htm HTTP/1.0" 200 1889 "-" "msnbot/1.0 (+http://search.msn.com/msnbot.htm)"
207.46.98.84 - - [16/Sep/2005:08:45:59 -0800] "GET /gallery/photos/19690092/8/pages/1969-0092-00833.html HTTP/1.0" 200 1765 "-" "msnbot/1.0 (+http://search.msn.com/msnbot.htm)"
217.212.224.163 - - [16/Sep/2005:08:46:00 -0800] "GET /gallery/photos/19660054/02/thumbnails/1966-0054-00236.jpg HTTP/1.0" 200 6466 "-" "psbot/0.1 (+http://www.picsearch.com/bot.html)"
207.46.98.84 - - [16/Sep/2005:08:46:10 -0800] "GET /gallery/photos/20030120/2/pages/2003-0120-00240.html HTTP/1.0" 200 1871 "-" "msnbot/1.0 (+http://search.msn.com/msnbot.htm)"
217.212.224.149 - - [16/Sep/2005:08:46:22 -0800] "GET /gallery/photos/19660054/02/images/1966-0054-00235.jpg HTTP/1.0" 200 73003 "-" "psbot/0.1 (+http://www.picsearch.com/bot.html)"
217.212.224.150 - - [16/Sep/2005:08:47:07 -0800] "GET /gallery/photos/19660054/02/images/1966-0054-00236.jpg HTTP/1.0" 200 59777 "-" "psbot/0.1 (+http://www.picsearch.com/bot.html)"
207.46.98.84 - - [16/Sep/2005:08:47:27 -0800] "GET /gallery/photos/20030120/2/pages/2003-0120-00244.html HTTP/1.0" 200 1871 "-" "msnbot/1.0 (+http://search.msn.com/msnbot.htm)"
217.212.224.163 - - [16/Sep/2005:08:47:29 -0800] "GET /gallery/photos/19660054/02/images/1966-0054-00238.jpg HTTP/1.0" 200 66089 "-" "psbot/0.1 (+http://www.picsearch.com/bot.html)"
207.46.98.84 - - [16/Sep/2005:08:47:39 -0800] "GET /gallery/photos/19680041/1/pages/1968-0041-00192.htm HTTP/1.0" 200 1889 "-" "msnbot/1.0 (+http://search.msn.com/msnbot.htm)"
207.46.98.84 - - [16/Sep/2005:08:47:48 -0800] "GET /gallery/photos/20030120/2/pages/2003-0120-00246.html HTTP/1.0" 200 1871 "-" "msnbot/1.0 (+http://search.msn.com/msnbot.htm)"
207.46.98.84 - - [16/Sep/2005:08:47:53 -0800] "GET /gallery/photos/19680041/1/pages/1968-0041-00188.htm HTTP/1.0" 200 1889 "-" "msnbot/1.0 (+http://search.msn.com/msnbot.htm)"
217.212.224.159 - - [16/Sep/2005:08:47:51 -0800] "GET /gallery/photos/19581026/15/images/1958-1026-01590.jpg HTTP/1.0" 200 689803 "-" "psbot/0.1 (+http://www.picsearch.com/bot.html)"
217.212.224.159 - - [16/Sep/2005:08:48:12 -0800] "GET /gallery/photos/19660054/02/images/1966-0054-00244.jpg HTTP/1.0" 200 32594 "-" "psbot/0.1 (+http://www.picsearch.com/bot.html)"
217.212.224.150 - - [16/Sep/2005:08:48:34 -0800] "GET /gallery/photos/19660054/02/images/1966-0054-00245.jpg HTTP/1.0" 200 38255 "-" "psbot/0.1 (+http://www.picsearch.com/bot.html)"
217.212.224.159 - - [16/Sep/2005:08:49:19 -0800] "GET /gallery/photos/19660054/02/images/1966-0054-00246.jpg HTTP/1.0" 200 42381 "-" "psbot/0.1 (+http://www.picsearch.com/bot.html)"
217.212.224.150 - - [16/Sep/2005:08:50:02 -0800] "GET /gallery/photos/19660054/02/images/1966-0054-00248.jpg HTTP/1.0" 200 91475 "-" "psbot/0.1 (+http://www.picsearch.com/bot.html)"
207.46.98.84 - - [16/Sep/2005:08:51:16 -0800] "GET /gallery/photos/19680041/1/pages/1968-0041-00185.htm HTTP/1.0" 200 1889 "-" "msnbot/1.0 (+http://search.msn.com/msnbot.htm)"
152.163.100.130 - - [16/Sep/2005:08:52:33 -0800] "GET /gallery/Panorama/ HTTP/1.0" 200 31634 "http://images.google.com/imgres?imgurl=http://photolab.elmer.uaf.edu/gallery/photos/19640074/images/1964-0074-00152.jpg&imgrefurl=http://photolab.elmer.uaf.edu/gallery/Panorama/&h=480&w=1042&sz=79&tbnid=yqM4FiH59wcJ:&tbnh=69&tbnw=150&hl=en&start=34&prev=/images%3Fq%3DChicken,%2BAlaska%26start%3D20%26imgsz%3Dxxlarge%26svnum%3D10%26hl%3Den%26lr%3D%26ie%3DUTF-8%26sa%3DN" "Mozilla/4.0 (compatible; MSIE 6.0; AOL 9.0; Windows NT 5.1; SV1; .NET CLR 1.1.4322)"
207.46.98.84 - - [16/Sep/2005:08:52:43 -0800] "GET /gallery/photos/20030120/2/pages/2003-0120-00243.html HTTP/1.0" 200 1871 "-" "msnbot/1.0 (+http://search.msn.com/msnbot.htm)"
152.163.100.201 - - [16/Sep/2005:08:52:43 -0800] "GET /gallery/photos/19640074/images/1964-0074-00152.jpg HTTP/1.1" 200 80706 "http://images.google.com/imgres?imgurl=http://photolab.elmer.uaf.edu/gallery/photos/19640074/images/1964-0074-00152.jpg&imgrefurl=http://photolab.elmer.uaf.edu/gallery/Panorama/&h=480&w=1042&sz=79&tbnid=yqM4FiH59wcJ:&tbnh=69&tbnw=150&hl=en&prev=/images%3Fq%3DChicken,%2BAlaska%26start%3D20%26imgsz%3Dxxlarge%26svnum%3D10%26hl%3Den%26lr%3D%26ie%3DUTF-8%26sa%3DN&frame=small" "Mozilla/4.0 (compatible; MSIE 6.0; AOL 9.0; Windows NT 5.1; SV1; .NET CLR 1.1.4322)"
207.46.98.84 - - [16/Sep/2005:08:53:10 -0800] "GET /gallery/photos/20030120/2/pages/2003-0120-00241.html HTTP/1.0" 200 1871 "-" "msnbot/1.0 (+http://search.msn.com/msnbot.htm)"
207.46.98.84 - - [16/Sep/2005:08:54:17 -0800] "GET /gallery/photos/20040069/pages/2002-0032-00039.html HTTP/1.0" 200 1884 "-" "msnbot/1.0 (+http://search.msn.com/msnbot.htm)"
207.46.98.84 - - [16/Sep/2005:08:54:34 -0800] "GET /gallery/photos/19690092/8/pages/1969-0092-00834.html HTTP/1.0" 200 1765 "-" "msnbot/1.0 (+http://search.msn.com/msnbot.htm)"
207.46.98.84 - - [16/Sep/2005:08:54:41 -0800] "GET /gallery/photos/19690092/8/pages/1969-0092-00830.html HTTP/1.0" 200 1765 "-" "msnbot/1.0 (+http://search.msn.com/msnbot.htm)"
67.183.90.220 - - [16/Sep/2005:08:55:26 -0800] "GET /index_files/store.css HTTP/1.1" 200 2756 "http://photolab.elmer.uaf.edu/store/mining.html" "Mozilla/4.0 (compatible; MSIE 6.0; Windows NT 5.1; SV1; .NET CLR 1.1.4322)"
67.183.90.220 - - [16/Sep/2005:08:55:26 -0800] "GET /store/mining.html HTTP/1.1" 200 16945 "http://images.google.com/imgres?imgurl=http://photolab.elmer.uaf.edu/store/photos/largejpegs/(032)1964-0098-02647.jpg&imgrefurl=http://photolab.elmer.uaf.edu/store/mining.html&h=703&w=1000&sz=139&tbnid=ARkYpIkwWHYJ:&tbnh=104&tbnw=149&hl=en&start=5&prev=/images%3Fq%3DHydraulic%2BMining%26svnum%3D50%26hl%3Den%26lr%3D%26safe%3Doff" "Mozilla/4.0 (compatible; MSIE 6.0; Windows NT 5.1; SV1; .NET CLR 1.1.4322)"
67.183.90.220 - - [16/Sep/2005:08:55:27 -0800] "GET /index_files/titlebrown.jpg HTTP/1.1" 200 5451 "http://photolab.elmer.uaf.edu/store/mining.html" "Mozilla/4.0 (compatible; MSIE 6.0; Windows NT 5.1; SV1; .NET CLR 1.1.4322)"
67.183.90.220 - - [16/Sep/2005:08:55:27 -0800] "GET /index_files/aprbrown.jpg HTTP/1.1" 200 5509 "http://photolab.elmer.uaf.edu/store/mining.html" "Mozilla/4.0 (compatible; MSIE 6.0; Windows NT 5.1; SV1; .NET CLR 1.1.4322)"
67.183.90.220 - - [16/Sep/2005:08:55:27 -0800] "GET /index_files/menubar.gif HTTP/1.1" 200 2913 "http://photolab.elmer.uaf.edu/store/mining.html" "Mozilla/4.0 (compatible; MSIE 6.0; Windows NT 5.1; SV1; .NET CLR 1.1.4322)"
67.183.90.220 - - [16/Sep/2005:08:55:27 -0800] "GET /index_files/storetitle.gif HTTP/1.1" 200 14535 "http://photolab.elmer.uaf.edu/store/mining.html" "Mozilla/4.0 (compatible; MSIE 6.0; Windows NT 5.1; SV1; .NET CLR 1.1.4322)"
67.183.90.220 - - [16/Sep/2005:08:55:27 -0800] "GET /store/photos/smalljpegs/(001)1958-1026-01101.jpg HTTP/1.1" 200 26793 "http://photolab.elmer.uaf.edu/store/mining.html" "Mozilla/4.0 (compatible; MSIE 6.0; Windows NT 5.1; SV1; .NET CLR 1.1.4322)"
67.183.90.220 - - [16/Sep/2005:08:55:27 -0800] "GET /store/photos/smalljpegs/(005)1958-1026-01479.jpg HTTP/1.1" 200 40549 "http://photolab.elmer.uaf.edu/store/mining.html" "Mozilla/4.0 (compatible; MSIE 6.0; Windows NT 5.1; SV1; .NET CLR 1.1.4322)"
67.183.90.220 - - [16/Sep/2005:08:55:27 -0800] "GET /store/photos/smalljpegs/(006)1970-0058-00507.jpg HTTP/1.1" 200 34057 "http://photolab.elmer.uaf.edu/store/mining.html" "Mozilla/4.0 (compatible; MSIE 6.0; Windows NT 5.1; SV1; .NET CLR 1.1.4322)"
67.183.90.220 - - [16/Sep/2005:08:55:28 -0800] "GET /store/photos/largejpegs/(032)1964-0098-02647.jpg HTTP/1.1" 200 142235 "http://images.google.com/imgres?imgurl=http://photolab.elmer.uaf.edu/store/photos/largejpegs/(032)1964-0098-02647.jpg&imgrefurl=http://photolab.elmer.uaf.edu/store/mining.html&h=703&w=1000&sz=139&tbnid=ARkYpIkwWHYJ:&tbnh=104&tbnw=149&hl=en&prev=/images%3Fq%3DHydraulic%2BMining%26svnum%3D50%26hl%3Den%26lr%3D%26safe%3Doff&frame=small" "Mozilla/4.0 (compatible; MSIE 6.0; Windows NT 5.1; SV1; .NET CLR 1.1.4322)"
207.46.98.84 - - [16/Sep/2005:08:56:44 -0800] "GET /gallery/photos/19690092/8/pages/1969-0092-00832.html HTTP/1.0" 200 1765 "-" "msnbot/1.0 (+http://search.msn.com/msnbot.htm)"
67.183.90.220 - - [16/Sep/2005:08:56:58 -0800] "GET /store/photos/smalljpegs/(006)1970-0058-00507.jpg HTTP/1.1" 206 5385 "http://photolab.elmer.uaf.edu/store/mining.html" "Mozilla/4.0 (compatible; MSIE 6.0; Windows NT 5.1; SV1; .NET CLR 1.1.4322)"
67.183.90.220 - - [16/Sep/2005:08:56:58 -0800] "GET /store/photos/smalljpegs/(005)1958-1026-01479.jpg HTTP/1.1" 206 28261 "http://photolab.elmer.uaf.edu/store/mining.html" "Mozilla/4.0 (compatible; MSIE 6.0; Windows NT 5.1; SV1; .NET CLR 1.1.4322)"
207.46.98.84 - - [16/Sep/2005:08:56:58 -0800] "GET /gallery/photos/20030120/2/pages/2003-0120-00245.html HTTP/1.0" 200 1871 "-" "msnbot/1.0 (+http://search.msn.com/msnbot.htm)"
67.183.90.220 - - [16/Sep/2005:08:56:58 -0800] "GET /store/photos/smalljpegs/(008)1973-0079-00046.jpg HTTP/1.1" 200 37907 "http://photolab.elmer.uaf.edu/store/mining.html" "Mozilla/4.0 (compatible; MSIE 6.0; Windows NT 5.1; SV1; .NET CLR 1.1.4322)"
67.183.90.220 - - [16/Sep/2005:08:56:58 -0800] "GET /store/photos/smalljpegs/(016)1989-0166-00635.jpg HTTP/1.1" 200 33629 "http://photolab.elmer.uaf.edu/store/mining.html" "Mozilla/4.0 (compatible; MSIE 6.0; Windows NT 5.1; SV1; .NET CLR 1.1.4322)"
67.183.90.220 - - [16/Sep/2005:08:56:59 -0800] "GET /store/photos/smalljpegs/(025)1958-1026-01474.jpg HTTP/1.1" 200 43131 "http://photolab.elmer.uaf.edu/store/mining.html" "Mozilla/4.0 (compatible; MSIE 6.0; Windows NT 5.1; SV1; .NET CLR 1.1.4322)"
67.183.90.220 - - [16/Sep/2005:08:56:59 -0800] "GET /store/photos/smalljpegs/(027)1968-0069-01547.jpg HTTP/1.1" 200 34349 "http://photolab.elmer.uaf.edu/store/mining.html" "Mozilla/4.0 (compatible; MSIE 6.0; Windows NT 5.1; SV1; .NET CLR 1.1.4322)"
67.183.90.220 - - [16/Sep/2005:08:56:59 -0800] "GET /store/photos/smalljpegs/(028)896-036.jpg HTTP/1.1" 200 30336 "http://photolab.elmer.uaf.edu/store/mining.html" "Mozilla/4.0 (compatible; MSIE 6.0; Windows NT 5.1; SV1; .NET CLR 1.1.4322)"
67.183.90.220 - - [16/Sep/2005:08:56:59 -0800] "GET /store/photos/smalljpegs/(030)1958-1026-01546.jpg HTTP/1.1" 200 32796 "http://photolab.elmer.uaf.edu/store/mining.html" "Mozilla/4.0 (compatible; MSIE 6.0; Windows NT 5.1; SV1; .NET CLR 1.1.4322)"
67.183.90.220 - - [16/Sep/2005:08:57:00 -0800] "GET /store/photos/smalljpegs/(032)1964-0098-02647.jpg HTTP/1.1" 200 29805 "http://photolab.elmer.uaf.edu/store/mining.html" "Mozilla/4.0 (compatible; MSIE 6.0; Windows NT 5.1; SV1; .NET CLR 1.1.4322)"
67.183.90.220 - - [16/Sep/2005:08:57:00 -0800] "GET /store/photos/smalljpegs/(045)1989-0166-00025.jpg HTTP/1.1" 200 40740 "http://photolab.elmer.uaf.edu/store/mining.html" "Mozilla/4.0 (compatible; MSIE 6.0; Windows NT 5.1; SV1; .NET CLR 1.1.4322)"
67.183.90.220 - - [16/Sep/2005:08:57:00 -0800] "GET /store/photos/smalljpegs/(051)1981-0107-00008.jpg HTTP/1.1" 200 33523 "http://photolab.elmer.uaf.edu/store/mining.html" "Mozilla/4.0 (compatible; MSIE 6.0; Windows NT 5.1; SV1; .NET CLR 1.1.4322)"
67.183.90.220 - - [16/Sep/2005:08:57:01 -0800] "GET /store/photos/smalljpegs/(062)1973-0050-00013.jpg HTTP/1.1" 200 39979 "http://photolab.elmer.uaf.edu/store/mining.html" "Mozilla/4.0 (compatible; MSIE 6.0; Windows NT 5.1; SV1; .NET CLR 1.1.4322)"
207.46.98.84 - - [16/Sep/2005:08:58:40 -0800] "GET /gallery/photos/20030120/2/pages/2003-0120-00247.html HTTP/1.0" 200 1871 "-" "msnbot/1.0 (+http://search.msn.com/msnbot.htm)"
207.46.98.84 - - [16/Sep/2005:09:01:37 -0800] "GET /gallery/photos/20040069/pages/2002-0032-00040.html HTTP/1.0" 200 1884 "-" "msnbot/1.0 (+http://search.msn.com/msnbot.htm)"
207.46.98.84 - - [16/Sep/2005:09:01:47 -0800] "GET /gallery/photos/19680041/1/pages/1968-0041-00187.htm HTTP/1.0" 200 1889 "-" "msnbot/1.0 (+http://search.msn.com/msnbot.htm)"
137.48.69.105 - - [16/Sep/2005:09:04:23 -0800] "GET /index_files/lib.css HTTP/1.1" 200 2634 "http://photolab.elmer.uaf.edu/gallery/maps/mapg3300.html" "Mozilla/4.0 (compatible; MSIE 6.0; Windows NT 5.1; SV1; .NET CLR 1.1.4322)"
137.48.69.105 - - [16/Sep/2005:09:04:23 -0800] "GET /gallery/maps/mapg3300.html HTTP/1.1" 200 21856 "http://images.google.com/imgres?imgurl=http://photolab.elmer.uaf.edu/gallery/maps/G3300/large/G3300%25201872%2520W51.jpg&imgrefurl=http://photolab.elmer.uaf.edu/gallery/maps/mapg3300.html&h=1200&w=935&sz=375&tbnid=q4YlpSdSgwQJ:&tbnh=150&tbnw=116&hl=en&start=17&prev=/images%3Fq%3D%2522North%2BAmerica%2522%2Bpolitical%2Bmaps%26svnum%3D10%26hl%3Den%26lr%3D" "Mozilla/4.0 (compatible; MSIE 6.0; Windows NT 5.1; SV1; .NET CLR 1.1.4322)"
137.48.69.105 - - [16/Sep/2005:09:04:23 -0800] "GET /index_files/title.jpg HTTP/1.1" 200 5438 "http://photolab.elmer.uaf.edu/gallery/maps/mapg3300.html" "Mozilla/4.0 (compatible; MSIE 6.0; Windows NT 5.1; SV1; .NET CLR 1.1.4322)"
137.48.69.105 - - [16/Sep/2005:09:04:23 -0800] "GET /index_files/empty.gif HTTP/1.1" 200 45 "http://photolab.elmer.uaf.edu/gallery/maps/mapg3300.html" "Mozilla/4.0 (compatible; MSIE 6.0; Windows NT 5.1; SV1; .NET CLR 1.1.4322)"
137.48.69.105 - - [16/Sep/2005:09:04:23 -0800] "GET /index_files/apr.jpg HTTP/1.1" 200 6015 "http://photolab.elmer.uaf.edu/gallery/maps/mapg3300.html" "Mozilla/4.0 (compatible; MSIE 6.0; Windows NT 5.1; SV1; .NET CLR 1.1.4322)"
137.48.69.105 - - [16/Sep/2005:09:04:23 -0800] "GET /index_files/small.dps.jpg HTTP/1.1" 200 5830 "http://photolab.elmer.uaf.edu/gallery/maps/mapg3300.html" "Mozilla/4.0 (compatible; MSIE 6.0; Windows NT 5.1; SV1; .NET CLR 1.1.4322)"
137.48.69.105 - - [16/Sep/2005:09:04:23 -0800] "GET /index_files/small.jpg HTTP/1.1" 200 2294 "http://photolab.elmer.uaf.edu/gallery/maps/mapg3300.html" "Mozilla/4.0 (compatible; MSIE 6.0; Windows NT 5.1; SV1; .NET CLR 1.1.4322)"
137.48.69.105 - - [16/Sep/2005:09:04:24 -0800] "GET /index_files/small_002.jpg HTTP/1.1" 200 1351 "http://photolab.elmer.uaf.edu/gallery/maps/mapg3300.html" "Mozilla/4.0 (compatible; MSIE 6.0; Windows NT 5.1; SV1; .NET CLR 1.1.4322)"
137.48.69.105 - - [16/Sep/2005:09:04:24 -0800] "GET /index_files/small_003.jpg HTTP/1.1" 200 1521 "http://photolab.elmer.uaf.edu/gallery/maps/mapg3300.html" "Mozilla/4.0 (compatible; MSIE 6.0; Windows NT 5.1; SV1; .NET CLR 1.1.4322)"
137.48.69.105 - - [16/Sep/2005:09:04:24 -0800] "GET /gallery/maps/G3300/small/G3300%20%5B1590%5D%20P67.jpg HTTP/1.1" 200 14993 "http://photolab.elmer.uaf.edu/gallery/maps/mapg3300.html" "Mozilla/4.0 (compatible; MSIE 6.0; Windows NT 5.1; SV1; .NET CLR 1.1.4322)"
137.48.69.105 - - [16/Sep/2005:09:04:24 -0800] "GET /gallery/maps/G3300/small/G3300%20%5B1625%5D%20E47.jpg HTTP/1.1" 200 17451 "http://photolab.elmer.uaf.edu/gallery/maps/mapg3300.html" "Mozilla/4.0 (compatible; MSIE 6.0; Windows NT 5.1; SV1; .NET CLR 1.1.4322)"
137.48.69.105 - - [16/Sep/2005:09:04:24 -0800] "GET /gallery/maps/G3300/small/G3300%20%5B1740_%5D.jpg HTTP/1.1" 200 20134 "http://photolab.elmer.uaf.edu/gallery/maps/mapg3300.html" "Mozilla/4.0 (compatible; MSIE 6.0; Windows NT 5.1; SV1; .NET CLR 1.1.4322)"
137.48.69.105 - - [16/Sep/2005:09:04:24 -0800] "GET /gallery/maps/G3300/small/G3300%201755%20B431.jpg HTTP/1.1" 200 14901 "http://photolab.elmer.uaf.edu/gallery/maps/mapg3300.html" "Mozilla/4.0 (compatible; MSIE 6.0; Windows NT 5.1; SV1; .NET CLR 1.1.4322)"
137.48.69.105 - - [16/Sep/2005:09:04:24 -0800] "GET /gallery/maps/G3300/small/G3300%201772%20R62.jpg HTTP/1.1" 200 15425 "http://photolab.elmer.uaf.edu/gallery/maps/mapg3300.html" "Mozilla/4.0 (compatible; MSIE 6.0; Windows NT 5.1; SV1; .NET CLR 1.1.4322)"
137.48.69.105 - - [16/Sep/2005:09:04:24 -0800] "GET /gallery/maps/G3300/small/G3300%201774%20D861.jpg HTTP/1.1" 200 14984 "http://photolab.elmer.uaf.edu/gallery/maps/mapg3300.html" "Mozilla/4.0 (compatible; MSIE 6.0; Windows NT 5.1; SV1; .NET CLR 1.1.4322)"
137.48.69.105 - - [16/Sep/2005:09:04:25 -0800] "GET /gallery/maps/G3300/small/G3300%20%5B1779%5D%20C662.jpg HTTP/1.1" 200 15796 "http://photolab.elmer.uaf.edu/gallery/maps/mapg3300.html" "Mozilla/4.0 (compatible; MSIE 6.0; Windows NT 5.1; SV1; .NET CLR 1.1.4322)"
137.48.69.105 - - [16/Sep/2005:09:04:25 -0800] "GET /gallery/maps/G3300/small/G3300%201775%20R621.jpg HTTP/1.1" 200 14889 "http://photolab.elmer.uaf.edu/gallery/maps/mapg3300.html" "Mozilla/4.0 (compatible; MSIE 6.0; Windows NT 5.1; SV1; .NET CLR 1.1.4322)"
137.48.69.105 - - [16/Sep/2005:09:04:25 -0800] "GET /gallery/maps/G3300/small/G3300%20%5B1780%5D%20C66.jpg HTTP/1.1" 200 17169 "http://photolab.elmer.uaf.edu/gallery/maps/mapg3300.html" "Mozilla/4.0 (compatible; MSIE 6.0; Windows NT 5.1; SV1; .NET CLR 1.1.4322)"
137.48.69.105 - - [16/Sep/2005:09:04:25 -0800] "GET /gallery/maps/G3300/small/G3300%20%5B1780_%5D%20C66a.jpg HTTP/1.1" 200 14727 "http://photolab.elmer.uaf.edu/gallery/maps/mapg3300.html" "Mozilla/4.0 (compatible; MSIE 6.0; Windows NT 5.1; SV1; .NET CLR 1.1.4322)"
137.48.69.105 - - [16/Sep/2005:09:04:25 -0800] "GET /gallery/maps/G3300/small/G3300%201783%20R62.jpg HTTP/1.1" 200 15342 "http://photolab.elmer.uaf.edu/gallery/maps/mapg3300.html" "Mozilla/4.0 (compatible; MSIE 6.0; Windows NT 5.1; SV1; .NET CLR 1.1.4322)"
137.48.69.105 - - [16/Sep/2005:09:04:25 -0800] "GET /gallery/maps/G3300/small/G3300%20%5B1786_%5D%20B691.jpg HTTP/1.1" 200 16623 "http://photolab.elmer.uaf.edu/gallery/maps/mapg3300.html" "Mozilla/4.0 (compatible; MSIE 6.0; Windows NT 5.1; SV1; .NET CLR 1.1.4322)"
137.48.69.105 - - [16/Sep/2005:09:04:25 -0800] "GET /gallery/maps/G3300/small/G3300%20%5B1787%5D%20B66.jpg HTTP/1.1" 200 14342 "http://photolab.elmer.uaf.edu/gallery/maps/mapg3300.html" "Mozilla/4.0 (compatible; MSIE 6.0; Windows NT 5.1; SV1; .NET CLR 1.1.4322)"
137.48.69.105 - - [16/Sep/2005:09:04:25 -0800] "GET /gallery/maps/G3300/small/G3300%201841%20S75.jpg HTTP/1.1" 200 17336 "http://photolab.elmer.uaf.edu/gallery/maps/mapg3300.html" "Mozilla/4.0 (compatible; MSIE 6.0; Windows NT 5.1; SV1; .NET CLR 1.1.4322)"
137.48.69.105 - - [16/Sep/2005:09:04:26 -0800] "GET /gallery/maps/G3300/small/G3300%201797%20N43.jpg HTTP/1.1" 200 15960 "http://photolab.elmer.uaf.edu/gallery/maps/mapg3300.html" "Mozilla/4.0 (compatible; MSIE 6.0; Windows NT 5.1; SV1; .NET CLR 1.1.4322)"
137.48.69.105 - - [16/Sep/2005:09:04:26 -0800] "GET /gallery/maps/G3300/small/G3300%20%5B1822%5D%20F55.jpg HTTP/1.1" 200 16603 "http://photolab.elmer.uaf.edu/gallery/maps/mapg3300.html" "Mozilla/4.0 (compatible; MSIE 6.0; Windows NT 5.1; SV1; .NET CLR 1.1.4322)"
137.48.69.105 - - [16/Sep/2005:09:04:26 -0800] "GET /gallery/maps/G3300/small/G3300%20%5B1848_%5D%20C61.jpg HTTP/1.1" 200 16536 "http://photolab.elmer.uaf.edu/gallery/maps/mapg3300.html" "Mozilla/4.0 (compatible; MSIE 6.0; Windows NT 5.1; SV1; .NET CLR 1.1.4322)"
137.48.69.105 - - [16/Sep/2005:09:04:26 -0800] "GET /gallery/maps/G3300/small/G3300%201849%20R321.jpg HTTP/1.1" 200 15980 "http://photolab.elmer.uaf.edu/gallery/maps/mapg3300.html" "Mozilla/4.0 (compatible; MSIE 6.0; Windows NT 5.1; SV1; .NET CLR 1.1.4322)"
137.48.69.105 - - [16/Sep/2005:09:04:26 -0800] "GET /gallery/maps/G3300/small/G3321%20P5%201852%20G73.jpg HTTP/1.1" 200 14278 "http://photolab.elmer.uaf.edu/gallery/maps/mapg3300.html" "Mozilla/4.0 (compatible; MSIE 6.0; Windows NT 5.1; SV1; .NET CLR 1.1.4322)"
137.48.69.105 - - [16/Sep/2005:09:04:26 -0800] "GET /gallery/maps/G3300/small/G3300%20%5B1851%5D%20R36.jpg HTTP/1.1" 200 16233 "http://photolab.elmer.uaf.edu/gallery/maps/mapg3300.html" "Mozilla/4.0 (compatible; MSIE 6.0; Windows NT 5.1; SV1; .NET CLR 1.1.4322)"
137.48.69.105 - - [16/Sep/2005:09:04:27 -0800] "GET /gallery/maps/G3300/small/G3300%20%5B184-_%5D%20L681.jpg HTTP/1.1" 200 15119 "http://photolab.elmer.uaf.edu/gallery/maps/mapg3300.html" "Mozilla/4.0 (compatible; MSIE 6.0; Windows NT 5.1; SV1; .NET CLR 1.1.4322)"
137.48.69.105 - - [16/Sep/2005:09:04:27 -0800] "GET /gallery/maps/G3300/small/G3300%20%5B1854_%5D%20B36.jpg HTTP/1.1" 200 14541 "http://photolab.elmer.uaf.edu/gallery/maps/mapg3300.html" "Mozilla/4.0 (compatible; MSIE 6.0; Windows NT 5.1; SV1; .NET CLR 1.1.4322)"
137.48.69.105 - - [16/Sep/2005:09:04:27 -0800] "GET /gallery/maps/G3300/small/G3300%201855%20C64.jpg HTTP/1.1" 200 16222 "http://photolab.elmer.uaf.edu/gallery/maps/mapg3300.html" "Mozilla/4.0 (compatible; MSIE 6.0; Windows NT 5.1; SV1; .NET CLR 1.1.4322)"
137.48.69.105 - - [16/Sep/2005:09:04:27 -0800] "GET /gallery/maps/G3300/small/G3300%20%5B1855_%5D%20C641.jpg HTTP/1.1" 200 17024 "http://photolab.elmer.uaf.edu/gallery/maps/mapg3300.html" "Mozilla/4.0 (compatible; MSIE 6.0; Windows NT 5.1; SV1; .NET CLR 1.1.4322)"
137.48.69.105 - - [16/Sep/2005:09:04:27 -0800] "GET /index_files/bar.gif HTTP/1.1" 200 342 "http://photolab.elmer.uaf.edu/gallery/maps/mapg3300.html" "Mozilla/4.0 (compatible; MSIE 6.0; Windows NT 5.1; SV1; .NET CLR 1.1.4322)"
137.48.69.105 - - [16/Sep/2005:09:04:27 -0800] "GET /gallery/maps/G3300/small/G3300%20%5B1858%5D%20B361.jpg HTTP/1.1" 200 14683 "http://photolab.elmer.uaf.edu/gallery/maps/mapg3300.html" "Mozilla/4.0 (compatible; MSIE 6.0; Windows NT 5.1; SV1; .NET CLR 1.1.4322)"
137.48.69.105 - - [16/Sep/2005:09:04:27 -0800] "GET /gallery/maps/G3300/small/G3300%20%5B1857_%5D%20B36.jpg HTTP/1.1" 200 15604 "http://photolab.elmer.uaf.edu/gallery/maps/mapg3300.html" "Mozilla/4.0 (compatible; MSIE 6.0; Windows NT 5.1; SV1; .NET CLR 1.1.4322)"
137.48.69.105 - - [16/Sep/2005:09:04:27 -0800] "GET /gallery/maps/G3300/small/G3300%20%5B1862_%5D%20B36.jpg HTTP/1.1" 200 14330 "http://photolab.elmer.uaf.edu/gallery/maps/mapg3300.html" "Mozilla/4.0 (compatible; MSIE 6.0; Windows NT 5.1; SV1; .NET CLR 1.1.4322)"
137.48.69.105 - - [16/Sep/2005:09:04:28 -0800] "GET /gallery/maps/G3300/small/G3300%20%5B1864%5D%20J61.jpg HTTP/1.1" 200 15913 "http://photolab.elmer.uaf.edu/gallery/maps/mapg3300.html" "Mozilla/4.0 (compatible; MSIE 6.0; Windows NT 5.1; SV1; .NET CLR 1.1.4322)"
137.48.69.105 - - [16/Sep/2005:09:04:28 -0800] "GET /gallery/maps/G3300/small/G3300%201872%20W51.jpg HTTP/1.1" 200 17525 "http://photolab.elmer.uaf.edu/gallery/maps/mapg3300.html" "Mozilla/4.0 (compatible; MSIE 6.0; Windows NT 5.1; SV1; .NET CLR 1.1.4322)"
137.48.69.105 - - [16/Sep/2005:09:04:28 -0800] "GET /gallery/maps/G3300/small/G3312%20Y81%20%5B1898_%5D%20D5.jpg HTTP/1.1" 200 16571 "http://photolab.elmer.uaf.edu/gallery/maps/mapg3300.html" "Mozilla/4.0 (compatible; MSIE 6.0; Windows NT 5.1; SV1; .NET CLR 1.1.4322)"
137.48.69.105 - - [16/Sep/2005:09:04:28 -0800] "GET /gallery/maps/G3300/small/G3300%20%5B1868%5D%20C671.jpg HTTP/1.1" 200 15494 "http://photolab.elmer.uaf.edu/gallery/maps/mapg3300.html" "Mozilla/4.0 (compatible; MSIE 6.0; Windows NT 5.1; SV1; .NET CLR 1.1.4322)"
137.48.69.105 - - [16/Sep/2005:09:04:28 -0800] "GET /index_files/bluebear.gif HTTP/1.1" 200 1263 "http://photolab.elmer.uaf.edu/gallery/maps/mapg3300.html" "Mozilla/4.0 (compatible; MSIE 6.0; Windows NT 5.1; SV1; .NET CLR 1.1.4322)"
137.48.69.105 - - [16/Sep/2005:09:04:28 -0800] "GET /index_files/sitemap.gif HTTP/1.1" 200 1503 "http://photolab.elmer.uaf.edu/gallery/maps/mapg3300.html" "Mozilla/4.0 (compatible; MSIE 6.0; Windows NT 5.1; SV1; .NET CLR 1.1.4322)"
137.229.28.215 - - [16/Sep/2005:09:04:56 -0800] "GET /favicon.ico HTTP/1.1" 404 307 "-" "Mozilla/5.0 (Macintosh; U; PPC Mac OS X; en-US; rv:1.0.2) Gecko/20030208 Netscape/7.02"
137.229.28.215 - - [16/Sep/2005:09:04:56 -0800] "GET / HTTP/1.1" 200 8830 "http://www.uaf.edu/cornerstone/index.html/" "Mozilla/5.0 (Macintosh; U; PPC Mac OS X; en-US; rv:1.0.2) Gecko/20030208 Netscape/7.02"
137.229.28.215 - - [16/Sep/2005:09:04:56 -0800] "GET /index_files/dps.ico HTTP/1.1" 200 318 "-" "Mozilla/5.0 (Macintosh; U; PPC Mac OS X; en-US; rv:1.0.2) Gecko/20030208 Netscape/7.02"
137.229.28.215 - - [16/Sep/2005:09:04:56 -0800] "GET /index_files/lib.css HTTP/1.1" 200 2634 "http://photolab.elmer.uaf.edu/" "Mozilla/5.0 (Macintosh; U; PPC Mac OS X; en-US; rv:1.0.2) Gecko/20030208 Netscape/7.02"
137.229.28.215 - - [16/Sep/2005:09:04:56 -0800] "GET /index_files/apr.jpg HTTP/1.1" 200 6015 "http://photolab.elmer.uaf.edu/" "Mozilla/5.0 (Macintosh; U; PPC Mac OS X; en-US; rv:1.0.2) Gecko/20030208 Netscape/7.02"
137.229.28.215 - - [16/Sep/2005:09:04:56 -0800] "GET /index_files/empty.gif HTTP/1.1" 200 45 "http://photolab.elmer.uaf.edu/" "Mozilla/5.0 (Macintosh; U; PPC Mac OS X; en-US; rv:1.0.2) Gecko/20030208 Netscape/7.02"
137.229.28.215 - - [16/Sep/2005:09:04:56 -0800] "GET /index_files/title.jpg HTTP/1.1" 200 5438 "http://photolab.elmer.uaf.edu/" "Mozilla/5.0 (Macintosh; U; PPC Mac OS X; en-US; rv:1.0.2) Gecko/20030208 Netscape/7.02"
137.229.28.215 - - [16/Sep/2005:09:04:56 -0800] "GET /index_files/small.jpg HTTP/1.1" 200 2294 "http://photolab.elmer.uaf.edu/" "Mozilla/5.0 (Macintosh; U; PPC Mac OS X; en-US; rv:1.0.2) Gecko/20030208 Netscape/7.02"
137.229.28.215 - - [16/Sep/2005:09:04:56 -0800] "GET /index_files/small.dps.jpg HTTP/1.1" 200 5830 "http://photolab.elmer.uaf.edu/" "Mozilla/5.0 (Macintosh; U; PPC Mac OS X; en-US; rv:1.0.2) Gecko/20030208 Netscape/7.02"
137.229.28.215 - - [16/Sep/2005:09:04:56 -0800] "GET /index_files/small_002.jpg HTTP/1.1" 200 1351 "http://photolab.elmer.uaf.edu/" "Mozilla/5.0 (Macintosh; U; PPC Mac OS X; en-US; rv:1.0.2) Gecko/20030208 Netscape/7.02"
137.229.28.215 - - [16/Sep/2005:09:04:56 -0800] "GET /index_files/small_003.jpg HTTP/1.1" 200 1521 "http://photolab.elmer.uaf.edu/" "Mozilla/5.0 (Macintosh; U; PPC Mac OS X; en-US; rv:1.0.2) Gecko/20030208 Netscape/7.02"
137.229.28.215 - - [16/Sep/2005:09:04:56 -0800] "GET /index_files/bluebear.gif HTTP/1.1" 200 1263 "http://photolab.elmer.uaf.edu/" "Mozilla/5.0 (Macintosh; U; PPC Mac OS X; en-US; rv:1.0.2) Gecko/20030208 Netscape/7.02"
137.229.28.215 - - [16/Sep/2005:09:04:56 -0800] "GET /index_files/sitemap.gif HTTP/1.1" 200 1503 "http://photolab.elmer.uaf.edu/" "Mozilla/5.0 (Macintosh; U; PPC Mac OS X; en-US; rv:1.0.2) Gecko/20030208 Netscape/7.02"
137.229.28.215 - - [16/Sep/2005:09:04:56 -0800] "GET /index_files/bar.gif HTTP/1.1" 200 342 "http://photolab.elmer.uaf.edu/" "Mozilla/5.0 (Macintosh; U; PPC Mac OS X; en-US; rv:1.0.2) Gecko/20030208 Netscape/7.02"
85.140.19.118 - - [16/Sep/2005:09:04:53 -0800] "GET /store/photos/largejpegs/(105)1989-0166-00522a.jpg HTTP/1.1" 200 101451 "http://www.livejournal.com/users/ring_let/78041.html" "Mozilla/4.0 (compatible; MSIE 6.0; Windows NT 5.1; .NET CLR 1.1.4322)"
137.229.28.215 - - [16/Sep/2005:09:05:15 -0800] "GET /services.html HTTP/1.1" 200 5498 "http://photolab.elmer.uaf.edu/" "Mozilla/5.0 (Macintosh; U; PPC Mac OS X; en-US; rv:1.0.2) Gecko/20030208 Netscape/7.02"
137.229.28.215 - - [16/Sep/2005:09:05:15 -0800] "GET /favicon.ico HTTP/1.1" 404 307 "-" "Mozilla/5.0 (Macintosh; U; PPC Mac OS X; en-US; rv:1.0.2) Gecko/20030208 Netscape/7.02"
84.41.181.63 - - [16/Sep/2005:09:06:20 -0800] "GET /store/photos/largejpegs/(040)1958-1026-01700.jpg HTTP/1.1" 200 138785 "-" "Mozilla/4.0 (compatible; MSIE 6.0; Windows NT 5.1; SV1; .NET CLR 1.1.4322)"
207.46.98.84 - - [16/Sep/2005:09:07:38 -0800] "GET /gallery/photos/20040069/pages/2002-0032-00042.html HTTP/1.0" 200 1884 "-" "msnbot/1.0 (+http://search.msn.com/msnbot.htm)"
207.46.98.84 - - [16/Sep/2005:09:08:01 -0800] "GET /gallery/photos/20040069/pages/2002-0032-00046.html HTTP/1.0" 200 1884 "-" "msnbot/1.0 (+http://search.msn.com/msnbot.htm)"
207.46.98.84 - - [16/Sep/2005:09:09:03 -0800] "GET /gallery/photos/20040069/pages/2002-0032-00044.html HTTP/1.0" 200 1884 "-" "msnbot/1.0 (+http://search.msn.com/msnbot.htm)"
207.46.98.84 - - [16/Sep/2005:09:09:20 -0800] "GET /gallery/photos/19680041/1/pages/1968-0041-00190.htm HTTP/1.0" 200 1889 "-" "msnbot/1.0 (+http://search.msn.com/msnbot.htm)"
84.157.106.212 - - [16/Sep/2005:09:10:50 -0800] "GET /store/photos/largejpegs/(105)1989-0166-00522a.jpg HTTP/1.1" 200 101451 "-" "Mozilla/4.0 (compatible; MSIE 6.0; Windows NT 5.1)"
84.157.106.212 - - [16/Sep/2005:09:11:19 -0800] "GET /store/people.html HTTP/1.1" 200 21075 "-" "Mozilla/4.0 (compatible; MSIE 6.0; Windows NT 5.1)"
