200.118.112.254 - - [16/Sep/2005:05:15:37 -0800] "GET /store/photos/smalljpegs/(166)1989-0166-01150.jpg HTTP/1.1" 200 38536 "http://photolab.elmer.uaf.edu/store/fairbanks.html" "Mozilla/4.0 (compatible; MSIE 5.17; Mac_PowerPC)"
200.118.112.254 - - [16/Sep/2005:05:15:37 -0800] "GET /store/photos/smalljpegs/(147)1989-0166-00777.jpg HTTP/1.1" 200 26474 "http://photolab.elmer.uaf.edu/store/fairbanks.html" "Mozilla/4.0 (compatible; MSIE 5.17; Mac_PowerPC)"
200.118.112.254 - - [16/Sep/2005:05:15:37 -0800] "GET /store/photos/smalljpegs/(153)1989-0166-00588.jpg HTTP/1.1" 200 37633 "http://photolab.elmer.uaf.edu/store/fairbanks.html" "Mozilla/4.0 (compatible; MSIE 5.17; Mac_PowerPC)"
200.118.112.254 - - [16/Sep/2005:05:15:39 -0800] "GET /store/photos/smalljpegs/(100)1989-0166-00661.jpg HTTP/1.1" 200 25729 "http://photolab.elmer.uaf.edu/store/fairbanks.html" "Mozilla/4.0 (compatible; MSIE 5.17; Mac_PowerPC)"
200.118.112.254 - - [16/Sep/2005:05:15:39 -0800] "GET /store/photos/smalljpegs/(129)1989-0166-00652.jpg HTTP/1.1" 200 38623 "http://photolab.elmer.uaf.edu/store/fairbanks.html" "Mozilla/4.0 (compatible; MSIE 5.17; Mac_PowerPC)"
200.118.112.254 - - [16/Sep/2005:05:15:40 -0800] "GET /store/photos/smalljpegs/(099)1989-0166-00219.jpg HTTP/1.1" 200 36061 "http://photolab.elmer.uaf.edu/store/fairbanks.html" "Mozilla/4.0 (compatible; MSIE 5.17; Mac_PowerPC)"
200.118.112.254 - - [16/Sep/2005:05:15:40 -0800] "GET /store/photos/smalljpegs/(089)1989-0166-00445.jpg HTTP/1.1" 200 35944 "http://photolab.elmer.uaf.edu/store/fairbanks.html" "Mozilla/4.0 (compatible; MSIE 5.17; Mac_PowerPC)"
200.118.112.254 - - [16/Sep/2005:05:15:41 -0800] "GET /store/photos/smalljpegs/(084)1958-1026-02244.jpg HTTP/1.1" 200 31105 "http://photolab.elmer.uaf.edu/store/fairbanks.html" "Mozilla/4.0 (compatible; MSIE 5.17; Mac_PowerPC)"
200.118.112.254 - - [16/Sep/2005:05:15:41 -0800] "GET /store/photos/smalljpegs/(082)2000-0176-00094.jpg HTTP/1.1" 200 34448 "http://photolab.elmer.uaf.edu/store/fairbanks.html" "Mozilla/4.0 (compatible; MSIE 5.17; Mac_PowerPC)"
200.118.112.254 - - [16/Sep/2005:05:15:43 -0800] "GET /store/photos/smalljpegs/(079)1989-0166-00170.jpg HTTP/1.1" 200 31534 "http://photolab.elmer.uaf.edu/store/fairbanks.html" "Mozilla/4.0 (compatible; MSIE 5.17; Mac_PowerPC)"
200.118.112.254 - - [16/Sep/2005:05:15:43 -0800] "GET /store/photos/smalljpegs/(078)1989-0166-00453.jpg HTTP/1.1" 200 39910 "http://photolab.elmer.uaf.edu/store/fairbanks.html" "Mozilla/4.0 (compatible; MSIE 5.17; Mac_PowerPC)"
200.118.112.254 - - [16/Sep/2005:05:15:44 -0800] "GET /store/photos/smalljpegs/(077)1959-0845-00326.jpg HTTP/1.1" 200 29777 "http://photolab.elmer.uaf.edu/store/fairbanks.html" "Mozilla/4.0 (compatible; MSIE 5.17; Mac_PowerPC)"
200.118.112.254 - - [16/Sep/2005:05:15:45 -0800] "GET /store/photos/smalljpegs/(076)1989-0166-00236.jpg HTTP/1.1" 200 40878 "http://photolab.elmer.uaf.edu/store/fairbanks.html" "Mozilla/4.0 (compatible; MSIE 5.17; Mac_PowerPC)"
200.118.112.254 - - [16/Sep/2005:05:15:45 -0800] "GET /store/photos/smalljpegs/(071)1958-1026-02042.jpg HTTP/1.1" 200 32951 "http://photolab.elmer.uaf.edu/store/fairbanks.html" "Mozilla/4.0 (compatible; MSIE 5.17; Mac_PowerPC)"
200.118.112.254 - - [16/Sep/2005:05:15:46 -0800] "GET /store/photos/smalljpegs/(068)1964-0029-00066.jpg HTTP/1.1" 200 26810 "http://photolab.elmer.uaf.edu/store/fairbanks.html" "Mozilla/4.0 (compatible; MSIE 5.17; Mac_PowerPC)"
200.118.112.254 - - [16/Sep/2005:05:15:47 -0800] "GET /store/photos/smalljpegs/(067)1989-0166-00462.jpg HTTP/1.1" 200 31593 "http://photolab.elmer.uaf.edu/store/fairbanks.html" "Mozilla/4.0 (compatible; MSIE 5.17; Mac_PowerPC)"
200.118.112.254 - - [16/Sep/2005:05:15:48 -0800] "GET /store/photos/smalljpegs/(061)1989-0166-00191.jpg HTTP/1.1" 200 36566 "http://photolab.elmer.uaf.edu/store/fairbanks.html" "Mozilla/4.0 (compatible; MSIE 5.17; Mac_PowerPC)"
200.118.112.254 - - [16/Sep/2005:05:15:48 -0800] "GET /store/photos/smalljpegs/(060)972-103.jpg HTTP/1.1" 200 20152 "http://photolab.elmer.uaf.edu/store/fairbanks.html" "Mozilla/4.0 (compatible; MSIE 5.17; Mac_PowerPC)"
200.118.112.254 - - [16/Sep/2005:05:15:51 -0800] "GET /store/photos/smalljpegs/1969-0004-00003.jpg HTTP/1.1" 200 24486 "http://photolab.elmer.uaf.edu/store/fairbanks.html" "Mozilla/4.0 (compatible; MSIE 5.17; Mac_PowerPC)"
200.118.112.254 - - [16/Sep/2005:05:15:49 -0800] "GET /store/photos/smalljpegs/(059)1972-0117-00014.jpg HTTP/1.1" 200 29126 "http://photolab.elmer.uaf.edu/store/fairbanks.html" "Mozilla/4.0 (compatible; MSIE 5.17; Mac_PowerPC)"
200.118.112.254 - - [16/Sep/2005:05:15:51 -0800] "GET /store/photos/smalljpegs/(054)1989-0166-00161a.jpg HTTP/1.1" 200 33691 "http://photolab.elmer.uaf.edu/store/fairbanks.html" "Mozilla/4.0 (compatible; MSIE 5.17; Mac_PowerPC)"
200.118.112.254 - - [16/Sep/2005:05:15:51 -0800] "GET /store/photos/smalljpegs/(052)1989-0166-00467.jpg HTTP/1.1" 200 35022 "http://photolab.elmer.uaf.edu/store/fairbanks.html" "Mozilla/4.0 (compatible; MSIE 5.17; Mac_PowerPC)"
200.118.112.254 - - [16/Sep/2005:05:15:52 -0800] "GET /store/photos/smalljpegs/(050)896-055.jpg HTTP/1.1" 200 22732 "http://photolab.elmer.uaf.edu/store/fairbanks.html" "Mozilla/4.0 (compatible; MSIE 5.17; Mac_PowerPC)"
200.118.112.254 - - [16/Sep/2005:05:15:52 -0800] "GET /store/photos/smalljpegs/(049)1958-1026-01439.jpg HTTP/1.1" 200 34222 "http://photolab.elmer.uaf.edu/store/fairbanks.html" "Mozilla/4.0 (compatible; MSIE 5.17; Mac_PowerPC)"
200.118.112.254 - - [16/Sep/2005:05:15:53 -0800] "GET /store/photos/smalljpegs/(042)1958-1026-02246.jpg HTTP/1.1" 200 30955 "http://photolab.elmer.uaf.edu/store/fairbanks.html" "Mozilla/4.0 (compatible; MSIE 5.17; Mac_PowerPC)"
217.212.224.145 - - [16/Sep/2005:05:15:55 -0800] "GET /gallery/photos/20040145/0/pages/2004-0145-00019.htm HTTP/1.0" 200 1890 "-" "psbot/0.1 (+http://www.picsearch.com/bot.html)"
200.118.112.254 - - [16/Sep/2005:05:16:42 -0800] "GET /store/photos.html HTTP/1.1" 304 - "http://photolab.elmer.uaf.edu/store/fairbanks.html" "Mozilla/4.0 (compatible; MSIE 5.17; Mac_PowerPC)"
217.212.224.143 - - [16/Sep/2005:05:16:42 -0800] "GET /gallery/photos/19950244/10/pages/1995-0244-01022.html HTTP/1.0" 200 1888 "-" "psbot/0.1 (+http://www.picsearch.com/bot.html)"
200.118.112.254 - - [16/Sep/2005:05:16:45 -0800] "GET /store/interior.html HTTP/1.1" 200 9641 "http://photolab.elmer.uaf.edu/store/photos.html" "Mozilla/4.0 (compatible; MSIE 5.17; Mac_PowerPC)"
200.118.112.254 - - [16/Sep/2005:05:16:46 -0800] "GET /store/photos/smalljpegs/(044)1958-1026-02211.jpg HTTP/1.1" 200 35860 "http://photolab.elmer.uaf.edu/store/interior.html" "Mozilla/4.0 (compatible; MSIE 5.17; Mac_PowerPC)"
200.118.112.254 - - [16/Sep/2005:05:16:46 -0800] "GET /store/photos/smalljpegs/(046)1958-1026-02232.jpg HTTP/1.1" 200 39743 "http://photolab.elmer.uaf.edu/store/interior.html" "Mozilla/4.0 (compatible; MSIE 5.17; Mac_PowerPC)"
200.118.112.254 - - [16/Sep/2005:05:16:46 -0800] "GET /store/photos/smalljpegs/(177)1966-0064-00093.jpg HTTP/1.1" 200 45411 "http://photolab.elmer.uaf.edu/store/interior.html" "Mozilla/4.0 (compatible; MSIE 5.17; Mac_PowerPC)"
200.118.112.254 - - [16/Sep/2005:05:16:56 -0800] "GET /store/photos.html HTTP/1.1" 304 - "http://photolab.elmer.uaf.edu/store/interior.html" "Mozilla/4.0 (compatible; MSIE 5.17; Mac_PowerPC)"
200.118.112.254 - - [16/Sep/2005:05:16:59 -0800] "GET /store/nome.html HTTP/1.1" 200 18105 "http://photolab.elmer.uaf.edu/store/photos.html" "Mozilla/4.0 (compatible; MSIE 5.17; Mac_PowerPC)"
200.118.112.254 - - [16/Sep/2005:05:17:00 -0800] "GET /store/photos/smalljpegs/(034)1965-0054-00005.jpg HTTP/1.1" 200 24212 "http://photolab.elmer.uaf.edu/store/nome.html" "Mozilla/4.0 (compatible; MSIE 5.17; Mac_PowerPC)"
200.118.112.254 - - [16/Sep/2005:05:17:00 -0800] "GET /store/photos/smalljpegs/(007)1972-0071-03234.jpg HTTP/1.1" 200 32052 "http://photolab.elmer.uaf.edu/store/nome.html" "Mozilla/4.0 (compatible; MSIE 5.17; Mac_PowerPC)"
200.118.112.254 - - [16/Sep/2005:05:17:01 -0800] "GET /store/photos/smalljpegs/(145)1972-0071-02415.jpg HTTP/1.1" 200 25683 "http://photolab.elmer.uaf.edu/store/nome.html" "Mozilla/4.0 (compatible; MSIE 5.17; Mac_PowerPC)"
200.118.112.254 - - [16/Sep/2005:05:17:01 -0800] "GET /store/photos/smalljpegs/(150)1972-0071-00102.jpg HTTP/1.1" 200 31506 "http://photolab.elmer.uaf.edu/store/nome.html" "Mozilla/4.0 (compatible; MSIE 5.17; Mac_PowerPC)"
200.118.112.254 - - [16/Sep/2005:05:17:01 -0800] "GET /store/photos/smalljpegs/(136)1966-0054-00239.jpg HTTP/1.1" 200 27188 "http://photolab.elmer.uaf.edu/store/nome.html" "Mozilla/4.0 (compatible; MSIE 5.17; Mac_PowerPC)"
200.118.112.254 - - [16/Sep/2005:05:17:01 -0800] "GET /store/photos/smalljpegs/(135)1972-0071-01669.jpg HTTP/1.1" 200 39043 "http://photolab.elmer.uaf.edu/store/nome.html" "Mozilla/4.0 (compatible; MSIE 5.17; Mac_PowerPC)"
200.118.112.254 - - [16/Sep/2005:05:17:02 -0800] "GET /store/photos/smalljpegs/(121)1966-0054-00132.jpg HTTP/1.1" 200 28540 "http://photolab.elmer.uaf.edu/store/nome.html" "Mozilla/4.0 (compatible; MSIE 5.17; Mac_PowerPC)"
200.118.112.254 - - [16/Sep/2005:05:17:03 -0800] "GET /store/photos/smalljpegs/(109)1972-0071-03235.jpg HTTP/1.1" 200 39850 "http://photolab.elmer.uaf.edu/store/nome.html" "Mozilla/4.0 (compatible; MSIE 5.17; Mac_PowerPC)"
200.118.112.254 - - [16/Sep/2005:05:17:16 -0800] "GET /store/photos.html HTTP/1.1" 304 - "http://photolab.elmer.uaf.edu/store/nome.html" "Mozilla/4.0 (compatible; MSIE 5.17; Mac_PowerPC)"
217.212.224.143 - - [16/Sep/2005:05:17:32 -0800] "GET /gallery/photos/19890207/0/pages/1989-0207-00053.html HTTP/1.0" 200 1878 "-" "psbot/0.1 (+http://www.picsearch.com/bot.html)"
200.118.112.254 - - [16/Sep/2005:05:17:39 -0800] "GET /store/akcanada.html HTTP/1.1" 200 16332 "http://photolab.elmer.uaf.edu/store/photos.html" "Mozilla/4.0 (compatible; MSIE 5.17; Mac_PowerPC)"
200.118.112.254 - - [16/Sep/2005:05:17:40 -0800] "GET /store/photos/smalljpegs/(130)1958-1026-01545.jpg HTTP/1.1" 200 32843 "http://photolab.elmer.uaf.edu/store/akcanada.html" "Mozilla/4.0 (compatible; MSIE 5.17; Mac_PowerPC)"
200.118.112.254 - - [16/Sep/2005:05:17:40 -0800] "GET /store/photos/smalljpegs/(127)1958-1026-01652.jpg HTTP/1.1" 200 35392 "http://photolab.elmer.uaf.edu/store/akcanada.html" "Mozilla/4.0 (compatible; MSIE 5.17; Mac_PowerPC)"
200.118.112.254 - - [16/Sep/2005:05:17:41 -0800] "GET /store/photos/smalljpegs/(091)1958-1026-02253.jpg HTTP/1.1" 200 31326 "http://photolab.elmer.uaf.edu/store/akcanada.html" "Mozilla/4.0 (compatible; MSIE 5.17; Mac_PowerPC)"
200.118.112.254 - - [16/Sep/2005:05:17:41 -0800] "GET /store/photos/smalljpegs/(081)2002-0155-00005.jpg HTTP/1.1" 200 33739 "http://photolab.elmer.uaf.edu/store/akcanada.html" "Mozilla/4.0 (compatible; MSIE 5.17; Mac_PowerPC)"
200.118.112.254 - - [16/Sep/2005:05:17:42 -0800] "GET /store/photos/smalljpegs/(080)1958-1026-01682.jpg HTTP/1.1" 200 34989 "http://photolab.elmer.uaf.edu/store/akcanada.html" "Mozilla/4.0 (compatible; MSIE 5.17; Mac_PowerPC)"
200.118.112.254 - - [16/Sep/2005:05:17:45 -0800] "GET /store/photos/smalljpegs/(033)1958-1026-01464.jpg HTTP/1.1" 206 1530 "http://photolab.elmer.uaf.edu/store/akcanada.html" "Mozilla/4.0 (compatible; MSIE 5.17; Mac_PowerPC)"
200.118.112.254 - - [16/Sep/2005:05:17:57 -0800] "GET /store/photos.html HTTP/1.1" 304 - "http://photolab.elmer.uaf.edu/store/akcanada.html" "Mozilla/4.0 (compatible; MSIE 5.17; Mac_PowerPC)"
200.118.112.254 - - [16/Sep/2005:05:18:02 -0800] "GET /store/people.html HTTP/1.1" 200 21075 "http://photolab.elmer.uaf.edu/store/photos.html" "Mozilla/4.0 (compatible; MSIE 5.17; Mac_PowerPC)"
200.118.112.254 - - [16/Sep/2005:05:18:04 -0800] "GET /store/photos/smalljpegs/(026)1997-0165-00010.jpg HTTP/1.1" 200 26695 "http://photolab.elmer.uaf.edu/store/people.html" "Mozilla/4.0 (compatible; MSIE 5.17; Mac_PowerPC)"
200.118.112.254 - - [16/Sep/2005:05:18:04 -0800] "GET /store/photos/smalljpegs/(073)2000-0176-00106a.jpg HTTP/1.1" 200 39020 "http://photolab.elmer.uaf.edu/store/people.html" "Mozilla/4.0 (compatible; MSIE 5.17; Mac_PowerPC)"
200.118.112.254 - - [16/Sep/2005:05:18:04 -0800] "GET /store/photos/smalljpegs/(101)1995-0244-01044.jpg HTTP/1.1" 200 33660 "http://photolab.elmer.uaf.edu/store/people.html" "Mozilla/4.0 (compatible; MSIE 5.17; Mac_PowerPC)"
200.118.112.254 - - [16/Sep/2005:05:18:05 -0800] "GET /store/photos/smalljpegs/(172)1989-0166-01182.jpg HTTP/1.1" 200 30897 "http://photolab.elmer.uaf.edu/store/people.html" "Mozilla/4.0 (compatible; MSIE 5.17; Mac_PowerPC)"
200.118.112.254 - - [16/Sep/2005:05:18:04 -0800] "GET /store/photos/smalljpegs/(141)1972-0071-00099.jpg HTTP/1.1" 200 38687 "http://photolab.elmer.uaf.edu/store/people.html" "Mozilla/4.0 (compatible; MSIE 5.17; Mac_PowerPC)"
200.118.112.254 - - [16/Sep/2005:05:18:06 -0800] "GET /store/photos/smalljpegs/(151)1989-0166-00382.jpg HTTP/1.1" 200 30137 "http://photolab.elmer.uaf.edu/store/people.html" "Mozilla/4.0 (compatible; MSIE 5.17; Mac_PowerPC)"
200.118.112.254 - - [16/Sep/2005:05:18:07 -0800] "GET /store/photos/smalljpegs/(139)1958-1026-02130.jpg HTTP/1.1" 200 37323 "http://photolab.elmer.uaf.edu/store/people.html" "Mozilla/4.0 (compatible; MSIE 5.17; Mac_PowerPC)"
200.118.112.254 - - [16/Sep/2005:05:18:08 -0800] "GET /store/photos/smalljpegs/(107)1958-1026-02271.jpg HTTP/1.1" 200 34747 "http://photolab.elmer.uaf.edu/store/people.html" "Mozilla/4.0 (compatible; MSIE 5.17; Mac_PowerPC)"
200.118.112.254 - - [16/Sep/2005:05:18:08 -0800] "GET /store/photos/smalljpegs/(104)1958-1026-02106.jpg HTTP/1.1" 200 34617 "http://photolab.elmer.uaf.edu/store/people.html" "Mozilla/4.0 (compatible; MSIE 5.17; Mac_PowerPC)"
200.118.112.254 - - [16/Sep/2005:05:18:10 -0800] "GET /store/photos/smalljpegs/(090)1972-0071-02759.jpg HTTP/1.1" 200 35919 "http://photolab.elmer.uaf.edu/store/people.html" "Mozilla/4.0 (compatible; MSIE 5.17; Mac_PowerPC)"
200.118.112.254 - - [16/Sep/2005:05:18:11 -0800] "GET /store/photos/smalljpegs/(069)1976-0092-00075.jpg HTTP/1.1" 200 25519 "http://photolab.elmer.uaf.edu/store/people.html" "Mozilla/4.0 (compatible; MSIE 5.17; Mac_PowerPC)"
217.212.224.142 - - [16/Sep/2005:05:18:19 -0800] "GET /gallery/photos/19950244/11/pages/1995-0244-01121.html HTTP/1.0" 200 1888 "-" "psbot/0.1 (+http://www.picsearch.com/bot.html)"
200.118.112.254 - - [16/Sep/2005:05:18:30 -0800] "GET /store/photos.html HTTP/1.1" 304 - "http://photolab.elmer.uaf.edu/store/people.html" "Mozilla/4.0 (compatible; MSIE 5.17; Mac_PowerPC)"
200.118.112.254 - - [16/Sep/2005:05:18:38 -0800] "GET /store/women.html HTTP/1.1" 200 11325 "http://photolab.elmer.uaf.edu/store/photos.html" "Mozilla/4.0 (compatible; MSIE 5.17; Mac_PowerPC)"
200.118.112.254 - - [16/Sep/2005:05:18:40 -0800] "GET /store/photos/smalljpegs/(043)1964-0029-00313.jpg HTTP/1.1" 200 32327 "http://photolab.elmer.uaf.edu/store/women.html" "Mozilla/4.0 (compatible; MSIE 5.17; Mac_PowerPC)"
200.118.112.254 - - [16/Sep/2005:05:18:40 -0800] "GET /store/photos/smalljpegs/(140)1969-0092-00826.jpg HTTP/1.1" 200 46250 "http://photolab.elmer.uaf.edu/store/women.html" "Mozilla/4.0 (compatible; MSIE 5.17; Mac_PowerPC)"
200.118.112.254 - - [16/Sep/2005:05:18:40 -0800] "GET /store/photos/smalljpegs/(143)1958-1026-01643.jpg HTTP/1.1" 200 30139 "http://photolab.elmer.uaf.edu/store/women.html" "Mozilla/4.0 (compatible; MSIE 5.17; Mac_PowerPC)"
200.118.112.254 - - [16/Sep/2005:05:18:40 -0800] "GET /store/photos/smalljpegs/(088)1989-0166-00496a.jpg HTTP/1.1" 200 31266 "http://photolab.elmer.uaf.edu/store/women.html" "Mozilla/4.0 (compatible; MSIE 5.17; Mac_PowerPC)"
200.118.112.254 - - [16/Sep/2005:05:18:41 -0800] "GET /store/photos/smalljpegs/(154)1958-1026-00899.jpg HTTP/1.1" 200 29503 "http://photolab.elmer.uaf.edu/store/women.html" "Mozilla/4.0 (compatible; MSIE 5.17; Mac_PowerPC)"
200.118.112.254 - - [16/Sep/2005:05:18:51 -0800] "GET /store/photos.html HTTP/1.1" 304 - "http://photolab.elmer.uaf.edu/store/women.html" "Mozilla/4.0 (compatible; MSIE 5.17; Mac_PowerPC)"
200.118.112.254 - - [16/Sep/2005:05:18:55 -0800] "GET /store/humor.html HTTP/1.1" 200 11997 "http://photolab.elmer.uaf.edu/store/photos.html" "Mozilla/4.0 (compatible; MSIE 5.17; Mac_PowerPC)"
200.118.112.254 - - [16/Sep/2005:05:18:56 -0800] "GET /store/photos/smalljpegs/(087)1958-1026-01659.jpg HTTP/1.1" 200 34229 "http://photolab.elmer.uaf.edu/store/humor.html" "Mozilla/4.0 (compatible; MSIE 5.17; Mac_PowerPC)"
200.118.112.254 - - [16/Sep/2005:05:18:56 -0800] "GET /store/photos/smalljpegs/(117)1989-0166-00405.jpg HTTP/1.1" 200 34274 "http://photolab.elmer.uaf.edu/store/humor.html" "Mozilla/4.0 (compatible; MSIE 5.17; Mac_PowerPC)"
200.118.112.254 - - [16/Sep/2005:05:18:57 -0800] "GET /store/photos/smalljpegs/(152)1989-0166-00582a.jpg HTTP/1.1" 200 33713 "http://photolab.elmer.uaf.edu/store/humor.html" "Mozilla/4.0 (compatible; MSIE 5.17; Mac_PowerPC)"
200.118.112.254 - - [16/Sep/2005:05:18:57 -0800] "GET /store/photos/smalljpegs/(144)1974-0027-00525.jpg HTTP/1.1" 200 32505 "http://photolab.elmer.uaf.edu/store/humor.html" "Mozilla/4.0 (compatible; MSIE 5.17; Mac_PowerPC)"
200.118.112.254 - - [16/Sep/2005:05:19:06 -0800] "GET /store/photos.html HTTP/1.1" 304 - "http://photolab.elmer.uaf.edu/store/humor.html" "Mozilla/4.0 (compatible; MSIE 5.17; Mac_PowerPC)"
217.212.224.143 - - [16/Sep/2005:05:19:07 -0800] "GET /gallery/photos/19890166/02/pages/1989-0166-00268_print.html HTTP/1.0" 200 1952 "-" "psbot/0.1 (+http://www.picsearch.com/bot.html)"
200.118.112.254 - - [16/Sep/2005:05:19:10 -0800] "GET /store/buildings.html HTTP/1.1" 200 15239 "http://photolab.elmer.uaf.edu/store/photos.html" "Mozilla/4.0 (compatible; MSIE 5.17; Mac_PowerPC)"
200.118.112.254 - - [16/Sep/2005:05:19:12 -0800] "GET /store/photos/smalljpegs/(042)1958-1026-02246.jpg HTTP/1.1" 200 30955 "http://photolab.elmer.uaf.edu/store/buildings.html" "Mozilla/4.0 (compatible; MSIE 5.17; Mac_PowerPC)"
200.118.112.254 - - [16/Sep/2005:05:19:12 -0800] "GET /store/photos/smalljpegs/(063)1958-1026-00112.jpg HTTP/1.1" 200 33764 "http://photolab.elmer.uaf.edu/store/buildings.html" "Mozilla/4.0 (compatible; MSIE 5.17; Mac_PowerPC)"
200.118.112.254 - - [16/Sep/2005:05:19:13 -0800] "GET /store/photos/smalljpegs/(128)1958-1026-01580.jpg HTTP/1.1" 200 31695 "http://photolab.elmer.uaf.edu/store/buildings.html" "Mozilla/4.0 (compatible; MSIE 5.17; Mac_PowerPC)"
200.118.112.254 - - [16/Sep/2005:05:19:13 -0800] "GET /store/photos/smalljpegs/(168)1989-0166-01191.jpg HTTP/1.1" 200 37439 "http://photolab.elmer.uaf.edu/store/buildings.html" "Mozilla/4.0 (compatible; MSIE 5.17; Mac_PowerPC)"
200.118.112.254 - - [16/Sep/2005:05:19:13 -0800] "GET /store/photos/smalljpegs/(100)1989-0166-00661.jpg HTTP/1.1" 200 25729 "http://photolab.elmer.uaf.edu/store/buildings.html" "Mozilla/4.0 (compatible; MSIE 5.17; Mac_PowerPC)"
200.118.112.254 - - [16/Sep/2005:05:19:13 -0800] "GET /store/photos/smalljpegs/(127)1958-1026-01652.jpg HTTP/1.1" 200 35392 "http://photolab.elmer.uaf.edu/store/buildings.html" "Mozilla/4.0 (compatible; MSIE 5.17; Mac_PowerPC)"
200.118.112.254 - - [16/Sep/2005:05:19:15 -0800] "GET /store/photos/smalljpegs/(092)1989-0166-00600.jpg HTTP/1.1" 200 33760 "http://photolab.elmer.uaf.edu/store/buildings.html" "Mozilla/4.0 (compatible; MSIE 5.17; Mac_PowerPC)"
200.118.112.254 - - [16/Sep/2005:05:19:26 -0800] "GET /store/photos.html HTTP/1.1" 304 - "http://photolab.elmer.uaf.edu/store/buildings.html" "Mozilla/4.0 (compatible; MSIE 5.17; Mac_PowerPC)"
200.118.112.254 - - [16/Sep/2005:05:19:32 -0800] "GET /store/allphotos5.html HTTP/1.1" 200 12520 "http://photolab.elmer.uaf.edu/store/photos.html" "Mozilla/4.0 (compatible; MSIE 5.17; Mac_PowerPC)"
200.118.112.254 - - [16/Sep/2005:05:19:32 -0800] "GET /store/photos/smalljpegs/(161)1977-0055-00037.jpg HTTP/1.1" 200 29343 "http://photolab.elmer.uaf.edu/store/allphotos5.html" "Mozilla/4.0 (compatible; MSIE 5.17; Mac_PowerPC)"
200.118.112.254 - - [16/Sep/2005:05:19:33 -0800] "GET /store/photos/smalljpegs/(171)1989-0166-01152.jpg HTTP/1.1" 200 28145 "http://photolab.elmer.uaf.edu/store/allphotos5.html" "Mozilla/4.0 (compatible; MSIE 5.17; Mac_PowerPC)"
200.118.112.254 - - [16/Sep/2005:05:19:33 -0800] "GET /store/photos/smalljpegs/(173)1989-0166-01192.jpg HTTP/1.1" 200 30679 "http://photolab.elmer.uaf.edu/store/allphotos5.html" "Mozilla/4.0 (compatible; MSIE 5.17; Mac_PowerPC)"
200.118.112.254 - - [16/Sep/2005:05:19:33 -0800] "GET /store/photos/smalljpegs/(177)1966-0064-00093.jpg HTTP/1.1" 200 45411 "http://photolab.elmer.uaf.edu/store/allphotos5.html" "Mozilla/4.0 (compatible; MSIE 5.17; Mac_PowerPC)"
200.118.112.254 - - [16/Sep/2005:05:19:34 -0800] "GET /store/photos/smalljpegs/(174)1989-0166-01202.jpg HTTP/1.1" 200 38317 "http://photolab.elmer.uaf.edu/store/allphotos5.html" "Mozilla/4.0 (compatible; MSIE 5.17; Mac_PowerPC)"
200.118.112.254 - - [16/Sep/2005:05:19:35 -0800] "GET /store/photos/smalljpegs/(172)1989-0166-01182.jpg HTTP/1.1" 200 30897 "http://photolab.elmer.uaf.edu/store/allphotos5.html" "Mozilla/4.0 (compatible; MSIE 5.17; Mac_PowerPC)"
200.118.112.254 - - [16/Sep/2005:05:23:28 -0800] "GET /store/alaskanatives.html HTTP/1.1" 304 - "-" "Mozilla/4.0 (compatible; MSIE 5.17; Mac_PowerPC)"
219.111.8.227 - - [16/Sep/2005:05:19:24 -0800] "GET /gallery/maps/G3200/large/G3210%201814%20T55.jpg HTTP/1.0" 200 274527 "-" "PHP/4.2.2"
217.212.224.145 - - [16/Sep/2005:05:19:53 -0800] "GET /gallery/photos/19940070/0/pages/1994-0070-00044.html HTTP/1.0" 200 6003 "-" "psbot/0.1 (+http://www.picsearch.com/bot.html)"
200.118.112.254 - - [16/Sep/2005:05:20:11 -0800] "GET /store/akcanada.html HTTP/1.1" 200 16332 "http://photolab.elmer.uaf.edu/store/photos.html" "Mozilla/4.0 (compatible; MSIE 5.17; Mac_PowerPC)"
200.118.112.254 - - [16/Sep/2005:05:20:15 -0800] "GET /store/photos/smalljpegs/(145)1972-0071-02415.jpg HTTP/1.1" 200 25683 "http://photolab.elmer.uaf.edu/store/nome.html" "Mozilla/4.0 (compatible; MSIE 5.17; Mac_PowerPC)"
200.118.112.254 - - [16/Sep/2005:05:20:15 -0800] "GET /store/photos/smalljpegs/(034)1965-0054-00005.jpg HTTP/1.1" 200 24212 "http://photolab.elmer.uaf.edu/store/nome.html" "Mozilla/4.0 (compatible; MSIE 5.17; Mac_PowerPC)"
200.118.112.254 - - [16/Sep/2005:05:20:18 -0800] "GET /store/interior.html HTTP/1.1" 200 9641 "http://photolab.elmer.uaf.edu/store/photos.html" "Mozilla/4.0 (compatible; MSIE 5.17; Mac_PowerPC)"
200.118.112.254 - - [16/Sep/2005:05:20:22 -0800] "GET /store/photos/smalljpegs/(032)1964-0098-02647.jpg HTTP/1.1" 200 29805 "http://photolab.elmer.uaf.edu/store/fairbanks.html" "Mozilla/4.0 (compatible; MSIE 5.17; Mac_PowerPC)"
200.118.112.254 - - [16/Sep/2005:05:20:22 -0800] "GET /store/photos/smalljpegs/(147)1989-0166-00777.jpg HTTP/1.1" 200 26474 "http://photolab.elmer.uaf.edu/store/fairbanks.html" "Mozilla/4.0 (compatible; MSIE 5.17; Mac_PowerPC)"
200.118.112.254 - - [16/Sep/2005:05:20:23 -0800] "GET /store/photos/smalljpegs/(098)1989-0166-00658.jpg HTTP/1.1" 200 31045 "http://photolab.elmer.uaf.edu/store/fairbanks.html" "Mozilla/4.0 (compatible; MSIE 5.17; Mac_PowerPC)"
200.118.112.254 - - [16/Sep/2005:05:20:25 -0800] "GET /store/mining.html HTTP/1.1" 200 16945 "http://photolab.elmer.uaf.edu/store/photos.html" "Mozilla/4.0 (compatible; MSIE 5.17; Mac_PowerPC)"
200.118.112.254 - - [16/Sep/2005:05:20:33 -0800] "GET /store/photos/smalljpegs/(109)1972-0071-03235.jpg HTTP/1.1" 200 39850 "http://photolab.elmer.uaf.edu/store/nome.html" "Mozilla/4.0 (compatible; MSIE 5.17; Mac_PowerPC)"
200.118.112.254 - - [16/Sep/2005:05:20:23 -0800] "GET /store/photos/smalljpegs/(100)1989-0166-00661.jpg HTTP/1.1" 200 25729 "http://photolab.elmer.uaf.edu/store/fairbanks.html" "Mozilla/4.0 (compatible; MSIE 5.17; Mac_PowerPC)"
217.212.224.145 - - [16/Sep/2005:05:20:39 -0800] "GET /gallery/photos/20030040/0/pages/2003-0040-00038.html HTTP/1.0" 200 1758 "-" "psbot/0.1 (+http://www.picsearch.com/bot.html)"
217.212.224.142 - - [16/Sep/2005:05:21:24 -0800] "GET /gallery/photos/20040066/1/pages/2004-0066-00135.html HTTP/1.0" 200 1884 "-" "psbot/0.1 (+http://www.picsearch.com/bot.html)"
217.212.224.144 - - [16/Sep/2005:05:22:13 -0800] "GET /gallery/photos/19900080/0/pages/1990-0080-00055.html HTTP/1.0" 200 1878 "-" "psbot/0.1 (+http://www.picsearch.com/bot.html)"
217.212.224.145 - - [16/Sep/2005:05:22:59 -0800] "GET /gallery/photos/19850072/pages/1985-0072-00109.html HTTP/1.0" 200 1769 "-" "psbot/0.1 (+http://www.picsearch.com/bot.html)"
200.118.112.254 - - [16/Sep/2005:05:23:29 -0800] "GET /index_files/titlebrown.jpg HTTP/1.1" 200 5451 "http://photolab.elmer.uaf.edu/store/alaskanatives.html" "Mozilla/4.0 (compatible; MSIE 5.17; Mac_PowerPC)"
200.118.112.254 - - [16/Sep/2005:05:23:29 -0800] "GET /index_files/storetitle.gif HTTP/1.1" 200 14535 "http://photolab.elmer.uaf.edu/store/alaskanatives.html" "Mozilla/4.0 (compatible; MSIE 5.17; Mac_PowerPC)"
200.118.112.254 - - [16/Sep/2005:05:23:29 -0800] "GET /index_files/aprbrown.jpg HTTP/1.1" 200 5509 "http://photolab.elmer.uaf.edu/store/alaskanatives.html" "Mozilla/4.0 (compatible; MSIE 5.17; Mac_PowerPC)"
200.118.112.254 - - [16/Sep/2005:05:23:34 -0800] "GET /store/photos/smalljpegs/(123)2002-0134-00056.jpg HTTP/1.1" 304 - "http://photolab.elmer.uaf.edu/store/alaskanatives.html" "Mozilla/4.0 (compatible; MSIE 5.17; Mac_PowerPC)"
200.118.112.254 - - [16/Sep/2005:05:23:29 -0800] "GET /index_files/menubar.gif HTTP/1.1" 200 2913 "http://photolab.elmer.uaf.edu/store/alaskanatives.html" "Mozilla/4.0 (compatible; MSIE 5.17; Mac_PowerPC)"
200.118.112.254 - - [16/Sep/2005:05:23:33 -0800] "GET /index_files/bluebear.gif HTTP/1.1" 200 1263 "http://photolab.elmer.uaf.edu/store/alaskanatives.html" "Mozilla/4.0 (compatible; MSIE 5.17; Mac_PowerPC)"
200.118.112.254 - - [16/Sep/2005:05:23:34 -0800] "GET /store/alaskanatives.html HTTP/1.1" 304 - "http://images.google.com.co/imgres?imgurl=http://photolab.elmer.uaf.edu/store/photos/largejpegs/(120)1966-0054-00114.jpg&imgrefurl=http://photolab.elmer.uaf.edu/store/alaskanatives.html&h=540&w=1000&sz=138&tbnid=Ir5lS1BxdQcJ:&tbnh=80&tbnw=149&hl=es&prev=/images%3Fq%3Dalaska%2Beskimo%26imgsz%3Dxxlarge%26svnum%3D10%26hl%3Des%26lr%3D%26ie%3DUTF-8%26sa%3DN&frame=small" "Mozilla/4.0 (compatible; MSIE 5.17; Mac_PowerPC)"
200.118.112.254 - - [16/Sep/2005:05:23:34 -0800] "GET /store/photos/smalljpegs/(109)1972-0071-03235.jpg HTTP/1.1" 200 39850 "http://photolab.elmer.uaf.edu/store/alaskanatives.html" "Mozilla/4.0 (compatible; MSIE 5.17; Mac_PowerPC)"
200.118.112.254 - - [16/Sep/2005:05:23:35 -0800] "GET /index_files/menubar.gif HTTP/1.1" 200 2913 "http://photolab.elmer.uaf.edu/store/alaskanatives.html" "Mozilla/4.0 (compatible; MSIE 5.17; Mac_PowerPC)"
200.118.112.254 - - [16/Sep/2005:05:23:35 -0800] "GET /index_files/aprbrown.jpg HTTP/1.1" 200 5509 "http://photolab.elmer.uaf.edu/store/alaskanatives.html" "Mozilla/4.0 (compatible; MSIE 5.17; Mac_PowerPC)"
200.118.112.254 - - [16/Sep/2005:05:23:35 -0800] "GET /store/photos/smalljpegs/(101)1995-0244-01044.jpg HTTP/1.1" 200 33660 "http://photolab.elmer.uaf.edu/store/alaskanatives.html" "Mozilla/4.0 (compatible; MSIE 5.17; Mac_PowerPC)"
200.118.112.254 - - [16/Sep/2005:05:23:35 -0800] "GET /store/photos/smalljpegs/(109)1972-0071-03235.jpg HTTP/1.1" 200 39850 "http://photolab.elmer.uaf.edu/store/alaskanatives.html" "Mozilla/4.0 (compatible; MSIE 5.17; Mac_PowerPC)"
200.118.112.254 - - [16/Sep/2005:05:23:36 -0800] "GET /index_files/bluebear.gif HTTP/1.1" 200 1263 "http://photolab.elmer.uaf.edu/store/alaskanatives.html" "Mozilla/4.0 (compatible; MSIE 5.17; Mac_PowerPC)"
200.118.112.254 - - [16/Sep/2005:05:23:36 -0800] "GET /store/photos/smalljpegs/(110)1958-1026-01591.jpg HTTP/1.1" 200 38244 "http://photolab.elmer.uaf.edu/store/alaskanatives.html" "Mozilla/4.0 (compatible; MSIE 5.17; Mac_PowerPC)"
200.118.112.254 - - [16/Sep/2005:05:23:37 -0800] "GET /store/photos/smalljpegs/(107)1958-1026-02271.jpg HTTP/1.1" 200 34747 "http://photolab.elmer.uaf.edu/store/alaskanatives.html" "Mozilla/4.0 (compatible; MSIE 5.17; Mac_PowerPC)"
200.118.112.254 - - [16/Sep/2005:05:23:40 -0800] "GET /store/photos/smalljpegs/(105)1989-0166-00522a.jpg HTTP/1.1" 200 25417 "http://photolab.elmer.uaf.edu/store/alaskanatives.html" "Mozilla/4.0 (compatible; MSIE 5.17; Mac_PowerPC)"
200.118.112.254 - - [16/Sep/2005:05:23:40 -0800] "GET /store/photos/smalljpegs/(080)1958-1026-01682.jpg HTTP/1.1" 200 34989 "http://photolab.elmer.uaf.edu/store/alaskanatives.html" "Mozilla/4.0 (compatible; MSIE 5.17; Mac_PowerPC)"
200.118.112.254 - - [16/Sep/2005:05:23:41 -0800] "GET /store/photos/smalljpegs/(040)1958-1026-01700.jpg HTTP/1.1" 200 30523 "http://photolab.elmer.uaf.edu/store/alaskanatives.html" "Mozilla/4.0 (compatible; MSIE 5.17; Mac_PowerPC)"
219.111.8.227 - - [16/Sep/2005:05:19:33 -0800] "GET /gallery/maps/G3200/large/G3210%20%5B1827%5D%20T55.jpg HTTP/1.0" 200 253263 "-" "PHP/4.2.2"
217.212.224.144 - - [16/Sep/2005:05:23:46 -0800] "GET /gallery/photos/20020015/5/pages/2002-0015-00521m.html HTTP/1.0" 200 1770 "-" "psbot/0.1 (+http://www.picsearch.com/bot.html)"
217.212.224.143 - - [16/Sep/2005:05:24:36 -0800] "GET /gallery/photos/20020015/5/pages/2002-0015-00522m.html HTTP/1.0" 200 1770 "-" "psbot/0.1 (+http://www.picsearch.com/bot.html)"
217.212.224.144 - - [16/Sep/2005:05:25:20 -0800] "GET /gallery/photos/19950244/00/pages/1995-0244-00045.html HTTP/1.0" 200 1888 "-" "psbot/0.1 (+http://www.picsearch.com/bot.html)"
217.212.224.142 - - [16/Sep/2005:05:26:06 -0800] "GET /gallery/photos/20030024/0/pages/2003-0024-00026.html HTTP/1.0" 200 1760 "-" "psbot/0.1 (+http://www.picsearch.com/bot.html)"
12.217.187.81 - - [16/Sep/2005:05:26:40 -0800] "GET /index_files/store.css HTTP/1.1" 200 2756 "http://photolab.elmer.uaf.edu/store/allphotos1.html" "Mozilla/4.0 (compatible; MSIE 6.0; Windows NT 5.1; SV1; .NET CLR 1.1.4322)"
12.217.187.81 - - [16/Sep/2005:05:26:40 -0800] "GET /index_files/titlebrown.jpg HTTP/1.1" 200 5451 "http://photolab.elmer.uaf.edu/store/allphotos1.html" "Mozilla/4.0 (compatible; MSIE 6.0; Windows NT 5.1; SV1; .NET CLR 1.1.4322)"
12.217.187.81 - - [16/Sep/2005:05:26:40 -0800] "GET /index_files/aprbrown.jpg HTTP/1.1" 200 5509 "http://photolab.elmer.uaf.edu/store/allphotos1.html" "Mozilla/4.0 (compatible; MSIE 6.0; Windows NT 5.1; SV1; .NET CLR 1.1.4322)"
12.217.187.81 - - [16/Sep/2005:05:26:40 -0800] "GET /store/allphotos1.html HTTP/1.1" 200 33610 "http://images.google.com/imgres?imgurl=http://photolab.elmer.uaf.edu/store/photos/largejpegs/(021)1973-0079-00089.jpg&imgrefurl=http://photolab.elmer.uaf.edu/store/allphotos1.html&h=698&w=1000&sz=164&tbnid=cejhMHRmjwcJ:&tbnh=104&tbnw=149&hl=en&start=155&prev=/images%3Fq%3Ddogs%2B%2526%2Bmen%26start%3D140%26svnum%3D10%26hl%3Den%26lr%3D%26rls%3DGGLD,GGLD:2004-03,GGLD:en%26sa%3DN" "Mozilla/4.0 (compatible; MSIE 6.0; Windows NT 5.1; SV1; .NET CLR 1.1.4322)"
12.217.187.81 - - [16/Sep/2005:05:26:40 -0800] "GET /index_files/menubar.gif HTTP/1.1" 200 2913 "http://photolab.elmer.uaf.edu/store/allphotos1.html" "Mozilla/4.0 (compatible; MSIE 6.0; Windows NT 5.1; SV1; .NET CLR 1.1.4322)"
12.217.187.81 - - [16/Sep/2005:05:26:40 -0800] "GET /index_files/storetitle.gif HTTP/1.1" 200 14535 "http://photolab.elmer.uaf.edu/store/allphotos1.html" "Mozilla/4.0 (compatible; MSIE 6.0; Windows NT 5.1; SV1; .NET CLR 1.1.4322)"
12.217.187.81 - - [16/Sep/2005:05:26:41 -0800] "GET /store/photos/smalljpegs/(002)1958-1026-01103.jpg HTTP/1.1" 200 25979 "http://photolab.elmer.uaf.edu/store/allphotos1.html" "Mozilla/4.0 (compatible; MSIE 6.0; Windows NT 5.1; SV1; .NET CLR 1.1.4322)"
12.217.187.81 - - [16/Sep/2005:05:26:41 -0800] "GET /store/photos/largejpegs/(021)1973-0079-00089.jpg HTTP/1.1" 200 166969 "http://images.google.com/imgres?imgurl=http://photolab.elmer.uaf.edu/store/photos/largejpegs/(021)1973-0079-00089.jpg&imgrefurl=http://photolab.elmer.uaf.edu/store/allphotos1.html&h=698&w=1000&sz=164&tbnid=cejhMHRmjwcJ:&tbnh=104&tbnw=149&hl=en&prev=/images%3Fq%3Ddogs%2B%2526%2Bmen%26start%3D140%26svnum%3D10%26hl%3Den%26lr%3D%26rls%3DGGLD,GGLD:2004-03,GGLD:en%26sa%3DN&frame=small" "Mozilla/4.0 (compatible; MSIE 6.0; Windows NT 5.1; SV1; .NET CLR 1.1.4322)"
12.217.187.81 - - [16/Sep/2005:05:26:45 -0800] "GET /favicon.ico HTTP/1.1" 404 307 "-" "Mozilla/4.0 (compatible; MSIE 6.0; Windows NT 5.1; SV1; .NET CLR 1.1.4322)"
12.217.187.81 - - [16/Sep/2005:05:26:45 -0800] "GET /favicon.ico HTTP/1.1" 404 307 "-" "Mozilla/4.0 (compatible; MSIE 6.0; Windows NT 5.1; SV1; .NET CLR 1.1.4322)"
12.217.187.81 - - [16/Sep/2005:05:26:50 -0800] "GET /index_files/storetitle.gif HTTP/1.1" 206 2247 "http://photolab.elmer.uaf.edu/store/allphotos1.html" "Mozilla/4.0 (compatible; MSIE 6.0; Windows NT 5.1; SV1; .NET CLR 1.1.4322)"
12.217.187.81 - - [16/Sep/2005:05:26:50 -0800] "GET /store/photos/smalljpegs/(002)1958-1026-01103.jpg HTTP/1.1" 200 25979 "http://photolab.elmer.uaf.edu/store/allphotos1.html" "Mozilla/4.0 (compatible; MSIE 6.0; Windows NT 5.1; SV1; .NET CLR 1.1.4322)"
12.217.187.81 - - [16/Sep/2005:05:26:50 -0800] "GET /store/photos/smalljpegs/(001)1958-1026-01101.jpg HTTP/1.1" 200 26793 "http://photolab.elmer.uaf.edu/store/allphotos1.html" "Mozilla/4.0 (compatible; MSIE 6.0; Windows NT 5.1; SV1; .NET CLR 1.1.4322)"
12.217.187.81 - - [16/Sep/2005:05:26:51 -0800] "GET /store/photos/smalljpegs/(003)1958-1026-01160.jpg HTTP/1.1" 200 25715 "http://photolab.elmer.uaf.edu/store/allphotos1.html" "Mozilla/4.0 (compatible; MSIE 6.0; Windows NT 5.1; SV1; .NET CLR 1.1.4322)"
12.217.187.81 - - [16/Sep/2005:05:26:51 -0800] "GET /store/photos/smalljpegs/(004)1958-1026-01477.jpg HTTP/1.1" 200 31263 "http://photolab.elmer.uaf.edu/store/allphotos1.html" "Mozilla/4.0 (compatible; MSIE 6.0; Windows NT 5.1; SV1; .NET CLR 1.1.4322)"
12.217.187.81 - - [16/Sep/2005:05:26:51 -0800] "GET /store/photos/smalljpegs/(005)1958-1026-01479.jpg HTTP/1.1" 200 40549 "http://photolab.elmer.uaf.edu/store/allphotos1.html" "Mozilla/4.0 (compatible; MSIE 6.0; Windows NT 5.1; SV1; .NET CLR 1.1.4322)"
12.217.187.81 - - [16/Sep/2005:05:26:52 -0800] "GET /store/photos/smalljpegs/(006)1970-0058-00507.jpg HTTP/1.1" 200 34057 "http://photolab.elmer.uaf.edu/store/allphotos1.html" "Mozilla/4.0 (compatible; MSIE 6.0; Windows NT 5.1; SV1; .NET CLR 1.1.4322)"
12.217.187.81 - - [16/Sep/2005:05:26:52 -0800] "GET /store/photos/smalljpegs/(007)1972-0071-03234.jpg HTTP/1.1" 200 32052 "http://photolab.elmer.uaf.edu/store/allphotos1.html" "Mozilla/4.0 (compatible; MSIE 6.0; Windows NT 5.1; SV1; .NET CLR 1.1.4322)"
12.217.187.81 - - [16/Sep/2005:05:26:53 -0800] "GET /store/photos/smalljpegs/(008)1973-0079-00046.jpg HTTP/1.1" 200 37907 "http://photolab.elmer.uaf.edu/store/allphotos1.html" "Mozilla/4.0 (compatible; MSIE 6.0; Windows NT 5.1; SV1; .NET CLR 1.1.4322)"
217.212.224.142 - - [16/Sep/2005:05:26:53 -0800] "GET /gallery/photos/19890207/0/pages/1989-0207-00067.html HTTP/1.0" 200 1878 "-" "psbot/0.1 (+http://www.picsearch.com/bot.html)"
12.217.187.81 - - [16/Sep/2005:05:26:53 -0800] "GET /store/photos/smalljpegs/(009)1975-0146-00003.jpg HTTP/1.1" 200 35453 "http://photolab.elmer.uaf.edu/store/allphotos1.html" "Mozilla/4.0 (compatible; MSIE 6.0; Windows NT 5.1; SV1; .NET CLR 1.1.4322)"
12.217.187.81 - - [16/Sep/2005:05:26:54 -0800] "GET /store/photos/smalljpegs/(011)1989-0166-00123.jpg HTTP/1.1" 200 31486 "http://photolab.elmer.uaf.edu/store/allphotos1.html" "Mozilla/4.0 (compatible; MSIE 6.0; Windows NT 5.1; SV1; .NET CLR 1.1.4322)"
12.217.187.81 - - [16/Sep/2005:05:26:54 -0800] "GET /store/photos/smalljpegs/(010)1976-0027-00001.jpg HTTP/1.1" 200 35280 "http://photolab.elmer.uaf.edu/store/allphotos1.html" "Mozilla/4.0 (compatible; MSIE 6.0; Windows NT 5.1; SV1; .NET CLR 1.1.4322)"
12.217.187.81 - - [16/Sep/2005:05:26:55 -0800] "GET /store/photos/smalljpegs/(013)1989-0166-00383.jpg HTTP/1.1" 200 23833 "http://photolab.elmer.uaf.edu/store/allphotos1.html" "Mozilla/4.0 (compatible; MSIE 6.0; Windows NT 5.1; SV1; .NET CLR 1.1.4322)"
12.217.187.81 - - [16/Sep/2005:05:26:55 -0800] "GET /store/photos/smalljpegs/(014)1992-0016-00069.jpg HTTP/1.1" 200 35905 "http://photolab.elmer.uaf.edu/store/allphotos1.html" "Mozilla/4.0 (compatible; MSIE 6.0; Windows NT 5.1; SV1; .NET CLR 1.1.4322)"
12.217.187.81 - - [16/Sep/2005:05:26:55 -0800] "GET /store/photos/smalljpegs/(012)1989-0166-00375.jpg HTTP/1.1" 200 41883 "http://photolab.elmer.uaf.edu/store/allphotos1.html" "Mozilla/4.0 (compatible; MSIE 6.0; Windows NT 5.1; SV1; .NET CLR 1.1.4322)"
12.217.187.81 - - [16/Sep/2005:05:26:55 -0800] "GET /store/photos/smalljpegs/(015)2000-0176-00011.jpg HTTP/1.1" 200 31775 "http://photolab.elmer.uaf.edu/store/allphotos1.html" "Mozilla/4.0 (compatible; MSIE 6.0; Windows NT 5.1; SV1; .NET CLR 1.1.4322)"
12.217.187.81 - - [16/Sep/2005:05:26:56 -0800] "GET /store/photos/smalljpegs/(016)1989-0166-00635.jpg HTTP/1.1" 200 33629 "http://photolab.elmer.uaf.edu/store/allphotos1.html" "Mozilla/4.0 (compatible; MSIE 6.0; Windows NT 5.1; SV1; .NET CLR 1.1.4322)"
12.217.187.81 - - [16/Sep/2005:05:26:56 -0800] "GET /store/photos/smalljpegs/(017)1958-1026-01429.jpg HTTP/1.1" 200 42323 "http://photolab.elmer.uaf.edu/store/allphotos1.html" "Mozilla/4.0 (compatible; MSIE 6.0; Windows NT 5.1; SV1; .NET CLR 1.1.4322)"
12.217.187.81 - - [16/Sep/2005:05:26:57 -0800] "GET /store/photos/smalljpegs/(018)1958-1026-01531.jpg HTTP/1.1" 200 31180 "http://photolab.elmer.uaf.edu/store/allphotos1.html" "Mozilla/4.0 (compatible; MSIE 6.0; Windows NT 5.1; SV1; .NET CLR 1.1.4322)"
12.217.187.81 - - [16/Sep/2005:05:26:57 -0800] "GET /store/photos/smalljpegs/(019)1958-1026-00766.jpg HTTP/1.1" 200 31669 "http://photolab.elmer.uaf.edu/store/allphotos1.html" "Mozilla/4.0 (compatible; MSIE 6.0; Windows NT 5.1; SV1; .NET CLR 1.1.4322)"
12.217.187.81 - - [16/Sep/2005:05:26:58 -0800] "GET /store/photos/smalljpegs/(020)1958-1026-01099.jpg HTTP/1.1" 200 35284 "http://photolab.elmer.uaf.edu/store/allphotos1.html" "Mozilla/4.0 (compatible; MSIE 6.0; Windows NT 5.1; SV1; .NET CLR 1.1.4322)"
12.217.187.81 - - [16/Sep/2005:05:26:58 -0800] "GET /store/photos/smalljpegs/(021)1973-0079-00089.jpg HTTP/1.1" 200 35617 "http://photolab.elmer.uaf.edu/store/allphotos1.html" "Mozilla/4.0 (compatible; MSIE 6.0; Windows NT 5.1; SV1; .NET CLR 1.1.4322)"
217.212.224.143 - - [16/Sep/2005:05:27:39 -0800] "GET /gallery/photos/19690092/4/pages/1969-0092-00439.html HTTP/1.0" 200 1765 "-" "psbot/0.1 (+http://www.picsearch.com/bot.html)"
82.230.109.64 - - [16/Sep/2005:05:27:47 -0800] "GET /index_files/store.css HTTP/1.1" 200 2756 "http://photolab.elmer.uaf.edu/store/people.html" "Mozilla/4.0 (compatible; MSIE 6.0; Windows NT 5.1)"
82.230.109.64 - - [16/Sep/2005:05:27:47 -0800] "GET /index_files/titlebrown.jpg HTTP/1.1" 200 5451 "http://photolab.elmer.uaf.edu/store/people.html" "Mozilla/4.0 (compatible; MSIE 6.0; Windows NT 5.1)"
82.230.109.64 - - [16/Sep/2005:05:27:46 -0800] "GET /store/people.html HTTP/1.1" 200 21075 "http://images.google.gg/imgres?imgurl=http://photolab.elmer.uaf.edu/store/photos/largejpegs/(105)1989-0166-00522a.jpg&imgrefurl=http://photolab.elmer.uaf.edu/store/people.html&h=692&w=1000&sz=100&tbnid=mRifvhDN3-gJ:&tbnh=103&tbnw=149&hl=fr&start=4&prev=/images%3Fq%3Dold%2Bwoman%26svnum%3D10%26hl%3Dfr%26lr%3D%26sa%3DG" "Mozilla/4.0 (compatible; MSIE 6.0; Windows NT 5.1)"
82.230.109.64 - - [16/Sep/2005:05:27:48 -0800] "GET /store/photos/largejpegs/(105)1989-0166-00522a.jpg HTTP/1.1" 200 101451 "http://images.google.gg/imgres?imgurl=http://photolab.elmer.uaf.edu/store/photos/largejpegs/(105)1989-0166-00522a.jpg&imgrefurl=http://photolab.elmer.uaf.edu/store/people.html&h=692&w=1000&sz=100&tbnid=mRifvhDN3-gJ:&tbnh=103&tbnw=149&hl=fr&prev=/images%3Fq%3Dold%2Bwoman%26svnum%3D10%26hl%3Dfr%26lr%3D%26sa%3DG&frame=small" "Mozilla/4.0 (compatible; MSIE 6.0; Windows NT 5.1)"
82.230.109.64 - - [16/Sep/2005:05:28:00 -0800] "GET /store/people.html HTTP/1.1" 206 595 "http://images.google.gg/imgres?imgurl=http://photolab.elmer.uaf.edu/store/photos/largejpegs/(105)1989-0166-00522a.jpg&imgrefurl=http://photolab.elmer.uaf.edu/store/people.html&h=692&w=1000&sz=100&tbnid=mRifvhDN3-gJ:&tbnh=103&tbnw=149&hl=fr&start=4&prev=/images%3Fq%3Dold%2Bwoman%26svnum%3D10%26hl%3Dfr%26lr%3D%26sa%3DG" "Mozilla/4.0 (compatible; MSIE 6.0; Windows NT 5.1)"
82.230.109.64 - - [16/Sep/2005:05:28:00 -0800] "GET /index_files/titlebrown.jpg HTTP/1.1" 200 5451 "http://photolab.elmer.uaf.edu/store/people.html" "Mozilla/4.0 (compatible; MSIE 6.0; Windows NT 5.1)"
82.230.109.64 - - [16/Sep/2005:05:28:00 -0800] "GET /index_files/aprbrown.jpg HTTP/1.1" 200 5509 "http://photolab.elmer.uaf.edu/store/people.html" "Mozilla/4.0 (compatible; MSIE 6.0; Windows NT 5.1)"
82.230.109.64 - - [16/Sep/2005:05:28:00 -0800] "GET /index_files/storetitle.gif HTTP/1.1" 200 14535 "http://photolab.elmer.uaf.edu/store/people.html" "Mozilla/4.0 (compatible; MSIE 6.0; Windows NT 5.1)"
82.230.109.64 - - [16/Sep/2005:05:28:01 -0800] "GET /index_files/menubar.gif HTTP/1.1" 200 2913 "http://photolab.elmer.uaf.edu/store/people.html" "Mozilla/4.0 (compatible; MSIE 6.0; Windows NT 5.1)"
82.230.109.64 - - [16/Sep/2005:05:28:01 -0800] "GET /store/photos/smalljpegs/(007)1972-0071-03234.jpg HTTP/1.1" 200 32052 "http://photolab.elmer.uaf.edu/store/people.html" "Mozilla/4.0 (compatible; MSIE 6.0; Windows NT 5.1)"
82.230.109.64 - - [16/Sep/2005:05:28:01 -0800] "GET /store/photos/smalljpegs/(009)1975-0146-00003.jpg HTTP/1.1" 200 35453 "http://photolab.elmer.uaf.edu/store/people.html" "Mozilla/4.0 (compatible; MSIE 6.0; Windows NT 5.1)"
217.212.224.142 - - [16/Sep/2005:05:28:25 -0800] "GET /gallery/photos/20040014/1/pages/2004-0014-00130.html HTTP/1.0" 200 1866 "-" "psbot/0.1 (+http://www.picsearch.com/bot.html)"
217.212.224.143 - - [16/Sep/2005:05:29:14 -0800] "GET /gallery/photos/19950244/01/index_5.html HTTP/1.0" 200 7231 "-" "psbot/0.1 (+http://www.picsearch.com/bot.html)"
206.75.199.5 - - [16/Sep/2005:05:29:57 -0800] "GET /images/images_res.gif HTTP/1.0" 404 317 "http://photolab.elmer.uaf.edu/store/people.html" "Mozilla/4.0 (compatible; MSIE 6.0; Windows NT 5.1; SV1; .NET CLR 1.1.4322)"
206.75.199.5 - - [16/Sep/2005:05:29:57 -0800] "GET /images?q=tbn:mRifvhDN3-gJ:http://photolab.elmer.uaf.edu/store/photos/largejpegs/(105)1989-0166-00522a.jpg HTTP/1.0" 404 302 "http://photolab.elmer.uaf.edu/store/people.html" "Mozilla/4.0 (compatible; MSIE 6.0; Windows NT 5.1; SV1; .NET CLR 1.1.4322)"
206.75.199.5 - - [16/Sep/2005:05:29:57 -0800] "GET /images/frame_remove.gif HTTP/1.0" 404 319 "http://photolab.elmer.uaf.edu/store/people.html" "Mozilla/4.0 (compatible; MSIE 6.0; Windows NT 5.1; SV1; .NET CLR 1.1.4322)"
217.212.224.143 - - [16/Sep/2005:05:29:58 -0800] "GET /gallery/photos/19890199/0/pages/1989-0199-00044.html HTTP/1.0" 200 1880 "-" "psbot/0.1 (+http://www.picsearch.com/bot.html)"
206.75.199.5 - - [16/Sep/2005:05:30:03 -0800] "GET /store/photos/largejpegs/(105)1989-0166-00522a.jpg HTTP/1.0" 200 101451 "http://photolab.elmer.uaf.edu/store/people.html" "Mozilla/4.0 (compatible; MSIE 6.0; Windows NT 5.1; SV1; .NET CLR 1.1.4322)"
217.212.224.142 - - [16/Sep/2005:05:30:44 -0800] "GET /gallery/photos/19940070/0/pages/1994-0070-00051.html HTTP/1.0" 200 6003 "-" "psbot/0.1 (+http://www.picsearch.com/bot.html)"
217.212.224.143 - - [16/Sep/2005:05:31:32 -0800] "GET /gallery/photos/19940070/0/pages/1994-0070-00052.html HTTP/1.0" 200 6003 "-" "psbot/0.1 (+http://www.picsearch.com/bot.html)"
217.212.224.145 - - [16/Sep/2005:05:32:18 -0800] "GET /gallery/photos/19940070/0/pages/1994-0070-00097.html HTTP/1.0" 200 6005 "-" "psbot/0.1 (+http://www.picsearch.com/bot.html)"
217.212.224.143 - - [16/Sep/2005:05:33:03 -0800] "GET /gallery/photos/19850072/pages/1985-0072-00132.html HTTP/1.0" 200 1770 "-" "psbot/0.1 (+http://www.picsearch.com/bot.html)"
217.212.224.143 - - [16/Sep/2005:05:33:52 -0800] "GET /gallery/photos/20030183/pages/2003-0183-00046.html HTTP/1.0" 200 1871 "-" "psbot/0.1 (+http://www.picsearch.com/bot.html)"
82.230.109.64 - - [16/Sep/2005:05:34:15 -0800] "GET /store/photos/smalljpegs/(007)1972-0071-03234.jpg HTTP/1.1" 206 3380 "http://photolab.elmer.uaf.edu/store/people.html" "Mozilla/4.0 (compatible; MSIE 6.0; Windows NT 5.1)"
82.230.109.64 - - [16/Sep/2005:05:34:15 -0800] "GET /store/photos/smalljpegs/(009)1975-0146-00003.jpg HTTP/1.1" 206 2685 "http://photolab.elmer.uaf.edu/store/people.html" "Mozilla/4.0 (compatible; MSIE 6.0; Windows NT 5.1)"
82.230.109.64 - - [16/Sep/2005:05:34:15 -0800] "GET /store/photos/smalljpegs/(012)1989-0166-00375.jpg HTTP/1.1" 200 41883 "http://photolab.elmer.uaf.edu/store/people.html" "Mozilla/4.0 (compatible; MSIE 6.0; Windows NT 5.1)"
82.230.109.64 - - [16/Sep/2005:05:34:15 -0800] "GET /store/photos/smalljpegs/(026)1997-0165-00010.jpg HTTP/1.1" 200 26695 "http://photolab.elmer.uaf.edu/store/people.html" "Mozilla/4.0 (compatible; MSIE 6.0; Windows NT 5.1)"
217.212.224.142 - - [16/Sep/2005:05:34:37 -0800] "GET /gallery/photos/19940070/2/pages/1994-0070-00239.html HTTP/1.0" 200 5917 "-" "psbot/0.1 (+http://www.picsearch.com/bot.html)"
217.212.224.142 - - [16/Sep/2005:05:35:23 -0800] "GET /gallery/photos/19940070/2/pages/1994-0070-00240.html HTTP/1.0" 200 5917 "-" "psbot/0.1 (+http://www.picsearch.com/bot.html)"
217.212.224.149 - - [16/Sep/2005:05:35:44 -0800] "GET /gallery/photos/20040084/1157-1288/images/2004-0084-01234.jpg HTTP/1.0" 200 39507 "-" "psbot/0.1 (+http://www.picsearch.com/bot.html)"
217.212.224.144 - - [16/Sep/2005:05:36:09 -0800] "GET /gallery/photos/19940070/2/pages/1994-0070-00241.html HTTP/1.0" 200 5917 "-" "psbot/0.1 (+http://www.picsearch.com/bot.html)"
217.212.224.142 - - [16/Sep/2005:05:36:55 -0800] "GET /gallery/photos/19940070/2/pages/1994-0070-00242.html HTTP/1.0" 200 5917 "-" "psbot/0.1 (+http://www.picsearch.com/bot.html)"
68.15.157.197 - - [16/Sep/2005:05:36:58 -0800] "GET /gallery/maps/mapg3200.html HTTP/1.0" 200 17141 "http://images.google.com/imgres?imgurl=http://photolab.elmer.uaf.edu/gallery/maps/G3200/large/G3200%2520%255B1814%255D.jpg&imgrefurl=http://photolab.elmer.uaf.edu/gallery/maps/mapg3200.html&h=966&w=1200&sz=243&tbnid=v1NprGs1RZ4J:&tbnh=120&tbnw=150&hl=en&start=13&prev=/images%3Fq%3Dmercator%2Bmaps%26svnum%3D10%26hl%3Den%26lr%3D%26sa%3DG" "Mozilla/4.0 (compatible; MSIE 6.0; Windows NT 5.0; PCPS Fresh Install)"
68.15.157.197 - - [16/Sep/2005:05:37:00 -0800] "GET /index_files/empty.gif HTTP/1.0" 200 45 "http://photolab.elmer.uaf.edu/gallery/maps/mapg3200.html" "Mozilla/4.0 (compatible; MSIE 6.0; Windows NT 5.0; PCPS Fresh Install)"
68.15.157.197 - - [16/Sep/2005:05:37:00 -0800] "GET /index_files/lib.css HTTP/1.0" 200 2634 "http://photolab.elmer.uaf.edu/gallery/maps/mapg3200.html" "Mozilla/4.0 (compatible; MSIE 6.0; Windows NT 5.0; PCPS Fresh Install)"
68.15.157.197 - - [16/Sep/2005:05:37:00 -0800] "GET /index_files/title.jpg HTTP/1.0" 200 5438 "http://photolab.elmer.uaf.edu/gallery/maps/mapg3200.html" "Mozilla/4.0 (compatible; MSIE 6.0; Windows NT 5.0; PCPS Fresh Install)"
68.15.157.197 - - [16/Sep/2005:05:37:00 -0800] "GET /index_files/apr.jpg HTTP/1.0" 200 6015 "http://photolab.elmer.uaf.edu/gallery/maps/mapg3200.html" "Mozilla/4.0 (compatible; MSIE 6.0; Windows NT 5.0; PCPS Fresh Install)"
68.15.157.197 - - [16/Sep/2005:05:37:01 -0800] "GET /index_files/small.dps.jpg HTTP/1.0" 200 5830 "http://photolab.elmer.uaf.edu/gallery/maps/mapg3200.html" "Mozilla/4.0 (compatible; MSIE 6.0; Windows NT 5.0; PCPS Fresh Install)"
68.15.157.197 - - [16/Sep/2005:05:37:01 -0800] "GET /index_files/small.jpg HTTP/1.0" 200 2294 "http://photolab.elmer.uaf.edu/gallery/maps/mapg3200.html" "Mozilla/4.0 (compatible; MSIE 6.0; Windows NT 5.0; PCPS Fresh Install)"
68.15.157.197 - - [16/Sep/2005:05:37:01 -0800] "GET /index_files/small_002.jpg HTTP/1.0" 200 1351 "http://photolab.elmer.uaf.edu/gallery/maps/mapg3200.html" "Mozilla/4.0 (compatible; MSIE 6.0; Windows NT 5.0; PCPS Fresh Install)"
68.15.157.197 - - [16/Sep/2005:05:37:03 -0800] "GET /index_files/small_003.jpg HTTP/1.0" 200 1521 "http://photolab.elmer.uaf.edu/gallery/maps/mapg3200.html" "Mozilla/4.0 (compatible; MSIE 6.0; Windows NT 5.0; PCPS Fresh Install)"
68.15.157.197 - - [16/Sep/2005:05:37:03 -0800] "GET /gallery/maps/G3200/small/G3200%20%5B1562_%5D%20V34.jpg HTTP/1.0" 200 15334 "http://photolab.elmer.uaf.edu/gallery/maps/mapg3200.html" "Mozilla/4.0 (compatible; MSIE 6.0; Windows NT 5.0; PCPS Fresh Install)"
68.15.157.197 - - [16/Sep/2005:05:37:03 -0800] "GET /index_files/bar.gif HTTP/1.0" 200 342 "http://photolab.elmer.uaf.edu/gallery/maps/mapg3200.html" "Mozilla/4.0 (compatible; MSIE 6.0; Windows NT 5.0; PCPS Fresh Install)"
68.15.157.197 - - [16/Sep/2005:05:37:04 -0800] "GET /gallery/maps/G3200/large/G3200%20%5B1814%5D.jpg HTTP/1.0" 200 248149 "http://images.google.com/imgres?imgurl=http://photolab.elmer.uaf.edu/gallery/maps/G3200/large/G3200%2520%255B1814%255D.jpg&imgrefurl=http://photolab.elmer.uaf.edu/gallery/maps/mapg3200.html&h=966&w=1200&sz=243&tbnid=v1NprGs1RZ4J:&tbnh=120&tbnw=150&hl=en&prev=/images%3Fq%3Dmercator%2Bmaps%26svnum%3D10%26hl%3Den%26lr%3D%26sa%3DG&frame=small" "Mozilla/4.0 (compatible; MSIE 6.0; Windows NT 5.0; PCPS Fresh Install)"
217.212.224.162 - - [16/Sep/2005:05:37:22 -0800] "GET /gallery/photos/20040084/1157-1288/images/2004-0084-01235.jpg HTTP/1.0" 200 41193 "-" "psbot/0.1 (+http://www.picsearch.com/bot.html)"
68.15.157.197 - - [16/Sep/2005:05:37:25 -0800] "GET /index_files/small.jpg HTTP/1.0" 200 2294 "http://photolab.elmer.uaf.edu/gallery/maps/mapg3200.html" "Mozilla/4.0 (compatible; MSIE 6.0; Windows NT 5.0; PCPS Fresh Install)"
68.15.157.197 - - [16/Sep/2005:05:37:25 -0800] "GET /index_files/small_003.jpg HTTP/1.0" 200 1521 "http://photolab.elmer.uaf.edu/gallery/maps/mapg3200.html" "Mozilla/4.0 (compatible; MSIE 6.0; Windows NT 5.0; PCPS Fresh Install)"
68.15.157.197 - - [16/Sep/2005:05:37:25 -0800] "GET /index_files/small_002.jpg HTTP/1.0" 200 1351 "http://photolab.elmer.uaf.edu/gallery/maps/mapg3200.html" "Mozilla/4.0 (compatible; MSIE 6.0; Windows NT 5.0; PCPS Fresh Install)"
68.15.157.197 - - [16/Sep/2005:05:37:25 -0800] "GET /gallery/maps/G3200/small/G3200%20%5B1562_%5D%20V34.jpg HTTP/1.0" 200 15334 "http://photolab.elmer.uaf.edu/gallery/maps/mapg3200.html" "Mozilla/4.0 (compatible; MSIE 6.0; Windows NT 5.0; PCPS Fresh Install)"
