69.150.73.103 - - [16/Sep/2005:02:08:10 -0800] "GET /store/photos/smalljpegs/(139)1958-1026-02130.jpg HTTP/1.1" 200 37323 "http://photolab.elmer.uaf.edu/store/people.html" "Mozilla/4.0 (compatible; MSIE 6.0; Windows 98; {DD541B60-DAA7-11D8-860D-00B0D0CEA146})"
69.150.73.103 - - [16/Sep/2005:02:08:11 -0800] "GET /store/photos/largejpegs/(024)1972-0116-00334.jpg HTTP/1.1" 304 - "http://photolab.elmer.uaf.edu/store/people.html" "Mozilla/4.0 (compatible; MSIE 6.0; Windows 98; {DD541B60-DAA7-11D8-860D-00B0D0CEA146})"
69.150.73.103 - - [16/Sep/2005:02:08:13 -0800] "GET /store/photos/smalljpegs/(119)1968-0069-02524.jpg HTTP/1.1" 206 10738 "http://photolab.elmer.uaf.edu/store/people.html" "Mozilla/4.0 (compatible; MSIE 6.0; Windows 98; {DD541B60-DAA7-11D8-860D-00B0D0CEA146})"
69.150.73.103 - - [16/Sep/2005:02:08:14 -0800] "GET /store/photos/smalljpegs/(141)1972-0071-00099.jpg HTTP/1.1" 200 38687 "http://photolab.elmer.uaf.edu/store/people.html" "Mozilla/4.0 (compatible; MSIE 6.0; Windows 98; {DD541B60-DAA7-11D8-860D-00B0D0CEA146})"
69.150.73.103 - - [16/Sep/2005:02:08:16 -0800] "GET /store/photos/smalljpegs/(145)1972-0071-02415.jpg HTTP/1.1" 200 25683 "http://photolab.elmer.uaf.edu/store/people.html" "Mozilla/4.0 (compatible; MSIE 6.0; Windows 98; {DD541B60-DAA7-11D8-860D-00B0D0CEA146})"
69.150.73.103 - - [16/Sep/2005:02:08:13 -0800] "GET /store/photos/smalljpegs/(139)1958-1026-02130.jpg HTTP/1.1" 200 37323 "http://photolab.elmer.uaf.edu/store/people.html" "Mozilla/4.0 (compatible; MSIE 6.0; Windows 98; {DD541B60-DAA7-11D8-860D-00B0D0CEA146})"
69.150.73.103 - - [16/Sep/2005:02:08:17 -0800] "GET /store/photos/smalljpegs/(150)1972-0071-00102.jpg HTTP/1.1" 200 31506 "http://photolab.elmer.uaf.edu/store/people.html" "Mozilla/4.0 (compatible; MSIE 6.0; Windows 98; {DD541B60-DAA7-11D8-860D-00B0D0CEA146})"
69.150.73.103 - - [16/Sep/2005:02:08:18 -0800] "GET /store/photos/smalljpegs/(151)1989-0166-00382.jpg HTTP/1.1" 200 30137 "http://photolab.elmer.uaf.edu/store/people.html" "Mozilla/4.0 (compatible; MSIE 6.0; Windows 98; {DD541B60-DAA7-11D8-860D-00B0D0CEA146})"
69.150.73.103 - - [16/Sep/2005:02:08:19 -0800] "GET /store/photos/largejpegs/(024)1972-0116-00334.jpg HTTP/1.1" 304 - "http://photolab.elmer.uaf.edu/store/people.html" "Mozilla/4.0 (compatible; MSIE 6.0; Windows 98; {DD541B60-DAA7-11D8-860D-00B0D0CEA146})"
69.150.73.103 - - [16/Sep/2005:02:08:23 -0800] "GET /store/photos/smalljpegs/(150)1972-0071-00102.jpg HTTP/1.1" 206 6930 "http://photolab.elmer.uaf.edu/store/people.html" "Mozilla/4.0 (compatible; MSIE 6.0; Windows 98; {DD541B60-DAA7-11D8-860D-00B0D0CEA146})"
69.150.73.103 - - [16/Sep/2005:02:08:24 -0800] "GET /store/photos/smalljpegs/(172)1989-0166-01182.jpg HTTP/1.1" 200 30897 "http://photolab.elmer.uaf.edu/store/people.html" "Mozilla/4.0 (compatible; MSIE 6.0; Windows 98; {DD541B60-DAA7-11D8-860D-00B0D0CEA146})"
69.150.73.103 - - [16/Sep/2005:02:08:25 -0800] "GET /index_files/bluebear.gif HTTP/1.1" 200 1263 "http://photolab.elmer.uaf.edu/store/people.html" "Mozilla/4.0 (compatible; MSIE 6.0; Windows 98; {DD541B60-DAA7-11D8-860D-00B0D0CEA146})"
69.150.73.103 - - [16/Sep/2005:02:08:23 -0800] "GET /store/photos/smalljpegs/(151)1989-0166-00382.jpg HTTP/1.1" 206 13493 "http://photolab.elmer.uaf.edu/store/people.html" "Mozilla/4.0 (compatible; MSIE 6.0; Windows 98; {DD541B60-DAA7-11D8-860D-00B0D0CEA146})"
69.150.73.103 - - [16/Sep/2005:02:08:26 -0800] "GET /index_files/sitemap.gif HTTP/1.1" 200 1503 "http://photolab.elmer.uaf.edu/store/people.html" "Mozilla/4.0 (compatible; MSIE 6.0; Windows 98; {DD541B60-DAA7-11D8-860D-00B0D0CEA146})"
69.150.73.103 - - [16/Sep/2005:02:08:27 -0800] "GET /store/photos/largejpegs/(040)1958-1026-01700.jpg HTTP/1.1" 200 138785 "http://photolab.elmer.uaf.edu/store/people.html" "Mozilla/4.0 (compatible; MSIE 6.0; Windows 98; {DD541B60-DAA7-11D8-860D-00B0D0CEA146})"
69.150.73.103 - - [16/Sep/2005:02:09:02 -0800] "GET /store/photos/largejpegs/(040)1958-1026-01700.jpg HTTP/1.1" 304 - "http://photolab.elmer.uaf.edu/store/people.html" "Mozilla/4.0 (compatible; MSIE 6.0; Windows 98; {DD541B60-DAA7-11D8-860D-00B0D0CEA146})"
69.150.73.103 - - [16/Sep/2005:02:09:23 -0800] "GET /store/photos/largejpegs/(055)1966-0054-00104.jpg HTTP/1.1" 200 160368 "http://photolab.elmer.uaf.edu/store/people.html" "Mozilla/4.0 (compatible; MSIE 6.0; Windows 98; {DD541B60-DAA7-11D8-860D-00B0D0CEA146})"
69.150.73.103 - - [16/Sep/2005:02:09:58 -0800] "GET /store/photos/largejpegs/(074)1968-0012-00009.jpg HTTP/1.1" 200 163566 "http://photolab.elmer.uaf.edu/store/people.html" "Mozilla/4.0 (compatible; MSIE 6.0; Windows 98; {DD541B60-DAA7-11D8-860D-00B0D0CEA146})"
69.150.73.103 - - [16/Sep/2005:02:10:02 -0800] "GET /store/photos/largejpegs/(074)1968-0012-00009.jpg HTTP/1.1" 206 147182 "http://photolab.elmer.uaf.edu/store/people.html" "Mozilla/4.0 (compatible; MSIE 6.0; Windows 98; {DD541B60-DAA7-11D8-860D-00B0D0CEA146})"
69.150.73.103 - - [16/Sep/2005:02:10:22 -0800] "GET /store/photos/largejpegs/(083)1989-0166-00380.jpg HTTP/1.1" 200 141524 "http://photolab.elmer.uaf.edu/store/people.html" "Mozilla/4.0 (compatible; MSIE 6.0; Windows 98; {DD541B60-DAA7-11D8-860D-00B0D0CEA146})"
69.150.73.103 - - [16/Sep/2005:02:10:44 -0800] "GET /store/photos/largejpegs/(101)1995-0244-01044.jpg HTTP/1.1" 200 155003 "http://photolab.elmer.uaf.edu/store/people.html" "Mozilla/4.0 (compatible; MSIE 6.0; Windows 98; {DD541B60-DAA7-11D8-860D-00B0D0CEA146})"
69.150.73.103 - - [16/Sep/2005:02:10:59 -0800] "GET /store/photos/largejpegs/(090)1972-0071-02759.jpg HTTP/1.1" 200 167581 "http://photolab.elmer.uaf.edu/store/people.html" "Mozilla/4.0 (compatible; MSIE 6.0; Windows 98; {DD541B60-DAA7-11D8-860D-00B0D0CEA146})"
69.150.73.103 - - [16/Sep/2005:02:11:24 -0800] "GET /store/photos/largejpegs/(102)1972-0071-00804.jpg HTTP/1.1" 200 135961 "http://photolab.elmer.uaf.edu/store/people.html" "Mozilla/4.0 (compatible; MSIE 6.0; Windows 98; {DD541B60-DAA7-11D8-860D-00B0D0CEA146})"
217.212.224.162 - - [16/Sep/2005:02:11:41 -0800] "GET /gallery/photos/20020032/images/2002-0032-00040.jpg HTTP/1.0" 200 67954 "-" "psbot/0.1 (+http://www.picsearch.com/bot.html)"
69.150.73.103 - - [16/Sep/2005:02:11:39 -0800] "GET /store/photos/largejpegs/(103)1972-0071-02925.jpg HTTP/1.1" 200 117675 "http://photolab.elmer.uaf.edu/store/people.html" "Mozilla/4.0 (compatible; MSIE 6.0; Windows 98; {DD541B60-DAA7-11D8-860D-00B0D0CEA146})"
69.150.73.103 - - [16/Sep/2005:02:11:59 -0800] "GET /store/photos/largejpegs/(104)1958-1026-02106.jpg HTTP/1.1" 200 154747 "http://photolab.elmer.uaf.edu/store/people.html" "Mozilla/4.0 (compatible; MSIE 6.0; Windows 98; {DD541B60-DAA7-11D8-860D-00B0D0CEA146})"
80.58.1.235 - - [16/Sep/2005:02:12:22 -0800] "GET /store/photos/largejpegs/(105)1989-0166-00522a.jpg HTTP/1.0" 200 101451 "http://images.google.es/imgres?imgurl=http://photolab.elmer.uaf.edu/store/photos/largejpegs/(105)1989-0166-00522a.jpg&imgrefurl=http://photolab.elmer.uaf.edu/store/people.html&h=692&w=1000&sz=100&tbnid=mRifvhDN3-gJ:&tbnh=103&tbnw=149&hl=es&prev=/images%3Fq%3Dwoman%2Bold%26imgsz%3Dxxlarge%26svnum%3D10%26hl%3Des%26lr%3D&frame=small" "Mozilla/4.0 (compatible; MSIE 6.0; Windows NT 5.1; FunWebProducts-MyWay; Sgrunt|V109|3060|S677754024|dialno; snprtz|dialno)"
69.150.73.103 - - [16/Sep/2005:02:12:29 -0800] "GET /store/photos/largejpegs/(105)1989-0166-00522a.jpg HTTP/1.1" 200 101451 "http://photolab.elmer.uaf.edu/store/people.html" "Mozilla/4.0 (compatible; MSIE 6.0; Windows 98; {DD541B60-DAA7-11D8-860D-00B0D0CEA146})"
80.58.1.235 - - [16/Sep/2005:02:12:36 -0800] "GET /store/photos/largejpegs/(105)1989-0166-00522a.jpg HTTP/1.1" 304 - "-" "Mozilla/4.0 (compatible; MSIE 6.0; Windows NT 5.1; FunWebProducts-MyWay; Sgrunt|V109|3060|S677754024|dialno; snprtz|dialno)"
69.150.73.103 - - [16/Sep/2005:02:12:38 -0800] "GET /store/photos/largejpegs/(106)1972-0071-03229.jpg HTTP/1.1" 200 178388 "http://photolab.elmer.uaf.edu/store/people.html" "Mozilla/4.0 (compatible; MSIE 6.0; Windows 98; {DD541B60-DAA7-11D8-860D-00B0D0CEA146})"
69.150.73.103 - - [16/Sep/2005:02:13:01 -0800] "GET /store/photos/largejpegs/(107)1958-1026-02271.jpg HTTP/1.1" 200 151436 "http://photolab.elmer.uaf.edu/store/people.html" "Mozilla/4.0 (compatible; MSIE 6.0; Windows 98; {DD541B60-DAA7-11D8-860D-00B0D0CEA146})"
69.150.73.103 - - [16/Sep/2005:02:13:20 -0800] "GET /store/photos/largejpegs/(107)1958-1026-02271.jpg HTTP/1.1" 304 - "http://photolab.elmer.uaf.edu/store/people.html" "Mozilla/4.0 (compatible; MSIE 6.0; Windows 98; {DD541B60-DAA7-11D8-860D-00B0D0CEA146})"
66.230.114.118 - - [16/Sep/2005:02:13:30 -0800] "GET /store/alaskanatives.html HTTP/1.1" 200 23188 "http://images.google.com/imgres?imgurl=http://photolab.elmer.uaf.edu/store/photos/largejpegs/(114)1972-0071-00776.jpg&imgrefurl=http://photolab.elmer.uaf.edu/store/alaskanatives.html&h=1000&w=783&sz=94&tbnid=uR2CfuER_SYJ:&tbnh=149&tbnw=116&hl=en&start=2&prev=/images%3Fq%3Dblanket%2Btoss%26svnum%3D10%26hl%3Den%26lr%3D%26safe%3Doff%26rls%3DGGLD,GGLD:2005-17,GGLD:en%26sa%3DN" "Mozilla/4.0 (compatible; MSIE 6.0; Windows NT 5.0; .NET CLR 1.1.4322)"
66.230.114.118 - - [16/Sep/2005:02:13:30 -0800] "GET /index_files/store.css HTTP/1.1" 200 2756 "http://photolab.elmer.uaf.edu/store/alaskanatives.html" "Mozilla/4.0 (compatible; MSIE 6.0; Windows NT 5.0; .NET CLR 1.1.4322)"
66.230.114.118 - - [16/Sep/2005:02:13:30 -0800] "GET /index_files/titlebrown.jpg HTTP/1.1" 200 5451 "http://photolab.elmer.uaf.edu/store/alaskanatives.html" "Mozilla/4.0 (compatible; MSIE 6.0; Windows NT 5.0; .NET CLR 1.1.4322)"
66.230.114.118 - - [16/Sep/2005:02:13:30 -0800] "GET /index_files/aprbrown.jpg HTTP/1.1" 200 5509 "http://photolab.elmer.uaf.edu/store/alaskanatives.html" "Mozilla/4.0 (compatible; MSIE 6.0; Windows NT 5.0; .NET CLR 1.1.4322)"
66.230.114.118 - - [16/Sep/2005:02:13:30 -0800] "GET /index_files/menubar.gif HTTP/1.1" 200 2913 "http://photolab.elmer.uaf.edu/store/alaskanatives.html" "Mozilla/4.0 (compatible; MSIE 6.0; Windows NT 5.0; .NET CLR 1.1.4322)"
66.230.114.118 - - [16/Sep/2005:02:13:30 -0800] "GET /index_files/storetitle.gif HTTP/1.1" 200 14535 "http://photolab.elmer.uaf.edu/store/alaskanatives.html" "Mozilla/4.0 (compatible; MSIE 6.0; Windows NT 5.0; .NET CLR 1.1.4322)"
66.230.114.118 - - [16/Sep/2005:02:13:31 -0800] "GET /store/photos/smalljpegs/(007)1972-0071-03234.jpg HTTP/1.1" 200 32052 "http://photolab.elmer.uaf.edu/store/alaskanatives.html" "Mozilla/4.0 (compatible; MSIE 6.0; Windows NT 5.0; .NET CLR 1.1.4322)"
66.230.114.118 - - [16/Sep/2005:02:13:31 -0800] "GET /store/photos/smalljpegs/(009)1975-0146-00003.jpg HTTP/1.1" 200 35453 "http://photolab.elmer.uaf.edu/store/alaskanatives.html" "Mozilla/4.0 (compatible; MSIE 6.0; Windows NT 5.0; .NET CLR 1.1.4322)"
66.230.114.118 - - [16/Sep/2005:02:13:31 -0800] "GET /store/photos/smalljpegs/(012)1989-0166-00375.jpg HTTP/1.1" 200 41883 "http://photolab.elmer.uaf.edu/store/alaskanatives.html" "Mozilla/4.0 (compatible; MSIE 6.0; Windows NT 5.0; .NET CLR 1.1.4322)"
66.230.114.118 - - [16/Sep/2005:02:13:32 -0800] "GET /store/photos/smalljpegs/(040)1958-1026-01700.jpg HTTP/1.1" 200 30523 "http://photolab.elmer.uaf.edu/store/alaskanatives.html" "Mozilla/4.0 (compatible; MSIE 6.0; Windows NT 5.0; .NET CLR 1.1.4322)"
66.230.114.118 - - [16/Sep/2005:02:13:32 -0800] "GET /store/photos/largejpegs/(114)1972-0071-00776.jpg HTTP/1.1" 200 95509 "http://images.google.com/imgres?imgurl=http://photolab.elmer.uaf.edu/store/photos/largejpegs/(114)1972-0071-00776.jpg&imgrefurl=http://photolab.elmer.uaf.edu/store/alaskanatives.html&h=1000&w=783&sz=94&tbnid=uR2CfuER_SYJ:&tbnh=149&tbnw=116&hl=en&prev=/images%3Fq%3Dblanket%2Btoss%26svnum%3D10%26hl%3Den%26lr%3D%26safe%3Doff%26rls%3DGGLD,GGLD:2005-17,GGLD:en%26sa%3DN&frame=small" "Mozilla/4.0 (compatible; MSIE 6.0; Windows NT 5.0; .NET CLR 1.1.4322)"
69.150.73.103 - - [16/Sep/2005:02:13:31 -0800] "GET /store/photos/largejpegs/(110)1958-1026-01591.jpg HTTP/1.1" 200 184507 "http://photolab.elmer.uaf.edu/store/people.html" "Mozilla/4.0 (compatible; MSIE 6.0; Windows 98; {DD541B60-DAA7-11D8-860D-00B0D0CEA146})"
69.150.73.103 - - [16/Sep/2005:02:13:52 -0800] "GET /store/photos/largejpegs/(119)1968-0069-02524.jpg HTTP/1.1" 200 180017 "http://photolab.elmer.uaf.edu/store/people.html" "Mozilla/4.0 (compatible; MSIE 6.0; Windows 98; {DD541B60-DAA7-11D8-860D-00B0D0CEA146})"
69.150.73.103 - - [16/Sep/2005:02:14:03 -0800] "GET /store/photos/largejpegs/(119)1968-0069-02524.jpg HTTP/1.1" 206 65329 "http://photolab.elmer.uaf.edu/store/people.html" "Mozilla/4.0 (compatible; MSIE 6.0; Windows 98; {DD541B60-DAA7-11D8-860D-00B0D0CEA146})"
69.150.73.103 - - [16/Sep/2005:02:14:25 -0800] "GET /store/photos/largejpegs/(145)1972-0071-02415.jpg HTTP/1.1" 200 90836 "http://photolab.elmer.uaf.edu/store/people.html" "Mozilla/4.0 (compatible; MSIE 6.0; Windows 98; {DD541B60-DAA7-11D8-860D-00B0D0CEA146})"
213.249.155.235 - - [16/Sep/2005:02:14:52 -0800] "GET /store/people.html HTTP/1.0" 304 - "http://images.google.co.uk/imgres?imgurl=http://photolab.elmer.uaf.edu/store/photos/largejpegs/(105)1989-0166-00522a.jpg&imgrefurl=http://photolab.elmer.uaf.edu/store/people.html&h=692&w=1000&sz=100&tbnid=mRifvhDN3-gJ:&tbnh=103&tbnw=149&hl=en&start=4&prev=/images%3Fq%3Dold%2Bwoman%2B%26svnum%3D10%26hl%3Den%26lr%3D" "Mozilla/4.0 (compatible; MSIE 6.0; Windows NT 5.1; SV1)"
213.249.155.235 - - [16/Sep/2005:02:14:52 -0800] "GET /index_files/store.css HTTP/1.0" 304 - "http://photolab.elmer.uaf.edu/store/people.html" "Mozilla/4.0 (compatible; MSIE 6.0; Windows NT 5.1; SV1)"
213.249.155.235 - - [16/Sep/2005:02:14:53 -0800] "GET /index_files/storetitle.gif HTTP/1.0" 304 - "http://photolab.elmer.uaf.edu/store/people.html" "Mozilla/4.0 (compatible; MSIE 6.0; Windows NT 5.1; SV1)"
213.249.155.235 - - [16/Sep/2005:02:14:53 -0800] "GET /index_files/aprbrown.jpg HTTP/1.0" 304 - "http://photolab.elmer.uaf.edu/store/people.html" "Mozilla/4.0 (compatible; MSIE 6.0; Windows NT 5.1; SV1)"
213.249.155.235 - - [16/Sep/2005:02:14:53 -0800] "GET /index_files/titlebrown.jpg HTTP/1.0" 304 - "http://photolab.elmer.uaf.edu/store/people.html" "Mozilla/4.0 (compatible; MSIE 6.0; Windows NT 5.1; SV1)"
213.249.155.235 - - [16/Sep/2005:02:14:53 -0800] "GET /store/photos/largejpegs/(105)1989-0166-00522a.jpg HTTP/1.0" 304 - "http://images.google.co.uk/imgres?imgurl=http://photolab.elmer.uaf.edu/store/photos/largejpegs/(105)1989-0166-00522a.jpg&imgrefurl=http://photolab.elmer.uaf.edu/store/people.html&h=692&w=1000&sz=100&tbnid=mRifvhDN3-gJ:&tbnh=103&tbnw=149&hl=en&prev=/images%3Fq%3Dold%2Bwoman%2B%26svnum%3D10%26hl%3Den%26lr%3D&frame=small" "Mozilla/4.0 (compatible; MSIE 6.0; Windows NT 5.1; SV1)"
80.58.1.235 - - [16/Sep/2005:02:15:02 -0800] "GET /store/people.html HTTP/1.1" 200 21075 "http://images.google.es/imgres?imgurl=http://photolab.elmer.uaf.edu/store/photos/largejpegs/(105)1989-0166-00522a.jpg&imgrefurl=http://photolab.elmer.uaf.edu/store/people.html&h=692&w=1000&sz=100&tbnid=mRifvhDN3-gJ:&tbnh=103&tbnw=149&hl=es&start=9&prev=/images%3Fq%3Dwoman%2Bold%26imgsz%3Dxxlarge%26svnum%3D10%26hl%3Des%26lr%3D" "Mozilla/4.0 (compatible; MSIE 6.0; Windows NT 5.1; FunWebProducts-MyWay; Sgrunt|V109|3060|S677754024|dialno; snprtz|dialno)"
213.249.155.235 - - [16/Sep/2005:02:16:17 -0800] "GET /index_files/store.css HTTP/1.0" 304 - "http://photolab.elmer.uaf.edu/store/people.html" "Mozilla/4.0 (compatible; MSIE 6.0; Windows NT 5.1; SV1)"
213.249.155.235 - - [16/Sep/2005:02:16:17 -0800] "GET /index_files/storetitle.gif HTTP/1.0" 304 - "http://photolab.elmer.uaf.edu/store/people.html" "Mozilla/4.0 (compatible; MSIE 6.0; Windows NT 5.1; SV1)"
213.249.155.235 - - [16/Sep/2005:02:16:17 -0800] "GET /index_files/titlebrown.jpg HTTP/1.0" 304 - "http://photolab.elmer.uaf.edu/store/people.html" "Mozilla/4.0 (compatible; MSIE 6.0; Windows NT 5.1; SV1)"
213.249.155.235 - - [16/Sep/2005:02:16:17 -0800] "GET /index_files/aprbrown.jpg HTTP/1.0" 304 - "http://photolab.elmer.uaf.edu/store/people.html" "Mozilla/4.0 (compatible; MSIE 6.0; Windows NT 5.1; SV1)"
213.249.155.235 - - [16/Sep/2005:02:16:17 -0800] "GET /index_files/menubar.gif HTTP/1.0" 304 - "http://photolab.elmer.uaf.edu/store/people.html" "Mozilla/4.0 (compatible; MSIE 6.0; Windows NT 5.1; SV1)"
213.249.155.235 - - [16/Sep/2005:02:16:18 -0800] "GET /store/photos/smalljpegs/(012)1989-0166-00375.jpg HTTP/1.0" 200 41883 "http://photolab.elmer.uaf.edu/store/people.html" "Mozilla/4.0 (compatible; MSIE 6.0; Windows NT 5.1; SV1)"
213.249.155.235 - - [16/Sep/2005:02:16:18 -0800] "GET /store/photos/smalljpegs/(009)1975-0146-00003.jpg HTTP/1.0" 200 35453 "http://photolab.elmer.uaf.edu/store/people.html" "Mozilla/4.0 (compatible; MSIE 6.0; Windows NT 5.1; SV1)"
213.249.155.235 - - [16/Sep/2005:02:16:18 -0800] "GET /store/photos/smalljpegs/(007)1972-0071-03234.jpg HTTP/1.0" 200 32052 "http://photolab.elmer.uaf.edu/store/people.html" "Mozilla/4.0 (compatible; MSIE 6.0; Windows NT 5.1; SV1)"
213.249.155.235 - - [16/Sep/2005:02:16:18 -0800] "GET /store/photos/smalljpegs/(024)1972-0116-00334.jpg HTTP/1.0" 200 29908 "http://photolab.elmer.uaf.edu/store/people.html" "Mozilla/4.0 (compatible; MSIE 6.0; Windows NT 5.1; SV1)"
195.113.161.123 - - [16/Sep/2005:02:19:33 -0800] "GET /robots.txt HTTP/1.0" 200 96 "-" "Jyxobot/1"
195.113.161.123 - - [16/Sep/2005:02:19:44 -0800] "GET /index.html HTTP/1.0" 200 8830 "-" "Jyxobot/1"
195.113.161.123 - - [16/Sep/2005:02:19:55 -0800] "GET /services.html HTTP/1.0" 200 5498 "-" "Jyxobot/1"
195.113.161.123 - - [16/Sep/2005:02:20:06 -0800] "GET / HTTP/1.0" 200 8830 "-" "Jyxobot/1"
217.212.224.146 - - [16/Sep/2005:02:20:31 -0800] "GET /gallery/photos/20020032/images/2002-0032-00042.jpg HTTP/1.0" 200 38899 "-" "psbot/0.1 (+http://www.picsearch.com/bot.html)"
217.212.224.162 - - [16/Sep/2005:02:22:26 -0800] "GET /gallery/photos/20020032/images/2002-0032-00043.jpg HTTP/1.0" 200 86363 "-" "psbot/0.1 (+http://www.picsearch.com/bot.html)"
157.181.162.4 - - [16/Sep/2005:02:22:54 -0800] "GET /store/photos/largejpegs/(029)1989-0166-00230.jpg HTTP/1.0" 200 196439 "http://webmail.datatrans.hu/imp/message.php?index=1&start=1&thismailbox=&actionID=101" "Mozilla/4.0 (compatible; MSIE 6.0; Windows NT 5.1; SV1; .NET CLR 1.0.3705; .NET CLR 1.1.4322)"
217.212.224.150 - - [16/Sep/2005:02:23:43 -0800] "GET /gallery/photos/20020032/images/2002-0032-00044.jpg HTTP/1.0" 200 103108 "-" "psbot/0.1 (+http://www.picsearch.com/bot.html)"
217.212.224.150 - - [16/Sep/2005:02:24:25 -0800] "GET /gallery/photos/20020032/images/2002-0032-00045.jpg HTTP/1.0" 200 109663 "-" "psbot/0.1 (+http://www.picsearch.com/bot.html)"
195.70.44.221 - - [16/Sep/2005:02:24:14 -0800] "GET /store/photos/largejpegs/(029)1989-0166-00230.jpg HTTP/1.0" 200 196439 "-" "Mozilla/5.0 (Windows; U; Windows NT 5.1; hu-HU; rv:1.7.10) Gecko/20050717 Firefox/1.0.6"
195.70.44.221 - - [16/Sep/2005:02:25:05 -0800] "GET /favicon.ico HTTP/1.0" 404 307 "-" "Mozilla/5.0 (Windows; U; Windows NT 5.1; hu-HU; rv:1.7.10) Gecko/20050717 Firefox/1.0.6"
217.212.224.162 - - [16/Sep/2005:02:25:04 -0800] "GET /gallery/photos/20020032/images/2002-0032-00046.jpg HTTP/1.0" 200 52495 "-" "psbot/0.1 (+http://www.picsearch.com/bot.html)"
207.46.98.84 - - [16/Sep/2005:02:25:24 -0800] "GET /gallery/photos/19950244/05/index_5.html HTTP/1.0" 200 7230 "-" "msnbot/1.0 (+http://search.msn.com/msnbot.htm)"
217.212.224.150 - - [16/Sep/2005:02:25:44 -0800] "GET /gallery/photos/20020032/images/2002-0032-00047.jpg HTTP/1.0" 200 49947 "-" "psbot/0.1 (+http://www.picsearch.com/bot.html)"
207.46.98.84 - - [16/Sep/2005:02:28:55 -0800] "GET /gallery/photos/19680041/1/pages/1968-0041-00182.htm HTTP/1.0" 200 1889 "-" "msnbot/1.0 (+http://search.msn.com/msnbot.htm)"
217.212.224.162 - - [16/Sep/2005:02:35:14 -0800] "GET /gallery/photos/19930194/0/images/1993-0194-00064.jpg HTTP/1.0" 200 56404 "-" "psbot/0.1 (+http://www.picsearch.com/bot.html)"
217.212.224.147 - - [16/Sep/2005:02:42:34 -0800] "GET /robots.txt HTTP/1.0" 200 96 "-" "psbot/0.1 (+http://www.picsearch.com/bot.html)"
217.212.224.159 - - [16/Sep/2005:02:42:35 -0800] "GET /gallery/photos/19930194/0/images/1993-0194-00065.jpg HTTP/1.0" 200 91116 "-" "psbot/0.1 (+http://www.picsearch.com/bot.html)"
217.212.224.161 - - [16/Sep/2005:02:43:09 -0800] "GET /gallery/photos/19930194/0/images/1993-0194-00066.jpg HTTP/1.0" 200 53618 "-" "psbot/0.1 (+http://www.picsearch.com/bot.html)"
217.212.224.159 - - [16/Sep/2005:02:43:49 -0800] "GET /gallery/photos/19930194/0/images/1993-0194-00067.jpg HTTP/1.0" 200 75401 "-" "psbot/0.1 (+http://www.picsearch.com/bot.html)"
217.212.224.162 - - [16/Sep/2005:02:44:24 -0800] "GET /gallery/photos/19930194/0/images/1993-0194-00068.jpg HTTP/1.0" 200 77700 "-" "psbot/0.1 (+http://www.picsearch.com/bot.html)"
217.212.224.146 - - [16/Sep/2005:02:45:00 -0800] "GET /gallery/photos/19930194/0/images/1993-0194-00069.jpg HTTP/1.0" 200 51695 "-" "psbot/0.1 (+http://www.picsearch.com/bot.html)"
68.142.251.156 - - [16/Sep/2005:02:45:25 -0800] "GET /robots.txt HTTP/1.0" 200 96 "-" "Mozilla/5.0 (compatible; Yahoo! Slurp; http://help.yahoo.com/help/us/ysearch/slurp)"
68.142.250.185 - - [16/Sep/2005:02:45:25 -0800] "GET /gallery/photos/19940070/1/pages/1994-0070-00138.html HTTP/1.0" 304 - "-" "Mozilla/5.0 (compatible; Yahoo! Slurp; http://help.yahoo.com/help/us/ysearch/slurp)"
217.212.224.146 - - [16/Sep/2005:02:45:36 -0800] "GET /gallery/photos/19930194/0/images/1993-0194-00070.jpg HTTP/1.0" 200 91972 "-" "psbot/0.1 (+http://www.picsearch.com/bot.html)"
217.212.224.150 - - [16/Sep/2005:02:46:16 -0800] "GET /gallery/photos/19930194/0/images/1993-0194-00071.jpg HTTP/1.0" 200 95005 "-" "psbot/0.1 (+http://www.picsearch.com/bot.html)"
217.212.224.146 - - [16/Sep/2005:02:46:51 -0800] "GET /gallery/photos/19930194/1/images/1993-0194-00164.jpg HTTP/1.0" 200 46325 "-" "psbot/0.1 (+http://www.picsearch.com/bot.html)"
217.212.224.150 - - [16/Sep/2005:02:47:27 -0800] "GET /gallery/photos/19930194/1/images/1993-0194-00165.jpg HTTP/1.0" 200 43659 "-" "psbot/0.1 (+http://www.picsearch.com/bot.html)"
217.212.224.150 - - [16/Sep/2005:02:49:15 -0800] "GET /gallery/photos/19930194/1/images/1993-0194-00166.jpg HTTP/1.0" 200 27967 "-" "psbot/0.1 (+http://www.picsearch.com/bot.html)"
217.212.224.149 - - [16/Sep/2005:02:49:50 -0800] "GET /gallery/photos/19930194/1/images/1993-0194-00167.jpg HTTP/1.0" 200 68043 "-" "psbot/0.1 (+http://www.picsearch.com/bot.html)"
207.46.98.84 - - [16/Sep/2005:02:49:53 -0800] "GET /gallery/photos/20030120/2/pages/2003-0120-00236.html HTTP/1.0" 200 1871 "-" "msnbot/1.0 (+http://search.msn.com/msnbot.htm)"
207.46.98.84 - - [16/Sep/2005:02:50:02 -0800] "GET /gallery/photos/19690092/8/pages/1969-0092-00824.html HTTP/1.0" 200 1765 "-" "msnbot/1.0 (+http://search.msn.com/msnbot.htm)"
217.212.224.159 - - [16/Sep/2005:02:50:28 -0800] "GET /gallery/photos/19930194/1/images/1993-0194-00168.jpg HTTP/1.0" 200 43584 "-" "psbot/0.1 (+http://www.picsearch.com/bot.html)"
217.212.224.149 - - [16/Sep/2005:02:51:03 -0800] "GET /gallery/photos/19930194/1/images/1993-0194-00169.jpg HTTP/1.0" 200 43623 "-" "psbot/0.1 (+http://www.picsearch.com/bot.html)"
217.212.224.150 - - [16/Sep/2005:02:51:40 -0800] "GET /gallery/photos/19930194/1/images/1993-0194-00170.jpg HTTP/1.0" 200 45984 "-" "psbot/0.1 (+http://www.picsearch.com/bot.html)"
217.212.224.149 - - [16/Sep/2005:02:52:16 -0800] "GET /gallery/photos/19930194/1/images/1993-0194-00171.jpg HTTP/1.0" 200 42824 "-" "psbot/0.1 (+http://www.picsearch.com/bot.html)"
217.212.224.162 - - [16/Sep/2005:02:52:51 -0800] "GET /gallery/photos/19680041/2/images/next.gif HTTP/1.0" 200 270 "-" "psbot/0.1 (+http://www.picsearch.com/bot.html)"
217.212.224.162 - - [16/Sep/2005:02:53:28 -0800] "GET /gallery/photos/19680041/2/thumbnails/1968-0041-00200.jpg HTTP/1.0" 200 3202 "-" "psbot/0.1 (+http://www.picsearch.com/bot.html)"
217.212.224.161 - - [16/Sep/2005:02:54:04 -0800] "GET /gallery/photos/19680041/2/thumbnails/1968-0041-00201.jpg HTTP/1.0" 200 3718 "-" "psbot/0.1 (+http://www.picsearch.com/bot.html)"
217.212.224.150 - - [16/Sep/2005:02:54:37 -0800] "GET /gallery/photos/19680041/2/thumbnails/1968-0041-00202.jpg HTTP/1.0" 200 6285 "-" "psbot/0.1 (+http://www.picsearch.com/bot.html)"
217.212.224.149 - - [16/Sep/2005:02:55:10 -0800] "GET /gallery/photos/19680041/2/thumbnails/1968-0041-00203.jpg HTTP/1.0" 200 3627 "-" "psbot/0.1 (+http://www.picsearch.com/bot.html)"
217.212.224.161 - - [16/Sep/2005:02:55:46 -0800] "GET /gallery/photos/19680041/2/thumbnails/1968-0041-00204.jpg HTTP/1.0" 200 5129 "-" "psbot/0.1 (+http://www.picsearch.com/bot.html)"
217.212.224.150 - - [16/Sep/2005:02:56:21 -0800] "GET /gallery/photos/19680041/2/thumbnails/1968-0041-00205.jpg HTTP/1.0" 200 5667 "-" "psbot/0.1 (+http://www.picsearch.com/bot.html)"
217.212.224.161 - - [16/Sep/2005:02:57:00 -0800] "GET /gallery/photos/19680041/2/thumbnails/1968-0041-00206.jpg HTTP/1.0" 200 5487 "-" "psbot/0.1 (+http://www.picsearch.com/bot.html)"
217.212.224.150 - - [16/Sep/2005:02:57:36 -0800] "GET /gallery/photos/19680041/2/thumbnails/1968-0041-00207.jpg HTTP/1.0" 200 3692 "-" "psbot/0.1 (+http://www.picsearch.com/bot.html)"
217.212.224.162 - - [16/Sep/2005:02:58:10 -0800] "GET /gallery/photos/19680041/2/thumbnails/1968-0041-00208.jpg HTTP/1.0" 200 3523 "-" "psbot/0.1 (+http://www.picsearch.com/bot.html)"
217.212.224.146 - - [16/Sep/2005:02:58:46 -0800] "GET /gallery/photos/19680041/2/thumbnails/1968-0041-00209.jpg HTTP/1.0" 200 4158 "-" "psbot/0.1 (+http://www.picsearch.com/bot.html)"
217.212.224.159 - - [16/Sep/2005:02:59:21 -0800] "GET /gallery/photos/19680041/2/thumbnails/1968-0041-00210.jpg HTTP/1.0" 200 5774 "-" "psbot/0.1 (+http://www.picsearch.com/bot.html)"
80.58.50.235 - - [16/Sep/2005:02:59:35 -0800] "GET /store/people.html HTTP/1.0" 200 21075 "http://www.google.es/imgres?imgurl=http://photolab.elmer.uaf.edu/store/photos/largejpegs/(040)1958-1026-01700.jpg&imgrefurl=http://photolab.elmer.uaf.edu/store/people.html&h=1000&w=762&sz=136&tbnid=muofWG5zZScJ:&tbnh=149&tbnw=113&hl=es&start=6&prev=/images%3Fq%3Deskimo%26imgsz%3Dxxlarge%26svnum%3D10%26hl%3Des%26lr%3D" "Mozilla/4.0 (compatible; MSIE 6.0; Windows NT 5.1; .NET CLR 1.1.4322)"
80.58.50.235 - - [16/Sep/2005:02:59:36 -0800] "GET /store/photos/largejpegs/(040)1958-1026-01700.jpg HTTP/1.0" 200 138785 "http://www.google.es/imgres?imgurl=http://photolab.elmer.uaf.edu/store/photos/largejpegs/(040)1958-1026-01700.jpg&imgrefurl=http://photolab.elmer.uaf.edu/store/people.html&h=1000&w=762&sz=136&tbnid=muofWG5zZScJ:&tbnh=149&tbnw=113&hl=es&prev=/images%3Fq%3Deskimo%26imgsz%3Dxxlarge%26svnum%3D10%26hl%3Des%26lr%3D&frame=small" "Mozilla/4.0 (compatible; MSIE 6.0; Windows NT 5.1; .NET CLR 1.1.4322)"
80.58.50.235 - - [16/Sep/2005:02:59:50 -0800] "GET /store/people.html HTTP/1.0" 200 21075 "http://www.google.es/imgres?imgurl=http://photolab.elmer.uaf.edu/store/photos/largejpegs/(040)1958-1026-01700.jpg&imgrefurl=http://photolab.elmer.uaf.edu/store/people.html&h=1000&w=762&sz=136&tbnid=muofWG5zZScJ:&tbnh=149&tbnw=113&hl=es&start=6&prev=/images%3Fq%3Deskimo%26imgsz%3Dxxlarge%26svnum%3D10%26hl%3Des%26lr%3D" "Mozilla/4.0 (compatible; MSIE 6.0; Windows NT 5.1; .NET CLR 1.1.4322)"
80.58.50.235 - - [16/Sep/2005:02:59:51 -0800] "GET /index_files/titlebrown.jpg HTTP/1.0" 200 5451 "http://photolab.elmer.uaf.edu/store/people.html" "Mozilla/4.0 (compatible; MSIE 6.0; Windows NT 5.1; .NET CLR 1.1.4322)"
80.58.50.235 - - [16/Sep/2005:02:59:51 -0800] "GET /index_files/store.css HTTP/1.0" 200 2756 "http://photolab.elmer.uaf.edu/store/people.html" "Mozilla/4.0 (compatible; MSIE 6.0; Windows NT 5.1; .NET CLR 1.1.4322)"
217.212.224.162 - - [16/Sep/2005:02:59:57 -0800] "GET /gallery/photos/19680041/2/thumbnails/1968-0041-00211.jpg HTTP/1.0" 200 6059 "-" "psbot/0.1 (+http://www.picsearch.com/bot.html)"
218.208.111.10 - - [16/Sep/2005:02:59:58 -0800] "GET /store/people.html HTTP/1.0" 200 21075 "http://images.google.com.my/imgres?imgurl=http://photolab.elmer.uaf.edu/store/photos/largejpegs/(119)1968-0069-02524.jpg&imgrefurl=http://photolab.elmer.uaf.edu/store/people.html&h=788&w=1000&sz=176&tbnid=7lZbV2_3IUYJ:&tbnh=117&tbnw=149&hl=en&start=17&prev=/images%3Fq%3DSUMMER%2BCLOTHING%26svnum%3D10%26hl%3Den%26lr%3D%26client%3Dfirefox-a%26rls%3Dorg.mozilla:en-US:official_s%26sa%3DG" "Mozilla/5.0 (Windows; U; Windows NT 5.1; en-US; rv:1.7.6) Gecko/20050317 Firefox/1.0.2"
60.48.151.34 - - [16/Sep/2005:02:59:58 -0800] "GET /store/photos/largejpegs/(119)1968-0069-02524.jpg HTTP/1.0" 200 180017 "http://images.google.com.my/imgres?imgurl=http://photolab.elmer.uaf.edu/store/photos/largejpegs/(119)1968-0069-02524.jpg&imgrefurl=http://photolab.elmer.uaf.edu/store/people.html&h=788&w=1000&sz=176&tbnid=7lZbV2_3IUYJ:&tbnh=117&tbnw=149&hl=en&prev=/images%3Fq%3DSUMMER%2BCLOTHING%26svnum%3D10%26hl%3Den%26lr%3D%26client%3Dfirefox-a%26rls%3Dorg.mozilla:en-US:official_s%26sa%3DG&frame=small" "Mozilla/5.0 (Windows; U; Windows NT 5.1; en-US; rv:1.7.6) Gecko/20050317 Firefox/1.0.2"
217.212.224.150 - - [16/Sep/2005:03:00:33 -0800] "GET /gallery/photos/19680041/2/images/previous.gif HTTP/1.0" 200 271 "-" "psbot/0.1 (+http://www.picsearch.com/bot.html)"
217.212.224.146 - - [16/Sep/2005:03:01:10 -0800] "GET /gallery/photos/19680041/2/thumbnails/1968-0041-00212.jpg HTTP/1.0" 200 6469 "-" "psbot/0.1 (+http://www.picsearch.com/bot.html)"
217.212.224.162 - - [16/Sep/2005:03:01:47 -0800] "GET /gallery/photos/19680041/2/thumbnails/1968-0041-00213.jpg HTTP/1.0" 200 6294 "-" "psbot/0.1 (+http://www.picsearch.com/bot.html)"
217.212.224.162 - - [16/Sep/2005:03:02:22 -0800] "GET /gallery/photos/19680041/2/thumbnails/1968-0041-00214.jpg HTTP/1.0" 200 6915 "-" "psbot/0.1 (+http://www.picsearch.com/bot.html)"
217.212.224.149 - - [16/Sep/2005:03:03:00 -0800] "GET /gallery/photos/19680041/2/thumbnails/1968-0041-00215.jpg HTTP/1.0" 200 7760 "-" "psbot/0.1 (+http://www.picsearch.com/bot.html)"
217.212.224.159 - - [16/Sep/2005:03:03:33 -0800] "GET /gallery/photos/19680041/2/thumbnails/1968-0041-00216.jpg HTTP/1.0" 200 9086 "-" "psbot/0.1 (+http://www.picsearch.com/bot.html)"
217.212.224.159 - - [16/Sep/2005:03:04:09 -0800] "GET /gallery/photos/19680041/2/thumbnails/1968-0041-00217.jpg HTTP/1.0" 200 7458 "-" "psbot/0.1 (+http://www.picsearch.com/bot.html)"
217.212.224.159 - - [16/Sep/2005:03:04:44 -0800] "GET /gallery/photos/19680041/2/images/home.gif HTTP/1.0" 200 268 "-" "psbot/0.1 (+http://www.picsearch.com/bot.html)"
217.212.224.159 - - [16/Sep/2005:03:05:18 -0800] "GET /gallery/photos/19680041/2/images/1968-0041-00200.jpg HTTP/1.0" 200 33145 "-" "psbot/0.1 (+http://www.picsearch.com/bot.html)"
193.108.55.48 - - [16/Sep/2005:03:07:19 -0800] "GET /store/people.html HTTP/1.1" 200 21075 "http://images.google.com/imgres?imgurl=http://photolab.elmer.uaf.edu/store/photos/largejpegs/(105)1989-0166-00522a.jpg&imgrefurl=http://photolab.elmer.uaf.edu/store/people.html&h=692&w=1000&sz=100&tbnid=mRifvhDN3-gJ:&tbnh=103&tbnw=149&hl=en&start=2&prev=/images%3Fq%3Dold%2Bwoman%26imgsz%3Dxxlarge%26svnum%3D10%26hl%3Den%26lr%3D%26c2coff%3D1%26safe%3Doff" "Mozilla/4.0 (compatible; MSIE 6.0; Windows NT 5.1; SV1; .NET CLR 1.1.4322)"
193.108.55.48 - - [16/Sep/2005:03:07:20 -0800] "GET /index_files/store.css HTTP/1.1" 200 2756 "http://photolab.elmer.uaf.edu/store/people.html" "Mozilla/4.0 (compatible; MSIE 6.0; Windows NT 5.1; SV1; .NET CLR 1.1.4322)"
193.108.55.48 - - [16/Sep/2005:03:07:20 -0800] "GET /store/photos/largejpegs/(105)1989-0166-00522a.jpg HTTP/1.1" 200 101451 "http://images.google.com/imgres?imgurl=http://photolab.elmer.uaf.edu/store/photos/largejpegs/(105)1989-0166-00522a.jpg&imgrefurl=http://photolab.elmer.uaf.edu/store/people.html&h=692&w=1000&sz=100&tbnid=mRifvhDN3-gJ:&tbnh=103&tbnw=149&hl=en&prev=/images%3Fq%3Dold%2Bwoman%26imgsz%3Dxxlarge%26svnum%3D10%26hl%3Den%26lr%3D%26c2coff%3D1%26safe%3Doff&frame=small" "Mozilla/4.0 (compatible; MSIE 6.0; Windows NT 5.1; SV1; .NET CLR 1.1.4322)"
217.212.224.162 - - [16/Sep/2005:03:10:34 -0800] "GET /gallery/photos/19680041/2/images/1968-0041-00201.jpg HTTP/1.0" 200 38676 "-" "psbot/0.1 (+http://www.picsearch.com/bot.html)"
217.212.224.149 - - [16/Sep/2005:03:11:08 -0800] "GET /gallery/photos/19680041/2/images/1968-0041-00202.jpg HTTP/1.0" 200 64142 "-" "psbot/0.1 (+http://www.picsearch.com/bot.html)"
171.21.80.126 - - [16/Sep/2005:03:17:55 -0800] "GET /store/photos/largejpegs/(040)1958-1026-01700.jpg HTTP/1.1" 200 138785 "http://www.degeinigekoe.nl/index.php?name=Forums&file=viewtopic&t=3990&postdays=0&postorder=asc&start=30" "Mozilla/4.0 (compatible; MSIE 5.5; Windows NT 4.0)"
68.142.251.162 - - [16/Sep/2005:03:19:33 -0800] "GET /gallery/photos/20010129/0/pages/2001-0129-00006.html HTTP/1.0" 200 1760 "-" "Mozilla/5.0 (compatible; Yahoo! Slurp; http://help.yahoo.com/help/us/ysearch/slurp)"
66.249.65.238 - - [16/Sep/2005:03:21:46 -0800] "GET /gallery/maps/mapg3300.html HTTP/1.1" 200 21856 "-" "Mediapartners-Google/2.1"
220.87.41.246 - - [16/Sep/2005:03:21:46 -0800] "GET /gallery/maps/mapg3300.html HTTP/1.1" 200 21856 "http://www.worldmapfinder.com/Map_Detail.php?MAP=549&FN=G3300%20%5B1780%5D%20C66.jpg&MW=1200&MH=896&FS=242&FT=jpg&WO=0&CE=4&CO=0&CI=0&IT=0&LC=2&PG=1&CS=iso-8859-1&FU=http://photolab.elmer.uaf.edu/gallery/maps/G3300/large/G3300%20%5B1780%5D%20C66.jpg&SU=http://photolab.elmer.uaf.edu/gallery/maps/mapg3300.html" "Mozilla/4.0 (compatible; MSIE 6.0; Windows NT 5.1)"
220.87.41.246 - - [16/Sep/2005:03:21:47 -0800] "GET /index_files/title.jpg HTTP/1.1" 200 5438 "http://photolab.elmer.uaf.edu/gallery/maps/mapg3300.html" "Mozilla/4.0 (compatible; MSIE 6.0; Windows NT 5.1)"
220.87.41.246 - - [16/Sep/2005:03:21:47 -0800] "GET /index_files/lib.css HTTP/1.1" 200 2634 "http://photolab.elmer.uaf.edu/gallery/maps/mapg3300.html" "Mozilla/4.0 (compatible; MSIE 6.0; Windows NT 5.1)"
220.87.41.246 - - [16/Sep/2005:03:21:47 -0800] "GET /gallery/maps/G3300/large/G3300%20[1780]%20C66.jpg HTTP/1.1" 200 246809 "http://www.worldmapfinder.com/Map_Detail.php?MAP=549&FN=G3300 [1780] C66.jpg&FU=http://photolab.elmer.uaf.edu/gallery/maps/G3300/large/G3300 [1780] C66.jpg&MW=1200&MH=896&FS=242&FT=jpg&SU=http://photolab.elmer.uaf.edu/gallery/maps/mapg3300.html&WO=0&CE=4&CO=0&CI=0&IT=0&LC=2&PG=1&CS=&FM=1" "Mozilla/4.0 (compatible; MSIE 6.0; Windows NT 5.1)"
220.87.41.246 - - [16/Sep/2005:03:21:48 -0800] "GET /gallery/maps/G3300/large/G3300%20[1780]%20C66.jpg HTTP/1.1" 200 246809 "http://www.worldmapfinder.com/Map_Detail.php?MAP=549&FN=G3300 [1780] C66.jpg&FU=http://photolab.elmer.uaf.edu/gallery/maps/G3300/large/G3300 [1780] C66.jpg&MW=1200&MH=896&FS=242&FT=jpg&SU=http://photolab.elmer.uaf.edu/gallery/maps/mapg3300.html&WO=0&CE=4&CO=0&CI=0&IT=0&LC=2&PG=1&CS=&FM=1" "Mozilla/4.0 (compatible; MSIE 6.0; Windows NT 5.1)"
24.9.88.144 - - [16/Sep/2005:03:35:55 -0800] "GET /gallery/maps/G3300/large/G3350%25201798%2520R622%2520no.29.jpg HTTP/1.0" 404 352 "http://photolab.elmer.uaf.edu/gallery/maps/mapg3350.html" "webcollage/1.125"
207.46.98.84 - - [16/Sep/2005:03:39:54 -0800] "GET /gallery/photos/19950244/05/pages/1995-0244-00549.html HTTP/1.0" 200 1889 "-" "msnbot/1.0 (+http://search.msn.com/msnbot.htm)"
68.142.251.156 - - [16/Sep/2005:03:46:01 -0800] "GET /robots.txt HTTP/1.0" 200 96 "-" "Mozilla/5.0 (compatible; Yahoo! Slurp; http://help.yahoo.com/help/us/ysearch/slurp)"
68.142.251.174 - - [16/Sep/2005:03:46:01 -0800] "GET /Public?C=S%3BO=A HTTP/1.0" 301 353 "-" "Mozilla/5.0 (compatible; Yahoo! Slurp; http://help.yahoo.com/help/us/ysearch/slurp)"
68.142.251.174 - - [16/Sep/2005:03:46:15 -0800] "GET /Public/?C=S%3BO=A HTTP/1.0" 200 1727 "-" "Mozilla/5.0 (compatible; Yahoo! Slurp; http://help.yahoo.com/help/us/ysearch/slurp)"
80.171.165.198 - - [16/Sep/2005:03:51:59 -0800] "GET /index_files/store.css HTTP/1.1" 200 2756 "http://photolab.elmer.uaf.edu/store/people.html" "Mozilla/4.0 (compatible; MSIE 6.0; Windows NT 5.1; SV1; Crazy Browser 1.0.5; .NET CLR 1.1.4322; .NET CLR 2.0.40607)"
80.171.165.198 - - [16/Sep/2005:03:51:58 -0800] "GET /store/people.html HTTP/1.1" 200 21075 "http://images.google.de/imgres?imgurl=http://photolab.elmer.uaf.edu/store/photos/largejpegs/(040)1958-1026-01700.jpg&imgrefurl=http://photolab.elmer.uaf.edu/store/people.html&h=1000&w=762&sz=136&tbnid=muofWG5zZScJ:&tbnh=149&tbnw=113&hl=de&start=36&prev=/images%3Fq%3Deskimo%26start%3D20%26svnum%3D10%26hl%3Dde%26lr%3D%26sa%3DN" "Mozilla/4.0 (compatible; MSIE 6.0; Windows NT 5.1; SV1; Crazy Browser 1.0.5; .NET CLR 1.1.4322; .NET CLR 2.0.40607)"
80.171.165.198 - - [16/Sep/2005:03:51:59 -0800] "GET /index_files/titlebrown.jpg HTTP/1.1" 200 5451 "http://photolab.elmer.uaf.edu/store/people.html" "Mozilla/4.0 (compatible; MSIE 6.0; Windows NT 5.1; SV1; Crazy Browser 1.0.5; .NET CLR 1.1.4322; .NET CLR 2.0.40607)"
80.171.165.198 - - [16/Sep/2005:03:52:00 -0800] "GET /index_files/aprbrown.jpg HTTP/1.1" 200 5509 "http://photolab.elmer.uaf.edu/store/people.html" "Mozilla/4.0 (compatible; MSIE 6.0; Windows NT 5.1; SV1; Crazy Browser 1.0.5; .NET CLR 1.1.4322; .NET CLR 2.0.40607)"
80.171.165.198 - - [16/Sep/2005:03:52:00 -0800] "GET /index_files/menubar.gif HTTP/1.1" 200 2913 "http://photolab.elmer.uaf.edu/store/people.html" "Mozilla/4.0 (compatible; MSIE 6.0; Windows NT 5.1; SV1; Crazy Browser 1.0.5; .NET CLR 1.1.4322; .NET CLR 2.0.40607)"
80.171.165.198 - - [16/Sep/2005:03:52:00 -0800] "GET /store/photos/smalljpegs/(007)1972-0071-03234.jpg HTTP/1.1" 200 32052 "http://photolab.elmer.uaf.edu/store/people.html" "Mozilla/4.0 (compatible; MSIE 6.0; Windows NT 5.1; SV1; Crazy Browser 1.0.5; .NET CLR 1.1.4322; .NET CLR 2.0.40607)"
80.171.165.198 - - [16/Sep/2005:03:52:00 -0800] "GET /index_files/storetitle.gif HTTP/1.1" 200 14535 "http://photolab.elmer.uaf.edu/store/people.html" "Mozilla/4.0 (compatible; MSIE 6.0; Windows NT 5.1; SV1; Crazy Browser 1.0.5; .NET CLR 1.1.4322; .NET CLR 2.0.40607)"
80.171.165.198 - - [16/Sep/2005:03:52:01 -0800] "GET /store/photos/smalljpegs/(009)1975-0146-00003.jpg HTTP/1.1" 200 35453 "http://photolab.elmer.uaf.edu/store/people.html" "Mozilla/4.0 (compatible; MSIE 6.0; Windows NT 5.1; SV1; Crazy Browser 1.0.5; .NET CLR 1.1.4322; .NET CLR 2.0.40607)"
68.15.157.197 - - [16/Sep/2005:03:52:54 -0800] "GET /gallery/maps/mapg3200.html HTTP/1.0" 200 17141 "http://images.google.com/imgres?imgurl=http://photolab.elmer.uaf.edu/gallery/maps/G3200/large/G3200%2520%255B1814%255D.jpg&imgrefurl=http://photolab.elmer.uaf.edu/gallery/maps/mapg3200.html&h=966&w=1200&sz=243&tbnid=v1NprGs1RZ4J:&tbnh=120&tbnw=150&hl=en&start=9&prev=/images%3Fq%3Dmercator%2Bmap%2Bprojection%26svnum%3D10%26hl%3Den%26lr%3D" "Mozilla/4.0 (compatible; MSIE 6.0; Windows NT 5.0; PCPS Fresh Install)"
68.15.157.197 - - [16/Sep/2005:03:52:57 -0800] "GET /index_files/lib.css HTTP/1.0" 200 2634 "http://photolab.elmer.uaf.edu/gallery/maps/mapg3200.html" "Mozilla/4.0 (compatible; MSIE 6.0; Windows NT 5.0; PCPS Fresh Install)"
68.15.157.197 - - [16/Sep/2005:03:53:01 -0800] "GET /index_files/empty.gif HTTP/1.0" 200 45 "http://photolab.elmer.uaf.edu/gallery/maps/mapg3200.html" "Mozilla/4.0 (compatible; MSIE 6.0; Windows NT 5.0; PCPS Fresh Install)"
68.15.157.197 - - [16/Sep/2005:03:52:58 -0800] "GET /index_files/title.jpg HTTP/1.0" 200 5438 "http://photolab.elmer.uaf.edu/gallery/maps/mapg3200.html" "Mozilla/4.0 (compatible; MSIE 6.0; Windows NT 5.0; PCPS Fresh Install)"
68.15.157.197 - - [16/Sep/2005:03:53:00 -0800] "GET /index_files/apr.jpg HTTP/1.0" 200 6015 "http://photolab.elmer.uaf.edu/gallery/maps/mapg3200.html" "Mozilla/4.0 (compatible; MSIE 6.0; Windows NT 5.0; PCPS Fresh Install)"
68.15.157.197 - - [16/Sep/2005:03:53:01 -0800] "GET /index_files/small.dps.jpg HTTP/1.0" 200 5830 "http://photolab.elmer.uaf.edu/gallery/maps/mapg3200.html" "Mozilla/4.0 (compatible; MSIE 6.0; Windows NT 5.0; PCPS Fresh Install)"
68.15.157.197 - - [16/Sep/2005:03:53:04 -0800] "GET /index_files/bar.gif HTTP/1.0" 200 342 "http://photolab.elmer.uaf.edu/gallery/maps/mapg3200.html" "Mozilla/4.0 (compatible; MSIE 6.0; Windows NT 5.0; PCPS Fresh Install)"
68.15.157.197 - - [16/Sep/2005:03:53:04 -0800] "GET /gallery/maps/G3200/large/G3200%20%5B1814%5D.jpg HTTP/1.0" 200 248149 "http://images.google.com/imgres?imgurl=http://photolab.elmer.uaf.edu/gallery/maps/G3200/large/G3200%2520%255B1814%255D.jpg&imgrefurl=http://photolab.elmer.uaf.edu/gallery/maps/mapg3200.html&h=966&w=1200&sz=243&tbnid=v1NprGs1RZ4J:&tbnh=120&tbnw=150&hl=en&prev=/images%3Fq%3Dmercator%2Bmap%2Bprojection%26svnum%3D10%26hl%3Den%26lr%3D&frame=small" "Mozilla/4.0 (compatible; MSIE 6.0; Windows NT 5.0; PCPS Fresh Install)"
68.15.157.197 - - [16/Sep/2005:03:53:12 -0800] "GET /gallery/maps/G3200/large/G3200%20%5B1814%5D.jpg HTTP/1.0" 200 248149 "http://images.google.com/imgres?imgurl=http://photolab.elmer.uaf.edu/gallery/maps/G3200/large/G3200%2520%255B1814%255D.jpg&imgrefurl=http://photolab.elmer.uaf.edu/gallery/maps/mapg3200.html&h=966&w=1200&sz=243&tbnid=v1NprGs1RZ4J:&tbnh=120&tbnw=150&hl=en&prev=/images%3Fq%3Dmercator%2Bmap%2Bprojection%26svnum%3D10%26hl%3Den%26lr%3D&frame=small" "Mozilla/4.0 (compatible; MSIE 6.0; Windows NT 5.0; PCPS Fresh Install)"
68.15.157.197 - - [16/Sep/2005:03:53:17 -0800] "GET /gallery/maps/G3200/large/G3200%20%5B1814%5D.jpg HTTP/1.0" 200 248149 "http://images.google.com/imgres?imgurl=http://photolab.elmer.uaf.edu/gallery/maps/G3200/large/G3200%2520%255B1814%255D.jpg&imgrefurl=http://photolab.elmer.uaf.edu/gallery/maps/mapg3200.html&h=966&w=1200&sz=243&tbnid=v1NprGs1RZ4J:&tbnh=120&tbnw=150&hl=en&prev=/images%3Fq%3Dmercator%2Bmap%2Bprojection%26svnum%3D10%26hl%3Den%26lr%3D&frame=small" "Mozilla/4.0 (compatible; MSIE 6.0; Windows NT 5.0; PCPS Fresh Install)"
195.212.29.83 - - [16/Sep/2005:04:05:04 -0800] "GET /store/interior.html HTTP/1.1" 200 9641 "http://images.google.co.uk/imgres?imgurl=http://photolab.elmer.uaf.edu/store/photos/largejpegs/(044)1958-1026-02211.jpg&imgrefurl=http://photolab.elmer.uaf.edu/store/interior.html&h=757&w=1000&sz=205&tbnid=Qi43BaS-VlMJ:&tbnh=112&tbnw=149&hl=en&start=54&prev=/images%3Fq%3Dalaska%2Bwinter%26start%3D40%26svnum%3D10%26hl%3Den%26lr%3D%26client%3Dfirefox-a%26rls%3Dorg.mozilla:en-US:official%26sa%3DN" "Mozilla/5.0 (Windows; U; Windows NT 5.1; en-US; rv:1.7.10) Gecko/20050716 Firefox/1.0.6"
195.212.29.83 - - [16/Sep/2005:04:05:04 -0800] "GET /index_files/store.css HTTP/1.1" 200 2756 "http://photolab.elmer.uaf.edu/store/interior.html" "Mozilla/5.0 (Windows; U; Windows NT 5.1; en-US; rv:1.7.10) Gecko/20050716 Firefox/1.0.6"
195.212.29.83 - - [16/Sep/2005:04:05:05 -0800] "GET /favicon.ico HTTP/1.1" 404 307 "-" "-"
195.212.29.83 - - [16/Sep/2005:04:05:05 -0800] "GET /index_files/titlebrown.jpg HTTP/1.1" 200 5451 "http://photolab.elmer.uaf.edu/store/interior.html" "Mozilla/5.0 (Windows; U; Windows NT 5.1; en-US; rv:1.7.10) Gecko/20050716 Firefox/1.0.6"
195.212.29.83 - - [16/Sep/2005:04:05:05 -0800] "GET /index_files/aprbrown.jpg HTTP/1.1" 200 5509 "http://photolab.elmer.uaf.edu/store/interior.html" "Mozilla/5.0 (Windows; U; Windows NT 5.1; en-US; rv:1.7.10) Gecko/20050716 Firefox/1.0.6"
195.212.29.83 - - [16/Sep/2005:04:05:05 -0800] "GET /index_files/storetitle.gif HTTP/1.1" 200 14535 "http://photolab.elmer.uaf.edu/store/interior.html" "Mozilla/5.0 (Windows; U; Windows NT 5.1; en-US; rv:1.7.10) Gecko/20050716 Firefox/1.0.6"
195.212.29.83 - - [16/Sep/2005:04:05:05 -0800] "GET /index_files/menubar.gif HTTP/1.1" 200 2913 "http://photolab.elmer.uaf.edu/store/interior.html" "Mozilla/5.0 (Windows; U; Windows NT 5.1; en-US; rv:1.7.10) Gecko/20050716 Firefox/1.0.6"
195.212.29.83 - - [16/Sep/2005:04:05:05 -0800] "GET /store/photos/smalljpegs/(008)1973-0079-00046.jpg HTTP/1.1" 200 37907 "http://photolab.elmer.uaf.edu/store/interior.html" "Mozilla/5.0 (Windows; U; Windows NT 5.1; en-US; rv:1.7.10) Gecko/20050716 Firefox/1.0.6"
195.212.29.83 - - [16/Sep/2005:04:05:06 -0800] "GET /store/photos/smalljpegs/(015)2000-0176-00011.jpg HTTP/1.1" 200 31775 "http://photolab.elmer.uaf.edu/store/interior.html" "Mozilla/5.0 (Windows; U; Windows NT 5.1; en-US; rv:1.7.10) Gecko/20050716 Firefox/1.0.6"
195.212.29.83 - - [16/Sep/2005:04:05:07 -0800] "GET /store/photos/smalljpegs/(019)1958-1026-00766.jpg HTTP/1.1" 200 31669 "http://photolab.elmer.uaf.edu/store/interior.html" "Mozilla/5.0 (Windows; U; Windows NT 5.1; en-US; rv:1.7.10) Gecko/20050716 Firefox/1.0.6"
195.212.29.83 - - [16/Sep/2005:04:05:07 -0800] "GET /store/photos/smalljpegs/(035)1976-0092-00023.jpg HTTP/1.1" 200 34285 "http://photolab.elmer.uaf.edu/store/interior.html" "Mozilla/5.0 (Windows; U; Windows NT 5.1; en-US; rv:1.7.10) Gecko/20050716 Firefox/1.0.6"
195.212.29.83 - - [16/Sep/2005:04:05:08 -0800] "GET /store/photos/smalljpegs/(044)1958-1026-02211.jpg HTTP/1.1" 200 35860 "http://photolab.elmer.uaf.edu/store/interior.html" "Mozilla/5.0 (Windows; U; Windows NT 5.1; en-US; rv:1.7.10) Gecko/20050716 Firefox/1.0.6"
195.212.29.83 - - [16/Sep/2005:04:05:08 -0800] "GET /store/photos/smalljpegs/(046)1958-1026-02232.jpg HTTP/1.1" 200 39743 "http://photolab.elmer.uaf.edu/store/interior.html" "Mozilla/5.0 (Windows; U; Windows NT 5.1; en-US; rv:1.7.10) Gecko/20050716 Firefox/1.0.6"
195.212.29.83 - - [16/Sep/2005:04:05:09 -0800] "GET /index_files/bluebear.gif HTTP/1.1" 200 1263 "http://photolab.elmer.uaf.edu/store/interior.html" "Mozilla/5.0 (Windows; U; Windows NT 5.1; en-US; rv:1.7.10) Gecko/20050716 Firefox/1.0.6"
195.212.29.83 - - [16/Sep/2005:04:05:09 -0800] "GET /index_files/sitemap.gif HTTP/1.1" 200 1503 "http://photolab.elmer.uaf.edu/store/interior.html" "Mozilla/5.0 (Windows; U; Windows NT 5.1; en-US; rv:1.7.10) Gecko/20050716 Firefox/1.0.6"
195.212.29.83 - - [16/Sep/2005:04:05:09 -0800] "GET /store/photos/smalljpegs/(177)1966-0064-00093.jpg HTTP/1.1" 200 45411 "http://photolab.elmer.uaf.edu/store/interior.html" "Mozilla/5.0 (Windows; U; Windows NT 5.1; en-US; rv:1.7.10) Gecko/20050716 Firefox/1.0.6"
195.212.29.83 - - [16/Sep/2005:04:06:18 -0800] "GET /store/photos/largejpegs/(044)1958-1026-02211.jpg HTTP/1.1" 200 209156 "http://photolab.elmer.uaf.edu/store/interior.html" "Mozilla/5.0 (Windows; U; Windows NT 5.1; en-US; rv:1.7.10) Gecko/20050716 Firefox/1.0.6"
195.212.29.83 - - [16/Sep/2005:04:06:23 -0800] "GET /favicon.ico HTTP/1.1" 404 307 "-" "Mozilla/5.0 (Windows; U; Windows NT 5.1; en-US; rv:1.7.10) Gecko/20050716 Firefox/1.0.6"
195.212.29.83 - - [16/Sep/2005:04:06:33 -0800] "GET /store/photos/largejpegs/(046)1958-1026-02232.jpg HTTP/1.1" 200 251390 "http://photolab.elmer.uaf.edu/store/interior.html" "Mozilla/5.0 (Windows; U; Windows NT 5.1; en-US; rv:1.7.10) Gecko/20050716 Firefox/1.0.6"
195.212.29.83 - - [16/Sep/2005:04:07:56 -0800] "GET /favicon.ico HTTP/1.1" 404 307 "-" "Mozilla/5.0 (Windows; U; Windows NT 5.1; en-US; rv:1.7.10) Gecko/20050716 Firefox/1.0.6"
62.6.139.11 - - [16/Sep/2005:04:14:08 -0800] "GET /index_files/store.css HTTP/1.1" 200 2756 "http://photolab.elmer.uaf.edu/store/people.html" "Mozilla/4.0 (compatible; MSIE 6.0; Windows NT 5.1; SV1; .NET CLR 1.1.4322)"
62.6.139.11 - - [16/Sep/2005:04:14:08 -0800] "GET /store/people.html HTTP/1.1" 200 21075 "http://images.google.co.uk/imgres?imgurl=http://photolab.elmer.uaf.edu/store/photos/largejpegs/(105)1989-0166-00522a.jpg&imgrefurl=http://photolab.elmer.uaf.edu/store/people.html&h=692&w=1000&sz=100&tbnid=mRifvhDN3-gJ:&tbnh=103&tbnw=149&hl=en&start=4&prev=/images%3Fq%3DOLD%2BWOMAN%26svnum%3D10%26hl%3Den%26lr%3D" "Mozilla/4.0 (compatible; MSIE 6.0; Windows NT 5.1; SV1; .NET CLR 1.1.4322)"
62.6.139.11 - - [16/Sep/2005:04:14:08 -0800] "GET /store/photos/largejpegs/(105)1989-0166-00522a.jpg HTTP/1.1" 200 101451 "http://images.google.co.uk/imgres?imgurl=http://photolab.elmer.uaf.edu/store/photos/largejpegs/(105)1989-0166-00522a.jpg&imgrefurl=http://photolab.elmer.uaf.edu/store/people.html&h=692&w=1000&sz=100&tbnid=mRifvhDN3-gJ:&tbnh=103&tbnw=149&hl=en&prev=/images%3Fq%3DOLD%2BWOMAN%26svnum%3D10%26hl%3Den%26lr%3D&frame=small" "Mozilla/4.0 (compatible; MSIE 6.0; Windows NT 5.1; SV1; .NET CLR 1.1.4322)"
195.212.29.83 - - [16/Sep/2005:04:17:36 -0800] "GET /store/photos/largejpegs/(019)1958-1026-00766.jpg HTTP/1.1" 200 153845 "http://photolab.elmer.uaf.edu/store/interior.html" "Mozilla/5.0 (Windows; U; Windows NT 5.1; en-US; rv:1.7.10) Gecko/20050716 Firefox/1.0.6"
217.212.224.149 - - [16/Sep/2005:04:18:03 -0800] "GET /gallery/photos/19680041/2/images/1968-0041-00209.jpg HTTP/1.0" 200 46720 "-" "psbot/0.1 (+http://www.picsearch.com/bot.html)"
217.212.224.150 - - [16/Sep/2005:04:18:32 -0800] "GET /gallery/photos/19680041/2/images/1968-0041-00210.jpg HTTP/1.0" 200 67871 "-" "psbot/0.1 (+http://www.picsearch.com/bot.html)"
217.212.224.159 - - [16/Sep/2005:04:18:59 -0800] "GET /gallery/photos/19680041/2/images/1968-0041-00211.jpg HTTP/1.0" 200 56002 "-" "psbot/0.1 (+http://www.picsearch.com/bot.html)"
217.212.224.162 - - [16/Sep/2005:04:19:27 -0800] "GET /gallery/photos/19680041/2/images/1968-0041-00212.jpg HTTP/1.0" 200 73994 "-" "psbot/0.1 (+http://www.picsearch.com/bot.html)"
217.212.224.159 - - [16/Sep/2005:04:20:22 -0800] "GET /gallery/photos/19680041/2/images/1968-0041-00213.jpg HTTP/1.0" 200 55430 "-" "psbot/0.1 (+http://www.picsearch.com/bot.html)"
217.212.224.162 - - [16/Sep/2005:04:21:16 -0800] "GET /gallery/photos/19680041/2/images/1968-0041-00214.jpg HTTP/1.0" 200 54442 "-" "psbot/0.1 (+http://www.picsearch.com/bot.html)"
217.212.224.163 - - [16/Sep/2005:04:21:41 -0800] "GET /robots.txt HTTP/1.0" 200 96 "-" "psbot/0.1 (+http://www.picsearch.com/bot.html)"
217.212.224.163 - - [16/Sep/2005:04:21:42 -0800] "GET /gallery/photos/19680041/2/images/1968-0041-00215.jpg HTTP/1.0" 200 62043 "-" "psbot/0.1 (+http://www.picsearch.com/bot.html)"
217.212.224.150 - - [16/Sep/2005:04:22:08 -0800] "GET /gallery/photos/19680041/2/images/1968-0041-00216.jpg HTTP/1.0" 200 98670 "-" "psbot/0.1 (+http://www.picsearch.com/bot.html)"
