67.68.234.204 - - [16/Sep/2005:07:45:31 -0800] "GET /gallery/maps/G3200/small/G3271%20S12%20%5B1881%5D%20C61.jpg HTTP/1.1" 200 13697 "http://photolab.elmer.uaf.edu/gallery/maps/mapg3270b.html" "Mozilla/5.0 (Macintosh; U; PPC Mac OS X Mach-O; en-US; rv:1.7.10) Gecko/20050716 Firefox/1.0.6"
67.68.234.204 - - [16/Sep/2005:07:45:31 -0800] "GET /gallery/maps/G3200/small/G3270%201882%20P461.jpg HTTP/1.1" 200 17724 "http://photolab.elmer.uaf.edu/gallery/maps/mapg3270b.html" "Mozilla/5.0 (Macintosh; U; PPC Mac OS X Mach-O; en-US; rv:1.7.10) Gecko/20050716 Firefox/1.0.6"
67.68.234.204 - - [16/Sep/2005:07:45:32 -0800] "GET /gallery/maps/G3200/small/G3271%20P5%201882%20U581.jpg HTTP/1.1" 200 15030 "http://photolab.elmer.uaf.edu/gallery/maps/mapg3270b.html" "Mozilla/5.0 (Macintosh; U; PPC Mac OS X Mach-O; en-US; rv:1.7.10) Gecko/20050716 Firefox/1.0.6"
67.68.234.204 - - [16/Sep/2005:07:45:32 -0800] "GET /gallery/maps/G3200/small/G3270%201889%20B71.jpg HTTP/1.1" 200 14345 "http://photolab.elmer.uaf.edu/gallery/maps/mapg3270b.html" "Mozilla/5.0 (Macintosh; U; PPC Mac OS X Mach-O; en-US; rv:1.7.10) Gecko/20050716 Firefox/1.0.6"
67.68.234.204 - - [16/Sep/2005:07:45:32 -0800] "GET /gallery/maps/G3200/small/G3270%20%5B1889%5D%20M371.jpg HTTP/1.1" 200 16507 "http://photolab.elmer.uaf.edu/gallery/maps/mapg3270b.html" "Mozilla/5.0 (Macintosh; U; PPC Mac OS X Mach-O; en-US; rv:1.7.10) Gecko/20050716 Firefox/1.0.6"
67.68.234.204 - - [16/Sep/2005:07:45:33 -0800] "GET /index_files/bar.gif HTTP/1.1" 200 342 "http://photolab.elmer.uaf.edu/gallery/maps/mapg3270b.html" "Mozilla/5.0 (Macintosh; U; PPC Mac OS X Mach-O; en-US; rv:1.7.10) Gecko/20050716 Firefox/1.0.6"
67.68.234.204 - - [16/Sep/2005:07:45:32 -0800] "GET /gallery/maps/G3200/small/G3270%20%5B1930_%5D%20S71.jpg HTTP/1.1" 200 15841 "http://photolab.elmer.uaf.edu/gallery/maps/mapg3270b.html" "Mozilla/5.0 (Macintosh; U; PPC Mac OS X Mach-O; en-US; rv:1.7.10) Gecko/20050716 Firefox/1.0.6"
67.68.234.204 - - [16/Sep/2005:07:45:33 -0800] "GET /index_files/sitemap.gif HTTP/1.1" 200 1503 "http://photolab.elmer.uaf.edu/gallery/maps/mapg3270b.html" "Mozilla/5.0 (Macintosh; U; PPC Mac OS X Mach-O; en-US; rv:1.7.10) Gecko/20050716 Firefox/1.0.6"
67.68.234.204 - - [16/Sep/2005:07:45:33 -0800] "GET /index_files/bluebear.gif HTTP/1.1" 200 1263 "http://photolab.elmer.uaf.edu/gallery/maps/mapg3270b.html" "Mozilla/5.0 (Macintosh; U; PPC Mac OS X Mach-O; en-US; rv:1.7.10) Gecko/20050716 Firefox/1.0.6"
204.116.228.165 - - [16/Sep/2005:07:52:15 -0800] "GET /store/photos/largejpegs/(144)1974-0027-00525.jpg HTTP/1.1" 200 153919 "http://spaces.msn.com/members/rrretired/" "Mozilla/4.0 (compatible; MSIE 6.0; Windows NT 5.1; SV1)"
204.116.228.165 - - [16/Sep/2005:07:53:45 -0800] "GET /store/photos/largejpegs/(144)1974-0027-00525.jpg HTTP/1.1" 200 153919 "http://spaces.msn.com/members/rrretired/" "Mozilla/4.0 (compatible; MSIE 6.0; Windows NT 5.1; SV1)"
152.163.101.8 - - [16/Sep/2005:07:55:36 -0800] "GET /gallery/maps/mapg3205.html HTTP/1.0" 200 16971 "http://aolsearch.aol.com/aol/search?invocationType=bottomsearchbox.search&query=rare+maps+by+r.w.seale+americas" "Mozilla/4.0 (compatible; MSIE 6.0; AOL 9.0; Windows 98; .NET CLR 1.1.4322)"
152.163.100.138 - - [16/Sep/2005:07:55:38 -0800] "GET /index_files/lib.css HTTP/1.0" 200 2634 "http://photolab.elmer.uaf.edu/gallery/maps/mapg3205.html" "Mozilla/4.0 (compatible; MSIE 6.0; AOL 9.0; Windows 98; .NET CLR 1.1.4322)"
152.163.100.138 - - [16/Sep/2005:07:55:39 -0800] "GET /index_files/apr.jpg HTTP/1.1" 200 6015 "http://photolab.elmer.uaf.edu/gallery/maps/mapg3205.html" "Mozilla/4.0 (compatible; MSIE 6.0; AOL 9.0; Windows 98; .NET CLR 1.1.4322)"
152.163.100.200 - - [16/Sep/2005:07:55:39 -0800] "GET /index_files/title.jpg HTTP/1.0" 200 5438 "http://photolab.elmer.uaf.edu/gallery/maps/mapg3205.html" "Mozilla/4.0 (compatible; MSIE 6.0; AOL 9.0; Windows 98; .NET CLR 1.1.4322)"
152.163.100.137 - - [16/Sep/2005:07:55:41 -0800] "GET /index_files/bar.gif HTTP/1.0" 200 342 "http://photolab.elmer.uaf.edu/gallery/maps/mapg3205.html" "Mozilla/4.0 (compatible; MSIE 6.0; AOL 9.0; Windows 98; .NET CLR 1.1.4322)"
152.163.100.200 - - [16/Sep/2005:07:55:41 -0800] "GET /index_files/empty.gif HTTP/1.1" 200 45 "http://photolab.elmer.uaf.edu/gallery/maps/mapg3205.html" "Mozilla/4.0 (compatible; MSIE 6.0; AOL 9.0; Windows 98; .NET CLR 1.1.4322)"
152.163.101.11 - - [16/Sep/2005:07:55:41 -0800] "GET /index_files/small.dps.jpg HTTP/1.0" 200 5830 "http://photolab.elmer.uaf.edu/gallery/maps/mapg3205.html" "Mozilla/4.0 (compatible; MSIE 6.0; AOL 9.0; Windows 98; .NET CLR 1.1.4322)"
152.163.100.199 - - [16/Sep/2005:07:55:42 -0800] "GET /index_files/small.jpg HTTP/1.0" 200 2294 "http://photolab.elmer.uaf.edu/gallery/maps/mapg3205.html" "Mozilla/4.0 (compatible; MSIE 6.0; AOL 9.0; Windows 98; .NET CLR 1.1.4322)"
152.163.101.7 - - [16/Sep/2005:07:55:43 -0800] "GET /index_files/small_002.jpg HTTP/1.0" 200 1351 "http://photolab.elmer.uaf.edu/gallery/maps/mapg3205.html" "Mozilla/4.0 (compatible; MSIE 6.0; AOL 9.0; Windows 98; .NET CLR 1.1.4322)"
152.163.101.7 - - [16/Sep/2005:07:55:43 -0800] "GET /index_files/small_003.jpg HTTP/1.0" 200 1521 "http://photolab.elmer.uaf.edu/gallery/maps/mapg3205.html" "Mozilla/4.0 (compatible; MSIE 6.0; AOL 9.0; Windows 98; .NET CLR 1.1.4322)"
152.163.100.137 - - [16/Sep/2005:07:55:44 -0800] "GET /gallery/maps/G3200/small/G3205%201692%20S42.jpg HTTP/1.1" 200 16062 "http://photolab.elmer.uaf.edu/gallery/maps/mapg3205.html" "Mozilla/4.0 (compatible; MSIE 6.0; AOL 9.0; Windows 98; .NET CLR 1.1.4322)"
152.163.100.203 - - [16/Sep/2005:07:55:44 -0800] "GET /gallery/maps/G3200/small/G3205%20%5B1750%5D%20B692.jpg HTTP/1.0" 200 14647 "http://photolab.elmer.uaf.edu/gallery/maps/mapg3205.html" "Mozilla/4.0 (compatible; MSIE 6.0; AOL 9.0; Windows 98; .NET CLR 1.1.4322)"
152.163.100.137 - - [16/Sep/2005:07:55:45 -0800] "GET /gallery/maps/G3200/small/G3205%201750%20B92.jpg HTTP/1.1" 200 16206 "http://photolab.elmer.uaf.edu/gallery/maps/mapg3205.html" "Mozilla/4.0 (compatible; MSIE 6.0; AOL 9.0; Windows 98; .NET CLR 1.1.4322)"
152.163.100.132 - - [16/Sep/2005:07:55:46 -0800] "GET /gallery/maps/G3200/small/G3205%201752%20B92.jpg HTTP/1.0" 200 16394 "http://photolab.elmer.uaf.edu/gallery/maps/mapg3205.html" "Mozilla/4.0 (compatible; MSIE 6.0; AOL 9.0; Windows 98; .NET CLR 1.1.4322)"
152.163.100.137 - - [16/Sep/2005:07:55:46 -0800] "GET /gallery/maps/G3200/small/G3205%201752%20D44.jpg HTTP/1.1" 200 16347 "http://photolab.elmer.uaf.edu/gallery/maps/mapg3205.html" "Mozilla/4.0 (compatible; MSIE 6.0; AOL 9.0; Windows 98; .NET CLR 1.1.4322)"
152.163.100.137 - - [16/Sep/2005:07:55:47 -0800] "GET /gallery/maps/G3200/small/G3205%20%5B1757%5D.jpg HTTP/1.1" 200 16017 "http://photolab.elmer.uaf.edu/gallery/maps/mapg3205.html" "Mozilla/4.0 (compatible; MSIE 6.0; AOL 9.0; Windows 98; .NET CLR 1.1.4322)"
152.163.100.195 - - [16/Sep/2005:07:55:48 -0800] "GET /gallery/maps/G3200/small/G3205%20%5B1757%5Da.jpg HTTP/1.0" 200 19431 "http://photolab.elmer.uaf.edu/gallery/maps/mapg3205.html" "Mozilla/4.0 (compatible; MSIE 6.0; AOL 9.0; Windows 98; .NET CLR 1.1.4322)"
152.163.100.137 - - [16/Sep/2005:07:55:48 -0800] "GET /gallery/maps/G3200/small/G3205%201768%20J43.jpg HTTP/1.1" 200 15668 "http://photolab.elmer.uaf.edu/gallery/maps/mapg3205.html" "Mozilla/4.0 (compatible; MSIE 6.0; AOL 9.0; Windows 98; .NET CLR 1.1.4322)"
152.163.100.137 - - [16/Sep/2005:07:55:49 -0800] "GET /gallery/maps/G3200/small/G3205%201772%20R62.jpg HTTP/1.1" 200 15147 "http://photolab.elmer.uaf.edu/gallery/maps/mapg3205.html" "Mozilla/4.0 (compatible; MSIE 6.0; AOL 9.0; Windows 98; .NET CLR 1.1.4322)"
152.163.100.195 - - [16/Sep/2005:07:55:50 -0800] "GET /gallery/maps/G3200/small/G3205%201772%20R62a.jpg HTTP/1.1" 200 16061 "http://photolab.elmer.uaf.edu/gallery/maps/mapg3205.html" "Mozilla/4.0 (compatible; MSIE 6.0; AOL 9.0; Windows 98; .NET CLR 1.1.4322)"
152.163.100.202 - - [16/Sep/2005:07:55:51 -0800] "GET /gallery/maps/G3200/small/G3205%20%5B1779%5D%20H63.jpg HTTP/1.0" 200 13175 "http://photolab.elmer.uaf.edu/gallery/maps/mapg3205.html" "Mozilla/4.0 (compatible; MSIE 6.0; AOL 9.0; Windows 98; .NET CLR 1.1.4322)"
152.163.101.5 - - [16/Sep/2005:07:55:51 -0800] "GET /gallery/maps/G3200/small/G3205%20%5B1779%5D%20H63a.jpg HTTP/1.0" 200 15965 "http://photolab.elmer.uaf.edu/gallery/maps/mapg3205.html" "Mozilla/4.0 (compatible; MSIE 6.0; AOL 9.0; Windows 98; .NET CLR 1.1.4322)"
152.163.100.137 - - [16/Sep/2005:07:55:52 -0800] "GET /gallery/maps/G3200/small/G3205%20%5B1780%5D.jpg HTTP/1.1" 200 15225 "http://photolab.elmer.uaf.edu/gallery/maps/mapg3205.html" "Mozilla/4.0 (compatible; MSIE 6.0; AOL 9.0; Windows 98; .NET CLR 1.1.4322)"
152.163.100.137 - - [16/Sep/2005:07:55:53 -0800] "GET /gallery/maps/G3200/small/G3205%201781%20L68.jpg HTTP/1.1" 200 15027 "http://photolab.elmer.uaf.edu/gallery/maps/mapg3205.html" "Mozilla/4.0 (compatible; MSIE 6.0; AOL 9.0; Windows 98; .NET CLR 1.1.4322)"
152.163.100.202 - - [16/Sep/2005:07:55:54 -0800] "GET /gallery/maps/G3200/small/G3205%20%5B1794%5D%20S36.jpg HTTP/1.1" 200 14613 "http://photolab.elmer.uaf.edu/gallery/maps/mapg3205.html" "Mozilla/4.0 (compatible; MSIE 6.0; AOL 9.0; Windows 98; .NET CLR 1.1.4322)"
152.163.100.201 - - [16/Sep/2005:07:55:54 -0800] "GET /gallery/maps/G3200/small/G3205%201781%20L68%20c2.jpg HTTP/1.0" 200 15359 "http://photolab.elmer.uaf.edu/gallery/maps/mapg3205.html" "Mozilla/4.0 (compatible; MSIE 6.0; AOL 9.0; Windows 98; .NET CLR 1.1.4322)"
152.163.100.202 - - [16/Sep/2005:07:55:55 -0800] "GET /gallery/maps/G3200/small/G3205%20%5B1796%5D%20S36.jpg HTTP/1.1" 200 14081 "http://photolab.elmer.uaf.edu/gallery/maps/mapg3205.html" "Mozilla/4.0 (compatible; MSIE 6.0; AOL 9.0; Windows 98; .NET CLR 1.1.4322)"
152.163.100.137 - - [16/Sep/2005:07:55:56 -0800] "GET /gallery/maps/G3200/small/G3205%20%5B1797%5D.jpg HTTP/1.1" 200 13431 "http://photolab.elmer.uaf.edu/gallery/maps/mapg3205.html" "Mozilla/4.0 (compatible; MSIE 6.0; AOL 9.0; Windows 98; .NET CLR 1.1.4322)"
152.163.100.204 - - [16/Sep/2005:07:55:57 -0800] "GET /gallery/maps/G3200/small/G3205%20%5B1799%5D%20R622.jpg HTTP/1.0" 200 14324 "http://photolab.elmer.uaf.edu/gallery/maps/mapg3205.html" "Mozilla/4.0 (compatible; MSIE 6.0; AOL 9.0; Windows 98; .NET CLR 1.1.4322)"
152.163.100.139 - - [16/Sep/2005:07:55:57 -0800] "GET /gallery/maps/G3200/small/G3205%201808%20R621.jpg HTTP/1.0" 200 14012 "http://photolab.elmer.uaf.edu/gallery/maps/mapg3205.html" "Mozilla/4.0 (compatible; MSIE 6.0; AOL 9.0; Windows 98; .NET CLR 1.1.4322)"
152.163.100.202 - - [16/Sep/2005:07:55:58 -0800] "GET /gallery/maps/G3200/small/G3205%20%5B1814%5D%20S36.jpg HTTP/1.1" 200 15239 "http://photolab.elmer.uaf.edu/gallery/maps/mapg3205.html" "Mozilla/4.0 (compatible; MSIE 6.0; AOL 9.0; Windows 98; .NET CLR 1.1.4322)"
152.163.100.137 - - [16/Sep/2005:07:55:59 -0800] "GET /gallery/maps/G3200/small/G3205%201816%20N44.jpg HTTP/1.1" 200 14907 "http://photolab.elmer.uaf.edu/gallery/maps/mapg3205.html" "Mozilla/4.0 (compatible; MSIE 6.0; AOL 9.0; Windows 98; .NET CLR 1.1.4322)"
152.163.100.138 - - [16/Sep/2005:07:55:59 -0800] "GET /gallery/maps/G3200/small/G3205%201868%20U58.jpg HTTP/1.1" 200 13933 "http://photolab.elmer.uaf.edu/gallery/maps/mapg3205.html" "Mozilla/4.0 (compatible; MSIE 6.0; AOL 9.0; Windows 98; .NET CLR 1.1.4322)"
152.163.101.8 - - [16/Sep/2005:07:56:00 -0800] "GET /index_files/bluebear.gif HTTP/1.1" 200 1263 "http://photolab.elmer.uaf.edu/gallery/maps/mapg3205.html" "Mozilla/4.0 (compatible; MSIE 6.0; AOL 9.0; Windows 98; .NET CLR 1.1.4322)"
152.163.101.6 - - [16/Sep/2005:07:56:01 -0800] "GET /index_files/sitemap.gif HTTP/1.0" 200 1503 "http://photolab.elmer.uaf.edu/gallery/maps/mapg3205.html" "Mozilla/4.0 (compatible; MSIE 6.0; AOL 9.0; Windows 98; .NET CLR 1.1.4322)"
152.163.100.202 - - [16/Sep/2005:07:57:15 -0800] "GET /gallery/maps/G3200/large/G3205%20%5B1794%5D%20S36.jpg HTTP/1.1" 200 181053 "http://photolab.elmer.uaf.edu/gallery/maps/mapg3205.html" "Mozilla/4.0 (compatible; MSIE 6.0; AOL 9.0; Windows 98; .NET CLR 1.1.4322)"
152.163.100.137 - - [16/Sep/2005:07:58:06 -0800] "GET /gallery/maps/G3200/large/G3205%20%5B1797%5D.jpg HTTP/1.1" 200 133708 "http://photolab.elmer.uaf.edu/gallery/maps/mapg3205.html" "Mozilla/4.0 (compatible; MSIE 6.0; AOL 9.0; Windows 98; .NET CLR 1.1.4322)"
82.159.81.120 - - [16/Sep/2005:08:00:42 -0800] "GET /store/allphotos2.html HTTP/1.1" 200 28769 "-" "Mozilla/4.0 (compatible; MSIE 6.0; Windows NT 5.0)"
152.163.100.202 - - [16/Sep/2005:08:01:22 -0800] "GET /gallery/maps/G3200/large/G3205%20%5B1796%5D%20S36.jpg HTTP/1.1" 200 158940 "http://photolab.elmer.uaf.edu/gallery/maps/mapg3205.html" "Mozilla/4.0 (compatible; MSIE 6.0; AOL 9.0; Windows 98; .NET CLR 1.1.4322)"
152.163.100.138 - - [16/Sep/2005:08:02:58 -0800] "GET /gallery/maps/G3200/large/G3205%201808%20R621.jpg HTTP/1.1" 200 156054 "http://photolab.elmer.uaf.edu/gallery/maps/mapg3205.html" "Mozilla/4.0 (compatible; MSIE 6.0; AOL 9.0; Windows 98; .NET CLR 1.1.4322)"
217.212.224.163 - - [16/Sep/2005:08:03:01 -0800] "GET /gallery/photos/19640042/4/images/1964-0042-00400.jpg HTTP/1.0" 200 31920 "-" "psbot/0.1 (+http://www.picsearch.com/bot.html)"
68.142.251.156 - - [16/Sep/2005:08:03:37 -0800] "GET /robots.txt HTTP/1.0" 200 96 "-" "Mozilla/5.0 (compatible; Yahoo! Slurp; http://help.yahoo.com/help/us/ysearch/slurp)"
68.142.249.168 - - [16/Sep/2005:08:03:38 -0800] "GET /gallery/photos/20010129/2/pages/2001-0129-00217.html HTTP/1.0" 304 - "-" "Mozilla/5.0 (compatible; Yahoo! Slurp; http://help.yahoo.com/help/us/ysearch/slurp)"
217.212.224.163 - - [16/Sep/2005:08:03:45 -0800] "GET /gallery/photos/19640042/4/images/1964-0042-00401.jpg HTTP/1.0" 200 27208 "-" "psbot/0.1 (+http://www.picsearch.com/bot.html)"
152.163.100.202 - - [16/Sep/2005:08:04:01 -0800] "GET /gallery/maps/G3200/large/G3205%20%5B1814%5D%20S36.jpg HTTP/1.1" 200 195557 "http://photolab.elmer.uaf.edu/gallery/maps/mapg3205.html" "Mozilla/4.0 (compatible; MSIE 6.0; AOL 9.0; Windows 98; .NET CLR 1.1.4322)"
208.42.196.99 - - [16/Sep/2005:08:04:28 -0800] "GET /digprint.html HTTP/1.1" 200 8867 "-" "Mozilla/4.0 (compatible; MSIE 6.0; Windows NT 5.1)"
217.212.224.163 - - [16/Sep/2005:08:04:30 -0800] "GET /gallery/photos/19640042/4/images/1964-0042-00402.jpg HTTP/1.0" 200 22591 "-" "psbot/0.1 (+http://www.picsearch.com/bot.html)"
217.212.224.149 - - [16/Sep/2005:08:04:54 -0800] "GET /gallery/photos/19640042/4/images/1964-0042-00403.jpg HTTP/1.0" 200 25723 "-" "psbot/0.1 (+http://www.picsearch.com/bot.html)"
217.212.224.163 - - [16/Sep/2005:08:05:16 -0800] "GET /gallery/photos/19640042/4/images/1964-0042-00404.jpg HTTP/1.0" 200 50344 "-" "psbot/0.1 (+http://www.picsearch.com/bot.html)"
65.50.164.131 - - [16/Sep/2005:08:05:40 -0800] "GET /store/people.html HTTP/1.1" 200 21075 "http://images.google.ca/imgres?imgurl=http://photolab.elmer.uaf.edu/store/photos/largejpegs/(105)1989-0166-00522a.jpg&imgrefurl=http://photolab.elmer.uaf.edu/store/people.html&h=692&w=1000&sz=100&tbnid=mRifvhDN3-gJ:&tbnh=103&tbnw=149&hl=en&start=5&prev=/images%3Fq%3Dold%2Bportraits%26imgsz%3Dxxlarge%26svnum%3D10%26hl%3Den%26lr%3D%26sa%3DG" "Mozilla/5.0 (Macintosh; U; PPC Mac OS X; en) AppleWebKit/125.5.5 (KHTML, like Gecko) Safari/125.12"
65.50.164.131 - - [16/Sep/2005:08:05:41 -0800] "GET /index_files/store.css HTTP/1.1" 200 2756 "http://photolab.elmer.uaf.edu/store/people.html" "Mozilla/5.0 (Macintosh; U; PPC Mac OS X; en) AppleWebKit/125.5.5 (KHTML, like Gecko) Safari/125.12"
65.50.164.131 - - [16/Sep/2005:08:05:41 -0800] "GET /index_files/titlebrown.jpg HTTP/1.1" 200 5451 "http://photolab.elmer.uaf.edu/store/people.html" "Mozilla/5.0 (Macintosh; U; PPC Mac OS X; en) AppleWebKit/125.5.5 (KHTML, like Gecko) Safari/125.12"
65.50.164.131 - - [16/Sep/2005:08:05:41 -0800] "GET /index_files/aprbrown.jpg HTTP/1.1" 200 5509 "http://photolab.elmer.uaf.edu/store/people.html" "Mozilla/5.0 (Macintosh; U; PPC Mac OS X; en) AppleWebKit/125.5.5 (KHTML, like Gecko) Safari/125.12"
65.50.164.131 - - [16/Sep/2005:08:05:42 -0800] "GET /index_files/menubar.gif HTTP/1.1" 200 2913 "http://photolab.elmer.uaf.edu/store/people.html" "Mozilla/5.0 (Macintosh; U; PPC Mac OS X; en) AppleWebKit/125.5.5 (KHTML, like Gecko) Safari/125.12"
65.50.164.131 - - [16/Sep/2005:08:05:42 -0800] "GET /store/photos/smalljpegs/(007)1972-0071-03234.jpg HTTP/1.1" 200 32052 "http://photolab.elmer.uaf.edu/store/people.html" "Mozilla/5.0 (Macintosh; U; PPC Mac OS X; en) AppleWebKit/125.5.5 (KHTML, like Gecko) Safari/125.12"
65.50.164.131 - - [16/Sep/2005:08:05:42 -0800] "GET /store/photos/smalljpegs/(009)1975-0146-00003.jpg HTTP/1.1" 200 35453 "http://photolab.elmer.uaf.edu/store/people.html" "Mozilla/5.0 (Macintosh; U; PPC Mac OS X; en) AppleWebKit/125.5.5 (KHTML, like Gecko) Safari/125.12"
65.50.164.131 - - [16/Sep/2005:08:05:42 -0800] "GET /store/photos/smalljpegs/(012)1989-0166-00375.jpg HTTP/1.1" 200 41883 "http://photolab.elmer.uaf.edu/store/people.html" "Mozilla/5.0 (Macintosh; U; PPC Mac OS X; en) AppleWebKit/125.5.5 (KHTML, like Gecko) Safari/125.12"
65.50.164.131 - - [16/Sep/2005:08:05:42 -0800] "GET /store/photos/smalljpegs/(024)1972-0116-00334.jpg HTTP/1.1" 200 29908 "http://photolab.elmer.uaf.edu/store/people.html" "Mozilla/5.0 (Macintosh; U; PPC Mac OS X; en) AppleWebKit/125.5.5 (KHTML, like Gecko) Safari/125.12"
65.50.164.131 - - [16/Sep/2005:08:05:43 -0800] "GET /store/photos/smalljpegs/(040)1958-1026-01700.jpg HTTP/1.1" 200 30523 "http://photolab.elmer.uaf.edu/store/people.html" "Mozilla/5.0 (Macintosh; U; PPC Mac OS X; en) AppleWebKit/125.5.5 (KHTML, like Gecko) Safari/125.12"
65.50.164.131 - - [16/Sep/2005:08:05:43 -0800] "GET /store/photos/smalljpegs/(026)1997-0165-00010.jpg HTTP/1.1" 200 26695 "http://photolab.elmer.uaf.edu/store/people.html" "Mozilla/5.0 (Macintosh; U; PPC Mac OS X; en) AppleWebKit/125.5.5 (KHTML, like Gecko) Safari/125.12"
65.50.164.131 - - [16/Sep/2005:08:05:43 -0800] "GET /store/photos/smalljpegs/(055)1966-0054-00104.jpg HTTP/1.1" 200 35929 "http://photolab.elmer.uaf.edu/store/people.html" "Mozilla/5.0 (Macintosh; U; PPC Mac OS X; en) AppleWebKit/125.5.5 (KHTML, like Gecko) Safari/125.12"
65.50.164.131 - - [16/Sep/2005:08:05:44 -0800] "GET /store/photos/largejpegs/(105)1989-0166-00522a.jpg HTTP/1.1" 200 101451 "http://images.google.ca/imgres?imgurl=http://photolab.elmer.uaf.edu/store/photos/largejpegs/(105)1989-0166-00522a.jpg&imgrefurl=http://photolab.elmer.uaf.edu/store/people.html&h=692&w=1000&sz=100&tbnid=mRifvhDN3-gJ:&tbnh=103&tbnw=149&hl=en&prev=/images%3Fq%3Dold%2Bportraits%26imgsz%3Dxxlarge%26svnum%3D10%26hl%3Den%26lr%3D%26sa%3DG&frame=small" "Mozilla/5.0 (Macintosh; U; PPC Mac OS X; en) AppleWebKit/125.5.5 (KHTML, like Gecko) Safari/125.12"
65.50.164.131 - - [16/Sep/2005:08:05:46 -0800] "GET /favicon.ico HTTP/1.1" 404 307 "-" "Mozilla/5.0 (Macintosh; U; PPC Mac OS X; en) AppleWebKit/125.5.5 (KHTML, like Gecko) Safari/125.12"
65.50.164.131 - - [16/Sep/2005:08:05:52 -0800] "GET /index_files/storetitle.gif HTTP/1.1" 200 14535 "http://photolab.elmer.uaf.edu/store/people.html" "Mozilla/5.0 (Macintosh; U; PPC Mac OS X; en) AppleWebKit/125.5.5 (KHTML, like Gecko) Safari/125.12"
65.50.164.131 - - [16/Sep/2005:08:05:52 -0800] "GET /store/photos/smalljpegs/(026)1997-0165-00010.jpg HTTP/1.1" 200 26695 "http://photolab.elmer.uaf.edu/store/people.html" "Mozilla/5.0 (Macintosh; U; PPC Mac OS X; en) AppleWebKit/125.5.5 (KHTML, like Gecko) Safari/125.12"
65.50.164.131 - - [16/Sep/2005:08:05:52 -0800] "GET /store/photos/smalljpegs/(040)1958-1026-01700.jpg HTTP/1.1" 200 30523 "http://photolab.elmer.uaf.edu/store/people.html" "Mozilla/5.0 (Macintosh; U; PPC Mac OS X; en) AppleWebKit/125.5.5 (KHTML, like Gecko) Safari/125.12"
65.50.164.131 - - [16/Sep/2005:08:05:52 -0800] "GET /store/photos/smalljpegs/(055)1966-0054-00104.jpg HTTP/1.1" 200 35929 "http://photolab.elmer.uaf.edu/store/people.html" "Mozilla/5.0 (Macintosh; U; PPC Mac OS X; en) AppleWebKit/125.5.5 (KHTML, like Gecko) Safari/125.12"
65.50.164.131 - - [16/Sep/2005:08:05:52 -0800] "GET /store/photos/smalljpegs/(069)1976-0092-00075.jpg HTTP/1.1" 200 25519 "http://photolab.elmer.uaf.edu/store/people.html" "Mozilla/5.0 (Macintosh; U; PPC Mac OS X; en) AppleWebKit/125.5.5 (KHTML, like Gecko) Safari/125.12"
65.50.164.131 - - [16/Sep/2005:08:05:52 -0800] "GET /store/photos/smalljpegs/(073)2000-0176-00106a.jpg HTTP/1.1" 200 39020 "http://photolab.elmer.uaf.edu/store/people.html" "Mozilla/5.0 (Macintosh; U; PPC Mac OS X; en) AppleWebKit/125.5.5 (KHTML, like Gecko) Safari/125.12"
65.50.164.131 - - [16/Sep/2005:08:05:53 -0800] "GET /store/photos/smalljpegs/(074)1968-0012-00009.jpg HTTP/1.1" 200 36819 "http://photolab.elmer.uaf.edu/store/people.html" "Mozilla/5.0 (Macintosh; U; PPC Mac OS X; en) AppleWebKit/125.5.5 (KHTML, like Gecko) Safari/125.12"
65.50.164.131 - - [16/Sep/2005:08:05:53 -0800] "GET /store/photos/smalljpegs/(083)1989-0166-00380.jpg HTTP/1.1" 200 32119 "http://photolab.elmer.uaf.edu/store/people.html" "Mozilla/5.0 (Macintosh; U; PPC Mac OS X; en) AppleWebKit/125.5.5 (KHTML, like Gecko) Safari/125.12"
65.50.164.131 - - [16/Sep/2005:08:05:53 -0800] "GET /store/photos/smalljpegs/(090)1972-0071-02759.jpg HTTP/1.1" 200 35919 "http://photolab.elmer.uaf.edu/store/people.html" "Mozilla/5.0 (Macintosh; U; PPC Mac OS X; en) AppleWebKit/125.5.5 (KHTML, like Gecko) Safari/125.12"
65.50.164.131 - - [16/Sep/2005:08:05:54 -0800] "GET /store/photos/smalljpegs/(101)1995-0244-01044.jpg HTTP/1.1" 200 33660 "http://photolab.elmer.uaf.edu/store/people.html" "Mozilla/5.0 (Macintosh; U; PPC Mac OS X; en) AppleWebKit/125.5.5 (KHTML, like Gecko) Safari/125.12"
65.50.164.131 - - [16/Sep/2005:08:05:54 -0800] "GET /store/photos/smalljpegs/(102)1972-0071-00804.jpg HTTP/1.1" 200 33600 "http://photolab.elmer.uaf.edu/store/people.html" "Mozilla/5.0 (Macintosh; U; PPC Mac OS X; en) AppleWebKit/125.5.5 (KHTML, like Gecko) Safari/125.12"
65.50.164.131 - - [16/Sep/2005:08:05:54 -0800] "GET /store/photos/smalljpegs/(103)1972-0071-02925.jpg HTTP/1.1" 200 30024 "http://photolab.elmer.uaf.edu/store/people.html" "Mozilla/5.0 (Macintosh; U; PPC Mac OS X; en) AppleWebKit/125.5.5 (KHTML, like Gecko) Safari/125.12"
65.50.164.131 - - [16/Sep/2005:08:05:54 -0800] "GET /store/photos/smalljpegs/(104)1958-1026-02106.jpg HTTP/1.1" 200 34617 "http://photolab.elmer.uaf.edu/store/people.html" "Mozilla/5.0 (Macintosh; U; PPC Mac OS X; en) AppleWebKit/125.5.5 (KHTML, like Gecko) Safari/125.12"
65.50.164.131 - - [16/Sep/2005:08:05:55 -0800] "GET /store/photos/smalljpegs/(105)1989-0166-00522a.jpg HTTP/1.1" 200 25417 "http://photolab.elmer.uaf.edu/store/people.html" "Mozilla/5.0 (Macintosh; U; PPC Mac OS X; en) AppleWebKit/125.5.5 (KHTML, like Gecko) Safari/125.12"
65.50.164.131 - - [16/Sep/2005:08:05:55 -0800] "GET /store/photos/smalljpegs/(106)1972-0071-03229.jpg HTTP/1.1" 200 38182 "http://photolab.elmer.uaf.edu/store/people.html" "Mozilla/5.0 (Macintosh; U; PPC Mac OS X; en) AppleWebKit/125.5.5 (KHTML, like Gecko) Safari/125.12"
65.50.164.131 - - [16/Sep/2005:08:05:55 -0800] "GET /store/photos/smalljpegs/(107)1958-1026-02271.jpg HTTP/1.1" 200 34747 "http://photolab.elmer.uaf.edu/store/people.html" "Mozilla/5.0 (Macintosh; U; PPC Mac OS X; en) AppleWebKit/125.5.5 (KHTML, like Gecko) Safari/125.12"
65.50.164.131 - - [16/Sep/2005:08:05:56 -0800] "GET /store/photos/smalljpegs/(110)1958-1026-01591.jpg HTTP/1.1" 200 38244 "http://photolab.elmer.uaf.edu/store/people.html" "Mozilla/5.0 (Macintosh; U; PPC Mac OS X; en) AppleWebKit/125.5.5 (KHTML, like Gecko) Safari/125.12"
65.50.164.131 - - [16/Sep/2005:08:05:56 -0800] "GET /store/photos/smalljpegs/(112)1958-1026-01589.jpg HTTP/1.1" 200 31936 "http://photolab.elmer.uaf.edu/store/people.html" "Mozilla/5.0 (Macintosh; U; PPC Mac OS X; en) AppleWebKit/125.5.5 (KHTML, like Gecko) Safari/125.12"
65.50.164.131 - - [16/Sep/2005:08:05:56 -0800] "GET /store/photos/smalljpegs/(119)1968-0069-02524.jpg HTTP/1.1" 200 31385 "http://photolab.elmer.uaf.edu/store/people.html" "Mozilla/5.0 (Macintosh; U; PPC Mac OS X; en) AppleWebKit/125.5.5 (KHTML, like Gecko) Safari/125.12"
65.50.164.131 - - [16/Sep/2005:08:05:56 -0800] "GET /store/photos/smalljpegs/(139)1958-1026-02130.jpg HTTP/1.1" 200 37323 "http://photolab.elmer.uaf.edu/store/people.html" "Mozilla/5.0 (Macintosh; U; PPC Mac OS X; en) AppleWebKit/125.5.5 (KHTML, like Gecko) Safari/125.12"
65.50.164.131 - - [16/Sep/2005:08:05:57 -0800] "GET /store/photos/smalljpegs/(141)1972-0071-00099.jpg HTTP/1.1" 200 38687 "http://photolab.elmer.uaf.edu/store/people.html" "Mozilla/5.0 (Macintosh; U; PPC Mac OS X; en) AppleWebKit/125.5.5 (KHTML, like Gecko) Safari/125.12"
65.50.164.131 - - [16/Sep/2005:08:05:57 -0800] "GET /store/photos/smalljpegs/(145)1972-0071-02415.jpg HTTP/1.1" 200 25683 "http://photolab.elmer.uaf.edu/store/people.html" "Mozilla/5.0 (Macintosh; U; PPC Mac OS X; en) AppleWebKit/125.5.5 (KHTML, like Gecko) Safari/125.12"
65.50.164.131 - - [16/Sep/2005:08:05:57 -0800] "GET /store/photos/smalljpegs/(150)1972-0071-00102.jpg HTTP/1.1" 200 31506 "http://photolab.elmer.uaf.edu/store/people.html" "Mozilla/5.0 (Macintosh; U; PPC Mac OS X; en) AppleWebKit/125.5.5 (KHTML, like Gecko) Safari/125.12"
65.50.164.131 - - [16/Sep/2005:08:05:58 -0800] "GET /store/photos/smalljpegs/(151)1989-0166-00382.jpg HTTP/1.1" 200 30137 "http://photolab.elmer.uaf.edu/store/people.html" "Mozilla/5.0 (Macintosh; U; PPC Mac OS X; en) AppleWebKit/125.5.5 (KHTML, like Gecko) Safari/125.12"
65.50.164.131 - - [16/Sep/2005:08:05:58 -0800] "GET /index_files/bluebear.gif HTTP/1.1" 200 1263 "http://photolab.elmer.uaf.edu/store/people.html" "Mozilla/5.0 (Macintosh; U; PPC Mac OS X; en) AppleWebKit/125.5.5 (KHTML, like Gecko) Safari/125.12"
65.50.164.131 - - [16/Sep/2005:08:05:59 -0800] "GET /index_files/sitemap.gif HTTP/1.1" 200 1503 "http://photolab.elmer.uaf.edu/store/people.html" "Mozilla/5.0 (Macintosh; U; PPC Mac OS X; en) AppleWebKit/125.5.5 (KHTML, like Gecko) Safari/125.12"
65.50.164.131 - - [16/Sep/2005:08:05:58 -0800] "GET /store/photos/smalljpegs/(172)1989-0166-01182.jpg HTTP/1.1" 200 30897 "http://photolab.elmer.uaf.edu/store/people.html" "Mozilla/5.0 (Macintosh; U; PPC Mac OS X; en) AppleWebKit/125.5.5 (KHTML, like Gecko) Safari/125.12"
217.212.224.146 - - [16/Sep/2005:08:06:00 -0800] "GET /gallery/photos/19640042/4/images/1964-0042-00405.jpg HTTP/1.0" 200 29914 "-" "psbot/0.1 (+http://www.picsearch.com/bot.html)"
198.178.190.1 - - [16/Sep/2005:08:06:06 -0800] "GET /store/photos/smalljpegs/(105)1989-0166-00522a.jpg HTTP/1.1" 200 25417 "http://meadhrach.homeip.net/dnd/viewtopic.php?t=22" "Mozilla/4.0 (compatible; MSIE 6.0; Windows NT 5.0)"
65.50.164.131 - - [16/Sep/2005:08:06:15 -0800] "GET /store/photos/largejpegs/(024)1972-0116-00334.jpg HTTP/1.1" 200 131230 "http://photolab.elmer.uaf.edu/store/people.html" "Mozilla/5.0 (Macintosh; U; PPC Mac OS X; en) AppleWebKit/125.5.5 (KHTML, like Gecko) Safari/125.12"
65.50.164.131 - - [16/Sep/2005:08:06:32 -0800] "GET /store/photos/largejpegs/(026)1997-0165-00010.jpg HTTP/1.1" 200 119080 "http://photolab.elmer.uaf.edu/store/people.html" "Mozilla/5.0 (Macintosh; U; PPC Mac OS X; en) AppleWebKit/125.5.5 (KHTML, like Gecko) Safari/125.12"
217.212.224.150 - - [16/Sep/2005:08:06:46 -0800] "GET /gallery/photos/19640042/4/images/1964-0042-00406.jpg HTTP/1.0" 200 37803 "-" "psbot/0.1 (+http://www.picsearch.com/bot.html)"
65.50.164.131 - - [16/Sep/2005:08:07:02 -0800] "GET /store/photos/largejpegs/(110)1958-1026-01591.jpg HTTP/1.1" 200 184507 "http://photolab.elmer.uaf.edu/store/people.html" "Mozilla/5.0 (Macintosh; U; PPC Mac OS X; en) AppleWebKit/125.5.5 (KHTML, like Gecko) Safari/125.12"
217.212.224.161 - - [16/Sep/2005:08:07:07 -0800] "GET /gallery/photos/19640042/4/images/1964-0042-00407.jpg HTTP/1.0" 200 30651 "-" "psbot/0.1 (+http://www.picsearch.com/bot.html)"
217.212.224.161 - - [16/Sep/2005:08:07:29 -0800] "GET /gallery/photos/19640042/4/images/1964-0042-00408.jpg HTTP/1.0" 200 58909 "-" "psbot/0.1 (+http://www.picsearch.com/bot.html)"
217.212.224.163 - - [16/Sep/2005:08:08:14 -0800] "GET /gallery/photos/19640042/4/images/1964-0042-00409.jpg HTTP/1.0" 200 35131 "-" "psbot/0.1 (+http://www.picsearch.com/bot.html)"
217.212.224.150 - - [16/Sep/2005:08:08:59 -0800] "GET /gallery/photos/19640042/4/images/1964-0042-00410.jpg HTTP/1.0" 200 46321 "-" "psbot/0.1 (+http://www.picsearch.com/bot.html)"
217.212.224.159 - - [16/Sep/2005:08:09:21 -0800] "GET /gallery/photos/20020155/images/2002-0155-00038.jpg HTTP/1.0" 200 56741 "-" "psbot/0.1 (+http://www.picsearch.com/bot.html)"
217.212.224.159 - - [16/Sep/2005:08:09:44 -0800] "GET /gallery/photos/20020155/images/2002-0155-00039.jpg HTTP/1.0" 200 51083 "-" "psbot/0.1 (+http://www.picsearch.com/bot.html)"
217.212.224.149 - - [16/Sep/2005:08:10:05 -0800] "GET /gallery/photos/20020155/images/2002-0155-00040.jpg HTTP/1.0" 200 71079 "-" "psbot/0.1 (+http://www.picsearch.com/bot.html)"
217.212.224.161 - - [16/Sep/2005:08:10:26 -0800] "GET /gallery/photos/20020155/images/2002-0155-00041.jpg HTTP/1.0" 200 76018 "-" "psbot/0.1 (+http://www.picsearch.com/bot.html)"
217.212.224.150 - - [16/Sep/2005:08:10:49 -0800] "GET /gallery/photos/20020155/images/2002-0155-00042.jpg HTTP/1.0" 200 47272 "-" "psbot/0.1 (+http://www.picsearch.com/bot.html)"
217.212.224.149 - - [16/Sep/2005:08:11:11 -0800] "GET /gallery/photos/20020155/images/2002-0155-00043.jpg HTTP/1.0" 200 61742 "-" "psbot/0.1 (+http://www.picsearch.com/bot.html)"
217.212.224.163 - - [16/Sep/2005:08:11:35 -0800] "GET /gallery/photos/20020155/images/2002-0155-00044.jpg HTTP/1.0" 200 110197 "-" "psbot/0.1 (+http://www.picsearch.com/bot.html)"
217.212.224.149 - - [16/Sep/2005:08:11:56 -0800] "GET /gallery/photos/20020155/images/2002-0155-00045.jpg HTTP/1.0" 200 72187 "-" "psbot/0.1 (+http://www.picsearch.com/bot.html)"
217.212.224.162 - - [16/Sep/2005:08:12:40 -0800] "GET /gallery/photos/20020155/images/2002-0155-00046.jpg HTTP/1.0" 200 67346 "-" "psbot/0.1 (+http://www.picsearch.com/bot.html)"
217.212.224.163 - - [16/Sep/2005:08:13:03 -0800] "GET /gallery/photos/20020155/images/2002-0155-00047.jpg HTTP/1.0" 200 80450 "-" "psbot/0.1 (+http://www.picsearch.com/bot.html)"
217.212.224.161 - - [16/Sep/2005:08:13:25 -0800] "GET /gallery/photos/20020155/images/2002-0155-00048.jpg HTTP/1.0" 200 84473 "-" "psbot/0.1 (+http://www.picsearch.com/bot.html)"
217.212.224.159 - - [16/Sep/2005:08:13:48 -0800] "GET /gallery/photos/20020032/images/2002-0032-00052.jpg HTTP/1.0" 200 37396 "-" "psbot/0.1 (+http://www.picsearch.com/bot.html)"
217.212.224.163 - - [16/Sep/2005:08:14:10 -0800] "GET /gallery/photos/20020032/images/2002-0032-00053.jpg HTTP/1.0" 200 63860 "-" "psbot/0.1 (+http://www.picsearch.com/bot.html)"
217.212.224.162 - - [16/Sep/2005:08:14:33 -0800] "GET /gallery/photos/20020032/images/2002-0032-00054.jpg HTTP/1.0" 200 50626 "-" "psbot/0.1 (+http://www.picsearch.com/bot.html)"
217.212.224.149 - - [16/Sep/2005:08:14:55 -0800] "GET /gallery/photos/20020032/images/2002-0032-00055.jpg HTTP/1.0" 200 95759 "-" "psbot/0.1 (+http://www.picsearch.com/bot.html)"
217.212.224.162 - - [16/Sep/2005:08:15:18 -0800] "GET /gallery/photos/20020032/images/2002-0032-00056.jpg HTTP/1.0" 200 108460 "-" "psbot/0.1 (+http://www.picsearch.com/bot.html)"
217.212.224.162 - - [16/Sep/2005:08:15:39 -0800] "GET /gallery/photos/20020032/images/2002-0032-00057.jpg HTTP/1.0" 200 50405 "-" "psbot/0.1 (+http://www.picsearch.com/bot.html)"
217.212.224.149 - - [16/Sep/2005:08:16:02 -0800] "GET /gallery/photos/20020032/images/2002-0032-00058.jpg HTTP/1.0" 200 51433 "-" "psbot/0.1 (+http://www.picsearch.com/bot.html)"
217.212.224.159 - - [16/Sep/2005:08:16:24 -0800] "GET /gallery/photos/20020032/images/2002-0032-00059.jpg HTTP/1.0" 200 54158 "-" "psbot/0.1 (+http://www.picsearch.com/bot.html)"
217.212.224.162 - - [16/Sep/2005:08:16:47 -0800] "GET /gallery/photos/20020032/images/2002-0032-00060.jpg HTTP/1.0" 200 107172 "-" "psbot/0.1 (+http://www.picsearch.com/bot.html)"
217.212.224.159 - - [16/Sep/2005:08:17:09 -0800] "GET /gallery/photos/19640042/2/images/1964-0042-00200.jpg HTTP/1.0" 200 50385 "-" "psbot/0.1 (+http://www.picsearch.com/bot.html)"
216.159.98.230 - - [16/Sep/2005:08:17:26 -0800] "GET /store/people.html HTTP/1.1" 200 21075 "http://images.google.com/imgres?imgurl=http://photolab.elmer.uaf.edu/store/photos/largejpegs/(009)1975-0146-00003.jpg&imgrefurl=http://photolab.elmer.uaf.edu/store/people.html&h=805&w=1000&sz=157&tbnid=oBiTj1RjxSMJ:&tbnh=119&tbnw=149&hl=en&start=3&prev=/images%3Fq%3DIndian%2BChiefs%26svnum%3D10%26hl%3Den%26lr%3D" "Mozilla/4.0 (compatible; MSIE 6.0; Windows NT 5.0; H010818)"
216.159.98.230 - - [16/Sep/2005:08:17:27 -0800] "GET /store/photos/largejpegs/(009)1975-0146-00003.jpg HTTP/1.1" 200 160001 "http://images.google.com/imgres?imgurl=http://photolab.elmer.uaf.edu/store/photos/largejpegs/(009)1975-0146-00003.jpg&imgrefurl=http://photolab.elmer.uaf.edu/store/people.html&h=805&w=1000&sz=157&tbnid=oBiTj1RjxSMJ:&tbnh=119&tbnw=149&hl=en&prev=/images%3Fq%3DIndian%2BChiefs%26svnum%3D10%26hl%3Den%26lr%3D&frame=small" "Mozilla/4.0 (compatible; MSIE 6.0; Windows NT 5.0; H010818)"
217.212.224.159 - - [16/Sep/2005:08:17:32 -0800] "GET /gallery/photos/19640042/2/images/1964-0042-00201.jpg HTTP/1.0" 200 51120 "-" "psbot/0.1 (+http://www.picsearch.com/bot.html)"
216.159.98.230 - - [16/Sep/2005:08:17:38 -0800] "GET /index_files/store.css HTTP/1.1" 200 2756 "http://photolab.elmer.uaf.edu/store/people.html" "Mozilla/4.0 (compatible; MSIE 6.0; Windows NT 5.0; H010818)"
216.159.98.230 - - [16/Sep/2005:08:17:37 -0800] "GET /store/people.html HTTP/1.1" 206 18474 "http://images.google.com/imgres?imgurl=http://photolab.elmer.uaf.edu/store/photos/largejpegs/(009)1975-0146-00003.jpg&imgrefurl=http://photolab.elmer.uaf.edu/store/people.html&h=805&w=1000&sz=157&tbnid=oBiTj1RjxSMJ:&tbnh=119&tbnw=149&hl=en&start=3&prev=/images%3Fq%3DIndian%2BChiefs%26svnum%3D10%26hl%3Den%26lr%3D" "Mozilla/4.0 (compatible; MSIE 6.0; Windows NT 5.0; H010818)"
216.159.98.230 - - [16/Sep/2005:08:17:38 -0800] "GET /index_files/titlebrown.jpg HTTP/1.1" 200 5451 "http://photolab.elmer.uaf.edu/store/people.html" "Mozilla/4.0 (compatible; MSIE 6.0; Windows NT 5.0; H010818)"
216.159.98.230 - - [16/Sep/2005:08:17:38 -0800] "GET /index_files/aprbrown.jpg HTTP/1.1" 200 5509 "http://photolab.elmer.uaf.edu/store/people.html" "Mozilla/4.0 (compatible; MSIE 6.0; Windows NT 5.0; H010818)"
216.159.98.230 - - [16/Sep/2005:08:17:38 -0800] "GET /index_files/menubar.gif HTTP/1.1" 200 2913 "http://photolab.elmer.uaf.edu/store/people.html" "Mozilla/4.0 (compatible; MSIE 6.0; Windows NT 5.0; H010818)"
216.159.98.230 - - [16/Sep/2005:08:17:38 -0800] "GET /index_files/storetitle.gif HTTP/1.1" 200 14535 "http://photolab.elmer.uaf.edu/store/people.html" "Mozilla/4.0 (compatible; MSIE 6.0; Windows NT 5.0; H010818)"
217.212.224.163 - - [16/Sep/2005:08:20:49 -0800] "GET /gallery/photos/19640042/2/images/1964-0042-00202.jpg HTTP/1.0" 200 50883 "-" "psbot/0.1 (+http://www.picsearch.com/bot.html)"
217.212.224.149 - - [16/Sep/2005:08:21:12 -0800] "GET /gallery/photos/19640042/2/images/1964-0042-00203.jpg HTTP/1.0" 200 43617 "-" "psbot/0.1 (+http://www.picsearch.com/bot.html)"
217.212.224.162 - - [16/Sep/2005:08:21:33 -0800] "GET /gallery/photos/19640042/2/images/1964-0042-00204.jpg HTTP/1.0" 200 70457 "-" "psbot/0.1 (+http://www.picsearch.com/bot.html)"
217.212.224.150 - - [16/Sep/2005:08:21:57 -0800] "GET /gallery/photos/19640042/2/images/1964-0042-00205.jpg HTTP/1.0" 200 46514 "-" "psbot/0.1 (+http://www.picsearch.com/bot.html)"
217.212.224.159 - - [16/Sep/2005:08:22:17 -0800] "GET /gallery/photos/19640042/2/images/1964-0042-00206.jpg HTTP/1.0" 200 44925 "-" "psbot/0.1 (+http://www.picsearch.com/bot.html)"
217.212.224.163 - - [16/Sep/2005:08:22:39 -0800] "GET /gallery/photos/19640042/2/images/1964-0042-00207.jpg HTTP/1.0" 200 47130 "-" "psbot/0.1 (+http://www.picsearch.com/bot.html)"
68.142.249.119 - - [16/Sep/2005:08:22:52 -0800] "GET /gallery/photos/19940070/0/pages/1994-0070-00078.html HTTP/1.0" 304 - "-" "Mozilla/5.0 (compatible; Yahoo! Slurp; http://help.yahoo.com/help/us/ysearch/slurp)"
217.212.224.150 - - [16/Sep/2005:08:23:01 -0800] "GET /gallery/photos/19640042/2/images/1964-0042-00208.jpg HTTP/1.0" 200 76069 "-" "psbot/0.1 (+http://www.picsearch.com/bot.html)"
62.167.38.101 - - [16/Sep/2005:08:23:11 -0800] "GET /store/people.html HTTP/1.1" 200 21075 "-" "Mozilla/4.0 (compatible; MSIE 6.0; Windows NT 5.1; Q312461; SV1)"
62.167.38.101 - - [16/Sep/2005:08:23:12 -0800] "GET /index_files/store.css HTTP/1.1" 200 2756 "http://photolab.elmer.uaf.edu/store/people.html" "Mozilla/4.0 (compatible; MSIE 6.0; Windows NT 5.1; Q312461; SV1)"
62.167.38.101 - - [16/Sep/2005:08:23:12 -0800] "GET /index_files/aprbrown.jpg HTTP/1.1" 200 5509 "http://photolab.elmer.uaf.edu/store/people.html" "Mozilla/4.0 (compatible; MSIE 6.0; Windows NT 5.1; Q312461; SV1)"
62.167.38.101 - - [16/Sep/2005:08:23:12 -0800] "GET /index_files/titlebrown.jpg HTTP/1.1" 200 5451 "http://photolab.elmer.uaf.edu/store/people.html" "Mozilla/4.0 (compatible; MSIE 6.0; Windows NT 5.1; Q312461; SV1)"
62.167.38.101 - - [16/Sep/2005:08:23:12 -0800] "GET /index_files/storetitle.gif HTTP/1.1" 200 14535 "http://photolab.elmer.uaf.edu/store/people.html" "Mozilla/4.0 (compatible; MSIE 6.0; Windows NT 5.1; Q312461; SV1)"
62.167.38.101 - - [16/Sep/2005:08:23:12 -0800] "GET /index_files/menubar.gif HTTP/1.1" 200 2913 "http://photolab.elmer.uaf.edu/store/people.html" "Mozilla/4.0 (compatible; MSIE 6.0; Windows NT 5.1; Q312461; SV1)"
62.167.38.101 - - [16/Sep/2005:08:23:12 -0800] "GET /store/photos/smalljpegs/(007)1972-0071-03234.jpg HTTP/1.1" 200 32052 "http://photolab.elmer.uaf.edu/store/people.html" "Mozilla/4.0 (compatible; MSIE 6.0; Windows NT 5.1; Q312461; SV1)"
62.167.38.101 - - [16/Sep/2005:08:23:12 -0800] "GET /store/photos/smalljpegs/(009)1975-0146-00003.jpg HTTP/1.1" 200 35453 "http://photolab.elmer.uaf.edu/store/people.html" "Mozilla/4.0 (compatible; MSIE 6.0; Windows NT 5.1; Q312461; SV1)"
62.167.38.101 - - [16/Sep/2005:08:23:12 -0800] "GET /store/photos/smalljpegs/(024)1972-0116-00334.jpg HTTP/1.1" 200 29908 "http://photolab.elmer.uaf.edu/store/people.html" "Mozilla/4.0 (compatible; MSIE 6.0; Windows NT 5.1; Q312461; SV1)"
62.167.38.101 - - [16/Sep/2005:08:23:12 -0800] "GET /store/photos/smalljpegs/(012)1989-0166-00375.jpg HTTP/1.1" 200 41883 "http://photolab.elmer.uaf.edu/store/people.html" "Mozilla/4.0 (compatible; MSIE 6.0; Windows NT 5.1; Q312461; SV1)"
62.167.38.101 - - [16/Sep/2005:08:23:12 -0800] "GET /store/photos/smalljpegs/(026)1997-0165-00010.jpg HTTP/1.1" 200 26695 "http://photolab.elmer.uaf.edu/store/people.html" "Mozilla/4.0 (compatible; MSIE 6.0; Windows NT 5.1; Q312461; SV1)"
62.167.38.101 - - [16/Sep/2005:08:23:13 -0800] "GET /store/photos/smalljpegs/(055)1966-0054-00104.jpg HTTP/1.1" 200 35929 "http://photolab.elmer.uaf.edu/store/people.html" "Mozilla/4.0 (compatible; MSIE 6.0; Windows NT 5.1; Q312461; SV1)"
62.167.38.101 - - [16/Sep/2005:08:23:12 -0800] "GET /store/photos/smalljpegs/(040)1958-1026-01700.jpg HTTP/1.1" 200 30523 "http://photolab.elmer.uaf.edu/store/people.html" "Mozilla/4.0 (compatible; MSIE 6.0; Windows NT 5.1; Q312461; SV1)"
62.167.38.101 - - [16/Sep/2005:08:23:14 -0800] "GET /store/photos/smalljpegs/(069)1976-0092-00075.jpg HTTP/1.1" 200 25519 "http://photolab.elmer.uaf.edu/store/people.html" "Mozilla/4.0 (compatible; MSIE 6.0; Windows NT 5.1; Q312461; SV1)"
62.167.38.101 - - [16/Sep/2005:08:23:14 -0800] "GET /store/photos/smalljpegs/(073)2000-0176-00106a.jpg HTTP/1.1" 200 39020 "http://photolab.elmer.uaf.edu/store/people.html" "Mozilla/4.0 (compatible; MSIE 6.0; Windows NT 5.1; Q312461; SV1)"
62.167.38.101 - - [16/Sep/2005:08:23:15 -0800] "GET /store/photos/smalljpegs/(083)1989-0166-00380.jpg HTTP/1.1" 200 32119 "http://photolab.elmer.uaf.edu/store/people.html" "Mozilla/4.0 (compatible; MSIE 6.0; Windows NT 5.1; Q312461; SV1)"
62.167.38.101 - - [16/Sep/2005:08:23:14 -0800] "GET /store/photos/smalljpegs/(074)1968-0012-00009.jpg HTTP/1.1" 200 36819 "http://photolab.elmer.uaf.edu/store/people.html" "Mozilla/4.0 (compatible; MSIE 6.0; Windows NT 5.1; Q312461; SV1)"
62.167.38.101 - - [16/Sep/2005:08:23:16 -0800] "GET /store/photos/smalljpegs/(090)1972-0071-02759.jpg HTTP/1.1" 200 35919 "http://photolab.elmer.uaf.edu/store/people.html" "Mozilla/4.0 (compatible; MSIE 6.0; Windows NT 5.1; Q312461; SV1)"
62.167.38.101 - - [16/Sep/2005:08:23:17 -0800] "GET /store/photos/largejpegs/(105)1989-0166-00522a.jpg HTTP/1.1" 200 101451 "-" "Mozilla/4.0 (compatible; MSIE 6.0; Windows NT 5.1; Q312461; SV1)"
217.212.224.150 - - [16/Sep/2005:08:23:24 -0800] "GET /gallery/photos/19640042/2/images/1964-0042-00209.jpg HTTP/1.0" 200 51025 "-" "psbot/0.1 (+http://www.picsearch.com/bot.html)"
217.212.224.159 - - [16/Sep/2005:08:23:47 -0800] "GET /gallery/photos/19640042/2/images/1964-0042-00210.jpg HTTP/1.0" 200 40529 "-" "psbot/0.1 (+http://www.picsearch.com/bot.html)"
217.212.224.162 - - [16/Sep/2005:08:24:09 -0800] "GET /gallery/photos/19640042/2/images/1964-0042-00211.jpg HTTP/1.0" 200 57748 "-" "psbot/0.1 (+http://www.picsearch.com/bot.html)"
217.212.224.163 - - [16/Sep/2005:08:24:33 -0800] "GET /gallery/photos/19660054/02/images/1966-0054-00207.jpg HTTP/1.0" 200 35264 "-" "psbot/0.1 (+http://www.picsearch.com/bot.html)"
217.212.224.163 - - [16/Sep/2005:08:24:54 -0800] "GET /gallery/photos/19660054/02/images/1966-0054-00208.jpg HTTP/1.0" 200 36530 "-" "psbot/0.1 (+http://www.picsearch.com/bot.html)"
217.212.224.162 - - [16/Sep/2005:08:25:18 -0800] "GET /gallery/photos/19660054/02/images/1966-0054-00210.jpg HTTP/1.0" 200 32826 "-" "psbot/0.1 (+http://www.picsearch.com/bot.html)"
217.212.224.162 - - [16/Sep/2005:08:25:45 -0800] "GET /gallery/photos/19660054/02/images/1966-0054-00211.jpg HTTP/1.0" 200 45824 "-" "psbot/0.1 (+http://www.picsearch.com/bot.html)"
213.3.242.81 - - [16/Sep/2005:08:25:30 -0800] "GET /store/people.html HTTP/1.1" 200 21075 "http://images.google.ch/imgres?imgurl=http://photolab.elmer.uaf.edu/store/photos/largejpegs/(105)1989-0166-00522a.jpg&imgrefurl=http://photolab.elmer.uaf.edu/store/people.html&h=692&w=1000&sz=100&tbnid=mRifvhDN3-gJ:&tbnh=103&tbnw=149&hl=de&start=2&prev=/images%3Fq%3Dold%2Bwoman%26imgsz%3Dxxlarge%26svnum%3D10%26hl%3Dde%26lr%3D%26client%3Dfirefox-a%26rls%3Dorg.mozilla:de-DE:official_s%26sa%3DG" "Mozilla/5.0 (Windows; U; Windows NT 5.1; de-DE; rv:1.7.6) Gecko/20050226 Firefox/1.0.1"
217.212.224.162 - - [16/Sep/2005:08:26:02 -0800] "GET /gallery/photos/19680041/1/images/1968-0041-00122.jpg HTTP/1.0" 200 98204 "-" "psbot/0.1 (+http://www.picsearch.com/bot.html)"
217.212.224.150 - - [16/Sep/2005:08:26:23 -0800] "GET /gallery/photos/19680041/1/images/1968-0041-00123.jpg HTTP/1.0" 200 91133 "-" "psbot/0.1 (+http://www.picsearch.com/bot.html)"
213.3.242.81 - - [16/Sep/2005:08:25:45 -0800] "GET /index_files/store.css HTTP/1.1" 200 2756 "http://photolab.elmer.uaf.edu/store/people.html" "Mozilla/5.0 (Windows; U; Windows NT 5.1; de-DE; rv:1.7.6) Gecko/20050226 Firefox/1.0.1"
213.3.242.81 - - [16/Sep/2005:08:26:39 -0800] "GET /index_files/titlebrown.jpg HTTP/1.1" 200 5451 "http://photolab.elmer.uaf.edu/store/people.html" "Mozilla/5.0 (Windows; U; Windows NT 5.1; de-DE; rv:1.7.6) Gecko/20050226 Firefox/1.0.1"
213.3.242.81 - - [16/Sep/2005:08:26:46 -0800] "GET /index_files/aprbrown.jpg HTTP/1.1" 200 5509 "http://photolab.elmer.uaf.edu/store/people.html" "Mozilla/5.0 (Windows; U; Windows NT 5.1; de-DE; rv:1.7.6) Gecko/20050226 Firefox/1.0.1"
217.212.224.159 - - [16/Sep/2005:08:26:46 -0800] "GET /gallery/photos/19640042/4/images/1964-0042-00414.jpg HTTP/1.0" 200 69575 "-" "psbot/0.1 (+http://www.picsearch.com/bot.html)"
213.3.242.81 - - [16/Sep/2005:08:27:13 -0800] "GET /index_files/menubar.gif HTTP/1.1" 200 2913 "http://photolab.elmer.uaf.edu/store/people.html" "Mozilla/5.0 (Windows; U; Windows NT 5.1; de-DE; rv:1.7.6) Gecko/20050226 Firefox/1.0.1"
217.212.224.159 - - [16/Sep/2005:08:27:08 -0800] "GET /gallery/photos/19640042/4/images/1964-0042-00415.jpg HTTP/1.0" 200 79523 "-" "psbot/0.1 (+http://www.picsearch.com/bot.html)"
213.3.242.81 - - [16/Sep/2005:08:26:54 -0800] "GET /index_files/storetitle.gif HTTP/1.1" 200 14535 "http://photolab.elmer.uaf.edu/store/people.html" "Mozilla/5.0 (Windows; U; Windows NT 5.1; de-DE; rv:1.7.6) Gecko/20050226 Firefox/1.0.1"
217.212.224.150 - - [16/Sep/2005:08:27:30 -0800] "GET /gallery/photos/19640042/4/images/1964-0042-00416.jpg HTTP/1.0" 200 33836 "-" "psbot/0.1 (+http://www.picsearch.com/bot.html)"
213.3.242.81 - - [16/Sep/2005:08:27:22 -0800] "GET /store/photos/smalljpegs/(007)1972-0071-03234.jpg HTTP/1.1" 200 32052 "http://photolab.elmer.uaf.edu/store/people.html" "Mozilla/5.0 (Windows; U; Windows NT 5.1; de-DE; rv:1.7.6) Gecko/20050226 Firefox/1.0.1"
217.212.224.159 - - [16/Sep/2005:08:27:51 -0800] "GET /gallery/photos/19640042/4/images/1964-0042-00417.jpg HTTP/1.0" 200 32291 "-" "psbot/0.1 (+http://www.picsearch.com/bot.html)"
68.142.249.169 - - [16/Sep/2005:08:28:12 -0800] "GET /gallery/photos/20020087/2/index_3.html HTTP/1.0" 304 - "-" "Mozilla/5.0 (compatible; Yahoo! Slurp; http://help.yahoo.com/help/us/ysearch/slurp)"
213.3.242.81 - - [16/Sep/2005:08:28:08 -0800] "GET /store/photos/smalljpegs/(012)1989-0166-00375.jpg HTTP/1.1" 200 41883 "http://photolab.elmer.uaf.edu/store/people.html" "Mozilla/5.0 (Windows; U; Windows NT 5.1; de-DE; rv:1.7.6) Gecko/20050226 Firefox/1.0.1"
217.212.224.149 - - [16/Sep/2005:08:28:15 -0800] "GET /gallery/photos/19640042/4/images/1964-0042-00418.jpg HTTP/1.0" 200 35156 "-" "psbot/0.1 (+http://www.picsearch.com/bot.html)"
217.212.224.159 - - [16/Sep/2005:08:28:36 -0800] "GET /gallery/photos/19640042/4/images/1964-0042-00419.jpg HTTP/1.0" 200 45885 "-" "psbot/0.1 (+http://www.picsearch.com/bot.html)"
213.3.242.81 - - [16/Sep/2005:08:27:51 -0800] "GET /store/photos/smalljpegs/(009)1975-0146-00003.jpg HTTP/1.1" 200 35453 "http://photolab.elmer.uaf.edu/store/people.html" "Mozilla/5.0 (Windows; U; Windows NT 5.1; de-DE; rv:1.7.6) Gecko/20050226 Firefox/1.0.1"
68.142.249.168 - - [16/Sep/2005:08:29:44 -0800] "GET /gallery/photos/19940070/3/pages/1994-0070-00312.html HTTP/1.0" 304 - "-" "Mozilla/5.0 (compatible; Yahoo! Slurp; http://help.yahoo.com/help/us/ysearch/slurp)"
213.3.242.81 - - [16/Sep/2005:08:28:44 -0800] "GET /store/photos/smalljpegs/(026)1997-0165-00010.jpg HTTP/1.1" 200 26695 "http://photolab.elmer.uaf.edu/store/people.html" "Mozilla/5.0 (Windows; U; Windows NT 5.1; de-DE; rv:1.7.6) Gecko/20050226 Firefox/1.0.1"
217.212.224.149 - - [16/Sep/2005:08:28:58 -0800] "GET /gallery/photos/19640042/4/images/1964-0042-00420.jpg HTTP/1.0" 200 42860 "-" "psbot/0.1 (+http://www.picsearch.com/bot.html)"
217.212.224.162 - - [16/Sep/2005:08:29:20 -0800] "GET /gallery/photos/19640042/4/images/1964-0042-00421.jpg HTTP/1.0" 200 40213 "-" "psbot/0.1 (+http://www.picsearch.com/bot.html)"
217.212.224.163 - - [16/Sep/2005:08:29:43 -0800] "GET /gallery/photos/19640042/4/images/1964-0042-00422.jpg HTTP/1.0" 200 26197 "-" "psbot/0.1 (+http://www.picsearch.com/bot.html)"
68.142.251.15 - - [16/Sep/2005:08:30:23 -0800] "GET /gallery/photos/20040145/5/pages/2004-0145-00543.htm HTTP/1.0" 304 - "-" "Mozilla/5.0 (compatible; Yahoo! Slurp; http://help.yahoo.com/help/us/ysearch/slurp)"
213.3.242.81 - - [16/Sep/2005:08:29:59 -0800] "GET /store/photos/smalljpegs/(040)1958-1026-01700.jpg HTTP/1.1" 200 30523 "http://photolab.elmer.uaf.edu/store/people.html" "Mozilla/5.0 (Windows; U; Windows NT 5.1; de-DE; rv:1.7.6) Gecko/20050226 Firefox/1.0.1"
217.212.224.161 - - [16/Sep/2005:08:30:05 -0800] "GET /gallery/photos/19660054/02/thumbnails/1966-0054-00222.jpg HTTP/1.0" 200 7790 "-" "psbot/0.1 (+http://www.picsearch.com/bot.html)"
213.3.242.81 - - [16/Sep/2005:08:28:44 -0800] "GET /store/photos/smalljpegs/(024)1972-0116-00334.jpg HTTP/1.1" 200 29908 "http://photolab.elmer.uaf.edu/store/people.html" "Mozilla/5.0 (Windows; U; Windows NT 5.1; de-DE; rv:1.7.6) Gecko/20050226 Firefox/1.0.1"
217.212.224.159 - - [16/Sep/2005:08:30:28 -0800] "GET /gallery/photos/19660054/02/thumbnails/1966-0054-00222A.jpg HTTP/1.0" 200 3860 "-" "psbot/0.1 (+http://www.picsearch.com/bot.html)"
217.212.224.162 - - [16/Sep/2005:08:30:51 -0800] "GET /gallery/photos/19660054/02/thumbnails/1966-0054-00223.jpg HTTP/1.0" 200 3845 "-" "psbot/0.1 (+http://www.picsearch.com/bot.html)"
213.3.242.81 - - [16/Sep/2005:08:31:03 -0800] "GET /store/photos/smalljpegs/(069)1976-0092-00075.jpg HTTP/1.1" 200 25519 "http://photolab.elmer.uaf.edu/store/people.html" "Mozilla/5.0 (Windows; U; Windows NT 5.1; de-DE; rv:1.7.6) Gecko/20050226 Firefox/1.0.1"
217.212.224.149 - - [16/Sep/2005:08:31:13 -0800] "GET /gallery/photos/19660054/02/thumbnails/1966-0054-00224.jpg HTTP/1.0" 200 3530 "-" "psbot/0.1 (+http://www.picsearch.com/bot.html)"
217.212.224.146 - - [16/Sep/2005:08:31:35 -0800] "GET /gallery/photos/19660054/02/thumbnails/1966-0054-00225.jpg HTTP/1.0" 200 3384 "-" "psbot/0.1 (+http://www.picsearch.com/bot.html)"
217.212.224.146 - - [16/Sep/2005:08:32:02 -0800] "GET /gallery/photos/19660054/02/thumbnails/1966-0054-00226.jpg HTTP/1.0" 200 3658 "-" "psbot/0.1 (+http://www.picsearch.com/bot.html)"
213.3.242.81 - - [16/Sep/2005:08:30:18 -0800] "GET /store/photos/smalljpegs/(055)1966-0054-00104.jpg HTTP/1.1" 200 35929 "http://photolab.elmer.uaf.edu/store/people.html" "Mozilla/5.0 (Windows; U; Windows NT 5.1; de-DE; rv:1.7.6) Gecko/20050226 Firefox/1.0.1"
217.212.224.161 - - [16/Sep/2005:08:32:20 -0800] "GET /gallery/photos/19660054/02/thumbnails/1966-0054-00227.jpg HTTP/1.0" 200 5489 "-" "psbot/0.1 (+http://www.picsearch.com/bot.html)"
217.212.224.163 - - [16/Sep/2005:08:32:42 -0800] "GET /gallery/photos/19660054/02/thumbnails/1966-0054-00228.jpg HTTP/1.0" 200 3995 "-" "psbot/0.1 (+http://www.picsearch.com/bot.html)"
217.212.224.162 - - [16/Sep/2005:08:33:05 -0800] "GET /gallery/photos/19660054/02/thumbnails/1966-0054-00229.jpg HTTP/1.0" 200 6137 "-" "psbot/0.1 (+http://www.picsearch.com/bot.html)"
