84.56.173.55 - - [16/Sep/2005:06:09:01 -0800] "GET /store/photos/smalljpegs/(090)1972-0071-02759.jpg HTTP/1.1" 200 35919 "http://photolab.elmer.uaf.edu/store/people.html" "Mozilla/4.0 (compatible; MSIE 6.0; Windows NT 5.1; SV1)"
84.56.173.55 - - [16/Sep/2005:06:09:01 -0800] "GET /store/photos/smalljpegs/(083)1989-0166-00380.jpg HTTP/1.1" 200 32119 "http://photolab.elmer.uaf.edu/store/people.html" "Mozilla/4.0 (compatible; MSIE 6.0; Windows NT 5.1; SV1)"
207.46.98.84 - - [16/Sep/2005:06:09:03 -0800] "GET /gallery/photos/19680041/1/pages/1968-0041-00183.htm HTTP/1.0" 200 1889 "-" "msnbot/1.0 (+http://search.msn.com/msnbot.htm)"
84.56.173.55 - - [16/Sep/2005:06:09:02 -0800] "GET /store/photos/largejpegs/(007)1972-0071-03234.jpg HTTP/1.1" 200 129031 "http://photolab.elmer.uaf.edu/store/people.html" "Mozilla/4.0 (compatible; MSIE 6.0; Windows NT 5.1; SV1)"
217.212.224.144 - - [16/Sep/2005:06:09:10 -0800] "GET /gallery/photos/19950244/01/pages/1995-0244-00173.html HTTP/1.0" 200 1888 "-" "psbot/0.1 (+http://www.picsearch.com/bot.html)"
207.46.98.84 - - [16/Sep/2005:06:09:13 -0800] "GET /gallery/photos/19680041/1/pages/1968-0041-00185.htm HTTP/1.0" 200 1889 "-" "msnbot/1.0 (+http://search.msn.com/msnbot.htm)"
84.56.173.55 - - [16/Sep/2005:06:09:14 -0800] "GET /store/photos/smalljpegs/(083)1989-0166-00380.jpg HTTP/1.1" 206 22475 "http://photolab.elmer.uaf.edu/store/people.html" "Mozilla/4.0 (compatible; MSIE 6.0; Windows NT 5.1; SV1)"
84.56.173.55 - - [16/Sep/2005:06:09:14 -0800] "GET /store/photos/smalljpegs/(090)1972-0071-02759.jpg HTTP/1.1" 200 35919 "http://photolab.elmer.uaf.edu/store/people.html" "Mozilla/4.0 (compatible; MSIE 6.0; Windows NT 5.1; SV1)"
84.56.173.55 - - [16/Sep/2005:06:09:15 -0800] "GET /store/photos/smalljpegs/(101)1995-0244-01044.jpg HTTP/1.1" 200 33660 "http://photolab.elmer.uaf.edu/store/people.html" "Mozilla/4.0 (compatible; MSIE 6.0; Windows NT 5.1; SV1)"
84.56.173.55 - - [16/Sep/2005:06:09:16 -0800] "GET /store/photos/smalljpegs/(102)1972-0071-00804.jpg HTTP/1.1" 200 33600 "http://photolab.elmer.uaf.edu/store/people.html" "Mozilla/4.0 (compatible; MSIE 6.0; Windows NT 5.1; SV1)"
84.56.173.55 - - [16/Sep/2005:06:09:16 -0800] "GET /store/photos/smalljpegs/(103)1972-0071-02925.jpg HTTP/1.1" 200 30024 "http://photolab.elmer.uaf.edu/store/people.html" "Mozilla/4.0 (compatible; MSIE 6.0; Windows NT 5.1; SV1)"
84.56.173.55 - - [16/Sep/2005:06:09:17 -0800] "GET /store/photos/smalljpegs/(104)1958-1026-02106.jpg HTTP/1.1" 200 34617 "http://photolab.elmer.uaf.edu/store/people.html" "Mozilla/4.0 (compatible; MSIE 6.0; Windows NT 5.1; SV1)"
84.56.173.55 - - [16/Sep/2005:06:09:18 -0800] "GET /store/photos/smalljpegs/(105)1989-0166-00522a.jpg HTTP/1.1" 200 25417 "http://photolab.elmer.uaf.edu/store/people.html" "Mozilla/4.0 (compatible; MSIE 6.0; Windows NT 5.1; SV1)"
84.56.173.55 - - [16/Sep/2005:06:09:19 -0800] "GET /store/photos/smalljpegs/(106)1972-0071-03229.jpg HTTP/1.1" 200 38182 "http://photolab.elmer.uaf.edu/store/people.html" "Mozilla/4.0 (compatible; MSIE 6.0; Windows NT 5.1; SV1)"
84.56.173.55 - - [16/Sep/2005:06:09:19 -0800] "GET /store/photos/smalljpegs/(107)1958-1026-02271.jpg HTTP/1.1" 200 34747 "http://photolab.elmer.uaf.edu/store/people.html" "Mozilla/4.0 (compatible; MSIE 6.0; Windows NT 5.1; SV1)"
84.56.173.55 - - [16/Sep/2005:06:09:21 -0800] "GET /store/photos/smalljpegs/(110)1958-1026-01591.jpg HTTP/1.1" 200 38244 "http://photolab.elmer.uaf.edu/store/people.html" "Mozilla/4.0 (compatible; MSIE 6.0; Windows NT 5.1; SV1)"
84.56.173.55 - - [16/Sep/2005:06:09:21 -0800] "GET /store/photos/smalljpegs/(112)1958-1026-01589.jpg HTTP/1.1" 200 31936 "http://photolab.elmer.uaf.edu/store/people.html" "Mozilla/4.0 (compatible; MSIE 6.0; Windows NT 5.1; SV1)"
207.46.98.84 - - [16/Sep/2005:06:09:22 -0800] "GET /gallery/photos/19690092/8/pages/1969-0092-00833.html HTTP/1.0" 200 1765 "-" "msnbot/1.0 (+http://search.msn.com/msnbot.htm)"
84.56.173.55 - - [16/Sep/2005:06:09:23 -0800] "GET /store/photos/smalljpegs/(119)1968-0069-02524.jpg HTTP/1.1" 200 31385 "http://photolab.elmer.uaf.edu/store/people.html" "Mozilla/4.0 (compatible; MSIE 6.0; Windows NT 5.1; SV1)"
84.56.173.55 - - [16/Sep/2005:06:09:24 -0800] "GET /store/photos/smalljpegs/(139)1958-1026-02130.jpg HTTP/1.1" 200 37323 "http://photolab.elmer.uaf.edu/store/people.html" "Mozilla/4.0 (compatible; MSIE 6.0; Windows NT 5.1; SV1)"
84.56.173.55 - - [16/Sep/2005:06:09:26 -0800] "GET /store/photos/smalljpegs/(141)1972-0071-00099.jpg HTTP/1.1" 200 38687 "http://photolab.elmer.uaf.edu/store/people.html" "Mozilla/4.0 (compatible; MSIE 6.0; Windows NT 5.1; SV1)"
84.56.173.55 - - [16/Sep/2005:06:09:28 -0800] "GET /store/photos/smalljpegs/(145)1972-0071-02415.jpg HTTP/1.1" 200 25683 "http://photolab.elmer.uaf.edu/store/people.html" "Mozilla/4.0 (compatible; MSIE 6.0; Windows NT 5.1; SV1)"
84.56.173.55 - - [16/Sep/2005:06:09:30 -0800] "GET /store/photos/smalljpegs/(150)1972-0071-00102.jpg HTTP/1.1" 200 31506 "http://photolab.elmer.uaf.edu/store/people.html" "Mozilla/4.0 (compatible; MSIE 6.0; Windows NT 5.1; SV1)"
84.56.173.55 - - [16/Sep/2005:06:09:31 -0800] "GET /store/photos/smalljpegs/(151)1989-0166-00382.jpg HTTP/1.1" 200 30137 "http://photolab.elmer.uaf.edu/store/people.html" "Mozilla/4.0 (compatible; MSIE 6.0; Windows NT 5.1; SV1)"
84.56.173.55 - - [16/Sep/2005:06:09:32 -0800] "GET /store/photos/smalljpegs/(172)1989-0166-01182.jpg HTTP/1.1" 200 30897 "http://photolab.elmer.uaf.edu/store/people.html" "Mozilla/4.0 (compatible; MSIE 6.0; Windows NT 5.1; SV1)"
84.56.173.55 - - [16/Sep/2005:06:09:42 -0800] "GET /store/photos/largejpegs/(101)1995-0244-01044.jpg HTTP/1.1" 200 155003 "http://photolab.elmer.uaf.edu/store/people.html" "Mozilla/4.0 (compatible; MSIE 6.0; Windows NT 5.1; SV1)"
217.212.224.144 - - [16/Sep/2005:06:09:58 -0800] "GET /gallery/photos/19950244/01/pages/1995-0244-00174.html HTTP/1.0" 200 1888 "-" "psbot/0.1 (+http://www.picsearch.com/bot.html)"
84.56.173.55 - - [16/Sep/2005:06:10:09 -0800] "GET /store/photos/largejpegs/(105)1989-0166-00522a.jpg HTTP/1.1" 200 101451 "http://photolab.elmer.uaf.edu/store/people.html" "Mozilla/4.0 (compatible; MSIE 6.0; Windows NT 5.1; SV1)"
207.46.98.84 - - [16/Sep/2005:06:10:23 -0800] "GET /gallery/photos/19690092/8/pages/1969-0092-00835.html HTTP/1.0" 200 1765 "-" "msnbot/1.0 (+http://search.msn.com/msnbot.htm)"
207.46.98.84 - - [16/Sep/2005:06:10:32 -0800] "GET /gallery/photos/19690092/8/pages/1969-0092-00827.html HTTP/1.0" 200 1765 "-" "msnbot/1.0 (+http://search.msn.com/msnbot.htm)"
217.212.224.145 - - [16/Sep/2005:06:10:43 -0800] "GET /gallery/photos/19950244/01/pages/1995-0244-00175.html HTTP/1.0" 200 1888 "-" "psbot/0.1 (+http://www.picsearch.com/bot.html)"
207.46.98.84 - - [16/Sep/2005:06:10:44 -0800] "GET /gallery/photos/19690092/8/pages/1969-0092-00831.html HTTP/1.0" 200 1765 "-" "msnbot/1.0 (+http://search.msn.com/msnbot.htm)"
207.46.98.84 - - [16/Sep/2005:06:10:47 -0800] "GET /gallery/photos/19690092/8/pages/1969-0092-00830.html HTTP/1.0" 200 1765 "-" "msnbot/1.0 (+http://search.msn.com/msnbot.htm)"
84.56.173.55 - - [16/Sep/2005:06:10:46 -0800] "GET /store/photos/largejpegs/(119)1968-0069-02524.jpg HTTP/1.1" 200 180017 "http://photolab.elmer.uaf.edu/store/people.html" "Mozilla/4.0 (compatible; MSIE 6.0; Windows NT 5.1; SV1)"
207.46.98.84 - - [16/Sep/2005:06:10:55 -0800] "GET /gallery/photos/19690092/8/pages/1969-0092-00829.html HTTP/1.0" 200 1765 "-" "msnbot/1.0 (+http://search.msn.com/msnbot.htm)"
207.46.98.84 - - [16/Sep/2005:06:10:57 -0800] "GET /gallery/photos/19690092/8/pages/1969-0092-00834.html HTTP/1.0" 200 1765 "-" "msnbot/1.0 (+http://search.msn.com/msnbot.htm)"
84.56.173.55 - - [16/Sep/2005:06:11:04 -0800] "GET /store/photos/largejpegs/(110)1958-1026-01591.jpg HTTP/1.1" 200 184507 "http://photolab.elmer.uaf.edu/store/people.html" "Mozilla/4.0 (compatible; MSIE 6.0; Windows NT 5.1; SV1)"
65.7.69.145 - - [16/Sep/2005:06:09:20 -0800] "GET /store/photos/largejpegs/(105)1989-0166-00522a.jpg HTTP/1.1" 200 101451 "http://profile.myspace.com/index.cfm?fuseaction=user.viewProfile&friendID=11569622&Mytoken=675131EF-7F4B-4C0E-95D78A7E4D3D383B314760296" "Mozilla/4.0 (compatible; MSIE 6.0; Windows NT 5.1; SV1; .NET CLR 1.1.4322)"
84.56.173.55 - - [16/Sep/2005:06:11:28 -0800] "GET /store/panoramas.html HTTP/1.1" 200 12769 "http://photolab.elmer.uaf.edu/store/photos.html" "Mozilla/4.0 (compatible; MSIE 6.0; Windows NT 5.1; SV1)"
84.56.173.55 - - [16/Sep/2005:06:11:29 -0800] "GET /store/panoramas/smalljpegs/PN002-1958-1026-02162.jpg HTTP/1.1" 200 19197 "http://photolab.elmer.uaf.edu/store/panoramas.html" "Mozilla/4.0 (compatible; MSIE 6.0; Windows NT 5.1; SV1)"
217.212.224.143 - - [16/Sep/2005:06:11:29 -0800] "GET /gallery/photos/19950244/01/pages/1995-0244-00177.html HTTP/1.0" 200 1888 "-" "psbot/0.1 (+http://www.picsearch.com/bot.html)"
84.56.173.55 - - [16/Sep/2005:06:11:29 -0800] "GET /store/panoramas/smalljpegs/PN001-1966-0067-00001.jpg HTTP/1.1" 200 22053 "http://photolab.elmer.uaf.edu/store/panoramas.html" "Mozilla/4.0 (compatible; MSIE 6.0; Windows NT 5.1; SV1)"
84.56.173.55 - - [16/Sep/2005:06:11:30 -0800] "GET /store/panoramas/smalljpegs/PN003-2003-0174-00511.jpg HTTP/1.1" 200 17820 "http://photolab.elmer.uaf.edu/store/panoramas.html" "Mozilla/4.0 (compatible; MSIE 6.0; Windows NT 5.1; SV1)"
84.56.173.55 - - [16/Sep/2005:06:11:30 -0800] "GET /store/panoramas/smalljpegs/PN004-2002-0134-00035.jpg HTTP/1.1" 200 18118 "http://photolab.elmer.uaf.edu/store/panoramas.html" "Mozilla/4.0 (compatible; MSIE 6.0; Windows NT 5.1; SV1)"
84.56.173.55 - - [16/Sep/2005:06:11:31 -0800] "GET /store/panoramas/smalljpegs/PN005-2003-0174-00512.jpg HTTP/1.1" 200 20113 "http://photolab.elmer.uaf.edu/store/panoramas.html" "Mozilla/4.0 (compatible; MSIE 6.0; Windows NT 5.1; SV1)"
84.56.173.55 - - [16/Sep/2005:06:11:31 -0800] "GET /store/panoramas/smalljpegs/PN006-1958-1026-02163.jpg HTTP/1.1" 200 20470 "http://photolab.elmer.uaf.edu/store/panoramas.html" "Mozilla/4.0 (compatible; MSIE 6.0; Windows NT 5.1; SV1)"
84.56.173.55 - - [16/Sep/2005:06:11:32 -0800] "GET /store/panoramas/smalljpegs/PN008-1970-0058-00349B.jpg HTTP/1.1" 200 15950 "http://photolab.elmer.uaf.edu/store/panoramas.html" "Mozilla/4.0 (compatible; MSIE 6.0; Windows NT 5.1; SV1)"
84.56.173.55 - - [16/Sep/2005:06:11:32 -0800] "GET /store/panoramas/smalljpegs/PN007-2003-0174-00513.jpg HTTP/1.1" 200 17912 "http://photolab.elmer.uaf.edu/store/panoramas.html" "Mozilla/4.0 (compatible; MSIE 6.0; Windows NT 5.1; SV1)"
84.56.173.55 - - [16/Sep/2005:06:11:33 -0800] "GET /store/panoramas/smalljpegs/PN010-1970-0058-00350B.jpg HTTP/1.1" 200 22844 "http://photolab.elmer.uaf.edu/store/panoramas.html" "Mozilla/4.0 (compatible; MSIE 6.0; Windows NT 5.1; SV1)"
84.56.173.55 - - [16/Sep/2005:06:11:33 -0800] "GET /store/panoramas/smalljpegs/PN009-1958-1026-02040.jpg HTTP/1.1" 200 21789 "http://photolab.elmer.uaf.edu/store/panoramas.html" "Mozilla/4.0 (compatible; MSIE 6.0; Windows NT 5.1; SV1)"
84.56.173.55 - - [16/Sep/2005:06:11:34 -0800] "GET /store/panoramas/smalljpegs/PN011-1988-0051-00012.jpg HTTP/1.1" 200 25152 "http://photolab.elmer.uaf.edu/store/panoramas.html" "Mozilla/4.0 (compatible; MSIE 6.0; Windows NT 5.1; SV1)"
84.56.173.55 - - [16/Sep/2005:06:11:34 -0800] "GET /store/panoramas/smalljpegs/PN012-1973-0190-00283.jpg HTTP/1.1" 200 25290 "http://photolab.elmer.uaf.edu/store/panoramas.html" "Mozilla/4.0 (compatible; MSIE 6.0; Windows NT 5.1; SV1)"
84.56.173.55 - - [16/Sep/2005:06:11:35 -0800] "GET /store/panoramas/smalljpegs/PN014-1988-0051-00019.jpg HTTP/1.1" 200 23838 "http://photolab.elmer.uaf.edu/store/panoramas.html" "Mozilla/4.0 (compatible; MSIE 6.0; Windows NT 5.1; SV1)"
84.56.173.55 - - [16/Sep/2005:06:11:35 -0800] "GET /store/panoramas/smalljpegs/PN013-1987-0110-00001.jpg HTTP/1.1" 200 25451 "http://photolab.elmer.uaf.edu/store/panoramas.html" "Mozilla/4.0 (compatible; MSIE 6.0; Windows NT 5.1; SV1)"
84.56.173.55 - - [16/Sep/2005:06:11:36 -0800] "GET /store/panoramas/smalljpegs/PN016-1970-0058-00356.jpg HTTP/1.1" 200 17363 "http://photolab.elmer.uaf.edu/store/panoramas.html" "Mozilla/4.0 (compatible; MSIE 6.0; Windows NT 5.1; SV1)"
84.56.173.55 - - [16/Sep/2005:06:11:36 -0800] "GET /store/panoramas/smalljpegs/PN015-1988-0051-00007.jpg HTTP/1.1" 200 20371 "http://photolab.elmer.uaf.edu/store/panoramas.html" "Mozilla/4.0 (compatible; MSIE 6.0; Windows NT 5.1; SV1)"
84.56.173.55 - - [16/Sep/2005:06:11:37 -0800] "GET /store/panoramas/smalljpegs/PN017-1964-0074-00168.jpg HTTP/1.1" 200 16598 "http://photolab.elmer.uaf.edu/store/panoramas.html" "Mozilla/4.0 (compatible; MSIE 6.0; Windows NT 5.1; SV1)"
84.56.173.55 - - [16/Sep/2005:06:11:37 -0800] "GET /store/panoramas/smalljpegs/PN018-1964-0074-00160.jpg HTTP/1.1" 200 20355 "http://photolab.elmer.uaf.edu/store/panoramas.html" "Mozilla/4.0 (compatible; MSIE 6.0; Windows NT 5.1; SV1)"
84.56.173.55 - - [16/Sep/2005:06:11:51 -0800] "GET /store/alaskanatives.html HTTP/1.1" 200 23188 "http://photolab.elmer.uaf.edu/store/photos.html" "Mozilla/4.0 (compatible; MSIE 6.0; Windows NT 5.1; SV1)"
217.212.224.161 - - [16/Sep/2005:06:11:51 -0800] "GET /gallery/photos/20040084/1157-1288/images/2004-0084-01263.jpg HTTP/1.0" 200 34231 "-" "psbot/0.1 (+http://www.picsearch.com/bot.html)"
84.56.173.55 - - [16/Sep/2005:06:11:52 -0800] "GET /store/photos/smalljpegs/(057)1972-0071-00823.jpg HTTP/1.1" 200 23575 "http://photolab.elmer.uaf.edu/store/alaskanatives.html" "Mozilla/4.0 (compatible; MSIE 6.0; Windows NT 5.1; SV1)"
84.56.173.55 - - [16/Sep/2005:06:11:52 -0800] "GET /store/photos/smalljpegs/(041)1989-0166-00699.jpg HTTP/1.1" 200 28697 "http://photolab.elmer.uaf.edu/store/alaskanatives.html" "Mozilla/4.0 (compatible; MSIE 6.0; Windows NT 5.1; SV1)"
84.56.173.55 - - [16/Sep/2005:06:11:54 -0800] "GET /store/photos/smalljpegs/(004)1958-1026-01477.jpg HTTP/1.1" 200 31263 "http://photolab.elmer.uaf.edu/store/alaskanatives.html" "Mozilla/4.0 (compatible; MSIE 6.0; Windows NT 5.1; SV1)"
84.56.173.55 - - [16/Sep/2005:06:11:54 -0800] "GET /store/photos/smalljpegs/(080)1958-1026-01682.jpg HTTP/1.1" 200 34989 "http://photolab.elmer.uaf.edu/store/alaskanatives.html" "Mozilla/4.0 (compatible; MSIE 6.0; Windows NT 5.1; SV1)"
84.56.173.55 - - [16/Sep/2005:06:11:55 -0800] "GET /store/photos/smalljpegs/(108)1966-0054-00248.jpg HTTP/1.1" 200 41001 "http://photolab.elmer.uaf.edu/store/alaskanatives.html" "Mozilla/4.0 (compatible; MSIE 6.0; Windows NT 5.1; SV1)"
84.56.173.55 - - [16/Sep/2005:06:11:56 -0800] "GET /store/photos/smalljpegs/(109)1972-0071-03235.jpg HTTP/1.1" 200 39850 "http://photolab.elmer.uaf.edu/store/alaskanatives.html" "Mozilla/4.0 (compatible; MSIE 6.0; Windows NT 5.1; SV1)"
84.56.173.55 - - [16/Sep/2005:06:11:57 -0800] "GET /store/photos/smalljpegs/(113)1972-0071-02895.jpg HTTP/1.1" 200 36468 "http://photolab.elmer.uaf.edu/store/alaskanatives.html" "Mozilla/4.0 (compatible; MSIE 6.0; Windows NT 5.1; SV1)"
84.56.173.55 - - [16/Sep/2005:06:11:58 -0800] "GET /store/photos/smalljpegs/(114)1972-0071-00776.jpg HTTP/1.1" 200 24068 "http://photolab.elmer.uaf.edu/store/alaskanatives.html" "Mozilla/4.0 (compatible; MSIE 6.0; Windows NT 5.1; SV1)"
84.56.173.55 - - [16/Sep/2005:06:11:59 -0800] "GET /store/photos/smalljpegs/(116)1989-0166-00402.jpg HTTP/1.1" 200 30729 "http://photolab.elmer.uaf.edu/store/alaskanatives.html" "Mozilla/4.0 (compatible; MSIE 6.0; Windows NT 5.1; SV1)"
84.56.173.55 - - [16/Sep/2005:06:11:59 -0800] "GET /store/photos/smalljpegs/(115)1989-0166-00398.jpg HTTP/1.1" 200 30154 "http://photolab.elmer.uaf.edu/store/alaskanatives.html" "Mozilla/4.0 (compatible; MSIE 6.0; Windows NT 5.1; SV1)"
84.56.173.55 - - [16/Sep/2005:06:12:00 -0800] "GET /store/photos/smalljpegs/(118)1989-0166-00389.jpg HTTP/1.1" 200 39923 "http://photolab.elmer.uaf.edu/store/alaskanatives.html" "Mozilla/4.0 (compatible; MSIE 6.0; Windows NT 5.1; SV1)"
84.56.173.55 - - [16/Sep/2005:06:12:01 -0800] "GET /store/photos/smalljpegs/(120)1966-0054-00114.jpg HTTP/1.1" 200 30387 "http://photolab.elmer.uaf.edu/store/alaskanatives.html" "Mozilla/4.0 (compatible; MSIE 6.0; Windows NT 5.1; SV1)"
84.56.173.55 - - [16/Sep/2005:06:12:02 -0800] "GET /store/photos/smalljpegs/(123)2002-0134-00056.jpg HTTP/1.1" 200 34062 "http://photolab.elmer.uaf.edu/store/alaskanatives.html" "Mozilla/4.0 (compatible; MSIE 6.0; Windows NT 5.1; SV1)"
84.56.173.55 - - [16/Sep/2005:06:12:02 -0800] "GET /store/photos/smalljpegs/(126)2002-0134-00097.jpg HTTP/1.1" 200 32555 "http://photolab.elmer.uaf.edu/store/alaskanatives.html" "Mozilla/4.0 (compatible; MSIE 6.0; Windows NT 5.1; SV1)"
84.56.173.55 - - [16/Sep/2005:06:12:04 -0800] "GET /store/photos/largejpegs/(057)1972-0071-00823.jpg HTTP/1.1" 200 103718 "http://photolab.elmer.uaf.edu/store/alaskanatives.html" "Mozilla/4.0 (compatible; MSIE 6.0; Windows NT 5.1; SV1)"
217.212.224.163 - - [16/Sep/2005:06:12:14 -0800] "GET /gallery/photos/20040084/1157-1288/images/2004-0084-01264.jpg HTTP/1.0" 200 39159 "-" "psbot/0.1 (+http://www.picsearch.com/bot.html)"
217.212.224.142 - - [16/Sep/2005:06:12:17 -0800] "GET /gallery/photos/19950244/01/pages/1995-0244-00178.html HTTP/1.0" 200 1888 "-" "psbot/0.1 (+http://www.picsearch.com/bot.html)"
84.56.173.55 - - [16/Sep/2005:06:12:21 -0800] "GET /store/photos/smalljpegs/(123)2002-0134-00056.jpg HTTP/1.1" 206 1294 "http://photolab.elmer.uaf.edu/store/alaskanatives.html" "Mozilla/4.0 (compatible; MSIE 6.0; Windows NT 5.1; SV1)"
84.56.173.55 - - [16/Sep/2005:06:12:21 -0800] "GET /store/photos/smalljpegs/(126)2002-0134-00097.jpg HTTP/1.1" 206 2431 "http://photolab.elmer.uaf.edu/store/alaskanatives.html" "Mozilla/4.0 (compatible; MSIE 6.0; Windows NT 5.1; SV1)"
84.56.173.55 - - [16/Sep/2005:06:12:21 -0800] "GET /store/photos/smalljpegs/(165)1989-0166-01146.jpg HTTP/1.1" 200 38177 "http://photolab.elmer.uaf.edu/store/alaskanatives.html" "Mozilla/4.0 (compatible; MSIE 6.0; Windows NT 5.1; SV1)"
207.46.98.84 - - [16/Sep/2005:06:12:27 -0800] "GET /gallery/photos/19690092/8/pages/1969-0092-00825.html HTTP/1.0" 200 1765 "-" "msnbot/1.0 (+http://search.msn.com/msnbot.htm)"
207.46.98.84 - - [16/Sep/2005:06:12:34 -0800] "GET /gallery/photos/20030120/2/pages/2003-0120-00239.html HTTP/1.0" 200 1871 "-" "msnbot/1.0 (+http://search.msn.com/msnbot.htm)"
207.46.98.84 - - [16/Sep/2005:06:12:36 -0800] "GET /gallery/photos/20030120/2/pages/2003-0120-00240.html HTTP/1.0" 200 1871 "-" "msnbot/1.0 (+http://search.msn.com/msnbot.htm)"
84.56.173.55 - - [16/Sep/2005:06:12:36 -0800] "GET /store/humor.html HTTP/1.1" 200 11997 "http://photolab.elmer.uaf.edu/store/photos.html" "Mozilla/4.0 (compatible; MSIE 6.0; Windows NT 5.1; SV1)"
84.56.173.55 - - [16/Sep/2005:06:12:36 -0800] "GET /store/photos/smalljpegs/(010)1976-0027-00001.jpg HTTP/1.1" 200 35280 "http://photolab.elmer.uaf.edu/store/humor.html" "Mozilla/4.0 (compatible; MSIE 6.0; Windows NT 5.1; SV1)"
84.56.173.55 - - [16/Sep/2005:06:12:37 -0800] "GET /store/photos/smalljpegs/(043)1964-0029-00313.jpg HTTP/1.1" 200 32327 "http://photolab.elmer.uaf.edu/store/humor.html" "Mozilla/4.0 (compatible; MSIE 6.0; Windows NT 5.1; SV1)"
84.56.173.55 - - [16/Sep/2005:06:12:38 -0800] "GET /store/photos/smalljpegs/(068)1964-0029-00066.jpg HTTP/1.1" 200 26810 "http://photolab.elmer.uaf.edu/store/humor.html" "Mozilla/4.0 (compatible; MSIE 6.0; Windows NT 5.1; SV1)"
217.212.224.163 - - [16/Sep/2005:06:12:38 -0800] "GET /gallery/photos/20040084/1157-1288/images/2004-0084-01265.jpg HTTP/1.0" 200 40774 "-" "psbot/0.1 (+http://www.picsearch.com/bot.html)"
84.56.173.55 - - [16/Sep/2005:06:12:38 -0800] "GET /store/photos/smalljpegs/(082)2000-0176-00094.jpg HTTP/1.1" 200 34448 "http://photolab.elmer.uaf.edu/store/humor.html" "Mozilla/4.0 (compatible; MSIE 6.0; Windows NT 5.1; SV1)"
84.56.173.55 - - [16/Sep/2005:06:12:39 -0800] "GET /store/photos/smalljpegs/(087)1958-1026-01659.jpg HTTP/1.1" 200 34229 "http://photolab.elmer.uaf.edu/store/humor.html" "Mozilla/4.0 (compatible; MSIE 6.0; Windows NT 5.1; SV1)"
207.46.98.84 - - [16/Sep/2005:06:12:41 -0800] "GET /gallery/photos/20030120/2/pages/2003-0120-00237.html HTTP/1.0" 200 1871 "-" "msnbot/1.0 (+http://search.msn.com/msnbot.htm)"
84.56.173.55 - - [16/Sep/2005:06:12:41 -0800] "GET /store/photos/smalljpegs/(088)1989-0166-00496a.jpg HTTP/1.1" 200 31266 "http://photolab.elmer.uaf.edu/store/humor.html" "Mozilla/4.0 (compatible; MSIE 6.0; Windows NT 5.1; SV1)"
84.56.173.55 - - [16/Sep/2005:06:12:41 -0800] "GET /store/photos/smalljpegs/(117)1989-0166-00405.jpg HTTP/1.1" 200 34274 "http://photolab.elmer.uaf.edu/store/humor.html" "Mozilla/4.0 (compatible; MSIE 6.0; Windows NT 5.1; SV1)"
84.56.173.55 - - [16/Sep/2005:06:12:42 -0800] "GET /store/photos/smalljpegs/(136)1966-0054-00239.jpg HTTP/1.1" 200 27188 "http://photolab.elmer.uaf.edu/store/humor.html" "Mozilla/4.0 (compatible; MSIE 6.0; Windows NT 5.1; SV1)"
84.56.173.55 - - [16/Sep/2005:06:12:43 -0800] "GET /store/photos/smalljpegs/(144)1974-0027-00525.jpg HTTP/1.1" 200 32505 "http://photolab.elmer.uaf.edu/store/humor.html" "Mozilla/4.0 (compatible; MSIE 6.0; Windows NT 5.1; SV1)"
84.56.173.55 - - [16/Sep/2005:06:12:44 -0800] "GET /store/photos/smalljpegs/(152)1989-0166-00582a.jpg HTTP/1.1" 200 33713 "http://photolab.elmer.uaf.edu/store/humor.html" "Mozilla/4.0 (compatible; MSIE 6.0; Windows NT 5.1; SV1)"
84.56.173.55 - - [16/Sep/2005:06:12:44 -0800] "GET /store/photos/smalljpegs/(153)1989-0166-00588.jpg HTTP/1.1" 200 37633 "http://photolab.elmer.uaf.edu/store/humor.html" "Mozilla/4.0 (compatible; MSIE 6.0; Windows NT 5.1; SV1)"
84.56.173.55 - - [16/Sep/2005:06:12:45 -0800] "GET /store/photos/smalljpegs/(154)1958-1026-00899.jpg HTTP/1.1" 200 29503 "http://photolab.elmer.uaf.edu/store/humor.html" "Mozilla/4.0 (compatible; MSIE 6.0; Windows NT 5.1; SV1)"
217.212.224.150 - - [16/Sep/2005:06:13:02 -0800] "GET /gallery/photos/20040162/images/2004-0162-00085.jpg HTTP/1.0" 200 51431 "-" "psbot/0.1 (+http://www.picsearch.com/bot.html)"
217.212.224.145 - - [16/Sep/2005:06:13:03 -0800] "GET /gallery/photos/19950244/01/pages/1995-0244-00179.html HTTP/1.0" 200 1888 "-" "psbot/0.1 (+http://www.picsearch.com/bot.html)"
207.46.98.84 - - [16/Sep/2005:06:13:06 -0800] "GET /gallery/photos/20030120/2/pages/2003-0120-00246.html HTTP/1.0" 200 1871 "-" "msnbot/1.0 (+http://search.msn.com/msnbot.htm)"
84.56.173.55 - - [16/Sep/2005:06:13:02 -0800] "GET /store/photos/largejpegs/(117)1989-0166-00405.jpg HTTP/1.1" 200 116948 "http://photolab.elmer.uaf.edu/store/humor.html" "Mozilla/4.0 (compatible; MSIE 6.0; Windows NT 5.1; SV1)"
207.46.98.84 - - [16/Sep/2005:06:13:09 -0800] "GET /gallery/photos/20030120/2/pages/2003-0120-00244.html HTTP/1.0" 200 1871 "-" "msnbot/1.0 (+http://search.msn.com/msnbot.htm)"
207.46.98.84 - - [16/Sep/2005:06:13:14 -0800] "GET /gallery/photos/20030120/2/pages/2003-0120-00242.html HTTP/1.0" 200 1871 "-" "msnbot/1.0 (+http://search.msn.com/msnbot.htm)"
207.46.98.84 - - [16/Sep/2005:06:13:19 -0800] "GET /gallery/photos/20030120/2/pages/2003-0120-00241.html HTTP/1.0" 200 1871 "-" "msnbot/1.0 (+http://search.msn.com/msnbot.htm)"
207.46.98.84 - - [16/Sep/2005:06:13:29 -0800] "GET /gallery/photos/20030120/2/pages/2003-0120-00243.html HTTP/1.0" 200 1871 "-" "msnbot/1.0 (+http://search.msn.com/msnbot.htm)"
217.212.224.163 - - [16/Sep/2005:06:13:29 -0800] "GET /gallery/photos/20040162/images/2004-0162-00086.jpg HTTP/1.0" 200 97513 "-" "psbot/0.1 (+http://www.picsearch.com/bot.html)"
65.7.69.145 - - [16/Sep/2005:06:13:29 -0800] "GET /store/photos/largejpegs/(105)1989-0166-00522a.jpg HTTP/1.1" 206 79511 "http://profile.myspace.com/index.cfm?fuseaction=user.viewprofile&friendID=11569622&Mytoken=DE131246-A31B-4AD5-BBEA99ED1A986BD1315127453&ifid=11569622" "Mozilla/4.0 (compatible; MSIE 6.0; Windows NT 5.1; SV1; .NET CLR 1.1.4322)"
217.212.224.143 - - [16/Sep/2005:06:13:48 -0800] "GET /gallery/photos/19950244/01/index_9.html HTTP/1.0" 200 3093 "-" "psbot/0.1 (+http://www.picsearch.com/bot.html)"
217.212.224.150 - - [16/Sep/2005:06:13:50 -0800] "GET /gallery/photos/20040084/1157-1288/images/2004-0084-01285.jpg HTTP/1.0" 200 73929 "-" "psbot/0.1 (+http://www.picsearch.com/bot.html)"
217.212.224.162 - - [16/Sep/2005:06:14:14 -0800] "GET /gallery/photos/20040084/1157-1288/images/2004-0084-01286.jpg HTTP/1.0" 200 81324 "-" "psbot/0.1 (+http://www.picsearch.com/bot.html)"
217.212.224.145 - - [16/Sep/2005:06:14:37 -0800] "GET /gallery/photos/19950244/01/pages/1995-0244-00184.html HTTP/1.0" 200 1888 "-" "psbot/0.1 (+http://www.picsearch.com/bot.html)"
217.212.224.149 - - [16/Sep/2005:06:14:36 -0800] "GET /gallery/photos/20040084/1157-1288/images/2004-0084-01287.jpg HTTP/1.0" 200 78264 "-" "psbot/0.1 (+http://www.picsearch.com/bot.html)"
217.212.224.163 - - [16/Sep/2005:06:15:00 -0800] "GET /gallery/photos/20040084/1157-1288/images/2004-0084-01288.jpg HTTP/1.0" 200 60141 "-" "psbot/0.1 (+http://www.picsearch.com/bot.html)"
217.212.224.142 - - [16/Sep/2005:06:15:22 -0800] "GET /gallery/photos/19950244/01/pages/1995-0244-00185.html HTTP/1.0" 200 1888 "-" "psbot/0.1 (+http://www.picsearch.com/bot.html)"
217.212.224.144 - - [16/Sep/2005:06:16:08 -0800] "GET /gallery/photos/19950244/01/pages/1995-0244-00186.html HTTP/1.0" 200 1888 "-" "psbot/0.1 (+http://www.picsearch.com/bot.html)"
62.166.134.146 - - [16/Sep/2005:06:16:46 -0800] "GET /store/people.html HTTP/1.1" 200 21075 "http://images.google.nl/imgres?imgurl=http://photolab.elmer.uaf.edu/store/photos/largejpegs/(040)1958-1026-01700.jpg&imgrefurl=http://photolab.elmer.uaf.edu/store/people.html&h=1000&w=762&sz=136&tbnid=muofWG5zZScJ:&tbnh=149&tbnw=113&hl=nl&start=36&prev=/images%3Fq%3Deskimo%2B%26start%3D20%26svnum%3D10%26hl%3Dnl%26lr%3D%26sa%3DN" "Mozilla/4.0 (compatible; MSIE 6.0; Windows NT 5.1; SV1; .NET CLR 1.1.4322)"
62.166.134.146 - - [16/Sep/2005:06:16:47 -0800] "GET /index_files/store.css HTTP/1.1" 200 2756 "http://photolab.elmer.uaf.edu/store/people.html" "Mozilla/4.0 (compatible; MSIE 6.0; Windows NT 5.1; SV1; .NET CLR 1.1.4322)"
62.166.134.146 - - [16/Sep/2005:06:16:47 -0800] "GET /store/photos/largejpegs/(040)1958-1026-01700.jpg HTTP/1.1" 200 138785 "http://images.google.nl/imgres?imgurl=http://photolab.elmer.uaf.edu/store/photos/largejpegs/(040)1958-1026-01700.jpg&imgrefurl=http://photolab.elmer.uaf.edu/store/people.html&h=1000&w=762&sz=136&tbnid=muofWG5zZScJ:&tbnh=149&tbnw=113&hl=nl&prev=/images%3Fq%3Deskimo%2B%26start%3D20%26svnum%3D10%26hl%3Dnl%26lr%3D%26sa%3DN&frame=small" "Mozilla/4.0 (compatible; MSIE 6.0; Windows NT 5.1; SV1; .NET CLR 1.1.4322)"
217.212.224.143 - - [16/Sep/2005:06:16:58 -0800] "GET /gallery/photos/19950244/01/pages/1995-0244-00187.html HTTP/1.0" 200 1888 "-" "psbot/0.1 (+http://www.picsearch.com/bot.html)"
217.212.224.143 - - [16/Sep/2005:06:17:43 -0800] "GET /gallery/photos/19950244/01/pages/1995-0244-00188.html HTTP/1.0" 200 1888 "-" "psbot/0.1 (+http://www.picsearch.com/bot.html)"
217.212.224.142 - - [16/Sep/2005:06:18:28 -0800] "GET /gallery/photos/19950244/01/pages/1995-0244-00189.html HTTP/1.0" 200 1888 "-" "psbot/0.1 (+http://www.picsearch.com/bot.html)"
217.212.224.145 - - [16/Sep/2005:06:19:17 -0800] "GET /gallery/photos/19950244/01/pages/1995-0244-00190.html HTTP/1.0" 200 1888 "-" "psbot/0.1 (+http://www.picsearch.com/bot.html)"
217.212.224.142 - - [16/Sep/2005:06:20:02 -0800] "GET /gallery/photos/19950244/01/pages/1995-0244-00191.html HTTP/1.0" 200 1888 "-" "psbot/0.1 (+http://www.picsearch.com/bot.html)"
217.212.224.142 - - [16/Sep/2005:06:20:46 -0800] "GET /gallery/photos/19950244/01/pages/1995-0244-00192.html HTTP/1.0" 200 1888 "-" "psbot/0.1 (+http://www.picsearch.com/bot.html)"
217.212.224.143 - - [16/Sep/2005:06:21:34 -0800] "GET /gallery/photos/19950244/01/pages/1995-0244-00193.html HTTP/1.0" 200 1888 "-" "psbot/0.1 (+http://www.picsearch.com/bot.html)"
217.212.224.143 - - [16/Sep/2005:06:22:19 -0800] "GET /gallery/photos/19950244/01/pages/1995-0244-00194.html HTTP/1.0" 200 1888 "-" "psbot/0.1 (+http://www.picsearch.com/bot.html)"
68.142.251.156 - - [16/Sep/2005:06:22:54 -0800] "GET /robots.txt HTTP/1.0" 200 96 "-" "Mozilla/5.0 (compatible; Yahoo! Slurp; http://help.yahoo.com/help/us/ysearch/slurp)"
68.142.251.12 - - [16/Sep/2005:06:22:54 -0800] "GET /gallery/photos/20030109/3/pages/2003-0109-00351.html HTTP/1.0" 304 - "-" "Mozilla/5.0 (compatible; Yahoo! Slurp; http://help.yahoo.com/help/us/ysearch/slurp)"
217.212.224.143 - - [16/Sep/2005:06:23:05 -0800] "GET /gallery/photos/19950244/01/pages/1995-0244-00195.html HTTP/1.0" 200 1888 "-" "psbot/0.1 (+http://www.picsearch.com/bot.html)"
217.212.224.143 - - [16/Sep/2005:06:23:52 -0800] "GET /gallery/photos/19890199/0/pages/1989-0199-00076.html HTTP/1.0" 200 1880 "-" "psbot/0.1 (+http://www.picsearch.com/bot.html)"
217.212.224.142 - - [16/Sep/2005:06:24:37 -0800] "GET /gallery/photos/19890199/0/pages/1989-0199-00077.html HTTP/1.0" 200 1880 "-" "psbot/0.1 (+http://www.picsearch.com/bot.html)"
217.212.224.143 - - [16/Sep/2005:06:25:24 -0800] "GET /gallery/photos/19890199/0/pages/1989-0199-00079.html HTTP/1.0" 200 1880 "-" "psbot/0.1 (+http://www.picsearch.com/bot.html)"
217.212.224.144 - - [16/Sep/2005:06:26:13 -0800] "GET /gallery/photos/19890199/0/pages/1989-0199-00080.html HTTP/1.0" 200 1880 "-" "psbot/0.1 (+http://www.picsearch.com/bot.html)"
217.212.224.143 - - [16/Sep/2005:06:26:58 -0800] "GET /gallery/photos/19950244/01/pages/1995-0244-00197.html HTTP/1.0" 200 1888 "-" "psbot/0.1 (+http://www.picsearch.com/bot.html)"
217.212.224.144 - - [16/Sep/2005:06:27:45 -0800] "GET /gallery/photos/19950244/01/pages/1995-0244-00198.html HTTP/1.0" 200 1888 "-" "psbot/0.1 (+http://www.picsearch.com/bot.html)"
217.212.224.143 - - [16/Sep/2005:06:28:33 -0800] "GET /gallery/photos/19940096/4/pages/1994-0096-00488.html HTTP/1.0" 200 1903 "-" "psbot/0.1 (+http://www.picsearch.com/bot.html)"
217.212.224.143 - - [16/Sep/2005:06:29:19 -0800] "GET /gallery/photos/19940096/4/pages/1994-0096-00489.html HTTP/1.0" 200 1903 "-" "psbot/0.1 (+http://www.picsearch.com/bot.html)"
217.212.224.142 - - [16/Sep/2005:06:30:04 -0800] "GET /gallery/photos/19940096/4/pages/1994-0096-00490.html HTTP/1.0" 200 1903 "-" "psbot/0.1 (+http://www.picsearch.com/bot.html)"
151.207.240.4 - - [16/Sep/2005:06:31:46 -0800] "GET /store/photos/smalljpegs/(006)1970-0058-00507.jpg HTTP/1.1" 304 - "-" "Mozilla/4.0 (compatible;)"
151.207.240.4 - - [16/Sep/2005:06:33:17 -0800] "GET /store/photos/smalljpegs/(146)1966-0054-00051.jpg HTTP/1.1" 304 - "-" "Mozilla/4.0 (compatible;)"
62.161.112.80 - - [16/Sep/2005:06:34:16 -0800] "GET /index_files/title.jpg HTTP/1.1" 200 5438 "http://photolab.elmer.uaf.edu/gallery/maps/mapg3200.html" "Mozilla/4.0 (compatible; MSIE 6.0; Windows NT 5.1)"
62.161.112.80 - - [16/Sep/2005:06:34:17 -0800] "GET /index_files/lib.css HTTP/1.1" 200 2634 "http://photolab.elmer.uaf.edu/gallery/maps/mapg3200.html" "Mozilla/4.0 (compatible; MSIE 6.0; Windows NT 5.1)"
62.161.112.80 - - [16/Sep/2005:06:34:16 -0800] "GET /gallery/maps/mapg3200.html HTTP/1.1" 200 17141 "http://images.google.fr/imgres?imgurl=http://photolab.elmer.uaf.edu/gallery/maps/G3200/large/G3200%25201783%2520B68.jpg&imgrefurl=http://photolab.elmer.uaf.edu/gallery/maps/mapg3200.html&h=837&w=1200&sz=238&tbnid=UcO6rGbbptUJ:&tbnh=104&tbnw=150&hl=fr&start=111&prev=/images%3Fq%3Dglobe%2Bterrestre%26start%3D100%26svnum%3D10%26hl%3Dfr%26lr%3D%26sa%3DN" "Mozilla/4.0 (compatible; MSIE 6.0; Windows NT 5.1)"
62.161.112.80 - - [16/Sep/2005:06:34:17 -0800] "GET /index_files/apr.jpg HTTP/1.1" 200 6015 "http://photolab.elmer.uaf.edu/gallery/maps/mapg3200.html" "Mozilla/4.0 (compatible; MSIE 6.0; Windows NT 5.1)"
62.161.112.80 - - [16/Sep/2005:06:34:18 -0800] "GET /index_files/bar.gif HTTP/1.1" 200 342 "http://photolab.elmer.uaf.edu/gallery/maps/mapg3200.html" "Mozilla/4.0 (compatible; MSIE 6.0; Windows NT 5.1)"
62.161.112.80 - - [16/Sep/2005:06:34:18 -0800] "GET /gallery/maps/G3200/large/G3200%201783%20B68.jpg HTTP/1.1" 200 243280 "http://images.google.fr/imgres?imgurl=http://photolab.elmer.uaf.edu/gallery/maps/G3200/large/G3200%25201783%2520B68.jpg&imgrefurl=http://photolab.elmer.uaf.edu/gallery/maps/mapg3200.html&h=837&w=1200&sz=238&tbnid=UcO6rGbbptUJ:&tbnh=104&tbnw=150&hl=fr&prev=/images%3Fq%3Dglobe%2Bterrestre%26start%3D100%26svnum%3D10%26hl%3Dfr%26lr%3D%26sa%3DN&frame=small" "Mozilla/4.0 (compatible; MSIE 6.0; Windows NT 5.1)"
213.18.248.19 - - [16/Sep/2005:06:36:47 -0800] "GET /store/people.html HTTP/1.0" 200 21075 "http://images.google.co.uk/imgres?imgurl=http://photolab.elmer.uaf.edu/store/photos/largejpegs/(105)1989-0166-00522a.jpg&imgrefurl=http://photolab.elmer.uaf.edu/store/people.html&h=692&w=1000&sz=100&tbnid=mRifvhDN3-gJ:&tbnh=103&tbnw=149&hl=en&start=4&prev=/images%3Fq%3Dold%2Bwoman%26svnum%3D10%26hl%3Den%26lr%3D" "Mozilla/4.0 (compatible; MSIE 6.0; Windows NT 5.1; SV1)"
213.18.248.19 - - [16/Sep/2005:06:36:47 -0800] "GET /index_files/store.css HTTP/1.0" 200 2756 "http://photolab.elmer.uaf.edu/store/people.html" "Mozilla/4.0 (compatible; MSIE 6.0; Windows NT 5.1; SV1)"
213.18.248.19 - - [16/Sep/2005:06:36:48 -0800] "GET /index_files/aprbrown.jpg HTTP/1.0" 200 5509 "http://photolab.elmer.uaf.edu/store/people.html" "Mozilla/4.0 (compatible; MSIE 6.0; Windows NT 5.1; SV1)"
213.18.248.19 - - [16/Sep/2005:06:36:48 -0800] "GET /store/photos/largejpegs/(105)1989-0166-00522a.jpg HTTP/1.0" 200 101451 "http://images.google.co.uk/imgres?imgurl=http://photolab.elmer.uaf.edu/store/photos/largejpegs/(105)1989-0166-00522a.jpg&imgrefurl=http://photolab.elmer.uaf.edu/store/people.html&h=692&w=1000&sz=100&tbnid=mRifvhDN3-gJ:&tbnh=103&tbnw=149&hl=en&prev=/images%3Fq%3Dold%2Bwoman%26svnum%3D10%26hl%3Den%26lr%3D&frame=small" "Mozilla/4.0 (compatible; MSIE 6.0; Windows NT 5.1; SV1)"
151.207.244.4 - - [16/Sep/2005:06:36:52 -0800] "GET /store/photos/smalljpegs/(014)1992-0016-00069.jpg HTTP/1.1" 304 - "-" "Mozilla/4.0 (compatible;)"
151.207.244.4 - - [16/Sep/2005:06:37:10 -0800] "GET /store/photos/smalljpegs/(154)1958-1026-00899.jpg HTTP/1.1" 304 - "-" "Mozilla/4.0 (compatible;)"
213.18.248.19 - - [16/Sep/2005:06:38:23 -0800] "GET /index_files/titlebrown.jpg HTTP/1.0" 200 5451 "http://photolab.elmer.uaf.edu/store/people.html" "Mozilla/4.0 (compatible; MSIE 6.0; Windows NT 5.1; SV1)"
213.18.248.19 - - [16/Sep/2005:06:38:24 -0800] "GET /index_files/menubar.gif HTTP/1.0" 200 2913 "http://photolab.elmer.uaf.edu/store/people.html" "Mozilla/4.0 (compatible; MSIE 6.0; Windows NT 5.1; SV1)"
213.18.248.19 - - [16/Sep/2005:06:38:24 -0800] "GET /index_files/storetitle.gif HTTP/1.0" 200 14535 "http://photolab.elmer.uaf.edu/store/people.html" "Mozilla/4.0 (compatible; MSIE 6.0; Windows NT 5.1; SV1)"
213.18.248.19 - - [16/Sep/2005:06:38:24 -0800] "GET /store/photos/smalljpegs/(007)1972-0071-03234.jpg HTTP/1.0" 200 32052 "http://photolab.elmer.uaf.edu/store/people.html" "Mozilla/4.0 (compatible; MSIE 6.0; Windows NT 5.1; SV1)"
82.230.109.64 - - [16/Sep/2005:06:44:21 -0800] "GET /store/photos/largejpegs/(105)1989-0166-00522a.jpg HTTP/1.1" 304 - "-" "Mozilla/4.0 (compatible; MSIE 6.0; Windows NT 5.1)"
131.156.77.93 - - [16/Sep/2005:06:48:05 -0800] "GET /index_files/lib.css HTTP/1.1" 200 2634 "http://photolab.elmer.uaf.edu/gallery/maps/mapg3290.html" "Mozilla/5.0 (Windows; U; Windows NT 5.1; en-US; rv:1.7.1) Gecko/20040707"
131.156.77.93 - - [16/Sep/2005:06:48:04 -0800] "GET /gallery/maps/mapg3290.html HTTP/1.1" 200 15540 "http://images.google.com/imgres?imgurl=http://photolab.elmer.uaf.edu/gallery/maps/G3200/large/G3290%25201623%2520B79.jpg&imgrefurl=http://photolab.elmer.uaf.edu/gallery/maps/mapg3290.html&h=1768&w=1200&sz=474&tbnid=aoRgpJW4eVEJ:&tbnh=150&tbnw=101&hl=en&start=43&prev=/images%3Fq%3Dtheodor%2Bde%2Bbry%26start%3D40%26svnum%3D10%26hl%3Den%26lr%3D%26sa%3DN" "Mozilla/5.0 (Windows; U; Windows NT 5.1; en-US; rv:1.7.1) Gecko/20040707"
131.156.77.93 - - [16/Sep/2005:06:48:05 -0800] "GET /index_files/apr.jpg HTTP/1.1" 200 6015 "http://photolab.elmer.uaf.edu/gallery/maps/mapg3290.html" "Mozilla/5.0 (Windows; U; Windows NT 5.1; en-US; rv:1.7.1) Gecko/20040707"
131.156.77.93 - - [16/Sep/2005:06:48:05 -0800] "GET /index_files/title.jpg HTTP/1.1" 200 5438 "http://photolab.elmer.uaf.edu/gallery/maps/mapg3290.html" "Mozilla/5.0 (Windows; U; Windows NT 5.1; en-US; rv:1.7.1) Gecko/20040707"
131.156.77.93 - - [16/Sep/2005:06:48:05 -0800] "GET /index_files/empty.gif HTTP/1.1" 200 45 "http://photolab.elmer.uaf.edu/gallery/maps/mapg3290.html" "Mozilla/5.0 (Windows; U; Windows NT 5.1; en-US; rv:1.7.1) Gecko/20040707"
131.156.77.93 - - [16/Sep/2005:06:48:05 -0800] "GET /index_files/small.dps.jpg HTTP/1.1" 200 5830 "http://photolab.elmer.uaf.edu/gallery/maps/mapg3290.html" "Mozilla/5.0 (Windows; U; Windows NT 5.1; en-US; rv:1.7.1) Gecko/20040707"
131.156.77.93 - - [16/Sep/2005:06:48:05 -0800] "GET /index_files/small.jpg HTTP/1.1" 200 2294 "http://photolab.elmer.uaf.edu/gallery/maps/mapg3290.html" "Mozilla/5.0 (Windows; U; Windows NT 5.1; en-US; rv:1.7.1) Gecko/20040707"
131.156.77.93 - - [16/Sep/2005:06:48:05 -0800] "GET /index_files/small_002.jpg HTTP/1.1" 200 1351 "http://photolab.elmer.uaf.edu/gallery/maps/mapg3290.html" "Mozilla/5.0 (Windows; U; Windows NT 5.1; en-US; rv:1.7.1) Gecko/20040707"
131.156.77.93 - - [16/Sep/2005:06:48:05 -0800] "GET /index_files/small_003.jpg HTTP/1.1" 200 1521 "http://photolab.elmer.uaf.edu/gallery/maps/mapg3290.html" "Mozilla/5.0 (Windows; U; Windows NT 5.1; en-US; rv:1.7.1) Gecko/20040707"
131.156.77.93 - - [16/Sep/2005:06:48:05 -0800] "GET /gallery/maps/G3200/small/G3290%20%5B1544%5D%20M86.jpg HTTP/1.1" 200 15838 "http://photolab.elmer.uaf.edu/gallery/maps/mapg3290.html" "Mozilla/5.0 (Windows; U; Windows NT 5.1; en-US; rv:1.7.1) Gecko/20040707"
131.156.77.93 - - [16/Sep/2005:06:48:05 -0800] "GET /gallery/maps/G3200/small/G3290%201623%20B79.jpg HTTP/1.1" 200 16687 "http://photolab.elmer.uaf.edu/gallery/maps/mapg3290.html" "Mozilla/5.0 (Windows; U; Windows NT 5.1; en-US; rv:1.7.1) Gecko/20040707"
131.156.77.93 - - [16/Sep/2005:06:48:06 -0800] "GET /gallery/maps/G3200/small/G3290%20%5B1710%5D%20D361.jpg HTTP/1.1" 200 18567 "http://photolab.elmer.uaf.edu/gallery/maps/mapg3290.html" "Mozilla/5.0 (Windows; U; Windows NT 5.1; en-US; rv:1.7.1) Gecko/20040707"
131.156.77.93 - - [16/Sep/2005:06:48:06 -0800] "GET /gallery/maps/G3200/small/G3290%20%5B1630_%5D%20L33.jpg HTTP/1.1" 200 17677 "http://photolab.elmer.uaf.edu/gallery/maps/mapg3290.html" "Mozilla/5.0 (Windows; U; Windows NT 5.1; en-US; rv:1.7.1) Gecko/20040707"
131.156.77.93 - - [16/Sep/2005:06:48:06 -0800] "GET /gallery/maps/G3200/small/G3290%20%5B1710%5D%20H65.jpg HTTP/1.1" 200 17967 "http://photolab.elmer.uaf.edu/gallery/maps/mapg3290.html" "Mozilla/5.0 (Windows; U; Windows NT 5.1; en-US; rv:1.7.1) Gecko/20040707"
131.156.77.93 - - [16/Sep/2005:06:48:06 -0800] "GET /gallery/maps/G3200/small/G3290%201746%20R68.jpg HTTP/1.1" 200 15904 "http://photolab.elmer.uaf.edu/gallery/maps/mapg3290.html" "Mozilla/5.0 (Windows; U; Windows NT 5.1; en-US; rv:1.7.1) Gecko/20040707"
131.156.77.93 - - [16/Sep/2005:06:48:06 -0800] "GET /index_files/bar.gif HTTP/1.1" 200 342 "http://photolab.elmer.uaf.edu/gallery/maps/mapg3290.html" "Mozilla/5.0 (Windows; U; Windows NT 5.1; en-US; rv:1.7.1) Gecko/20040707"
131.156.77.93 - - [16/Sep/2005:06:48:06 -0800] "GET /gallery/maps/G3200/large/G3290%201623%20B79.jpg HTTP/1.1" 200 484854 "http://images.google.com/imgres?imgurl=http://photolab.elmer.uaf.edu/gallery/maps/G3200/large/G3290%25201623%2520B79.jpg&imgrefurl=http://photolab.elmer.uaf.edu/gallery/maps/mapg3290.html&h=1768&w=1200&sz=474&tbnid=aoRgpJW4eVEJ:&tbnh=150&tbnw=101&hl=en&prev=/images%3Fq%3Dtheodor%2Bde%2Bbry%26start%3D40%26svnum%3D10%26hl%3Den%26lr%3D%26sa%3DN&frame=small" "Mozilla/5.0 (Windows; U; Windows NT 5.1; en-US; rv:1.7.1) Gecko/20040707"
131.156.77.93 - - [16/Sep/2005:06:48:20 -0800] "GET /gallery/maps/G3200/small/G3290%201746%20R68.jpg HTTP/1.1" 200 15904 "http://photolab.elmer.uaf.edu/gallery/maps/mapg3290.html" "Mozilla/5.0 (Windows; U; Windows NT 5.1; en-US; rv:1.7.1) Gecko/20040707"
131.156.77.93 - - [16/Sep/2005:06:48:20 -0800] "GET /gallery/maps/G3200/small/G3290%20%5B1710%5D%20H65.jpg HTTP/1.1" 200 17967 "http://photolab.elmer.uaf.edu/gallery/maps/mapg3290.html" "Mozilla/5.0 (Windows; U; Windows NT 5.1; en-US; rv:1.7.1) Gecko/20040707"
131.156.77.93 - - [16/Sep/2005:06:48:21 -0800] "GET /gallery/maps/G3200/small/G3290%201746%20R68a.jpg HTTP/1.1" 200 16373 "http://photolab.elmer.uaf.edu/gallery/maps/mapg3290.html" "Mozilla/5.0 (Windows; U; Windows NT 5.1; en-US; rv:1.7.1) Gecko/20040707"
131.156.77.93 - - [16/Sep/2005:06:48:21 -0800] "GET /gallery/maps/G3200/small/G3290%201762%20J35.jpg HTTP/1.1" 200 15410 "http://photolab.elmer.uaf.edu/gallery/maps/mapg3290.html" "Mozilla/5.0 (Windows; U; Windows NT 5.1; en-US; rv:1.7.1) Gecko/20040707"
131.156.77.93 - - [16/Sep/2005:06:48:21 -0800] "GET /gallery/maps/G3200/small/G3290%201775%20S29%20sheet%201.jpg HTTP/1.1" 200 16211 "http://photolab.elmer.uaf.edu/gallery/maps/mapg3290.html" "Mozilla/5.0 (Windows; U; Windows NT 5.1; en-US; rv:1.7.1) Gecko/20040707"
131.156.77.93 - - [16/Sep/2005:06:48:21 -0800] "GET /gallery/maps/G3200/small/G3290%201775%20S29%20sheet%202.jpg HTTP/1.1" 200 15886 "http://photolab.elmer.uaf.edu/gallery/maps/mapg3290.html" "Mozilla/5.0 (Windows; U; Windows NT 5.1; en-US; rv:1.7.1) Gecko/20040707"
131.156.77.93 - - [16/Sep/2005:06:48:21 -0800] "GET /gallery/maps/G3200/small/G3290%201783%20S82.jpg HTTP/1.1" 200 15695 "http://photolab.elmer.uaf.edu/gallery/maps/mapg3290.html" "Mozilla/5.0 (Windows; U; Windows NT 5.1; en-US; rv:1.7.1) Gecko/20040707"
131.156.77.93 - - [16/Sep/2005:06:48:22 -0800] "GET /gallery/maps/G3200/small/G3290%20%5B1790_%5D%20B741.jpg HTTP/1.1" 200 16467 "http://photolab.elmer.uaf.edu/gallery/maps/mapg3290.html" "Mozilla/5.0 (Windows; U; Windows NT 5.1; en-US; rv:1.7.1) Gecko/20040707"
131.156.77.93 - - [16/Sep/2005:06:48:22 -0800] "GET /gallery/maps/G3200/small/G3290%20%5B1818%5D%20J85.jpg HTTP/1.1" 200 14747 "http://photolab.elmer.uaf.edu/gallery/maps/mapg3290.html" "Mozilla/5.0 (Windows; U; Windows NT 5.1; en-US; rv:1.7.1) Gecko/20040707"
131.156.77.93 - - [16/Sep/2005:06:48:22 -0800] "GET /gallery/maps/G3200/small/G3290%201828%20B3%20sheet%201.jpg HTTP/1.1" 200 14118 "http://photolab.elmer.uaf.edu/gallery/maps/mapg3290.html" "Mozilla/5.0 (Windows; U; Windows NT 5.1; en-US; rv:1.7.1) Gecko/20040707"
131.156.77.93 - - [16/Sep/2005:06:48:22 -0800] "GET /gallery/maps/G3200/small/G3290%201828%20B3%20sheet%202.jpg HTTP/1.1" 200 14006 "http://photolab.elmer.uaf.edu/gallery/maps/mapg3290.html" "Mozilla/5.0 (Windows; U; Windows NT 5.1; en-US; rv:1.7.1) Gecko/20040707"
131.156.77.93 - - [16/Sep/2005:06:48:22 -0800] "GET /gallery/maps/G3200/small/G3290%201828%20B3%20sheet%203.jpg HTTP/1.1" 200 14380 "http://photolab.elmer.uaf.edu/gallery/maps/mapg3290.html" "Mozilla/5.0 (Windows; U; Windows NT 5.1; en-US; rv:1.7.1) Gecko/20040707"
131.156.77.93 - - [16/Sep/2005:06:48:23 -0800] "GET /gallery/maps/G3200/small/G3290%201828%20B3%20sheet%204.jpg HTTP/1.1" 200 13003 "http://photolab.elmer.uaf.edu/gallery/maps/mapg3290.html" "Mozilla/5.0 (Windows; U; Windows NT 5.1; en-US; rv:1.7.1) Gecko/20040707"
131.156.77.93 - - [16/Sep/2005:06:48:23 -0800] "GET /gallery/maps/G3200/small/G3290%201828%20B3%20sheet%205.jpg HTTP/1.1" 200 13867 "http://photolab.elmer.uaf.edu/gallery/maps/mapg3290.html" "Mozilla/5.0 (Windows; U; Windows NT 5.1; en-US; rv:1.7.1) Gecko/20040707"
131.156.77.93 - - [16/Sep/2005:06:48:23 -0800] "GET /gallery/maps/G3200/small/G3290%201828%20B3%20sheet%206.jpg HTTP/1.1" 200 14235 "http://photolab.elmer.uaf.edu/gallery/maps/mapg3290.html" "Mozilla/5.0 (Windows; U; Windows NT 5.1; en-US; rv:1.7.1) Gecko/20040707"
131.156.77.93 - - [16/Sep/2005:06:48:23 -0800] "GET /gallery/maps/G3200/small/G3290%201828%20B3%20sheet%207.jpg HTTP/1.1" 200 13596 "http://photolab.elmer.uaf.edu/gallery/maps/mapg3290.html" "Mozilla/5.0 (Windows; U; Windows NT 5.1; en-US; rv:1.7.1) Gecko/20040707"
131.156.77.93 - - [16/Sep/2005:06:48:23 -0800] "GET /gallery/maps/G3200/small/G3290%201828%20B3%20sheet%208.jpg HTTP/1.1" 200 15500 "http://photolab.elmer.uaf.edu/gallery/maps/mapg3290.html" "Mozilla/5.0 (Windows; U; Windows NT 5.1; en-US; rv:1.7.1) Gecko/20040707"
131.156.77.93 - - [16/Sep/2005:06:48:24 -0800] "GET /index_files/bluebear.gif HTTP/1.1" 200 1263 "http://photolab.elmer.uaf.edu/gallery/maps/mapg3290.html" "Mozilla/5.0 (Windows; U; Windows NT 5.1; en-US; rv:1.7.1) Gecko/20040707"
131.156.77.93 - - [16/Sep/2005:06:48:24 -0800] "GET /index_files/sitemap.gif HTTP/1.1" 200 1503 "http://photolab.elmer.uaf.edu/gallery/maps/mapg3290.html" "Mozilla/5.0 (Windows; U; Windows NT 5.1; en-US; rv:1.7.1) Gecko/20040707"
131.156.77.93 - - [16/Sep/2005:06:48:23 -0800] "GET /gallery/maps/G3200/small/G3290%20%5B1851%5D%20R36.jpg HTTP/1.1" 200 17865 "http://photolab.elmer.uaf.edu/gallery/maps/mapg3290.html" "Mozilla/5.0 (Windows; U; Windows NT 5.1; en-US; rv:1.7.1) Gecko/20040707"
64.8.172.3 - - [16/Sep/2005:06:48:45 -0800] "GET /index_files/store.css HTTP/1.1" 200 2756 "http://photolab.elmer.uaf.edu/store/people.html" "Mozilla/4.0 (compatible; MSIE 6.0; Windows NT 5.1; SV1)"
64.8.172.3 - - [16/Sep/2005:06:48:46 -0800] "GET /index_files/titlebrown.jpg HTTP/1.1" 200 5451 "http://photolab.elmer.uaf.edu/store/people.html" "Mozilla/4.0 (compatible; MSIE 6.0; Windows NT 5.1; SV1)"
64.8.172.3 - - [16/Sep/2005:06:48:44 -0800] "GET /store/people.html HTTP/1.1" 200 21075 "http://images.google.com/imgres?imgurl=http://photolab.elmer.uaf.edu/store/photos/largejpegs/(040)1958-1026-01700.jpg&imgrefurl=http://photolab.elmer.uaf.edu/store/people.html&h=1000&w=762&sz=136&tbnid=muofWG5zZScJ:&tbnh=149&tbnw=113&hl=en&start=36&prev=/images%3Fq%3Deskimo%26start%3D20%26svnum%3D10%26hl%3Den%26lr%3D%26sa%3DN" "Mozilla/4.0 (compatible; MSIE 6.0; Windows NT 5.1; SV1)"
64.8.172.3 - - [16/Sep/2005:06:48:46 -0800] "GET /store/photos/largejpegs/(040)1958-1026-01700.jpg HTTP/1.1" 200 138785 "http://images.google.com/imgres?imgurl=http://photolab.elmer.uaf.edu/store/photos/largejpegs/(040)1958-1026-01700.jpg&imgrefurl=http://photolab.elmer.uaf.edu/store/people.html&h=1000&w=762&sz=136&tbnid=muofWG5zZScJ:&tbnh=149&tbnw=113&hl=en&prev=/images%3Fq%3Deskimo%26start%3D20%26svnum%3D10%26hl%3Den%26lr%3D%26sa%3DN&frame=small" "Mozilla/4.0 (compatible; MSIE 6.0; Windows NT 5.1; SV1)"
64.8.172.3 - - [16/Sep/2005:06:48:56 -0800] "GET /store/people.html HTTP/1.1" 206 1931 "http://images.google.com/imgres?imgurl=http://photolab.elmer.uaf.edu/store/photos/largejpegs/(040)1958-1026-01700.jpg&imgrefurl=http://photolab.elmer.uaf.edu/store/people.html&h=1000&w=762&sz=136&tbnid=muofWG5zZScJ:&tbnh=149&tbnw=113&hl=en&start=36&prev=/images%3Fq%3Deskimo%26start%3D20%26svnum%3D10%26hl%3Den%26lr%3D%26sa%3DN" "Mozilla/4.0 (compatible; MSIE 6.0; Windows NT 5.1; SV1)"
64.8.172.3 - - [16/Sep/2005:06:48:56 -0800] "GET /index_files/titlebrown.jpg HTTP/1.1" 206 2989 "http://photolab.elmer.uaf.edu/store/people.html" "Mozilla/4.0 (compatible; MSIE 6.0; Windows NT 5.1; SV1)"
64.8.172.3 - - [16/Sep/2005:06:48:56 -0800] "GET /index_files/aprbrown.jpg HTTP/1.1" 200 5509 "http://photolab.elmer.uaf.edu/store/people.html" "Mozilla/4.0 (compatible; MSIE 6.0; Windows NT 5.1; SV1)"
64.8.172.3 - - [16/Sep/2005:06:48:57 -0800] "GET /index_files/menubar.gif HTTP/1.1" 200 2913 "http://photolab.elmer.uaf.edu/store/people.html" "Mozilla/4.0 (compatible; MSIE 6.0; Windows NT 5.1; SV1)"
64.8.172.3 - - [16/Sep/2005:06:48:56 -0800] "GET /index_files/storetitle.gif HTTP/1.1" 200 14535 "http://photolab.elmer.uaf.edu/store/people.html" "Mozilla/4.0 (compatible; MSIE 6.0; Windows NT 5.1; SV1)"
64.8.172.3 - - [16/Sep/2005:06:48:57 -0800] "GET /store/photos/smalljpegs/(007)1972-0071-03234.jpg HTTP/1.1" 200 32052 "http://photolab.elmer.uaf.edu/store/people.html" "Mozilla/4.0 (compatible; MSIE 6.0; Windows NT 5.1; SV1)"
64.8.172.3 - - [16/Sep/2005:06:48:57 -0800] "GET /store/photos/smalljpegs/(009)1975-0146-00003.jpg HTTP/1.1" 200 35453 "http://photolab.elmer.uaf.edu/store/people.html" "Mozilla/4.0 (compatible; MSIE 6.0; Windows NT 5.1; SV1)"
64.8.172.3 - - [16/Sep/2005:06:48:58 -0800] "GET /store/photos/smalljpegs/(012)1989-0166-00375.jpg HTTP/1.1" 200 41883 "http://photolab.elmer.uaf.edu/store/people.html" "Mozilla/4.0 (compatible; MSIE 6.0; Windows NT 5.1; SV1)"
64.8.172.3 - - [16/Sep/2005:06:48:58 -0800] "GET /store/photos/smalljpegs/(024)1972-0116-00334.jpg HTTP/1.1" 200 29908 "http://photolab.elmer.uaf.edu/store/people.html" "Mozilla/4.0 (compatible; MSIE 6.0; Windows NT 5.1; SV1)"
209.120.161.20 - - [16/Sep/2005:07:01:54 -0800] "GET /index_files/store.css HTTP/1.1" 200 2756 "http://photolab.elmer.uaf.edu/store/alaskanatives.html" "Mozilla/5.0 (Macintosh; U; PPC Mac OS X; en) AppleWebKit/125.5.6 (KHTML, like Gecko) Safari/125.12"
209.120.161.20 - - [16/Sep/2005:07:01:54 -0800] "GET /index_files/titlebrown.jpg HTTP/1.1" 200 5451 "http://photolab.elmer.uaf.edu/store/alaskanatives.html" "Mozilla/5.0 (Macintosh; U; PPC Mac OS X; en) AppleWebKit/125.5.6 (KHTML, like Gecko) Safari/125.12"
209.120.161.20 - - [16/Sep/2005:07:01:54 -0800] "GET /index_files/aprbrown.jpg HTTP/1.1" 200 5509 "http://photolab.elmer.uaf.edu/store/alaskanatives.html" "Mozilla/5.0 (Macintosh; U; PPC Mac OS X; en) AppleWebKit/125.5.6 (KHTML, like Gecko) Safari/125.12"
209.120.161.20 - - [16/Sep/2005:07:01:54 -0800] "GET /index_files/storetitle.gif HTTP/1.1" 200 14535 "http://photolab.elmer.uaf.edu/store/alaskanatives.html" "Mozilla/5.0 (Macintosh; U; PPC Mac OS X; en) AppleWebKit/125.5.6 (KHTML, like Gecko) Safari/125.12"
209.120.161.20 - - [16/Sep/2005:07:01:54 -0800] "GET /index_files/menubar.gif HTTP/1.1" 200 2913 "http://photolab.elmer.uaf.edu/store/alaskanatives.html" "Mozilla/5.0 (Macintosh; U; PPC Mac OS X; en) AppleWebKit/125.5.6 (KHTML, like Gecko) Safari/125.12"
