194.83.12.5 - - [16/Sep/2005:04:22:35 -0800] "GET /store/people.html HTTP/1.0" 200 21075 "http://images.google.co.uk/imgres?imgurl=http://photolab.elmer.uaf.edu/store/photos/largejpegs/(105)1989-0166-00522a.jpg&imgrefurl=http://photolab.elmer.uaf.edu/store/people.html&h=692&w=1000&sz=100&tbnid=mRifvhDN3-gJ:&tbnh=103&tbnw=149&hl=en&start=4&prev=/images%3Fq%3Dold%2Bwoman%26svnum%3D10%26hl%3Den%26lr%3D%26sa%3DN" "Mozilla/4.0 (compatible; MSIE 6.0; Windows NT 5.1; .NET CLR 1.1.4322)"
217.212.224.159 - - [16/Sep/2005:04:22:34 -0800] "GET /gallery/photos/19680041/2/images/1968-0041-00217.jpg HTTP/1.0" 200 70063 "-" "psbot/0.1 (+http://www.picsearch.com/bot.html)"
194.83.12.5 - - [16/Sep/2005:04:22:36 -0800] "GET /index_files/store.css HTTP/1.0" 200 2756 "http://photolab.elmer.uaf.edu/store/people.html" "Mozilla/4.0 (compatible; MSIE 6.0; Windows NT 5.1; .NET CLR 1.1.4322)"
194.83.12.5 - - [16/Sep/2005:04:22:36 -0800] "GET /store/photos/largejpegs/(105)1989-0166-00522a.jpg HTTP/1.0" 200 101451 "http://images.google.co.uk/imgres?imgurl=http://photolab.elmer.uaf.edu/store/photos/largejpegs/(105)1989-0166-00522a.jpg&imgrefurl=http://photolab.elmer.uaf.edu/store/people.html&h=692&w=1000&sz=100&tbnid=mRifvhDN3-gJ:&tbnh=103&tbnw=149&hl=en&prev=/images%3Fq%3Dold%2Bwoman%26svnum%3D10%26hl%3Den%26lr%3D%26sa%3DN&frame=small" "Mozilla/4.0 (compatible; MSIE 6.0; Windows NT 5.1; .NET CLR 1.1.4322)"
217.212.224.161 - - [16/Sep/2005:04:23:00 -0800] "GET /gallery/photos/19970213/images/1997-0213-00070.jpg HTTP/1.0" 200 70723 "-" "psbot/0.1 (+http://www.picsearch.com/bot.html)"
217.212.224.150 - - [16/Sep/2005:04:23:27 -0800] "GET /gallery/photos/19970213/images/1997-0213-00071.jpg HTTP/1.0" 200 50791 "-" "psbot/0.1 (+http://www.picsearch.com/bot.html)"
68.142.251.29 - - [16/Sep/2005:04:24:13 -0800] "GET /gallery/photos/19890228/0/pages/1989-0228-00010.html HTTP/1.0" 200 1876 "-" "Mozilla/5.0 (compatible; Yahoo! Slurp; http://help.yahoo.com/help/us/ysearch/slurp)"
217.212.224.159 - - [16/Sep/2005:04:24:51 -0800] "GET /gallery/photos/19970213/images/1997-0213-00072.jpg HTTP/1.0" 200 78064 "-" "psbot/0.1 (+http://www.picsearch.com/bot.html)"
84.135.246.172 - - [16/Sep/2005:04:26:29 -0800] "GET /store/photos/largejpegs/(123)2002-0134-00056.jpg HTTP/1.1" 200 176859 "http://images.google.de/imgres?imgurl=http://photolab.elmer.uaf.edu/store/photos/largejpegs/(123)2002-0134-00056.jpg&imgrefurl=http://photolab.elmer.uaf.edu/store/allphotos4.html&h=788&w=1000&sz=173&tbnid=9C0ugK_bUPAJ:&tbnh=117&tbnw=149&hl=de&prev=/images%3Fq%3DWhaling%2Bin%2BAlaska%26svnum%3D10%26hl%3Dde%26lr%3D&frame=small" "Mozilla/4.0 (compatible; MSIE 6.0; Windows NT 5.1; SV1; .NET CLR 1.1.4322)"
217.212.224.163 - - [16/Sep/2005:04:27:07 -0800] "GET /gallery/photos/19700011/images/1970-0011-00049.jpg HTTP/1.0" 200 122404 "-" "psbot/0.1 (+http://www.picsearch.com/bot.html)"
217.212.224.163 - - [16/Sep/2005:04:28:24 -0800] "GET /gallery/photos/19700011/images/1970-0011-00050.jpg HTTP/1.0" 200 66009 "-" "psbot/0.1 (+http://www.picsearch.com/bot.html)"
217.212.224.150 - - [16/Sep/2005:04:29:16 -0800] "GET /gallery/photos/19700011/images/1970-0011-00051.jpg HTTP/1.0" 200 98109 "-" "psbot/0.1 (+http://www.picsearch.com/bot.html)"
194.83.12.5 - - [16/Sep/2005:04:29:46 -0800] "GET /store/people.html HTTP/1.0" 206 8787 "http://images.google.co.uk/imgres?imgurl=http://photolab.elmer.uaf.edu/store/photos/largejpegs/(105)1989-0166-00522a.jpg&imgrefurl=http://photolab.elmer.uaf.edu/store/people.html&h=692&w=1000&sz=100&tbnid=mRifvhDN3-gJ:&tbnh=103&tbnw=149&hl=en&start=4&prev=/images%3Fq%3Dold%2Bwoman%26svnum%3D10%26hl%3Den%26lr%3D%26sa%3DN" "Mozilla/4.0 (compatible; MSIE 6.0; Windows NT 5.1; .NET CLR 1.1.4322)"
217.212.224.163 - - [16/Sep/2005:04:30:09 -0800] "GET /gallery/photos/19700011/images/1970-0011-00052.jpg HTTP/1.0" 200 90841 "-" "psbot/0.1 (+http://www.picsearch.com/bot.html)"
217.212.224.143 - - [16/Sep/2005:04:30:25 -0800] "GET /gallery/photos/20040026/pages/2004-0026-00008.html HTTP/1.0" 200 1859 "-" "psbot/0.1 (+http://www.picsearch.com/bot.html)"
217.212.224.143 - - [16/Sep/2005:04:31:15 -0800] "GET /gallery/photos/20040026/pages/2004-0026-00009.html HTTP/1.0" 200 1859 "-" "psbot/0.1 (+http://www.picsearch.com/bot.html)"
24.248.103.64 - - [16/Sep/2005:04:31:26 -0800] "GET /store/maps.html HTTP/1.1" 200 23493 "http://www.newcarsbelowsticker.com" "Mozilla/4.0 (compatible; MSIE 5.01; Windows 98)"
24.248.103.64 - - [16/Sep/2005:04:31:27 -0800] "GET /store/maps.html HTTP/1.1" 200 23493 "http://www.newcarsbelowsticker.com" "Mozilla/4.0 (compatible; MSIE 5.01; Windows 98)"
217.212.224.144 - - [16/Sep/2005:04:32:02 -0800] "GET /gallery/photos/20040026/pages/2004-0026-00010.html HTTP/1.0" 200 1860 "-" "psbot/0.1 (+http://www.picsearch.com/bot.html)"
217.212.224.142 - - [16/Sep/2005:04:33:46 -0800] "GET /gallery/photos/20040026/pages/2004-0026-00011.html HTTP/1.0" 200 1860 "-" "psbot/0.1 (+http://www.picsearch.com/bot.html)"
217.212.224.143 - - [16/Sep/2005:04:34:30 -0800] "GET /gallery/photos/20040026/pages/2004-0026-00012.html HTTP/1.0" 200 1860 "-" "psbot/0.1 (+http://www.picsearch.com/bot.html)"
217.212.224.142 - - [16/Sep/2005:04:35:15 -0800] "GET /gallery/photos/19800068/1/pages/1980-0068-00121.html HTTP/1.0" 200 1860 "-" "psbot/0.1 (+http://www.picsearch.com/bot.html)"
217.212.224.144 - - [16/Sep/2005:04:36:01 -0800] "GET /gallery/photos/19800068/1/pages/1980-0068-00122.html HTTP/1.0" 200 1860 "-" "psbot/0.1 (+http://www.picsearch.com/bot.html)"
207.46.98.84 - - [16/Sep/2005:04:36:06 -0800] "GET /gallery/photos/20040069/pages/2002-0032-00048.html HTTP/1.0" 200 1884 "-" "msnbot/1.0 (+http://search.msn.com/msnbot.htm)"
217.212.224.149 - - [16/Sep/2005:04:36:35 -0800] "GET /gallery/photos/19700011/images/1970-0011-00053.jpg HTTP/1.0" 200 52158 "-" "psbot/0.1 (+http://www.picsearch.com/bot.html)"
217.212.224.145 - - [16/Sep/2005:04:36:48 -0800] "GET /gallery/photos/19800068/1/pages/1980-0068-00123.html HTTP/1.0" 200 1860 "-" "psbot/0.1 (+http://www.picsearch.com/bot.html)"
217.212.224.142 - - [16/Sep/2005:04:37:35 -0800] "GET /gallery/photos/19880041/0/pages/1988-0041-00017.htm HTTP/1.0" 200 1879 "-" "psbot/0.1 (+http://www.picsearch.com/bot.html)"
213.51.1.59 - - [16/Sep/2005:04:37:43 -0800] "GET /store/photos/largejpegs/(040)1958-1026-01700.jpg HTTP/1.1" 200 138785 "http://www.degeinigekoe.nl/index.php?name=Forums&file=viewtopic&t=3990&start=30" "Mozilla/4.0 (compatible; MSIE 6.0; Windows NT 5.1)"
217.212.224.143 - - [16/Sep/2005:04:38:19 -0800] "GET /gallery/photos/19880041/0/pages/1988-0041-00018.htm HTTP/1.0" 200 1879 "-" "psbot/0.1 (+http://www.picsearch.com/bot.html)"
217.212.224.143 - - [16/Sep/2005:04:39:07 -0800] "GET /gallery/photos/19880041/0/pages/1988-0041-00019.htm HTTP/1.0" 200 1879 "-" "psbot/0.1 (+http://www.picsearch.com/bot.html)"
217.212.224.143 - - [16/Sep/2005:04:39:51 -0800] "GET /gallery/photos/19880041/0/pages/1988-0041-00020.htm HTTP/1.0" 200 1879 "-" "psbot/0.1 (+http://www.picsearch.com/bot.html)"
217.212.224.142 - - [16/Sep/2005:04:40:36 -0800] "GET /gallery/photos/19880041/0/pages/1988-0041-00021.htm HTTP/1.0" 200 1879 "-" "psbot/0.1 (+http://www.picsearch.com/bot.html)"
217.212.224.143 - - [16/Sep/2005:04:41:23 -0800] "GET /gallery/photos/19880041/0/pages/1988-0041-00022.htm HTTP/1.0" 200 1879 "-" "psbot/0.1 (+http://www.picsearch.com/bot.html)"
217.212.224.145 - - [16/Sep/2005:04:42:08 -0800] "GET /gallery/photos/19880041/0/pages/1988-0041-00023.htm HTTP/1.0" 200 1879 "-" "psbot/0.1 (+http://www.picsearch.com/bot.html)"
217.212.224.145 - - [16/Sep/2005:04:42:53 -0800] "GET /gallery/photos/19880041/0/pages/1988-0041-00024.htm HTTP/1.0" 200 1879 "-" "psbot/0.1 (+http://www.picsearch.com/bot.html)"
217.212.224.142 - - [16/Sep/2005:04:43:41 -0800] "GET /gallery/photos/20030137/pages/2003-0137-00005.html HTTP/1.0" 200 1768 "-" "psbot/0.1 (+http://www.picsearch.com/bot.html)"
217.212.224.144 - - [16/Sep/2005:04:44:27 -0800] "GET /gallery/photos/20030137/pages/2003-0137-00006.html HTTP/1.0" 200 1768 "-" "psbot/0.1 (+http://www.picsearch.com/bot.html)"
195.194.74.26 - - [16/Sep/2005:04:44:34 -0800] "GET /store/people.html HTTP/1.0" 200 21075 "http://images.google.co.uk/imgres?imgurl=http://photolab.elmer.uaf.edu/store/photos/largejpegs/(105)1989-0166-00522a.jpg&imgrefurl=http://photolab.elmer.uaf.edu/store/people.html&h=692&w=1000&sz=100&tbnid=mRifvhDN3-gJ:&tbnh=103&tbnw=149&hl=en&start=11&prev=/images%3Fq%3Dportrait%2Bold%2Bwoman%26svnum%3D10%26hl%3Den%26lr%3D" "Mozilla/4.0 (compatible; MSIE 6.0; Windows NT 5.1; SV1; .NET CLR 1.1.4322)"
195.194.74.26 - - [16/Sep/2005:04:44:34 -0800] "GET /store/photos/largejpegs/(105)1989-0166-00522a.jpg HTTP/1.0" 200 101451 "http://images.google.co.uk/imgres?imgurl=http://photolab.elmer.uaf.edu/store/photos/largejpegs/(105)1989-0166-00522a.jpg&imgrefurl=http://photolab.elmer.uaf.edu/store/people.html&h=692&w=1000&sz=100&tbnid=mRifvhDN3-gJ:&tbnh=103&tbnw=149&hl=en&prev=/images%3Fq%3Dportrait%2Bold%2Bwoman%26svnum%3D10%26hl%3Den%26lr%3D&frame=small" "Mozilla/4.0 (compatible; MSIE 6.0; Windows NT 5.1; SV1; .NET CLR 1.1.4322)"
195.194.74.26 - - [16/Sep/2005:04:44:40 -0800] "GET /store/people.html HTTP/1.0" 200 21075 "http://images.google.co.uk/imgres?imgurl=http://photolab.elmer.uaf.edu/store/photos/largejpegs/(105)1989-0166-00522a.jpg&imgrefurl=http://photolab.elmer.uaf.edu/store/people.html&h=692&w=1000&sz=100&tbnid=mRifvhDN3-gJ:&tbnh=103&tbnw=149&hl=en&start=11&prev=/images%3Fq%3Dportrait%2Bold%2Bwoman%26svnum%3D10%26hl%3Den%26lr%3D" "Mozilla/4.0 (compatible; MSIE 6.0; Windows NT 5.1; SV1; .NET CLR 1.1.4322)"
195.194.74.26 - - [16/Sep/2005:04:44:40 -0800] "GET /store/photos/smalljpegs/(026)1997-0165-00010.jpg HTTP/1.0" 200 26695 "http://photolab.elmer.uaf.edu/store/people.html" "Mozilla/4.0 (compatible; MSIE 6.0; Windows NT 5.1; SV1; .NET CLR 1.1.4322)"
195.194.74.26 - - [16/Sep/2005:04:44:40 -0800] "GET /index_files/store.css HTTP/1.0" 200 2756 "http://photolab.elmer.uaf.edu/store/people.html" "Mozilla/4.0 (compatible; MSIE 6.0; Windows NT 5.1; SV1; .NET CLR 1.1.4322)"
217.212.224.142 - - [16/Sep/2005:04:45:12 -0800] "GET /gallery/photos/20030137/pages/2003-0137-00007.html HTTP/1.0" 200 1768 "-" "psbot/0.1 (+http://www.picsearch.com/bot.html)"
217.212.224.143 - - [16/Sep/2005:04:45:59 -0800] "GET /gallery/photos/20030137/pages/2003-0137-00008.html HTTP/1.0" 200 1768 "-" "psbot/0.1 (+http://www.picsearch.com/bot.html)"
217.212.224.143 - - [16/Sep/2005:04:46:43 -0800] "GET /gallery/photos/20030137/pages/2003-0137-00009.html HTTP/1.0" 200 1768 "-" "psbot/0.1 (+http://www.picsearch.com/bot.html)"
217.212.224.145 - - [16/Sep/2005:04:47:27 -0800] "GET /gallery/photos/20030137/pages/2003-0137-00010.html HTTP/1.0" 200 1768 "-" "psbot/0.1 (+http://www.picsearch.com/bot.html)"
217.212.224.142 - - [16/Sep/2005:04:48:16 -0800] "GET /gallery/photos/19950244/06/pages/1995-0244-00600.html HTTP/1.0" 200 1730 "-" "psbot/0.1 (+http://www.picsearch.com/bot.html)"
217.212.224.144 - - [16/Sep/2005:04:49:01 -0800] "GET /gallery/photos/19940096/0/pages/1994-0096-00002.html HTTP/1.0" 200 1900 "-" "psbot/0.1 (+http://www.picsearch.com/bot.html)"
217.212.224.143 - - [16/Sep/2005:04:49:45 -0800] "GET /gallery/photos/19700058/5/pages/1970-0058-00505.html HTTP/1.0" 200 1757 "-" "psbot/0.1 (+http://www.picsearch.com/bot.html)"
217.212.224.143 - - [16/Sep/2005:04:50:32 -0800] "GET /gallery/photos/19750084/00/pages/1975-0084-00096.html HTTP/1.0" 200 1886 "-" "psbot/0.1 (+http://www.picsearch.com/bot.html)"
217.212.224.142 - - [16/Sep/2005:04:51:19 -0800] "GET /gallery/photos/19910046/05/pages/1991-0046-00504.html HTTP/1.0" 200 1758 "-" "psbot/0.1 (+http://www.picsearch.com/bot.html)"
217.212.224.145 - - [16/Sep/2005:04:52:05 -0800] "GET /gallery/photos/19690092/7/pages/1969-0092-00709.html HTTP/1.0" 200 1763 "-" "psbot/0.1 (+http://www.picsearch.com/bot.html)"
217.212.224.143 - - [16/Sep/2005:04:52:53 -0800] "GET /gallery/photos/19950244/02/pages/1995-0244-00200.html HTTP/1.0" 200 1729 "-" "psbot/0.1 (+http://www.picsearch.com/bot.html)"
217.212.224.142 - - [16/Sep/2005:04:53:39 -0800] "GET /gallery/photos/19690092/9/pages/1969-0092-00901.html HTTP/1.0" 200 1763 "-" "psbot/0.1 (+http://www.picsearch.com/bot.html)"
217.212.224.143 - - [16/Sep/2005:04:54:26 -0800] "GET /gallery/photos/20030040/1/pages/2003-0040-00105.html HTTP/1.0" 200 1756 "-" "psbot/0.1 (+http://www.picsearch.com/bot.html)"
217.212.224.144 - - [16/Sep/2005:04:55:13 -0800] "GET /gallery/photos/20030040/2/pages/2003-0040-00202.html HTTP/1.0" 200 1767 "-" "psbot/0.1 (+http://www.picsearch.com/bot.html)"
217.212.224.143 - - [16/Sep/2005:04:55:59 -0800] "GET /gallery/photos/19950244/01/index_3.html HTTP/1.0" 200 7231 "-" "psbot/0.1 (+http://www.picsearch.com/bot.html)"
217.212.224.144 - - [16/Sep/2005:04:56:46 -0800] "GET /gallery/photos/20030137/pages/2003-0137-00014.html HTTP/1.0" 200 1770 "-" "psbot/0.1 (+http://www.picsearch.com/bot.html)"
217.212.224.142 - - [16/Sep/2005:04:57:33 -0800] "GET /gallery/photos/20020087/0/pages/2002-0087-00016.html HTTP/1.0" 200 1767 "-" "psbot/0.1 (+http://www.picsearch.com/bot.html)"
217.212.224.144 - - [16/Sep/2005:04:58:19 -0800] "GET /gallery/photos/19700058/0/pages/1970-0058-00044.html HTTP/1.0" 200 1759 "-" "psbot/0.1 (+http://www.picsearch.com/bot.html)"
63.135.42.254 - - [16/Sep/2005:04:58:31 -0800] "GET /store/photos/largejpegs/(144)1974-0027-00525.jpg HTTP/1.1" 200 153919 "http://spaces.msn.com/members/rrretired/" "Mozilla/4.0 (compatible; MSIE 6.0; Windows 98; Win 9x 4.90)"
217.212.224.144 - - [16/Sep/2005:04:59:05 -0800] "GET /gallery/photos/20040085/pages/2004-0085-00019.html HTTP/1.0" 200 1893 "-" "psbot/0.1 (+http://www.picsearch.com/bot.html)"
217.212.224.142 - - [16/Sep/2005:04:59:53 -0800] "GET /gallery/photos/19950244/16/pages/1995-0244-01603.html HTTP/1.0" 200 1886 "-" "psbot/0.1 (+http://www.picsearch.com/bot.html)"
66.30.57.120 - - [16/Sep/2005:05:00:25 -0800] "GET /index_files/store.css HTTP/1.1" 200 2756 "http://photolab.elmer.uaf.edu/store/people.html" "Mozilla/4.0 (compatible; MSIE 6.0; Windows NT 5.1; .NET CLR 1.1.4322)"
66.30.57.120 - - [16/Sep/2005:05:00:25 -0800] "GET /store/people.html HTTP/1.1" 200 21075 "http://images.google.com/imgres?imgurl=http://photolab.elmer.uaf.edu/store/photos/largejpegs/(101)1995-0244-01044.jpg&imgrefurl=http://photolab.elmer.uaf.edu/store/people.html&h=1000&w=637&sz=152&tbnid=xdNde5E77H0J:&tbnh=149&tbnw=94&hl=en&start=12&prev=/images%3Fq%3DNative%2BClothing%26svnum%3D10%26hl%3Den%26lr%3D" "Mozilla/4.0 (compatible; MSIE 6.0; Windows NT 5.1; .NET CLR 1.1.4322)"
66.30.57.120 - - [16/Sep/2005:05:00:25 -0800] "GET /index_files/titlebrown.jpg HTTP/1.1" 200 5451 "http://photolab.elmer.uaf.edu/store/people.html" "Mozilla/4.0 (compatible; MSIE 6.0; Windows NT 5.1; .NET CLR 1.1.4322)"
66.30.57.120 - - [16/Sep/2005:05:00:25 -0800] "GET /index_files/aprbrown.jpg HTTP/1.1" 200 5509 "http://photolab.elmer.uaf.edu/store/people.html" "Mozilla/4.0 (compatible; MSIE 6.0; Windows NT 5.1; .NET CLR 1.1.4322)"
66.30.57.120 - - [16/Sep/2005:05:00:26 -0800] "GET /index_files/storetitle.gif HTTP/1.1" 200 14535 "http://photolab.elmer.uaf.edu/store/people.html" "Mozilla/4.0 (compatible; MSIE 6.0; Windows NT 5.1; .NET CLR 1.1.4322)"
217.212.224.149 - - [16/Sep/2005:05:00:25 -0800] "GET /gallery/photos/19700011/images/1970-0011-00054.jpg HTTP/1.0" 200 97372 "-" "psbot/0.1 (+http://www.picsearch.com/bot.html)"
66.30.57.120 - - [16/Sep/2005:05:00:26 -0800] "GET /store/photos/largejpegs/(101)1995-0244-01044.jpg HTTP/1.1" 200 155003 "http://images.google.com/imgres?imgurl=http://photolab.elmer.uaf.edu/store/photos/largejpegs/(101)1995-0244-01044.jpg&imgrefurl=http://photolab.elmer.uaf.edu/store/people.html&h=1000&w=637&sz=152&tbnid=xdNde5E77H0J:&tbnh=149&tbnw=94&hl=en&prev=/images%3Fq%3DNative%2BClothing%26svnum%3D10%26hl%3Den%26lr%3D&frame=small" "Mozilla/4.0 (compatible; MSIE 6.0; Windows NT 5.1; .NET CLR 1.1.4322)"
217.212.224.142 - - [16/Sep/2005:05:00:38 -0800] "GET /gallery/photos/19950244/05/pages/1995-0244-00505.html HTTP/1.0" 200 1886 "-" "psbot/0.1 (+http://www.picsearch.com/bot.html)"
217.212.224.163 - - [16/Sep/2005:05:00:53 -0800] "GET /gallery/photos/19700011/images/1970-0011-00055.jpg HTTP/1.0" 200 57021 "-" "psbot/0.1 (+http://www.picsearch.com/bot.html)"
217.212.224.159 - - [16/Sep/2005:05:01:21 -0800] "GET /gallery/photos/19700011/images/1970-0011-00056.jpg HTTP/1.0" 200 33531 "-" "psbot/0.1 (+http://www.picsearch.com/bot.html)"
217.212.224.142 - - [16/Sep/2005:05:01:24 -0800] "GET /gallery/photos/20020087/4/pages/2002-0087-00403.html HTTP/1.0" 200 1765 "-" "psbot/0.1 (+http://www.picsearch.com/bot.html)"
217.212.224.149 - - [16/Sep/2005:05:01:47 -0800] "GET /gallery/photos/19700011/images/1970-0011-00057.jpg HTTP/1.0" 200 68396 "-" "psbot/0.1 (+http://www.picsearch.com/bot.html)"
217.212.224.145 - - [16/Sep/2005:05:02:12 -0800] "GET /gallery/photos/20020087/5/pages/2002-0087-00501.html HTTP/1.0" 200 1765 "-" "psbot/0.1 (+http://www.picsearch.com/bot.html)"
217.212.224.150 - - [16/Sep/2005:05:02:13 -0800] "GET /gallery/photos/19700011/images/1970-0011-00058.jpg HTTP/1.0" 200 85994 "-" "psbot/0.1 (+http://www.picsearch.com/bot.html)"
217.212.224.150 - - [16/Sep/2005:05:02:42 -0800] "GET /gallery/photos/19700011/images/1970-0011-00059.jpg HTTP/1.0" 200 59860 "-" "psbot/0.1 (+http://www.picsearch.com/bot.html)"
66.30.57.120 - - [16/Sep/2005:05:02:49 -0800] "GET /index_files/aprbrown.jpg HTTP/1.1" 200 5509 "http://photolab.elmer.uaf.edu/store/people.html" "Mozilla/4.0 (compatible; MSIE 6.0; Windows NT 5.1; .NET CLR 1.1.4322)"
66.30.57.120 - - [16/Sep/2005:05:02:50 -0800] "GET /index_files/menubar.gif HTTP/1.1" 200 2913 "http://photolab.elmer.uaf.edu/store/people.html" "Mozilla/4.0 (compatible; MSIE 6.0; Windows NT 5.1; .NET CLR 1.1.4322)"
66.30.57.120 - - [16/Sep/2005:05:02:49 -0800] "GET /index_files/storetitle.gif HTTP/1.1" 200 14535 "http://photolab.elmer.uaf.edu/store/people.html" "Mozilla/4.0 (compatible; MSIE 6.0; Windows NT 5.1; .NET CLR 1.1.4322)"
66.30.57.120 - - [16/Sep/2005:05:02:50 -0800] "GET /store/photos/smalljpegs/(007)1972-0071-03234.jpg HTTP/1.1" 200 32052 "http://photolab.elmer.uaf.edu/store/people.html" "Mozilla/4.0 (compatible; MSIE 6.0; Windows NT 5.1; .NET CLR 1.1.4322)"
66.30.57.120 - - [16/Sep/2005:05:02:50 -0800] "GET /store/photos/smalljpegs/(009)1975-0146-00003.jpg HTTP/1.1" 200 35453 "http://photolab.elmer.uaf.edu/store/people.html" "Mozilla/4.0 (compatible; MSIE 6.0; Windows NT 5.1; .NET CLR 1.1.4322)"
217.212.224.145 - - [16/Sep/2005:05:02:57 -0800] "GET /gallery/photos/20030063/0/pages/2003-0063-00018.html HTTP/1.0" 200 1758 "-" "psbot/0.1 (+http://www.picsearch.com/bot.html)"
217.212.224.145 - - [16/Sep/2005:05:03:50 -0800] "GET /gallery/photos/19690092/0/pages/1969-0092-00057.html HTTP/1.0" 200 1765 "-" "psbot/0.1 (+http://www.picsearch.com/bot.html)"
217.212.224.145 - - [16/Sep/2005:05:04:39 -0800] "GET /gallery/photos/20050010/0/pages/2005-0010-00003.htm HTTP/1.0" 200 1878 "-" "psbot/0.1 (+http://www.picsearch.com/bot.html)"
82.3.49.1 - - [16/Sep/2005:05:05:09 -0800] "GET /store/people.html HTTP/1.0" 200 21075 "http://images.google.co.uk/imgres?imgurl=http://photolab.elmer.uaf.edu/store/photos/largejpegs/(105)1989-0166-00522a.jpg&imgrefurl=http://photolab.elmer.uaf.edu/store/people.html&h=692&w=1000&sz=100&tbnid=mRifvhDN3-gJ:&tbnh=103&tbnw=149&hl=en&start=4&prev=/images%3Fq%3Dold%2Bwoman%26svnum%3D10%26hl%3Den%26lr%3D" "Mozilla/4.0 (compatible; MSIE 6.0; Windows NT 5.1; SV1)"
82.3.49.1 - - [16/Sep/2005:05:05:14 -0800] "GET /store/photos/largejpegs/(105)1989-0166-00522a.jpg HTTP/1.0" 200 101451 "http://images.google.co.uk/imgres?imgurl=http://photolab.elmer.uaf.edu/store/photos/largejpegs/(105)1989-0166-00522a.jpg&imgrefurl=http://photolab.elmer.uaf.edu/store/people.html&h=692&w=1000&sz=100&tbnid=mRifvhDN3-gJ:&tbnh=103&tbnw=149&hl=en&prev=/images%3Fq%3Dold%2Bwoman%26svnum%3D10%26hl%3Den%26lr%3D&frame=small" "Mozilla/4.0 (compatible; MSIE 6.0; Windows NT 5.1; SV1)"
82.3.49.1 - - [16/Sep/2005:05:05:12 -0800] "GET /store/photos/largejpegs/(105)1989-0166-00522a.jpg HTTP/1.0" 200 101451 "http://images.google.co.uk/imgres?imgurl=http://photolab.elmer.uaf.edu/store/photos/largejpegs/(105)1989-0166-00522a.jpg&imgrefurl=http://photolab.elmer.uaf.edu/store/people.html&h=692&w=1000&sz=100&tbnid=mRifvhDN3-gJ:&tbnh=103&tbnw=149&hl=en&prev=/images%3Fq%3Dold%2Bwoman%26svnum%3D10%26hl%3Den%26lr%3D&frame=small" "Mozilla/4.0 (compatible; MSIE 6.0; Windows NT 5.1; SV1)"
217.212.224.142 - - [16/Sep/2005:05:05:26 -0800] "GET /gallery/photos/19690092/5/pages/1969-0092-00518.html HTTP/1.0" 200 1765 "-" "psbot/0.1 (+http://www.picsearch.com/bot.html)"
200.118.112.254 - - [16/Sep/2005:05:05:30 -0800] "GET /index_files/store.css HTTP/1.1" 200 2756 "http://photolab.elmer.uaf.edu/store/allphotos1.html" "Mozilla/4.0 (compatible; MSIE 5.17; Mac_PowerPC)"
200.118.112.254 - - [16/Sep/2005:05:05:29 -0800] "GET /store/allphotos1.html HTTP/1.1" 200 33610 "-" "Mozilla/4.0 (compatible; MSIE 5.17; Mac_PowerPC)"
200.118.112.254 - - [16/Sep/2005:05:05:31 -0800] "GET /index_files/menubar.gif HTTP/1.1" 200 2913 "http://photolab.elmer.uaf.edu/store/allphotos1.html" "Mozilla/4.0 (compatible; MSIE 5.17; Mac_PowerPC)"
200.118.112.254 - - [16/Sep/2005:05:05:31 -0800] "GET /index_files/aprbrown.jpg HTTP/1.1" 200 5509 "http://photolab.elmer.uaf.edu/store/allphotos1.html" "Mozilla/4.0 (compatible; MSIE 5.17; Mac_PowerPC)"
200.118.112.254 - - [16/Sep/2005:05:05:31 -0800] "GET /index_files/storetitle.gif HTTP/1.1" 200 14535 "http://photolab.elmer.uaf.edu/store/allphotos1.html" "Mozilla/4.0 (compatible; MSIE 5.17; Mac_PowerPC)"
200.118.112.254 - - [16/Sep/2005:05:05:31 -0800] "GET /index_files/titlebrown.jpg HTTP/1.1" 200 5451 "http://photolab.elmer.uaf.edu/store/allphotos1.html" "Mozilla/4.0 (compatible; MSIE 5.17; Mac_PowerPC)"
200.118.112.254 - - [16/Sep/2005:05:05:31 -0800] "GET /store/photos/largejpegs/(004)1958-1026-01477.jpg HTTP/1.1" 200 144431 "http://images.google.com.co/imgres?imgurl=http://photolab.elmer.uaf.edu/store/photos/largejpegs/(004)1958-1026-01477.jpg&imgrefurl=http://photolab.elmer.uaf.edu/store/allphotos1.html&h=780&w=1000&sz=142&tbnid=uQQAQpbrVT4J:&tbnh=116&tbnw=149&hl=es&prev=/images%3Fq%3Dalaska%2Beskimo%26imgsz%3Dxxlarge%26svnum%3D10%26hl%3Des%26lr%3D%26ie%3DUTF-8&frame=small" "Mozilla/4.0 (compatible; MSIE 5.17; Mac_PowerPC)"
200.118.112.254 - - [16/Sep/2005:05:05:56 -0800] "GET /store/allphotos1.html HTTP/1.1" 206 30610 "-" "Mozilla/4.0 (compatible; MSIE 5.17; Mac_PowerPC)"
200.118.112.254 - - [16/Sep/2005:05:05:57 -0800] "GET /index_files/titlebrown.jpg HTTP/1.1" 200 5451 "http://photolab.elmer.uaf.edu/store/allphotos1.html" "Mozilla/4.0 (compatible; MSIE 5.17; Mac_PowerPC)"
200.118.112.254 - - [16/Sep/2005:05:05:57 -0800] "GET /index_files/menubar.gif HTTP/1.1" 200 2913 "http://photolab.elmer.uaf.edu/store/allphotos1.html" "Mozilla/4.0 (compatible; MSIE 5.17; Mac_PowerPC)"
200.118.112.254 - - [16/Sep/2005:05:05:57 -0800] "GET /store/photos/smalljpegs/(001)1958-1026-01101.jpg HTTP/1.1" 200 26793 "http://photolab.elmer.uaf.edu/store/allphotos1.html" "Mozilla/4.0 (compatible; MSIE 5.17; Mac_PowerPC)"
200.118.112.254 - - [16/Sep/2005:05:05:57 -0800] "GET /store/photos/smalljpegs/(002)1958-1026-01103.jpg HTTP/1.1" 200 25979 "http://photolab.elmer.uaf.edu/store/allphotos1.html" "Mozilla/4.0 (compatible; MSIE 5.17; Mac_PowerPC)"
200.118.112.254 - - [16/Sep/2005:05:05:58 -0800] "GET /index_files/sitemap.gif HTTP/1.1" 200 1503 "http://photolab.elmer.uaf.edu/store/allphotos1.html" "Mozilla/4.0 (compatible; MSIE 5.17; Mac_PowerPC)"
200.118.112.254 - - [16/Sep/2005:05:05:59 -0800] "GET /index_files/bluebear.gif HTTP/1.1" 200 1263 "http://photolab.elmer.uaf.edu/store/allphotos1.html" "Mozilla/4.0 (compatible; MSIE 5.17; Mac_PowerPC)"
200.118.112.254 - - [16/Sep/2005:05:05:58 -0800] "GET /store/photos/smalljpegs/(029)1989-0166-00230.jpg HTTP/1.1" 200 37741 "http://photolab.elmer.uaf.edu/store/allphotos1.html" "Mozilla/4.0 (compatible; MSIE 5.17; Mac_PowerPC)"
200.118.112.254 - - [16/Sep/2005:05:05:59 -0800] "GET /store/photos/smalljpegs/(040)1958-1026-01700.jpg HTTP/1.1" 200 30523 "http://photolab.elmer.uaf.edu/store/allphotos1.html" "Mozilla/4.0 (compatible; MSIE 5.17; Mac_PowerPC)"
200.118.112.254 - - [16/Sep/2005:05:05:59 -0800] "GET /store/photos/smalljpegs/(039)1958-1026-02147.jpg HTTP/1.1" 200 36382 "http://photolab.elmer.uaf.edu/store/allphotos1.html" "Mozilla/4.0 (compatible; MSIE 5.17; Mac_PowerPC)"
200.118.112.254 - - [16/Sep/2005:05:06:00 -0800] "GET /store/photos/smalljpegs/(038)2000-0176-00104.jpg HTTP/1.1" 200 36914 "http://photolab.elmer.uaf.edu/store/allphotos1.html" "Mozilla/4.0 (compatible; MSIE 5.17; Mac_PowerPC)"
200.118.112.254 - - [16/Sep/2005:05:06:00 -0800] "GET /store/photos/smalljpegs/(037)1989-0166-00121.jpg HTTP/1.1" 200 29788 "http://photolab.elmer.uaf.edu/store/allphotos1.html" "Mozilla/4.0 (compatible; MSIE 5.17; Mac_PowerPC)"
200.118.112.254 - - [16/Sep/2005:05:06:01 -0800] "GET /store/photos/smalljpegs/(036)1972-0156-00075.jpg HTTP/1.1" 200 27912 "http://photolab.elmer.uaf.edu/store/allphotos1.html" "Mozilla/4.0 (compatible; MSIE 5.17; Mac_PowerPC)"
200.118.112.254 - - [16/Sep/2005:05:06:02 -0800] "GET /store/photos/smalljpegs/(035)1976-0092-00023.jpg HTTP/1.1" 200 34285 "http://photolab.elmer.uaf.edu/store/allphotos1.html" "Mozilla/4.0 (compatible; MSIE 5.17; Mac_PowerPC)"
200.118.112.254 - - [16/Sep/2005:05:06:03 -0800] "GET /store/photos/smalljpegs/(034)1965-0054-00005.jpg HTTP/1.1" 200 24212 "http://photolab.elmer.uaf.edu/store/allphotos1.html" "Mozilla/4.0 (compatible; MSIE 5.17; Mac_PowerPC)"
200.118.112.254 - - [16/Sep/2005:05:06:04 -0800] "GET /store/photos/smalljpegs/(032)1964-0098-02647.jpg HTTP/1.1" 200 29805 "http://photolab.elmer.uaf.edu/store/allphotos1.html" "Mozilla/4.0 (compatible; MSIE 5.17; Mac_PowerPC)"
200.118.112.254 - - [16/Sep/2005:05:06:05 -0800] "GET /store/photos/smalljpegs/(031)1989-0166-00096.jpg HTTP/1.1" 200 21244 "http://photolab.elmer.uaf.edu/store/allphotos1.html" "Mozilla/4.0 (compatible; MSIE 5.17; Mac_PowerPC)"
200.118.112.254 - - [16/Sep/2005:05:06:03 -0800] "GET /store/photos/smalljpegs/(033)1958-1026-01464.jpg HTTP/1.1" 200 34298 "http://photolab.elmer.uaf.edu/store/allphotos1.html" "Mozilla/4.0 (compatible; MSIE 5.17; Mac_PowerPC)"
200.118.112.254 - - [16/Sep/2005:05:06:05 -0800] "GET /store/photos/smalljpegs/(030)1958-1026-01546.jpg HTTP/1.1" 200 32796 "http://photolab.elmer.uaf.edu/store/allphotos1.html" "Mozilla/4.0 (compatible; MSIE 5.17; Mac_PowerPC)"
200.118.112.254 - - [16/Sep/2005:05:06:06 -0800] "GET /store/photos/smalljpegs/(028)896-036.jpg HTTP/1.1" 200 30336 "http://photolab.elmer.uaf.edu/store/allphotos1.html" "Mozilla/4.0 (compatible; MSIE 5.17; Mac_PowerPC)"
200.118.112.254 - - [16/Sep/2005:05:06:07 -0800] "GET /store/allphotos1.html HTTP/1.1" 304 - "http://images.google.com.co/imgres?imgurl=http://photolab.elmer.uaf.edu/store/photos/largejpegs/(004)1958-1026-01477.jpg&imgrefurl=http://photolab.elmer.uaf.edu/store/allphotos1.html&h=780&w=1000&sz=142&tbnid=uQQAQpbrVT4J:&tbnh=116&tbnw=149&hl=es&prev=/images%3Fq%3Dalaska%2Beskimo%26imgsz%3Dxxlarge%26svnum%3D10%26hl%3Des%26lr%3D%26ie%3DUTF-8&frame=small" "Mozilla/4.0 (compatible; MSIE 5.17; Mac_PowerPC)"
200.118.112.254 - - [16/Sep/2005:05:06:06 -0800] "GET /store/photos/smalljpegs/(026)1997-0165-00010.jpg HTTP/1.1" 200 26695 "http://photolab.elmer.uaf.edu/store/allphotos1.html" "Mozilla/4.0 (compatible; MSIE 5.17; Mac_PowerPC)"
200.118.112.254 - - [16/Sep/2005:05:06:07 -0800] "GET /store/photos/smalljpegs/(024)1972-0116-00334.jpg HTTP/1.1" 200 29908 "http://photolab.elmer.uaf.edu/store/allphotos1.html" "Mozilla/4.0 (compatible; MSIE 5.17; Mac_PowerPC)"
200.118.112.254 - - [16/Sep/2005:05:06:06 -0800] "GET /store/photos/smalljpegs/(027)1968-0069-01547.jpg HTTP/1.1" 200 34349 "http://photolab.elmer.uaf.edu/store/allphotos1.html" "Mozilla/4.0 (compatible; MSIE 5.17; Mac_PowerPC)"
200.118.112.254 - - [16/Sep/2005:05:06:07 -0800] "GET /store/photos/smalljpegs/(025)1958-1026-01474.jpg HTTP/1.1" 200 43131 "http://photolab.elmer.uaf.edu/store/allphotos1.html" "Mozilla/4.0 (compatible; MSIE 5.17; Mac_PowerPC)"
200.118.112.254 - - [16/Sep/2005:05:06:08 -0800] "GET /store/photos/smalljpegs/(003)1958-1026-01160.jpg HTTP/1.1" 200 25715 "http://photolab.elmer.uaf.edu/store/allphotos1.html" "Mozilla/4.0 (compatible; MSIE 5.17; Mac_PowerPC)"
200.118.112.254 - - [16/Sep/2005:05:06:08 -0800] "GET /store/photos/smalljpegs/(004)1958-1026-01477.jpg HTTP/1.1" 200 31263 "http://photolab.elmer.uaf.edu/store/allphotos1.html" "Mozilla/4.0 (compatible; MSIE 5.17; Mac_PowerPC)"
200.118.112.254 - - [16/Sep/2005:05:06:08 -0800] "GET /store/photos/smalljpegs/(006)1970-0058-00507.jpg HTTP/1.1" 200 34057 "http://photolab.elmer.uaf.edu/store/allphotos1.html" "Mozilla/4.0 (compatible; MSIE 5.17; Mac_PowerPC)"
200.118.112.254 - - [16/Sep/2005:05:06:08 -0800] "GET /store/photos/smalljpegs/(005)1958-1026-01479.jpg HTTP/1.1" 200 40549 "http://photolab.elmer.uaf.edu/store/allphotos1.html" "Mozilla/4.0 (compatible; MSIE 5.17; Mac_PowerPC)"
200.118.112.254 - - [16/Sep/2005:05:06:09 -0800] "GET /store/photos/smalljpegs/(031)1989-0166-00096.jpg HTTP/1.1" 200 21244 "http://photolab.elmer.uaf.edu/store/allphotos1.html" "Mozilla/4.0 (compatible; MSIE 5.17; Mac_PowerPC)"
200.118.112.254 - - [16/Sep/2005:05:06:09 -0800] "GET /store/photos/smalljpegs/(030)1958-1026-01546.jpg HTTP/1.1" 200 32796 "http://photolab.elmer.uaf.edu/store/allphotos1.html" "Mozilla/4.0 (compatible; MSIE 5.17; Mac_PowerPC)"
200.118.112.254 - - [16/Sep/2005:05:06:11 -0800] "GET /store/photos/smalljpegs/(028)896-036.jpg HTTP/1.1" 200 30336 "http://photolab.elmer.uaf.edu/store/allphotos1.html" "Mozilla/4.0 (compatible; MSIE 5.17; Mac_PowerPC)"
200.118.112.254 - - [16/Sep/2005:05:06:11 -0800] "GET /store/photos/smalljpegs/(026)1997-0165-00010.jpg HTTP/1.1" 200 26695 "http://photolab.elmer.uaf.edu/store/allphotos1.html" "Mozilla/4.0 (compatible; MSIE 5.17; Mac_PowerPC)"
217.212.224.142 - - [16/Sep/2005:05:06:12 -0800] "GET /gallery/photos/19900043/08/pages/1990-0043-00858.html HTTP/1.0" 200 1767 "-" "psbot/0.1 (+http://www.picsearch.com/bot.html)"
200.118.112.254 - - [16/Sep/2005:05:06:12 -0800] "GET /store/photos/smalljpegs/(027)1968-0069-01547.jpg HTTP/1.1" 206 33197 "http://photolab.elmer.uaf.edu/store/allphotos1.html" "Mozilla/4.0 (compatible; MSIE 5.17; Mac_PowerPC)"
200.118.112.254 - - [16/Sep/2005:05:06:13 -0800] "GET /store/photos/smalljpegs/(025)1958-1026-01474.jpg HTTP/1.1" 200 43131 "http://photolab.elmer.uaf.edu/store/allphotos1.html" "Mozilla/4.0 (compatible; MSIE 5.17; Mac_PowerPC)"
200.118.112.254 - - [16/Sep/2005:05:06:13 -0800] "GET /store/photos/smalljpegs/(024)1972-0116-00334.jpg HTTP/1.1" 200 29908 "http://photolab.elmer.uaf.edu/store/allphotos1.html" "Mozilla/4.0 (compatible; MSIE 5.17; Mac_PowerPC)"
200.118.112.254 - - [16/Sep/2005:05:06:14 -0800] "GET /store/photos/smalljpegs/(023)1989-0166-00255.jpg HTTP/1.1" 200 32330 "http://photolab.elmer.uaf.edu/store/allphotos1.html" "Mozilla/4.0 (compatible; MSIE 5.17; Mac_PowerPC)"
200.118.112.254 - - [16/Sep/2005:05:06:15 -0800] "GET /store/photos/smalljpegs/(022)1958-1026-01989.jpg HTTP/1.1" 200 34352 "http://photolab.elmer.uaf.edu/store/allphotos1.html" "Mozilla/4.0 (compatible; MSIE 5.17; Mac_PowerPC)"
200.118.112.254 - - [16/Sep/2005:05:06:16 -0800] "GET /store/photos/smalljpegs/(021)1973-0079-00089.jpg HTTP/1.1" 200 35617 "http://photolab.elmer.uaf.edu/store/allphotos1.html" "Mozilla/4.0 (compatible; MSIE 5.17; Mac_PowerPC)"
200.118.112.254 - - [16/Sep/2005:05:06:16 -0800] "GET /store/photos/smalljpegs/(020)1958-1026-01099.jpg HTTP/1.1" 200 35284 "http://photolab.elmer.uaf.edu/store/allphotos1.html" "Mozilla/4.0 (compatible; MSIE 5.17; Mac_PowerPC)"
200.118.112.254 - - [16/Sep/2005:05:06:17 -0800] "GET /store/photos/smalljpegs/(019)1958-1026-00766.jpg HTTP/1.1" 200 31669 "http://photolab.elmer.uaf.edu/store/allphotos1.html" "Mozilla/4.0 (compatible; MSIE 5.17; Mac_PowerPC)"
200.118.112.254 - - [16/Sep/2005:05:06:18 -0800] "GET /store/photos/smalljpegs/(018)1958-1026-01531.jpg HTTP/1.1" 200 31180 "http://photolab.elmer.uaf.edu/store/allphotos1.html" "Mozilla/4.0 (compatible; MSIE 5.17; Mac_PowerPC)"
200.118.112.254 - - [16/Sep/2005:05:06:18 -0800] "GET /store/photos/smalljpegs/(017)1958-1026-01429.jpg HTTP/1.1" 200 42323 "http://photolab.elmer.uaf.edu/store/allphotos1.html" "Mozilla/4.0 (compatible; MSIE 5.17; Mac_PowerPC)"
200.118.112.254 - - [16/Sep/2005:05:06:19 -0800] "GET /store/photos/smalljpegs/(016)1989-0166-00635.jpg HTTP/1.1" 200 33629 "http://photolab.elmer.uaf.edu/store/allphotos1.html" "Mozilla/4.0 (compatible; MSIE 5.17; Mac_PowerPC)"
200.118.112.254 - - [16/Sep/2005:05:06:20 -0800] "GET /store/photos/smalljpegs/(015)2000-0176-00011.jpg HTTP/1.1" 200 31775 "http://photolab.elmer.uaf.edu/store/allphotos1.html" "Mozilla/4.0 (compatible; MSIE 5.17; Mac_PowerPC)"
200.118.112.254 - - [16/Sep/2005:05:06:20 -0800] "GET /store/photos/smalljpegs/(014)1992-0016-00069.jpg HTTP/1.1" 200 35905 "http://photolab.elmer.uaf.edu/store/allphotos1.html" "Mozilla/4.0 (compatible; MSIE 5.17; Mac_PowerPC)"
200.118.112.254 - - [16/Sep/2005:05:06:21 -0800] "GET /store/photos/smalljpegs/(013)1989-0166-00383.jpg HTTP/1.1" 200 23833 "http://photolab.elmer.uaf.edu/store/allphotos1.html" "Mozilla/4.0 (compatible; MSIE 5.17; Mac_PowerPC)"
200.118.112.254 - - [16/Sep/2005:05:06:23 -0800] "GET /store/photos/smalljpegs/(011)1989-0166-00123.jpg HTTP/1.1" 200 31486 "http://photolab.elmer.uaf.edu/store/allphotos1.html" "Mozilla/4.0 (compatible; MSIE 5.17; Mac_PowerPC)"
200.118.112.254 - - [16/Sep/2005:05:06:22 -0800] "GET /store/photos/smalljpegs/(012)1989-0166-00375.jpg HTTP/1.1" 200 41883 "http://photolab.elmer.uaf.edu/store/allphotos1.html" "Mozilla/4.0 (compatible; MSIE 5.17; Mac_PowerPC)"
200.118.112.254 - - [16/Sep/2005:05:06:23 -0800] "GET /store/photos/smalljpegs/(010)1976-0027-00001.jpg HTTP/1.1" 200 35280 "http://photolab.elmer.uaf.edu/store/allphotos1.html" "Mozilla/4.0 (compatible; MSIE 5.17; Mac_PowerPC)"
200.118.112.254 - - [16/Sep/2005:05:06:24 -0800] "GET /store/photos/smalljpegs/(009)1975-0146-00003.jpg HTTP/1.1" 200 35453 "http://photolab.elmer.uaf.edu/store/allphotos1.html" "Mozilla/4.0 (compatible; MSIE 5.17; Mac_PowerPC)"
200.118.112.254 - - [16/Sep/2005:05:06:25 -0800] "GET /store/photos/smalljpegs/(008)1973-0079-00046.jpg HTTP/1.1" 200 37907 "http://photolab.elmer.uaf.edu/store/allphotos1.html" "Mozilla/4.0 (compatible; MSIE 5.17; Mac_PowerPC)"
200.118.112.254 - - [16/Sep/2005:05:06:25 -0800] "GET /store/photos/smalljpegs/(007)1972-0071-03234.jpg HTTP/1.1" 200 32052 "http://photolab.elmer.uaf.edu/store/allphotos1.html" "Mozilla/4.0 (compatible; MSIE 5.17; Mac_PowerPC)"
200.118.112.254 - - [16/Sep/2005:05:06:31 -0800] "GET /store/photos/largejpegs/(007)1972-0071-03234.jpg HTTP/1.1" 200 129031 "http://photolab.elmer.uaf.edu/store/allphotos1.html" "Mozilla/4.0 (compatible; MSIE 5.17; Mac_PowerPC)"
200.118.112.254 - - [16/Sep/2005:05:06:53 -0800] "GET /store/photos/largejpegs/1989-0166-00123.jpg HTTP/1.1" 200 91267 "http://photolab.elmer.uaf.edu/store/allphotos1.html" "Mozilla/4.0 (compatible; MSIE 5.17; Mac_PowerPC)"
217.212.224.142 - - [16/Sep/2005:05:07:01 -0800] "GET /gallery/photos/20030129/2/pages/1999-0293-00200.html HTTP/1.0" 200 1609 "-" "psbot/0.1 (+http://www.picsearch.com/bot.html)"
200.118.112.254 - - [16/Sep/2005:05:07:17 -0800] "GET /store/photos/largejpegs/(031)1989-0166-00096.jpg HTTP/1.1" 200 63657 "http://photolab.elmer.uaf.edu/store/allphotos1.html" "Mozilla/4.0 (compatible; MSIE 5.17; Mac_PowerPC)"
200.118.112.254 - - [16/Sep/2005:05:07:58 -0800] "GET /store/photos.html HTTP/1.1" 200 7063 "http://photolab.elmer.uaf.edu/store/allphotos1.html" "Mozilla/4.0 (compatible; MSIE 5.17; Mac_PowerPC)"
200.118.112.254 - - [16/Sep/2005:05:07:59 -0800] "GET /index_files/store.css HTTP/1.1" 200 2756 "http://photolab.elmer.uaf.edu/store/photos.html" "Mozilla/4.0 (compatible; MSIE 5.17; Mac_PowerPC)"
217.212.224.145 - - [16/Sep/2005:05:08:08 -0800] "GET /gallery/photos/19890207/0/pages/1989-0207-00040.html HTTP/1.0" 200 1878 "-" "psbot/0.1 (+http://www.picsearch.com/bot.html)"
200.118.112.254 - - [16/Sep/2005:05:08:18 -0800] "GET /store/allphotos1.html HTTP/1.1" 200 33610 "http://photolab.elmer.uaf.edu/store/photos.html" "Mozilla/4.0 (compatible; MSIE 5.17; Mac_PowerPC)"
200.118.112.254 - - [16/Sep/2005:05:08:32 -0800] "GET /store/photos.html HTTP/1.1" 304 - "http://photolab.elmer.uaf.edu/store/allphotos1.html" "Mozilla/4.0 (compatible; MSIE 5.17; Mac_PowerPC)"
200.118.112.254 - - [16/Sep/2005:05:08:41 -0800] "GET /store/alaskanatives.html HTTP/1.1" 200 23188 "http://photolab.elmer.uaf.edu/store/photos.html" "Mozilla/4.0 (compatible; MSIE 5.17; Mac_PowerPC)"
200.118.112.254 - - [16/Sep/2005:05:08:42 -0800] "GET /store/photos/smalljpegs/(041)1989-0166-00699.jpg HTTP/1.1" 200 28697 "http://photolab.elmer.uaf.edu/store/alaskanatives.html" "Mozilla/4.0 (compatible; MSIE 5.17; Mac_PowerPC)"
200.118.112.254 - - [16/Sep/2005:05:08:42 -0800] "GET /store/photos/smalljpegs/(055)1966-0054-00104.jpg HTTP/1.1" 200 35929 "http://photolab.elmer.uaf.edu/store/alaskanatives.html" "Mozilla/4.0 (compatible; MSIE 5.17; Mac_PowerPC)"
200.118.112.254 - - [16/Sep/2005:05:08:42 -0800] "GET /store/photos/smalljpegs/(057)1972-0071-00823.jpg HTTP/1.1" 200 23575 "http://photolab.elmer.uaf.edu/store/alaskanatives.html" "Mozilla/4.0 (compatible; MSIE 5.17; Mac_PowerPC)"
200.118.112.254 - - [16/Sep/2005:05:08:42 -0800] "GET /store/photos/smalljpegs/(074)1968-0012-00009.jpg HTTP/1.1" 200 36819 "http://photolab.elmer.uaf.edu/store/alaskanatives.html" "Mozilla/4.0 (compatible; MSIE 5.17; Mac_PowerPC)"
200.118.112.254 - - [16/Sep/2005:05:08:44 -0800] "GET /store/photos/smalljpegs/(126)2002-0134-00097.jpg HTTP/1.1" 200 32555 "http://photolab.elmer.uaf.edu/store/alaskanatives.html" "Mozilla/4.0 (compatible; MSIE 5.17; Mac_PowerPC)"
200.118.112.254 - - [16/Sep/2005:05:08:44 -0800] "GET /store/photos/smalljpegs/(165)1989-0166-01146.jpg HTTP/1.1" 200 38177 "http://photolab.elmer.uaf.edu/store/alaskanatives.html" "Mozilla/4.0 (compatible; MSIE 5.17; Mac_PowerPC)"
200.118.112.254 - - [16/Sep/2005:05:08:46 -0800] "GET /store/photos/smalljpegs/(120)1966-0054-00114.jpg HTTP/1.1" 200 30387 "http://photolab.elmer.uaf.edu/store/alaskanatives.html" "Mozilla/4.0 (compatible; MSIE 5.17; Mac_PowerPC)"
200.118.112.254 - - [16/Sep/2005:05:08:46 -0800] "GET /store/photos/smalljpegs/(123)2002-0134-00056.jpg HTTP/1.1" 200 34062 "http://photolab.elmer.uaf.edu/store/alaskanatives.html" "Mozilla/4.0 (compatible; MSIE 5.17; Mac_PowerPC)"
200.118.112.254 - - [16/Sep/2005:05:08:47 -0800] "GET /store/photos/smalljpegs/(119)1968-0069-02524.jpg HTTP/1.1" 200 31385 "http://photolab.elmer.uaf.edu/store/alaskanatives.html" "Mozilla/4.0 (compatible; MSIE 5.17; Mac_PowerPC)"
200.118.112.254 - - [16/Sep/2005:05:08:47 -0800] "GET /store/photos/smalljpegs/(118)1989-0166-00389.jpg HTTP/1.1" 200 39923 "http://photolab.elmer.uaf.edu/store/alaskanatives.html" "Mozilla/4.0 (compatible; MSIE 5.17; Mac_PowerPC)"
200.118.112.254 - - [16/Sep/2005:05:08:49 -0800] "GET /store/photos/smalljpegs/(116)1989-0166-00402.jpg HTTP/1.1" 200 30729 "http://photolab.elmer.uaf.edu/store/alaskanatives.html" "Mozilla/4.0 (compatible; MSIE 5.17; Mac_PowerPC)"
200.118.112.254 - - [16/Sep/2005:05:08:49 -0800] "GET /store/photos/smalljpegs/(115)1989-0166-00398.jpg HTTP/1.1" 200 30154 "http://photolab.elmer.uaf.edu/store/alaskanatives.html" "Mozilla/4.0 (compatible; MSIE 5.17; Mac_PowerPC)"
200.118.112.254 - - [16/Sep/2005:05:08:49 -0800] "GET /store/photos/smalljpegs/(114)1972-0071-00776.jpg HTTP/1.1" 200 24068 "http://photolab.elmer.uaf.edu/store/alaskanatives.html" "Mozilla/4.0 (compatible; MSIE 5.17; Mac_PowerPC)"
200.118.112.254 - - [16/Sep/2005:05:08:50 -0800] "GET /store/photos/smalljpegs/(113)1972-0071-02895.jpg HTTP/1.1" 200 36468 "http://photolab.elmer.uaf.edu/store/alaskanatives.html" "Mozilla/4.0 (compatible; MSIE 5.17; Mac_PowerPC)"
200.118.112.254 - - [16/Sep/2005:05:08:51 -0800] "GET /store/photos/smalljpegs/(112)1958-1026-01589.jpg HTTP/1.1" 200 31936 "http://photolab.elmer.uaf.edu/store/alaskanatives.html" "Mozilla/4.0 (compatible; MSIE 5.17; Mac_PowerPC)"
200.118.112.254 - - [16/Sep/2005:05:08:51 -0800] "GET /store/photos/smalljpegs/(110)1958-1026-01591.jpg HTTP/1.1" 200 38244 "http://photolab.elmer.uaf.edu/store/alaskanatives.html" "Mozilla/4.0 (compatible; MSIE 5.17; Mac_PowerPC)"
217.212.224.144 - - [16/Sep/2005:05:08:52 -0800] "GET /gallery/photos/19900007/0/pages/1990-0007-00033.html HTTP/1.0" 200 1756 "-" "psbot/0.1 (+http://www.picsearch.com/bot.html)"
200.118.112.254 - - [16/Sep/2005:05:08:52 -0800] "GET /store/photos/smalljpegs/(109)1972-0071-03235.jpg HTTP/1.1" 200 39850 "http://photolab.elmer.uaf.edu/store/alaskanatives.html" "Mozilla/4.0 (compatible; MSIE 5.17; Mac_PowerPC)"
200.118.112.254 - - [16/Sep/2005:05:08:53 -0800] "GET /store/photos/smalljpegs/(107)1958-1026-02271.jpg HTTP/1.1" 200 34747 "http://photolab.elmer.uaf.edu/store/alaskanatives.html" "Mozilla/4.0 (compatible; MSIE 5.17; Mac_PowerPC)"
200.118.112.254 - - [16/Sep/2005:05:08:53 -0800] "GET /store/photos/smalljpegs/(108)1966-0054-00248.jpg HTTP/1.1" 200 41001 "http://photolab.elmer.uaf.edu/store/alaskanatives.html" "Mozilla/4.0 (compatible; MSIE 5.17; Mac_PowerPC)"
200.118.112.254 - - [16/Sep/2005:05:08:55 -0800] "GET /store/photos/smalljpegs/(105)1989-0166-00522a.jpg HTTP/1.1" 200 25417 "http://photolab.elmer.uaf.edu/store/alaskanatives.html" "Mozilla/4.0 (compatible; MSIE 5.17; Mac_PowerPC)"
200.118.112.254 - - [16/Sep/2005:05:08:54 -0800] "GET /store/photos/smalljpegs/(106)1972-0071-03229.jpg HTTP/1.1" 200 38182 "http://photolab.elmer.uaf.edu/store/alaskanatives.html" "Mozilla/4.0 (compatible; MSIE 5.17; Mac_PowerPC)"
200.118.112.254 - - [16/Sep/2005:05:08:56 -0800] "GET /store/photos/smalljpegs/(104)1958-1026-02106.jpg HTTP/1.1" 200 34617 "http://photolab.elmer.uaf.edu/store/alaskanatives.html" "Mozilla/4.0 (compatible; MSIE 5.17; Mac_PowerPC)"
200.118.112.254 - - [16/Sep/2005:05:08:56 -0800] "GET /store/photos/smalljpegs/(103)1972-0071-02925.jpg HTTP/1.1" 200 30024 "http://photolab.elmer.uaf.edu/store/alaskanatives.html" "Mozilla/4.0 (compatible; MSIE 5.17; Mac_PowerPC)"
200.118.112.254 - - [16/Sep/2005:05:08:58 -0800] "GET /store/photos/smalljpegs/(102)1972-0071-00804.jpg HTTP/1.1" 200 33600 "http://photolab.elmer.uaf.edu/store/alaskanatives.html" "Mozilla/4.0 (compatible; MSIE 5.17; Mac_PowerPC)"
200.118.112.254 - - [16/Sep/2005:05:08:58 -0800] "GET /store/photos/smalljpegs/(101)1995-0244-01044.jpg HTTP/1.1" 200 33660 "http://photolab.elmer.uaf.edu/store/alaskanatives.html" "Mozilla/4.0 (compatible; MSIE 5.17; Mac_PowerPC)"
200.118.112.254 - - [16/Sep/2005:05:08:59 -0800] "GET /store/photos/smalljpegs/(083)1989-0166-00380.jpg HTTP/1.1" 200 32119 "http://photolab.elmer.uaf.edu/store/alaskanatives.html" "Mozilla/4.0 (compatible; MSIE 5.17; Mac_PowerPC)"
200.118.112.254 - - [16/Sep/2005:05:08:59 -0800] "GET /store/photos/smalljpegs/(080)1958-1026-01682.jpg HTTP/1.1" 200 34989 "http://photolab.elmer.uaf.edu/store/alaskanatives.html" "Mozilla/4.0 (compatible; MSIE 5.17; Mac_PowerPC)"
200.118.112.254 - - [16/Sep/2005:05:09:14 -0800] "GET /store/photos/largejpegs/(115)1989-0166-00398.jpg HTTP/1.1" 200 128157 "http://photolab.elmer.uaf.edu/store/alaskanatives.html" "Mozilla/4.0 (compatible; MSIE 5.17; Mac_PowerPC)"
217.212.224.142 - - [16/Sep/2005:05:09:37 -0800] "GET /gallery/photos/19690092/1/pages/1969-0092-00162.html HTTP/1.0" 200 1765 "-" "psbot/0.1 (+http://www.picsearch.com/bot.html)"
217.212.224.145 - - [16/Sep/2005:05:10:26 -0800] "GET /gallery/photos/19890199/1/pages/1989-0199-00166.html HTTP/1.0" 200 1878 "-" "psbot/0.1 (+http://www.picsearch.com/bot.html)"
217.212.224.143 - - [16/Sep/2005:05:11:12 -0800] "GET /gallery/photos/20030109/2/pages/2003-0109-00202.html HTTP/1.0" 200 1754 "-" "psbot/0.1 (+http://www.picsearch.com/bot.html)"
217.212.224.143 - - [16/Sep/2005:05:11:58 -0800] "GET /gallery/photos/20040014/1/pages/2004-0014-00122.html HTTP/1.0" 200 1866 "-" "psbot/0.1 (+http://www.picsearch.com/bot.html)"
217.212.224.142 - - [16/Sep/2005:05:12:45 -0800] "GET /gallery/photos/19950244/01/index_4.html HTTP/1.0" 200 7232 "-" "psbot/0.1 (+http://www.picsearch.com/bot.html)"
200.118.112.254 - - [16/Sep/2005:05:13:17 -0800] "GET /store/photos/largejpegs/(057)1972-0071-00823.jpg HTTP/1.1" 200 103718 "http://photolab.elmer.uaf.edu/store/alaskanatives.html" "Mozilla/4.0 (compatible; MSIE 5.17; Mac_PowerPC)"
217.212.224.142 - - [16/Sep/2005:05:13:33 -0800] "GET /gallery/photos/19900080/0/pages/1990-0080-00048.html HTTP/1.0" 200 1878 "-" "psbot/0.1 (+http://www.picsearch.com/bot.html)"
217.212.224.143 - - [16/Sep/2005:05:14:19 -0800] "GET /gallery/photos/19940070/2/index_3.html HTTP/1.0" 200 7247 "-" "psbot/0.1 (+http://www.picsearch.com/bot.html)"
217.212.224.144 - - [16/Sep/2005:05:15:08 -0800] "GET /gallery/photos/19940070/1/pages/1994-0070-00113.html HTTP/1.0" 200 5959 "-" "psbot/0.1 (+http://www.picsearch.com/bot.html)"
200.118.112.254 - - [16/Sep/2005:05:15:10 -0800] "GET /store/photos.html HTTP/1.1" 304 - "http://photolab.elmer.uaf.edu/store/alaskanatives.html" "Mozilla/4.0 (compatible; MSIE 5.17; Mac_PowerPC)"
200.118.112.254 - - [16/Sep/2005:05:15:13 -0800] "GET /store/mining.html HTTP/1.1" 200 16945 "http://photolab.elmer.uaf.edu/store/photos.html" "Mozilla/4.0 (compatible; MSIE 5.17; Mac_PowerPC)"
200.118.112.254 - - [16/Sep/2005:05:15:15 -0800] "GET /store/photos/smalljpegs/(051)1981-0107-00008.jpg HTTP/1.1" 200 33523 "http://photolab.elmer.uaf.edu/store/mining.html" "Mozilla/4.0 (compatible; MSIE 5.17; Mac_PowerPC)"
200.118.112.254 - - [16/Sep/2005:05:15:15 -0800] "GET /store/photos/smalljpegs/(045)1989-0166-00025.jpg HTTP/1.1" 200 40740 "http://photolab.elmer.uaf.edu/store/mining.html" "Mozilla/4.0 (compatible; MSIE 5.17; Mac_PowerPC)"
200.118.112.254 - - [16/Sep/2005:05:15:15 -0800] "GET /store/photos/smalljpegs/(072)1975-0084-02715.jpg HTTP/1.1" 200 33859 "http://photolab.elmer.uaf.edu/store/mining.html" "Mozilla/4.0 (compatible; MSIE 5.17; Mac_PowerPC)"
200.118.112.254 - - [16/Sep/2005:05:15:15 -0800] "GET /store/photos/smalljpegs/(062)1973-0050-00013.jpg HTTP/1.1" 200 39979 "http://photolab.elmer.uaf.edu/store/mining.html" "Mozilla/4.0 (compatible; MSIE 5.17; Mac_PowerPC)"
200.118.112.254 - - [16/Sep/2005:05:15:16 -0800] "GET /store/photos/smalljpegs/(146)1966-0054-00051.jpg HTTP/1.1" 200 27693 "http://photolab.elmer.uaf.edu/store/mining.html" "Mozilla/4.0 (compatible; MSIE 5.17; Mac_PowerPC)"
200.118.112.254 - - [16/Sep/2005:05:15:16 -0800] "GET /store/photos/smalljpegs/(175)1979-0093-00266.jpg HTTP/1.1" 200 32874 "http://photolab.elmer.uaf.edu/store/mining.html" "Mozilla/4.0 (compatible; MSIE 5.17; Mac_PowerPC)"
200.118.112.254 - - [16/Sep/2005:05:15:19 -0800] "GET /store/photos/smalljpegs/(133)1989-0166-00004.jpg HTTP/1.1" 200 36226 "http://photolab.elmer.uaf.edu/store/mining.html" "Mozilla/4.0 (compatible; MSIE 5.17; Mac_PowerPC)"
200.118.112.254 - - [16/Sep/2005:05:15:19 -0800] "GET /store/photos/smalljpegs/(125)1968-0069-01325.jpg HTTP/1.1" 200 33514 "http://photolab.elmer.uaf.edu/store/mining.html" "Mozilla/4.0 (compatible; MSIE 5.17; Mac_PowerPC)"
200.118.112.254 - - [16/Sep/2005:05:15:20 -0800] "GET /store/photos/smalljpegs/(098)1989-0166-00658.jpg HTTP/1.1" 200 31045 "http://photolab.elmer.uaf.edu/store/mining.html" "Mozilla/4.0 (compatible; MSIE 5.17; Mac_PowerPC)"
200.118.112.254 - - [16/Sep/2005:05:15:28 -0800] "GET /store/photos.html HTTP/1.1" 304 - "http://photolab.elmer.uaf.edu/store/mining.html" "Mozilla/4.0 (compatible; MSIE 5.17; Mac_PowerPC)"
200.118.112.254 - - [16/Sep/2005:05:15:30 -0800] "GET /store/fairbanks.html HTTP/1.1" 200 29518 "http://photolab.elmer.uaf.edu/store/photos.html" "Mozilla/4.0 (compatible; MSIE 5.17; Mac_PowerPC)"
200.118.112.254 - - [16/Sep/2005:05:15:31 -0800] "GET /store/photos/smalljpegs/(003)1958-1026-01160.jpg HTTP/1.1" 200 25715 "http://photolab.elmer.uaf.edu/store/fairbanks.html" "Mozilla/4.0 (compatible; MSIE 5.17; Mac_PowerPC)"
200.118.112.254 - - [16/Sep/2005:05:15:31 -0800] "GET /store/photos/smalljpegs/(053)1970-0028-00753.jpg HTTP/1.1" 200 32896 "http://photolab.elmer.uaf.edu/store/fairbanks.html" "Mozilla/4.0 (compatible; MSIE 5.17; Mac_PowerPC)"
200.118.112.254 - - [16/Sep/2005:05:15:32 -0800] "GET /store/photos/smalljpegs/(058)1969-0016-00011.jpg HTTP/1.1" 200 38151 "http://photolab.elmer.uaf.edu/store/fairbanks.html" "Mozilla/4.0 (compatible; MSIE 5.17; Mac_PowerPC)"
200.118.112.254 - - [16/Sep/2005:05:15:32 -0800] "GET /store/photos/smalljpegs/(075)2002-0155-00055.jpg HTTP/1.1" 200 24233 "http://photolab.elmer.uaf.edu/store/fairbanks.html" "Mozilla/4.0 (compatible; MSIE 5.17; Mac_PowerPC)"
200.118.112.254 - - [16/Sep/2005:05:15:32 -0800] "GET /store/photos/smalljpegs/(170)1989-0166-01143.jpg HTTP/1.1" 200 36327 "http://photolab.elmer.uaf.edu/store/fairbanks.html" "Mozilla/4.0 (compatible; MSIE 5.17; Mac_PowerPC)"
200.118.112.254 - - [16/Sep/2005:05:15:33 -0800] "GET /store/photos/smalljpegs/(169)1989-0166-01200.jpg HTTP/1.1" 200 28733 "http://photolab.elmer.uaf.edu/store/fairbanks.html" "Mozilla/4.0 (compatible; MSIE 5.17; Mac_PowerPC)"
200.118.112.254 - - [16/Sep/2005:05:15:35 -0800] "GET /store/photos/smalljpegs/(167)1989-0166-01172.jpg HTTP/1.1" 200 30788 "http://photolab.elmer.uaf.edu/store/fairbanks.html" "Mozilla/4.0 (compatible; MSIE 5.17; Mac_PowerPC)"
200.118.112.254 - - [16/Sep/2005:05:15:34 -0800] "GET /store/photos/smalljpegs/(168)1989-0166-01191.jpg HTTP/1.1" 200 37439 "http://photolab.elmer.uaf.edu/store/fairbanks.html" "Mozilla/4.0 (compatible; MSIE 5.17; Mac_PowerPC)"
200.118.112.254 - - [16/Sep/2005:05:15:37 -0800] "GET /store/photos/smalljpegs/(154)1958-1026-00899.jpg HTTP/1.1" 200 29503 "http://photolab.elmer.uaf.edu/store/fairbanks.html" "Mozilla/4.0 (compatible; MSIE 5.17; Mac_PowerPC)"
