217.212.224.148 - - [01/Sep/2005:02:05:21 -0800] "GET /gallery/20040084/1157-1288/index_7.html HTTP/1.0" 404 335 "-" "psbot/0.1 (+http://www.picsearch.com/bot.html)"
207.46.98.84 - - [01/Sep/2005:02:05:31 -0800] "GET /gallery/photos/19581026/22/pages/1958-1026-02291.html HTTP/1.0" 200 6186 "-" "msnbot/1.0 (+http://search.msn.com/msnbot.htm)"
68.142.249.199 - - [01/Sep/2005:02:06:19 -0800] "GET /gallery/photos/19581026/20/pages/1958-1026-02070.html HTTP/1.0" 200 4416 "-" "Mozilla/5.0 (compatible; Yahoo! Slurp; http://help.yahoo.com/help/us/ysearch/slurp)"
217.212.224.148 - - [01/Sep/2005:02:07:15 -0800] "GET /gallery/20020032/pages/2002-0032-00098.html HTTP/1.0" 404 339 "-" "psbot/0.1 (+http://www.picsearch.com/bot.html)"
207.46.98.84 - - [01/Sep/2005:02:07:27 -0800] "GET /gallery/photos/19950244/14/index_2.html HTTP/1.0" 200 7236 "-" "msnbot/1.0 (+http://search.msn.com/msnbot.htm)"
207.46.98.84 - - [01/Sep/2005:02:07:52 -0800] "GET /gallery/photos/19640042/3/index_2.htm HTTP/1.0" 200 7205 "-" "msnbot/1.0 (+http://search.msn.com/msnbot.htm)"
65.214.44.171 - - [01/Sep/2005:02:08:51 -0800] "GET /gallery/19940070/0/pages/1994-0070-00094.html HTTP/1.0" 404 341 "-" "Mozilla/2.0 (compatible; Ask Jeeves/Teoma; +http://sp.ask.com/docs/about/tech_crawling.html)"
217.212.224.148 - - [01/Sep/2005:02:09:11 -0800] "GET /gallery/20020134/pages/2002-0134-00099.html HTTP/1.0" 404 339 "-" "psbot/0.1 (+http://www.picsearch.com/bot.html)"
203.206.48.109 - - [01/Sep/2005:02:09:31 -0800] "GET /index_files/store.css HTTP/1.1" 200 2756 "http://photolab.elmer.uaf.edu/store/mining.html" "Mozilla/4.0 (compatible; MSIE 6.0; Windows NT 5.1; SV1; FunWebProducts; .NET CLR 1.1.4322; FDM)"
203.206.48.109 - - [01/Sep/2005:02:09:31 -0800] "GET /index_files/titlebrown.jpg HTTP/1.1" 200 5451 "http://photolab.elmer.uaf.edu/store/mining.html" "Mozilla/4.0 (compatible; MSIE 6.0; Windows NT 5.1; SV1; FunWebProducts; .NET CLR 1.1.4322; FDM)"
203.206.48.109 - - [01/Sep/2005:02:09:30 -0800] "GET /store/mining.html HTTP/1.1" 200 16945 "http://images.google.com.au/imgres?imgurl=http://photolab.elmer.uaf.edu/store/photos/largejpegs/(062)1973-0050-00013.jpg&imgrefurl=http://photolab.elmer.uaf.edu/store/mining.html&h=1000&w=792&sz=185&tbnid=It7kr_IFOaYJ:&tbnh=149&tbnw=118&hl=en&start=12&prev=/images%3Fq%3Dsluice%2Bbox%26svnum%3D100%26hl%3Den%26lr%3D%26sa%3DN" "Mozilla/4.0 (compatible; MSIE 6.0; Windows NT 5.1; SV1; FunWebProducts; .NET CLR 1.1.4322; FDM)"
203.206.48.109 - - [01/Sep/2005:02:09:32 -0800] "GET /store/photos/largejpegs/(062)1973-0050-00013.jpg HTTP/1.1" 200 189237 "http://images.google.com.au/imgres?imgurl=http://photolab.elmer.uaf.edu/store/photos/largejpegs/(062)1973-0050-00013.jpg&imgrefurl=http://photolab.elmer.uaf.edu/store/mining.html&h=1000&w=792&sz=185&tbnid=It7kr_IFOaYJ:&tbnh=149&tbnw=118&hl=en&prev=/images%3Fq%3Dsluice%2Bbox%26svnum%3D100%26hl%3Den%26lr%3D%26sa%3DN&frame=small" "Mozilla/4.0 (compatible; MSIE 6.0; Windows NT 5.1; SV1; FunWebProducts; .NET CLR 1.1.4322; FDM)"
203.206.48.109 - - [01/Sep/2005:02:09:53 -0800] "GET /store/mining.html HTTP/1.1" 206 4445 "http://images.google.com.au/imgres?imgurl=http://photolab.elmer.uaf.edu/store/photos/largejpegs/(062)1973-0050-00013.jpg&imgrefurl=http://photolab.elmer.uaf.edu/store/mining.html&h=1000&w=792&sz=185&tbnid=It7kr_IFOaYJ:&tbnh=149&tbnw=118&hl=en&start=12&prev=/images%3Fq%3Dsluice%2Bbox%26svnum%3D100%26hl%3Den%26lr%3D%26sa%3DN" "Mozilla/4.0 (compatible; MSIE 6.0; Windows NT 5.1; SV1; FunWebProducts; .NET CLR 1.1.4322; FDM)"
203.206.48.109 - - [01/Sep/2005:02:09:55 -0800] "GET /index_files/titlebrown.jpg HTTP/1.1" 206 1355 "http://photolab.elmer.uaf.edu/store/mining.html" "Mozilla/4.0 (compatible; MSIE 6.0; Windows NT 5.1; SV1; FunWebProducts; .NET CLR 1.1.4322; FDM)"
203.206.48.109 - - [01/Sep/2005:02:09:55 -0800] "GET /index_files/aprbrown.jpg HTTP/1.1" 200 5509 "http://photolab.elmer.uaf.edu/store/mining.html" "Mozilla/4.0 (compatible; MSIE 6.0; Windows NT 5.1; SV1; FunWebProducts; .NET CLR 1.1.4322; FDM)"
68.142.249.183 - - [01/Sep/2005:02:10:11 -0800] "GET /gallery/photos/19940096/0/pages/1994-0096-00002.html HTTP/1.0" 200 1900 "-" "Mozilla/5.0 (compatible; Yahoo! Slurp; http://help.yahoo.com/help/us/ysearch/slurp)"
217.212.224.148 - - [01/Sep/2005:02:11:07 -0800] "GET /gallery/20030183/pages/2003-0183-00036.html HTTP/1.0" 404 339 "-" "psbot/0.1 (+http://www.picsearch.com/bot.html)"
207.46.98.84 - - [01/Sep/2005:02:11:32 -0800] "GET /gallery/photos/19581026/21/pages/1958-1026-02109.html HTTP/1.0" 200 5890 "-" "msnbot/1.0 (+http://search.msn.com/msnbot.htm)"
207.46.98.84 - - [01/Sep/2005:02:11:45 -0800] "GET /gallery/photos/19581026/21/pages/1958-1026-02122.html HTTP/1.0" 200 5892 "-" "msnbot/1.0 (+http://search.msn.com/msnbot.htm)"
217.212.224.148 - - [01/Sep/2005:02:13:00 -0800] "GET /gallery/20020164/pages/2002-0164-00101.html HTTP/1.0" 404 339 "-" "psbot/0.1 (+http://www.picsearch.com/bot.html)"
217.212.224.148 - - [01/Sep/2005:02:14:54 -0800] "GET /gallery/19790093/album/pages/1979-0093-00342.html HTTP/1.0" 404 345 "-" "psbot/0.1 (+http://www.picsearch.com/bot.html)"
217.212.224.148 - - [01/Sep/2005:02:16:53 -0800] "GET /gallery/19850072/pages/1985-0072-00114.html HTTP/1.0" 404 339 "-" "psbot/0.1 (+http://www.picsearch.com/bot.html)"
59.92.43.172 - - [01/Sep/2005:02:17:42 -0800] "GET /index_files/store.css HTTP/1.1" 200 2756 "http://photolab.elmer.uaf.edu/store/people.html" "Mozilla/4.0 (compatible; MSIE 6.0; Windows NT 5.1; SV1; .NET CLR 1.1.4322)"
59.92.43.172 - - [01/Sep/2005:02:17:41 -0800] "GET /store/people.html HTTP/1.1" 200 21075 "http://images.google.co.in/imgres?imgurl=http://photolab.elmer.uaf.edu/store/photos/largejpegs/(040)1958-1026-01700.jpg&imgrefurl=http://photolab.elmer.uaf.edu/store/people.html&h=1000&w=762&sz=136&tbnid=muofWG5zZScJ:&tbnh=149&tbnw=113&hl=en&start=36&prev=/images%3Fq%3DEskimo%2B%26start%3D20%26svnum%3D10%26hl%3Den%26lr%3D%26sa%3DN" "Mozilla/4.0 (compatible; MSIE 6.0; Windows NT 5.1; SV1; .NET CLR 1.1.4322)"
59.92.43.172 - - [01/Sep/2005:02:17:43 -0800] "GET /index_files/aprbrown.jpg HTTP/1.1" 200 5509 "http://photolab.elmer.uaf.edu/store/people.html" "Mozilla/4.0 (compatible; MSIE 6.0; Windows NT 5.1; SV1; .NET CLR 1.1.4322)"
59.92.43.172 - - [01/Sep/2005:02:17:44 -0800] "GET /index_files/titlebrown.jpg HTTP/1.1" 200 5451 "http://photolab.elmer.uaf.edu/store/people.html" "Mozilla/4.0 (compatible; MSIE 6.0; Windows NT 5.1; SV1; .NET CLR 1.1.4322)"
59.92.43.172 - - [01/Sep/2005:02:17:45 -0800] "GET /index_files/menubar.gif HTTP/1.1" 200 2913 "http://photolab.elmer.uaf.edu/store/people.html" "Mozilla/4.0 (compatible; MSIE 6.0; Windows NT 5.1; SV1; .NET CLR 1.1.4322)"
59.92.43.172 - - [01/Sep/2005:02:17:44 -0800] "GET /index_files/storetitle.gif HTTP/1.1" 200 14535 "http://photolab.elmer.uaf.edu/store/people.html" "Mozilla/4.0 (compatible; MSIE 6.0; Windows NT 5.1; SV1; .NET CLR 1.1.4322)"
59.92.43.172 - - [01/Sep/2005:02:17:45 -0800] "GET /store/photos/smalljpegs/(007)1972-0071-03234.jpg HTTP/1.1" 200 32052 "http://photolab.elmer.uaf.edu/store/people.html" "Mozilla/4.0 (compatible; MSIE 6.0; Windows NT 5.1; SV1; .NET CLR 1.1.4322)"
59.92.43.172 - - [01/Sep/2005:02:17:45 -0800] "GET /store/photos/smalljpegs/(009)1975-0146-00003.jpg HTTP/1.1" 200 35453 "http://photolab.elmer.uaf.edu/store/people.html" "Mozilla/4.0 (compatible; MSIE 6.0; Windows NT 5.1; SV1; .NET CLR 1.1.4322)"
59.92.43.172 - - [01/Sep/2005:02:17:47 -0800] "GET /store/photos/smalljpegs/(012)1989-0166-00375.jpg HTTP/1.1" 200 41883 "http://photolab.elmer.uaf.edu/store/people.html" "Mozilla/4.0 (compatible; MSIE 6.0; Windows NT 5.1; SV1; .NET CLR 1.1.4322)"
59.92.43.172 - - [01/Sep/2005:02:17:48 -0800] "GET /store/photos/smalljpegs/(024)1972-0116-00334.jpg HTTP/1.1" 200 29908 "http://photolab.elmer.uaf.edu/store/people.html" "Mozilla/4.0 (compatible; MSIE 6.0; Windows NT 5.1; SV1; .NET CLR 1.1.4322)"
59.92.43.172 - - [01/Sep/2005:02:17:50 -0800] "GET /store/photos/smalljpegs/(040)1958-1026-01700.jpg HTTP/1.1" 200 30523 "http://photolab.elmer.uaf.edu/store/people.html" "Mozilla/4.0 (compatible; MSIE 6.0; Windows NT 5.1; SV1; .NET CLR 1.1.4322)"
59.92.43.172 - - [01/Sep/2005:02:17:50 -0800] "GET /store/photos/smalljpegs/(026)1997-0165-00010.jpg HTTP/1.1" 200 26695 "http://photolab.elmer.uaf.edu/store/people.html" "Mozilla/4.0 (compatible; MSIE 6.0; Windows NT 5.1; SV1; .NET CLR 1.1.4322)"
59.92.43.172 - - [01/Sep/2005:02:17:52 -0800] "GET /store/photos/smalljpegs/(069)1976-0092-00075.jpg HTTP/1.1" 200 25519 "http://photolab.elmer.uaf.edu/store/people.html" "Mozilla/4.0 (compatible; MSIE 6.0; Windows NT 5.1; SV1; .NET CLR 1.1.4322)"
59.92.43.172 - - [01/Sep/2005:02:17:52 -0800] "GET /store/photos/smalljpegs/(055)1966-0054-00104.jpg HTTP/1.1" 200 35929 "http://photolab.elmer.uaf.edu/store/people.html" "Mozilla/4.0 (compatible; MSIE 6.0; Windows NT 5.1; SV1; .NET CLR 1.1.4322)"
59.92.43.172 - - [01/Sep/2005:02:17:54 -0800] "GET /store/photos/smalljpegs/(073)2000-0176-00106a.jpg HTTP/1.1" 200 39020 "http://photolab.elmer.uaf.edu/store/people.html" "Mozilla/4.0 (compatible; MSIE 6.0; Windows NT 5.1; SV1; .NET CLR 1.1.4322)"
59.92.43.172 - - [01/Sep/2005:02:17:55 -0800] "GET /store/photos/smalljpegs/(074)1968-0012-00009.jpg HTTP/1.1" 200 36819 "http://photolab.elmer.uaf.edu/store/people.html" "Mozilla/4.0 (compatible; MSIE 6.0; Windows NT 5.1; SV1; .NET CLR 1.1.4322)"
59.92.43.172 - - [01/Sep/2005:02:17:57 -0800] "GET /store/photos/smalljpegs/(083)1989-0166-00380.jpg HTTP/1.1" 200 32119 "http://photolab.elmer.uaf.edu/store/people.html" "Mozilla/4.0 (compatible; MSIE 6.0; Windows NT 5.1; SV1; .NET CLR 1.1.4322)"
59.92.43.172 - - [01/Sep/2005:02:17:57 -0800] "GET /store/photos/smalljpegs/(090)1972-0071-02759.jpg HTTP/1.1" 200 35919 "http://photolab.elmer.uaf.edu/store/people.html" "Mozilla/4.0 (compatible; MSIE 6.0; Windows NT 5.1; SV1; .NET CLR 1.1.4322)"
59.92.43.172 - - [01/Sep/2005:02:17:59 -0800] "GET /store/photos/smalljpegs/(101)1995-0244-01044.jpg HTTP/1.1" 200 33660 "http://photolab.elmer.uaf.edu/store/people.html" "Mozilla/4.0 (compatible; MSIE 6.0; Windows NT 5.1; SV1; .NET CLR 1.1.4322)"
59.92.43.172 - - [01/Sep/2005:02:18:00 -0800] "GET /store/photos/smalljpegs/(102)1972-0071-00804.jpg HTTP/1.1" 200 33600 "http://photolab.elmer.uaf.edu/store/people.html" "Mozilla/4.0 (compatible; MSIE 6.0; Windows NT 5.1; SV1; .NET CLR 1.1.4322)"
59.92.43.172 - - [01/Sep/2005:02:18:01 -0800] "GET /store/photos/smalljpegs/(103)1972-0071-02925.jpg HTTP/1.1" 200 30024 "http://photolab.elmer.uaf.edu/store/people.html" "Mozilla/4.0 (compatible; MSIE 6.0; Windows NT 5.1; SV1; .NET CLR 1.1.4322)"
59.92.43.172 - - [01/Sep/2005:02:18:02 -0800] "GET /store/photos/smalljpegs/(104)1958-1026-02106.jpg HTTP/1.1" 200 34617 "http://photolab.elmer.uaf.edu/store/people.html" "Mozilla/4.0 (compatible; MSIE 6.0; Windows NT 5.1; SV1; .NET CLR 1.1.4322)"
59.92.43.172 - - [01/Sep/2005:02:18:03 -0800] "GET /store/photos/smalljpegs/(105)1989-0166-00522a.jpg HTTP/1.1" 200 25417 "http://photolab.elmer.uaf.edu/store/people.html" "Mozilla/4.0 (compatible; MSIE 6.0; Windows NT 5.1; SV1; .NET CLR 1.1.4322)"
59.92.43.172 - - [01/Sep/2005:02:18:05 -0800] "GET /store/photos/smalljpegs/(106)1972-0071-03229.jpg HTTP/1.1" 200 38182 "http://photolab.elmer.uaf.edu/store/people.html" "Mozilla/4.0 (compatible; MSIE 6.0; Windows NT 5.1; SV1; .NET CLR 1.1.4322)"
59.92.43.172 - - [01/Sep/2005:02:18:05 -0800] "GET /store/photos/smalljpegs/(107)1958-1026-02271.jpg HTTP/1.1" 200 34747 "http://photolab.elmer.uaf.edu/store/people.html" "Mozilla/4.0 (compatible; MSIE 6.0; Windows NT 5.1; SV1; .NET CLR 1.1.4322)"
59.92.43.172 - - [01/Sep/2005:02:18:08 -0800] "GET /store/photos/smalljpegs/(112)1958-1026-01589.jpg HTTP/1.1" 200 31936 "http://photolab.elmer.uaf.edu/store/people.html" "Mozilla/4.0 (compatible; MSIE 6.0; Windows NT 5.1; SV1; .NET CLR 1.1.4322)"
59.92.43.172 - - [01/Sep/2005:02:18:08 -0800] "GET /store/photos/smalljpegs/(110)1958-1026-01591.jpg HTTP/1.1" 200 38244 "http://photolab.elmer.uaf.edu/store/people.html" "Mozilla/4.0 (compatible; MSIE 6.0; Windows NT 5.1; SV1; .NET CLR 1.1.4322)"
59.92.43.172 - - [01/Sep/2005:02:18:10 -0800] "GET /store/photos/smalljpegs/(119)1968-0069-02524.jpg HTTP/1.1" 200 31385 "http://photolab.elmer.uaf.edu/store/people.html" "Mozilla/4.0 (compatible; MSIE 6.0; Windows NT 5.1; SV1; .NET CLR 1.1.4322)"
59.92.43.172 - - [01/Sep/2005:02:18:11 -0800] "GET /store/photos/smalljpegs/(139)1958-1026-02130.jpg HTTP/1.1" 200 37323 "http://photolab.elmer.uaf.edu/store/people.html" "Mozilla/4.0 (compatible; MSIE 6.0; Windows NT 5.1; SV1; .NET CLR 1.1.4322)"
65.214.44.171 - - [01/Sep/2005:02:18:14 -0800] "GET /gallery/19690092/3/pages/1969-0092-00350.html HTTP/1.0" 404 341 "-" "Mozilla/2.0 (compatible; Ask Jeeves/Teoma; +http://sp.ask.com/docs/about/tech_crawling.html)"
59.92.43.172 - - [01/Sep/2005:02:18:13 -0800] "GET /store/photos/smalljpegs/(141)1972-0071-00099.jpg HTTP/1.1" 200 38687 "http://photolab.elmer.uaf.edu/store/people.html" "Mozilla/4.0 (compatible; MSIE 6.0; Windows NT 5.1; SV1; .NET CLR 1.1.4322)"
59.92.43.172 - - [01/Sep/2005:02:18:14 -0800] "GET /store/photos/smalljpegs/(145)1972-0071-02415.jpg HTTP/1.1" 200 25683 "http://photolab.elmer.uaf.edu/store/people.html" "Mozilla/4.0 (compatible; MSIE 6.0; Windows NT 5.1; SV1; .NET CLR 1.1.4322)"
59.92.43.172 - - [01/Sep/2005:02:18:15 -0800] "GET /store/photos/smalljpegs/(150)1972-0071-00102.jpg HTTP/1.1" 200 31506 "http://photolab.elmer.uaf.edu/store/people.html" "Mozilla/4.0 (compatible; MSIE 6.0; Windows NT 5.1; SV1; .NET CLR 1.1.4322)"
59.92.43.172 - - [01/Sep/2005:02:18:16 -0800] "GET /store/photos/smalljpegs/(151)1989-0166-00382.jpg HTTP/1.1" 200 30137 "http://photolab.elmer.uaf.edu/store/people.html" "Mozilla/4.0 (compatible; MSIE 6.0; Windows NT 5.1; SV1; .NET CLR 1.1.4322)"
59.92.43.172 - - [01/Sep/2005:02:18:18 -0800] "GET /index_files/bluebear.gif HTTP/1.1" 200 1263 "http://photolab.elmer.uaf.edu/store/people.html" "Mozilla/4.0 (compatible; MSIE 6.0; Windows NT 5.1; SV1; .NET CLR 1.1.4322)"
59.92.43.172 - - [01/Sep/2005:02:18:18 -0800] "GET /index_files/sitemap.gif HTTP/1.1" 200 1503 "http://photolab.elmer.uaf.edu/store/people.html" "Mozilla/4.0 (compatible; MSIE 6.0; Windows NT 5.1; SV1; .NET CLR 1.1.4322)"
59.92.43.172 - - [01/Sep/2005:02:18:17 -0800] "GET /store/photos/smalljpegs/(172)1989-0166-01182.jpg HTTP/1.1" 200 30897 "http://photolab.elmer.uaf.edu/store/people.html" "Mozilla/4.0 (compatible; MSIE 6.0; Windows NT 5.1; SV1; .NET CLR 1.1.4322)"
217.212.224.148 - - [01/Sep/2005:02:18:50 -0800] "GET /gallery/19850072/pages/1985-0072-00115.html HTTP/1.0" 404 339 "-" "psbot/0.1 (+http://www.picsearch.com/bot.html)"
59.92.43.172 - - [01/Sep/2005:02:18:41 -0800] "GET /store/photos/largejpegs/(040)1958-1026-01700.jpg HTTP/1.1" 200 138785 "http://photolab.elmer.uaf.edu/store/people.html" "Mozilla/4.0 (compatible; MSIE 6.0; Windows NT 5.1; SV1; .NET CLR 1.1.4322)"
59.92.43.172 - - [01/Sep/2005:02:19:03 -0800] "GET /store/photos/largejpegs/(055)1966-0054-00104.jpg HTTP/1.1" 200 160368 "http://photolab.elmer.uaf.edu/store/people.html" "Mozilla/4.0 (compatible; MSIE 6.0; Windows NT 5.1; SV1; .NET CLR 1.1.4322)"
207.46.98.84 - - [01/Sep/2005:02:19:36 -0800] "GET /gallery/photos/19810192/index_3.html HTTP/1.0" 200 9237 "-" "msnbot/1.0 (+http://search.msn.com/msnbot.htm)"
59.92.43.172 - - [01/Sep/2005:02:19:29 -0800] "GET /store/photos/largejpegs/(074)1968-0012-00009.jpg HTTP/1.1" 200 163566 "http://photolab.elmer.uaf.edu/store/people.html" "Mozilla/4.0 (compatible; MSIE 6.0; Windows NT 5.1; SV1; .NET CLR 1.1.4322)"
217.212.224.148 - - [01/Sep/2005:02:20:50 -0800] "GET /gallery/19850072/pages/1985-0072-00116.html HTTP/1.0" 404 339 "-" "psbot/0.1 (+http://www.picsearch.com/bot.html)"
68.142.249.91 - - [01/Sep/2005:02:21:39 -0800] "GET /gallery/photos/20030120/2/pages/2003-0120-00204.html HTTP/1.0" 200 1868 "-" "Mozilla/5.0 (compatible; Yahoo! Slurp; http://help.yahoo.com/help/us/ysearch/slurp)"
217.212.224.148 - - [01/Sep/2005:02:22:45 -0800] "GET /gallery/19850072/pages/1985-0072-00117.html HTTP/1.0" 404 339 "-" "psbot/0.1 (+http://www.picsearch.com/bot.html)"
207.46.98.84 - - [01/Sep/2005:02:22:50 -0800] "GET /gallery/photos/19950244/05/index_2.html HTTP/1.0" 200 7231 "-" "msnbot/1.0 (+http://search.msn.com/msnbot.htm)"
217.212.224.148 - - [01/Sep/2005:02:24:41 -0800] "GET /gallery/19850072/pages/1985-0072-00118.html HTTP/1.0" 404 339 "-" "psbot/0.1 (+http://www.picsearch.com/bot.html)"
68.142.250.91 - - [01/Sep/2005:02:25:05 -0800] "GET /gallery/photos/19581026/20/pages/1958-1026-02060.html HTTP/1.0" 200 4416 "-" "Mozilla/5.0 (compatible; Yahoo! Slurp; http://help.yahoo.com/help/us/ysearch/slurp)"
68.142.251.14 - - [01/Sep/2005:02:25:40 -0800] "GET /gallery/photos/19581026/14 HTTP/1.0" 301 363 "-" "Mozilla/5.0 (compatible; Yahoo! Slurp; http://help.yahoo.com/help/us/ysearch/slurp)"
68.142.251.14 - - [01/Sep/2005:02:25:40 -0800] "GET /gallery/photos/19581026/14/ HTTP/1.0" 200 7064 "-" "Mozilla/5.0 (compatible; Yahoo! Slurp; http://help.yahoo.com/help/us/ysearch/slurp)"
217.212.224.148 - - [01/Sep/2005:02:26:37 -0800] "GET /gallery/19850072/pages/1985-0072-00119.html HTTP/1.0" 404 339 "-" "psbot/0.1 (+http://www.picsearch.com/bot.html)"
65.214.44.171 - - [01/Sep/2005:02:27:45 -0800] "GET /gallery/19680069/25/pages/1968-0069-02550.html HTTP/1.0" 404 342 "-" "Mozilla/2.0 (compatible; Ask Jeeves/Teoma; +http://sp.ask.com/docs/about/tech_crawling.html)"
207.46.98.84 - - [01/Sep/2005:02:27:49 -0800] "GET /gallery/photos/19950244/11/index.html HTTP/1.0" 200 7077 "-" "msnbot/1.0 (+http://search.msn.com/msnbot.htm)"
68.142.250.158 - - [01/Sep/2005:02:28:08 -0800] "GET /gallery/photos/19581026/14/pages/1958-1026-01431.html HTTP/1.0" 200 4987 "-" "Mozilla/5.0 (compatible; Yahoo! Slurp; http://help.yahoo.com/help/us/ysearch/slurp)"
217.212.224.148 - - [01/Sep/2005:02:28:34 -0800] "GET /gallery/19850072/pages/1985-0072-00120.html HTTP/1.0" 404 339 "-" "psbot/0.1 (+http://www.picsearch.com/bot.html)"
68.142.251.75 - - [01/Sep/2005:02:29:34 -0800] "GET /gallery/photos/19660054/02 HTTP/1.0" 301 363 "-" "Mozilla/5.0 (compatible; Yahoo! Slurp; http://help.yahoo.com/help/us/ysearch/slurp)"
68.142.251.75 - - [01/Sep/2005:02:29:35 -0800] "GET /gallery/photos/19660054/02/ HTTP/1.0" 200 7108 "-" "Mozilla/5.0 (compatible; Yahoo! Slurp; http://help.yahoo.com/help/us/ysearch/slurp)"
68.142.251.75 - - [01/Sep/2005:02:29:41 -0800] "GET /gallery/photos/19890166/01/pages/1989-0166-00100_print.html HTTP/1.0" 304 - "-" "Mozilla/5.0 (compatible; Yahoo! Slurp; http://help.yahoo.com/help/us/ysearch/slurp)"
207.46.98.84 - - [01/Sep/2005:02:29:55 -0800] "GET /gallery/photos/19880051/index_2.html HTTP/1.0" 200 4235 "-" "msnbot/1.0 (+http://search.msn.com/msnbot.htm)"
217.212.224.148 - - [01/Sep/2005:02:30:26 -0800] "GET /gallery/20010164/pages/2001-0164-00047.html HTTP/1.0" 404 339 "-" "psbot/0.1 (+http://www.picsearch.com/bot.html)"
217.212.224.148 - - [01/Sep/2005:02:32:18 -0800] "GET /gallery/20010164/pages/2001-0164-00048.html HTTP/1.0" 404 339 "-" "psbot/0.1 (+http://www.picsearch.com/bot.html)"
68.142.251.180 - - [01/Sep/2005:02:32:52 -0800] "GET /gallery/photos/19581026/14/pages/1958-1026-01432.html HTTP/1.0" 200 4988 "-" "Mozilla/5.0 (compatible; Yahoo! Slurp; http://help.yahoo.com/help/us/ysearch/slurp)"
207.46.98.84 - - [01/Sep/2005:02:33:59 -0800] "GET /gallery/photos/19581026/22/pages/1958-1026-02289.html HTTP/1.0" 200 6186 "-" "msnbot/1.0 (+http://search.msn.com/msnbot.htm)"
217.212.224.148 - - [01/Sep/2005:02:34:13 -0800] "GET /gallery/20010164/pages/2001-0164-00112.html HTTP/1.0" 404 339 "-" "psbot/0.1 (+http://www.picsearch.com/bot.html)"
68.142.251.116 - - [01/Sep/2005:02:34:36 -0800] "GET /gallery/photos/19581026/14/pages/1958-1026-01498.html HTTP/1.0" 200 4990 "-" "Mozilla/5.0 (compatible; Yahoo! Slurp; http://help.yahoo.com/help/us/ysearch/slurp)"
207.46.98.84 - - [01/Sep/2005:02:35:20 -0800] "GET /gallery/photos/19581026/22/pages/1958-1026-02213.html HTTP/1.0" 200 6186 "-" "msnbot/1.0 (+http://search.msn.com/msnbot.htm)"
217.212.224.148 - - [01/Sep/2005:02:36:05 -0800] "GET /robots.txt HTTP/1.0" 200 96 "-" "psbot/0.1 (+http://www.picsearch.com/bot.html)"
217.212.224.148 - - [01/Sep/2005:02:36:07 -0800] "GET /gallery/20010164/pages/2001-0164-00113.html HTTP/1.0" 404 339 "-" "psbot/0.1 (+http://www.picsearch.com/bot.html)"
68.142.251.138 - - [01/Sep/2005:02:36:28 -0800] "GET /gallery/photos/19581026/14/pages/1958-1026-01492.html HTTP/1.0" 200 4990 "-" "Mozilla/5.0 (compatible; Yahoo! Slurp; http://help.yahoo.com/help/us/ysearch/slurp)"
65.214.44.171 - - [01/Sep/2005:02:37:11 -0800] "GET /gallery/19950244/08/pages/1995-0244-00877.html HTTP/1.0" 404 342 "-" "Mozilla/2.0 (compatible; Ask Jeeves/Teoma; +http://sp.ask.com/docs/about/tech_crawling.html)"
68.142.250.90 - - [01/Sep/2005:02:37:44 -0800] "GET /gallery/photos/19581026/14/pages/1958-1026-01448.html HTTP/1.0" 200 4990 "-" "Mozilla/5.0 (compatible; Yahoo! Slurp; http://help.yahoo.com/help/us/ysearch/slurp)"
217.212.224.148 - - [01/Sep/2005:02:37:56 -0800] "GET /gallery/20020032/pages/2002-0032-00042.html HTTP/1.0" 404 339 "-" "psbot/0.1 (+http://www.picsearch.com/bot.html)"
207.46.98.84 - - [01/Sep/2005:02:37:57 -0800] "GET /gallery/photos/19581026/22/pages/1958-1026-02217.html HTTP/1.0" 200 6186 "-" "msnbot/1.0 (+http://search.msn.com/msnbot.htm)"
207.46.98.84 - - [01/Sep/2005:02:38:35 -0800] "GET /gallery/photos/19581026/22/pages/1958-1026-02220.html HTTP/1.0" 200 6186 "-" "msnbot/1.0 (+http://search.msn.com/msnbot.htm)"
207.46.98.84 - - [01/Sep/2005:02:39:05 -0800] "GET /gallery/photos/19581026/22/pages/1958-1026-02222.html HTTP/1.0" 200 6186 "-" "msnbot/1.0 (+http://search.msn.com/msnbot.htm)"
217.212.224.148 - - [01/Sep/2005:02:39:45 -0800] "GET /gallery/20040084/1157-1288/index_8.html HTTP/1.0" 404 335 "-" "psbot/0.1 (+http://www.picsearch.com/bot.html)"
68.142.251.19 - - [01/Sep/2005:02:40:25 -0800] "GET /gallery/photos/19581026/14/pages/1958-1026-01451.html HTTP/1.0" 200 4990 "-" "Mozilla/5.0 (compatible; Yahoo! Slurp; http://help.yahoo.com/help/us/ysearch/slurp)"
68.142.249.20 - - [01/Sep/2005:02:40:41 -0800] "GET /gallery/photos/19581026/14/pages/1958-1026-01445.html HTTP/1.0" 200 4990 "-" "Mozilla/5.0 (compatible; Yahoo! Slurp; http://help.yahoo.com/help/us/ysearch/slurp)"
68.142.249.28 - - [01/Sep/2005:02:41:27 -0800] "GET /gallery/photos/19581026/14/pages/1958-1026-01430.html HTTP/1.0" 200 4987 "-" "Mozilla/5.0 (compatible; Yahoo! Slurp; http://help.yahoo.com/help/us/ysearch/slurp)"
217.212.224.148 - - [01/Sep/2005:02:41:31 -0800] "GET /gallery/20040084/1157-1288/pages/2004-0084-01253.html HTTP/1.0" 404 349 "-" "psbot/0.1 (+http://www.picsearch.com/bot.html)"
207.46.98.84 - - [01/Sep/2005:02:43:08 -0800] "GET /gallery/photos/19581026/22/pages/1958-1026-02215.html HTTP/1.0" 200 6186 "-" "msnbot/1.0 (+http://search.msn.com/msnbot.htm)"
217.212.224.148 - - [01/Sep/2005:02:43:15 -0800] "GET /gallery/20040084/1157-1288/pages/2004-0084-01254.html HTTP/1.0" 404 349 "-" "psbot/0.1 (+http://www.picsearch.com/bot.html)"
207.46.98.84 - - [01/Sep/2005:02:43:26 -0800] "GET /gallery/photos/19581026/22/pages/1958-1026-02283.html HTTP/1.0" 200 6186 "-" "msnbot/1.0 (+http://search.msn.com/msnbot.htm)"
207.46.98.84 - - [01/Sep/2005:02:43:46 -0800] "GET /gallery/photos/19581026/22/pages/1958-1026-02281.html HTTP/1.0" 200 6186 "-" "msnbot/1.0 (+http://search.msn.com/msnbot.htm)"
61.69.24.185 - - [01/Sep/2005:02:44:02 -0800] "GET /index_files/store.css HTTP/1.1" 200 2756 "http://photolab.elmer.uaf.edu/store/people.html" "Mozilla/4.0 (compatible; MSIE 6.0; Windows NT 5.1; SV1)"
61.69.24.185 - - [01/Sep/2005:02:44:02 -0800] "GET /store/people.html HTTP/1.1" 200 21075 "-" "Mozilla/4.0 (compatible; MSIE 6.0; Windows NT 5.1; SV1)"
61.69.24.185 - - [01/Sep/2005:02:44:03 -0800] "GET /index_files/titlebrown.jpg HTTP/1.1" 200 5451 "http://photolab.elmer.uaf.edu/store/people.html" "Mozilla/4.0 (compatible; MSIE 6.0; Windows NT 5.1; SV1)"
61.69.24.185 - - [01/Sep/2005:02:44:04 -0800] "GET /index_files/aprbrown.jpg HTTP/1.1" 200 5509 "http://photolab.elmer.uaf.edu/store/people.html" "Mozilla/4.0 (compatible; MSIE 6.0; Windows NT 5.1; SV1)"
61.69.24.185 - - [01/Sep/2005:02:44:04 -0800] "GET /index_files/menubar.gif HTTP/1.1" 200 2913 "http://photolab.elmer.uaf.edu/store/people.html" "Mozilla/4.0 (compatible; MSIE 6.0; Windows NT 5.1; SV1)"
61.69.24.185 - - [01/Sep/2005:02:44:04 -0800] "GET /index_files/storetitle.gif HTTP/1.1" 200 14535 "http://photolab.elmer.uaf.edu/store/people.html" "Mozilla/4.0 (compatible; MSIE 6.0; Windows NT 5.1; SV1)"
61.69.24.185 - - [01/Sep/2005:02:44:05 -0800] "GET /store/photos/smalljpegs/(007)1972-0071-03234.jpg HTTP/1.1" 200 32052 "http://photolab.elmer.uaf.edu/store/people.html" "Mozilla/4.0 (compatible; MSIE 6.0; Windows NT 5.1; SV1)"
61.69.24.185 - - [01/Sep/2005:02:44:05 -0800] "GET /store/photos/smalljpegs/(009)1975-0146-00003.jpg HTTP/1.1" 200 35453 "http://photolab.elmer.uaf.edu/store/people.html" "Mozilla/4.0 (compatible; MSIE 6.0; Windows NT 5.1; SV1)"
61.69.24.185 - - [01/Sep/2005:02:44:08 -0800] "GET /store/photos/smalljpegs/(024)1972-0116-00334.jpg HTTP/1.1" 200 29908 "http://photolab.elmer.uaf.edu/store/people.html" "Mozilla/4.0 (compatible; MSIE 6.0; Windows NT 5.1; SV1)"
61.69.24.185 - - [01/Sep/2005:02:44:08 -0800] "GET /store/photos/smalljpegs/(012)1989-0166-00375.jpg HTTP/1.1" 200 41883 "http://photolab.elmer.uaf.edu/store/people.html" "Mozilla/4.0 (compatible; MSIE 6.0; Windows NT 5.1; SV1)"
61.69.24.185 - - [01/Sep/2005:02:44:11 -0800] "GET /store/photos/smalljpegs/(026)1997-0165-00010.jpg HTTP/1.1" 200 26695 "http://photolab.elmer.uaf.edu/store/people.html" "Mozilla/4.0 (compatible; MSIE 6.0; Windows NT 5.1; SV1)"
61.69.24.185 - - [01/Sep/2005:02:44:11 -0800] "GET /store/photos/smalljpegs/(040)1958-1026-01700.jpg HTTP/1.1" 200 30523 "http://photolab.elmer.uaf.edu/store/people.html" "Mozilla/4.0 (compatible; MSIE 6.0; Windows NT 5.1; SV1)"
61.69.24.185 - - [01/Sep/2005:02:44:13 -0800] "GET /store/photos/smalljpegs/(055)1966-0054-00104.jpg HTTP/1.1" 200 35929 "http://photolab.elmer.uaf.edu/store/people.html" "Mozilla/4.0 (compatible; MSIE 6.0; Windows NT 5.1; SV1)"
61.69.24.185 - - [01/Sep/2005:02:44:14 -0800] "GET /store/photos/smalljpegs/(069)1976-0092-00075.jpg HTTP/1.1" 200 25519 "http://photolab.elmer.uaf.edu/store/people.html" "Mozilla/4.0 (compatible; MSIE 6.0; Windows NT 5.1; SV1)"
61.69.24.185 - - [01/Sep/2005:02:44:16 -0800] "GET /store/photos/smalljpegs/(073)2000-0176-00106a.jpg HTTP/1.1" 200 39020 "http://photolab.elmer.uaf.edu/store/people.html" "Mozilla/4.0 (compatible; MSIE 6.0; Windows NT 5.1; SV1)"
61.69.24.185 - - [01/Sep/2005:02:44:16 -0800] "GET /store/photos/smalljpegs/(074)1968-0012-00009.jpg HTTP/1.1" 200 36819 "http://photolab.elmer.uaf.edu/store/people.html" "Mozilla/4.0 (compatible; MSIE 6.0; Windows NT 5.1; SV1)"
68.142.251.123 - - [01/Sep/2005:02:44:16 -0800] "GET /gallery/photos/19581026/14/pages/1958-1026-01453.html HTTP/1.0" 200 4990 "-" "Mozilla/5.0 (compatible; Yahoo! Slurp; http://help.yahoo.com/help/us/ysearch/slurp)"
61.69.24.185 - - [01/Sep/2005:02:44:19 -0800] "GET /store/photos/smalljpegs/(083)1989-0166-00380.jpg HTTP/1.1" 200 32119 "http://photolab.elmer.uaf.edu/store/people.html" "Mozilla/4.0 (compatible; MSIE 6.0; Windows NT 5.1; SV1)"
61.69.24.185 - - [01/Sep/2005:02:44:19 -0800] "GET /store/photos/smalljpegs/(090)1972-0071-02759.jpg HTTP/1.1" 200 35919 "http://photolab.elmer.uaf.edu/store/people.html" "Mozilla/4.0 (compatible; MSIE 6.0; Windows NT 5.1; SV1)"
61.69.24.185 - - [01/Sep/2005:02:44:21 -0800] "GET /store/photos/smalljpegs/(101)1995-0244-01044.jpg HTTP/1.1" 200 33660 "http://photolab.elmer.uaf.edu/store/people.html" "Mozilla/4.0 (compatible; MSIE 6.0; Windows NT 5.1; SV1)"
61.69.24.185 - - [01/Sep/2005:02:44:23 -0800] "GET /store/photos/smalljpegs/(102)1972-0071-00804.jpg HTTP/1.1" 200 33600 "http://photolab.elmer.uaf.edu/store/people.html" "Mozilla/4.0 (compatible; MSIE 6.0; Windows NT 5.1; SV1)"
61.69.24.185 - - [01/Sep/2005:02:44:24 -0800] "GET /store/photos/smalljpegs/(103)1972-0071-02925.jpg HTTP/1.1" 200 30024 "http://photolab.elmer.uaf.edu/store/people.html" "Mozilla/4.0 (compatible; MSIE 6.0; Windows NT 5.1; SV1)"
61.69.24.185 - - [01/Sep/2005:02:44:26 -0800] "GET /store/photos/smalljpegs/(104)1958-1026-02106.jpg HTTP/1.1" 200 34617 "http://photolab.elmer.uaf.edu/store/people.html" "Mozilla/4.0 (compatible; MSIE 6.0; Windows NT 5.1; SV1)"
61.69.24.185 - - [01/Sep/2005:02:44:27 -0800] "GET /store/photos/smalljpegs/(105)1989-0166-00522a.jpg HTTP/1.1" 200 25417 "http://photolab.elmer.uaf.edu/store/people.html" "Mozilla/4.0 (compatible; MSIE 6.0; Windows NT 5.1; SV1)"
61.69.24.185 - - [01/Sep/2005:02:44:29 -0800] "GET /store/photos/smalljpegs/(107)1958-1026-02271.jpg HTTP/1.1" 200 34747 "http://photolab.elmer.uaf.edu/store/people.html" "Mozilla/4.0 (compatible; MSIE 6.0; Windows NT 5.1; SV1)"
61.69.24.185 - - [01/Sep/2005:02:44:29 -0800] "GET /store/photos/smalljpegs/(106)1972-0071-03229.jpg HTTP/1.1" 200 38182 "http://photolab.elmer.uaf.edu/store/people.html" "Mozilla/4.0 (compatible; MSIE 6.0; Windows NT 5.1; SV1)"
61.69.24.185 - - [01/Sep/2005:02:44:32 -0800] "GET /store/photos/smalljpegs/(112)1958-1026-01589.jpg HTTP/1.1" 200 31936 "http://photolab.elmer.uaf.edu/store/people.html" "Mozilla/4.0 (compatible; MSIE 6.0; Windows NT 5.1; SV1)"
61.69.24.185 - - [01/Sep/2005:02:44:32 -0800] "GET /store/photos/smalljpegs/(110)1958-1026-01591.jpg HTTP/1.1" 200 38244 "http://photolab.elmer.uaf.edu/store/people.html" "Mozilla/4.0 (compatible; MSIE 6.0; Windows NT 5.1; SV1)"
61.69.24.185 - - [01/Sep/2005:02:44:36 -0800] "GET /store/photos/smalljpegs/(119)1968-0069-02524.jpg HTTP/1.1" 200 31385 "http://photolab.elmer.uaf.edu/store/people.html" "Mozilla/4.0 (compatible; MSIE 6.0; Windows NT 5.1; SV1)"
61.69.24.185 - - [01/Sep/2005:02:44:35 -0800] "GET /store/photos/smalljpegs/(139)1958-1026-02130.jpg HTTP/1.1" 200 37323 "http://photolab.elmer.uaf.edu/store/people.html" "Mozilla/4.0 (compatible; MSIE 6.0; Windows NT 5.1; SV1)"
61.69.24.185 - - [01/Sep/2005:02:44:38 -0800] "GET /store/photos/smalljpegs/(145)1972-0071-02415.jpg HTTP/1.1" 200 25683 "http://photolab.elmer.uaf.edu/store/people.html" "Mozilla/4.0 (compatible; MSIE 6.0; Windows NT 5.1; SV1)"
61.69.24.185 - - [01/Sep/2005:02:44:38 -0800] "GET /store/photos/smalljpegs/(141)1972-0071-00099.jpg HTTP/1.1" 200 38687 "http://photolab.elmer.uaf.edu/store/people.html" "Mozilla/4.0 (compatible; MSIE 6.0; Windows NT 5.1; SV1)"
61.69.24.185 - - [01/Sep/2005:02:44:40 -0800] "GET /store/photos/smalljpegs/(150)1972-0071-00102.jpg HTTP/1.1" 200 31506 "http://photolab.elmer.uaf.edu/store/people.html" "Mozilla/4.0 (compatible; MSIE 6.0; Windows NT 5.1; SV1)"
61.69.24.185 - - [01/Sep/2005:02:44:42 -0800] "GET /store/photos/smalljpegs/(151)1989-0166-00382.jpg HTTP/1.1" 200 30137 "http://photolab.elmer.uaf.edu/store/people.html" "Mozilla/4.0 (compatible; MSIE 6.0; Windows NT 5.1; SV1)"
61.69.24.185 - - [01/Sep/2005:02:44:45 -0800] "GET /index_files/bluebear.gif HTTP/1.1" 200 1263 "http://photolab.elmer.uaf.edu/store/people.html" "Mozilla/4.0 (compatible; MSIE 6.0; Windows NT 5.1; SV1)"
61.69.24.185 - - [01/Sep/2005:02:44:45 -0800] "GET /index_files/sitemap.gif HTTP/1.1" 200 1503 "http://photolab.elmer.uaf.edu/store/people.html" "Mozilla/4.0 (compatible; MSIE 6.0; Windows NT 5.1; SV1)"
61.69.24.185 - - [01/Sep/2005:02:44:43 -0800] "GET /store/photos/smalljpegs/(172)1989-0166-01182.jpg HTTP/1.1" 200 30897 "http://photolab.elmer.uaf.edu/store/people.html" "Mozilla/4.0 (compatible; MSIE 6.0; Windows NT 5.1; SV1)"
217.212.224.148 - - [01/Sep/2005:02:44:54 -0800] "GET /gallery/20040084/1157-1288/pages/2004-0084-01255.html HTTP/1.0" 404 349 "-" "psbot/0.1 (+http://www.picsearch.com/bot.html)"
65.214.44.171 - - [01/Sep/2005:02:46:37 -0800] "GET /gallery/20010129/1/pages/2001-0129-00178.html HTTP/1.0" 404 341 "-" "Mozilla/2.0 (compatible; Ask Jeeves/Teoma; +http://sp.ask.com/docs/about/tech_crawling.html)"
207.46.98.84 - - [01/Sep/2005:02:46:59 -0800] "GET /gallery/photos/19581026/22/pages/1958-1026-02276.html HTTP/1.0" 200 6186 "-" "msnbot/1.0 (+http://search.msn.com/msnbot.htm)"
68.142.251.29 - - [01/Sep/2005:02:47:01 -0800] "GET /gallery/photos/19581026/14/pages/1958-1026-01425.html HTTP/1.0" 200 4987 "-" "Mozilla/5.0 (compatible; Yahoo! Slurp; http://help.yahoo.com/help/us/ysearch/slurp)"
207.46.98.84 - - [01/Sep/2005:02:47:39 -0800] "GET /gallery/photos/19581026/21/pages/1958-1026-02191.html HTTP/1.0" 200 5892 "-" "msnbot/1.0 (+http://search.msn.com/msnbot.htm)"
217.212.224.148 - - [01/Sep/2005:02:48:15 -0800] "GET /gallery/20040084/1157-1288/pages/2004-0084-01269.html HTTP/1.0" 404 349 "-" "psbot/0.1 (+http://www.picsearch.com/bot.html)"
68.142.251.79 - - [01/Sep/2005:02:48:33 -0800] "GET /gallery/photos/19581026/14/pages/1958-1026-01427.html HTTP/1.0" 200 4987 "-" "Mozilla/5.0 (compatible; Yahoo! Slurp; http://help.yahoo.com/help/us/ysearch/slurp)"
207.46.98.84 - - [01/Sep/2005:02:48:46 -0800] "GET /gallery/photos/19581026/21/pages/1958-1026-02185.html HTTP/1.0" 200 5892 "-" "msnbot/1.0 (+http://search.msn.com/msnbot.htm)"
207.46.98.84 - - [01/Sep/2005:02:49:36 -0800] "GET /gallery/photos/19581026/21/pages/1958-1026-02193.html HTTP/1.0" 200 5892 "-" "msnbot/1.0 (+http://search.msn.com/msnbot.htm)"
217.212.224.148 - - [01/Sep/2005:02:50:00 -0800] "GET /gallery/20040084/1157-1288/pages/2004-0084-01271.html HTTP/1.0" 404 349 "-" "psbot/0.1 (+http://www.picsearch.com/bot.html)"
68.142.249.74 - - [01/Sep/2005:02:51:41 -0800] "GET /gallery/photos/20040162/pages/2004-0162-00008.html HTTP/1.0" 304 - "-" "Mozilla/5.0 (compatible; Yahoo! Slurp; http://help.yahoo.com/help/us/ysearch/slurp)"
207.46.98.84 - - [01/Sep/2005:02:51:44 -0800] "GET /gallery/photos/19581026/21/pages/1958-1026-02178.html HTTP/1.0" 200 5892 "-" "msnbot/1.0 (+http://search.msn.com/msnbot.htm)"
217.212.224.148 - - [01/Sep/2005:02:51:45 -0800] "GET /gallery/20040084/1157-1288/pages/2004-0084-01272.html HTTP/1.0" 404 349 "-" "psbot/0.1 (+http://www.picsearch.com/bot.html)"
68.142.249.174 - - [01/Sep/2005:02:52:22 -0800] "GET /gallery/photos/19581026/14/pages/1958-1026-01476.html HTTP/1.0" 200 4990 "-" "Mozilla/5.0 (compatible; Yahoo! Slurp; http://help.yahoo.com/help/us/ysearch/slurp)"
207.46.98.84 - - [01/Sep/2005:02:52:26 -0800] "GET /gallery/photos/19940096/0/pages/1994-0096-00019.html HTTP/1.0" 200 1903 "-" "msnbot/1.0 (+http://search.msn.com/msnbot.htm)"
207.46.98.84 - - [01/Sep/2005:02:52:41 -0800] "GET /gallery/photos/19940096/0/pages/1994-0096-00028.html HTTP/1.0" 200 1903 "-" "msnbot/1.0 (+http://search.msn.com/msnbot.htm)"
68.142.249.14 - - [01/Sep/2005:02:53:26 -0800] "GET /gallery/photos/19581026/14/pages/1958-1026-01490.html HTTP/1.0" 200 4990 "-" "Mozilla/5.0 (compatible; Yahoo! Slurp; http://help.yahoo.com/help/us/ysearch/slurp)"
68.142.251.10 - - [01/Sep/2005:02:53:33 -0800] "GET /gallery/photos/19581026/14/pages/1958-1026-01473.html HTTP/1.0" 200 4990 "-" "Mozilla/5.0 (compatible; Yahoo! Slurp; http://help.yahoo.com/help/us/ysearch/slurp)"
203.223.41.206 - - [01/Sep/2005:02:53:55 -0800] "GET /store/people.html HTTP/1.0" 200 21075 "http://images.google.com/imgres?imgurl=http://photolab.elmer.uaf.edu/store/photos/largejpegs/(040)1958-1026-01700.jpg&imgrefurl=http://photolab.elmer.uaf.edu/store/people.html&h=1000&w=762&sz=136&tbnid=muofWG5zZScJ:&tbnh=149&tbnw=113&hl=en&start=2&prev=/images%3Fq%3Deskimo%2Bpeople%26svnum%3D10%26hl%3Den%26lr%3D" "Mozilla/4.0 (compatible; MSIE 6.0; Windows NT 5.1; SV1; .NET CLR 1.1.4322)"
203.223.41.206 - - [01/Sep/2005:02:53:56 -0800] "GET /index_files/store.css HTTP/1.0" 200 2756 "http://photolab.elmer.uaf.edu/store/people.html" "Mozilla/4.0 (compatible; MSIE 6.0; Windows NT 5.1; SV1; .NET CLR 1.1.4322)"
203.223.41.206 - - [01/Sep/2005:02:53:56 -0800] "GET /index_files/titlebrown.jpg HTTP/1.0" 200 5451 "http://photolab.elmer.uaf.edu/store/people.html" "Mozilla/4.0 (compatible; MSIE 6.0; Windows NT 5.1; SV1; .NET CLR 1.1.4322)"
203.223.41.206 - - [01/Sep/2005:02:53:56 -0800] "GET /index_files/aprbrown.jpg HTTP/1.0" 200 5509 "http://photolab.elmer.uaf.edu/store/people.html" "Mozilla/4.0 (compatible; MSIE 6.0; Windows NT 5.1; SV1; .NET CLR 1.1.4322)"
203.223.41.206 - - [01/Sep/2005:02:53:57 -0800] "GET /index_files/menubar.gif HTTP/1.0" 200 2913 "http://photolab.elmer.uaf.edu/store/people.html" "Mozilla/4.0 (compatible; MSIE 6.0; Windows NT 5.1; SV1; .NET CLR 1.1.4322)"
203.223.41.206 - - [01/Sep/2005:02:53:57 -0800] "GET /index_files/storetitle.gif HTTP/1.0" 200 14535 "http://photolab.elmer.uaf.edu/store/people.html" "Mozilla/4.0 (compatible; MSIE 6.0; Windows NT 5.1; SV1; .NET CLR 1.1.4322)"
203.223.41.206 - - [01/Sep/2005:02:53:58 -0800] "GET /store/photos/smalljpegs/(007)1972-0071-03234.jpg HTTP/1.0" 200 32052 "http://photolab.elmer.uaf.edu/store/people.html" "Mozilla/4.0 (compatible; MSIE 6.0; Windows NT 5.1; SV1; .NET CLR 1.1.4322)"
203.223.41.206 - - [01/Sep/2005:02:53:58 -0800] "GET /store/photos/smalljpegs/(009)1975-0146-00003.jpg HTTP/1.0" 200 35453 "http://photolab.elmer.uaf.edu/store/people.html" "Mozilla/4.0 (compatible; MSIE 6.0; Windows NT 5.1; SV1; .NET CLR 1.1.4322)"
203.223.41.206 - - [01/Sep/2005:02:53:59 -0800] "GET /store/photos/smalljpegs/(012)1989-0166-00375.jpg HTTP/1.0" 200 41883 "http://photolab.elmer.uaf.edu/store/people.html" "Mozilla/4.0 (compatible; MSIE 6.0; Windows NT 5.1; SV1; .NET CLR 1.1.4322)"
68.142.249.70 - - [01/Sep/2005:02:53:59 -0800] "GET /gallery/photos/19581026/14/pages/1958-1026-01489.html HTTP/1.0" 200 4990 "-" "Mozilla/5.0 (compatible; Yahoo! Slurp; http://help.yahoo.com/help/us/ysearch/slurp)"
203.223.41.206 - - [01/Sep/2005:02:53:59 -0800] "GET /store/photos/smalljpegs/(024)1972-0116-00334.jpg HTTP/1.0" 200 29908 "http://photolab.elmer.uaf.edu/store/people.html" "Mozilla/4.0 (compatible; MSIE 6.0; Windows NT 5.1; SV1; .NET CLR 1.1.4322)"
203.223.41.206 - - [01/Sep/2005:02:54:01 -0800] "GET /store/photos/smalljpegs/(026)1997-0165-00010.jpg HTTP/1.0" 200 26695 "http://photolab.elmer.uaf.edu/store/people.html" "Mozilla/4.0 (compatible; MSIE 6.0; Windows NT 5.1; SV1; .NET CLR 1.1.4322)"
203.223.41.206 - - [01/Sep/2005:02:54:02 -0800] "GET /store/photos/smalljpegs/(040)1958-1026-01700.jpg HTTP/1.0" 200 30523 "http://photolab.elmer.uaf.edu/store/people.html" "Mozilla/4.0 (compatible; MSIE 6.0; Windows NT 5.1; SV1; .NET CLR 1.1.4322)"
68.142.250.122 - - [01/Sep/2005:02:54:06 -0800] "GET /gallery/photos/19581026/14/pages/1958-1026-01426.html HTTP/1.0" 200 4987 "-" "Mozilla/5.0 (compatible; Yahoo! Slurp; http://help.yahoo.com/help/us/ysearch/slurp)"
203.223.41.206 - - [01/Sep/2005:02:54:04 -0800] "GET /store/photos/smalljpegs/(055)1966-0054-00104.jpg HTTP/1.0" 200 35929 "http://photolab.elmer.uaf.edu/store/people.html" "Mozilla/4.0 (compatible; MSIE 6.0; Windows NT 5.1; SV1; .NET CLR 1.1.4322)"
203.223.41.206 - - [01/Sep/2005:02:54:06 -0800] "GET /store/photos/largejpegs/(040)1958-1026-01700.jpg HTTP/1.0" 200 138785 "http://images.google.com/imgres?imgurl=http://photolab.elmer.uaf.edu/store/photos/largejpegs/(040)1958-1026-01700.jpg&imgrefurl=http://photolab.elmer.uaf.edu/store/people.html&h=1000&w=762&sz=136&tbnid=muofWG5zZScJ:&tbnh=149&tbnw=113&hl=en&prev=/images%3Fq%3Deskimo%2Bpeople%26svnum%3D10%26hl%3Den%26lr%3D&frame=small" "Mozilla/4.0 (compatible; MSIE 6.0; Windows NT 5.1; SV1; .NET CLR 1.1.4322)"
203.223.41.206 - - [01/Sep/2005:02:54:38 -0800] "GET /store/photos/smalljpegs/(069)1976-0092-00075.jpg HTTP/1.0" 200 25519 "http://photolab.elmer.uaf.edu/store/people.html" "Mozilla/4.0 (compatible; MSIE 6.0; Windows NT 5.1; SV1; .NET CLR 1.1.4322)"
203.223.41.206 - - [01/Sep/2005:02:54:38 -0800] "GET /store/photos/smalljpegs/(073)2000-0176-00106a.jpg HTTP/1.0" 200 39020 "http://photolab.elmer.uaf.edu/store/people.html" "Mozilla/4.0 (compatible; MSIE 6.0; Windows NT 5.1; SV1; .NET CLR 1.1.4322)"
203.223.41.206 - - [01/Sep/2005:02:54:39 -0800] "GET /store/photos/smalljpegs/(083)1989-0166-00380.jpg HTTP/1.0" 200 32119 "http://photolab.elmer.uaf.edu/store/people.html" "Mozilla/4.0 (compatible; MSIE 6.0; Windows NT 5.1; SV1; .NET CLR 1.1.4322)"
203.223.41.206 - - [01/Sep/2005:02:54:38 -0800] "GET /store/photos/smalljpegs/(074)1968-0012-00009.jpg HTTP/1.0" 200 36819 "http://photolab.elmer.uaf.edu/store/people.html" "Mozilla/4.0 (compatible; MSIE 6.0; Windows NT 5.1; SV1; .NET CLR 1.1.4322)"
217.212.224.148 - - [01/Sep/2005:02:55:17 -0800] "GET /gallery/20040084/1157-1288/pages/2004-0084-01274.html HTTP/1.0" 404 349 "-" "psbot/0.1 (+http://www.picsearch.com/bot.html)"
68.142.249.30 - - [01/Sep/2005:02:55:45 -0800] "GET /gallery/photos/19581026/14/pages/1958-1026-01483.html HTTP/1.0" 200 4990 "-" "Mozilla/5.0 (compatible; Yahoo! Slurp; http://help.yahoo.com/help/us/ysearch/slurp)"
68.142.250.76 - - [01/Sep/2005:02:55:53 -0800] "GET /gallery/photos/19581026/14/pages/1958-1026-01497.html HTTP/1.0" 200 4990 "-" "Mozilla/5.0 (compatible; Yahoo! Slurp; http://help.yahoo.com/help/us/ysearch/slurp)"
83.27.149.108 - - [01/Sep/2005:02:55:55 -0800] "GET /index_files/store.css HTTP/1.1" 200 2756 "http://photolab.elmer.uaf.edu/store/fairbanks.html" "Mozilla/4.0 (compatible; MSIE 6.0; Windows NT 5.1; SV1; Neostrada TP 6.1)"
83.27.149.108 - - [01/Sep/2005:02:55:56 -0800] "GET /index_files/titlebrown.jpg HTTP/1.1" 200 5451 "http://photolab.elmer.uaf.edu/store/fairbanks.html" "Mozilla/4.0 (compatible; MSIE 6.0; Windows NT 5.1; SV1; Neostrada TP 6.1)"
83.27.149.108 - - [01/Sep/2005:02:55:54 -0800] "GET /store/fairbanks.html HTTP/1.1" 200 29518 "http://images.google.pl/imgres?imgurl=http://photolab.elmer.uaf.edu/store/photos/largejpegs/(067)1989-0166-00462.jpg&imgrefurl=http://photolab.elmer.uaf.edu/store/fairbanks.html&h=800&w=1000&sz=157&tbnid=DO0Lxpp2vswJ:&tbnh=119&tbnw=149&hl=pl&start=160&prev=/images%3Fq%3DP-66%26start%3D140%26imgsz%3Dxxlarge%26svnum%3D10%26hl%3Dpl%26lr%3D%26sa%3DN" "Mozilla/4.0 (compatible; MSIE 6.0; Windows NT 5.1; SV1; Neostrada TP 6.1)"
83.27.149.108 - - [01/Sep/2005:02:55:56 -0800] "GET /index_files/aprbrown.jpg HTTP/1.1" 200 5509 "http://photolab.elmer.uaf.edu/store/fairbanks.html" "Mozilla/4.0 (compatible; MSIE 6.0; Windows NT 5.1; SV1; Neostrada TP 6.1)"
83.27.149.108 - - [01/Sep/2005:02:55:57 -0800] "GET /index_files/menubar.gif HTTP/1.1" 200 2913 "http://photolab.elmer.uaf.edu/store/fairbanks.html" "Mozilla/4.0 (compatible; MSIE 6.0; Windows NT 5.1; SV1; Neostrada TP 6.1)"
83.27.149.108 - - [01/Sep/2005:02:55:56 -0800] "GET /index_files/storetitle.gif HTTP/1.1" 200 14535 "http://photolab.elmer.uaf.edu/store/fairbanks.html" "Mozilla/4.0 (compatible; MSIE 6.0; Windows NT 5.1; SV1; Neostrada TP 6.1)"
83.27.149.108 - - [01/Sep/2005:02:55:57 -0800] "GET /store/photos/smalljpegs/(018)1958-1026-01531.jpg HTTP/1.1" 200 31180 "http://photolab.elmer.uaf.edu/store/fairbanks.html" "Mozilla/4.0 (compatible; MSIE 6.0; Windows NT 5.1; SV1; Neostrada TP 6.1)"
83.27.149.108 - - [01/Sep/2005:02:55:57 -0800] "GET /store/photos/smalljpegs/(003)1958-1026-01160.jpg HTTP/1.1" 200 25715 "http://photolab.elmer.uaf.edu/store/fairbanks.html" "Mozilla/4.0 (compatible; MSIE 6.0; Windows NT 5.1; SV1; Neostrada TP 6.1)"
83.27.149.108 - - [01/Sep/2005:02:56:00 -0800] "GET /store/photos/smalljpegs/(022)1958-1026-01989.jpg HTTP/1.1" 200 34352 "http://photolab.elmer.uaf.edu/store/fairbanks.html" "Mozilla/4.0 (compatible; MSIE 6.0; Windows NT 5.1; SV1; Neostrada TP 6.1)"
83.27.149.108 - - [01/Sep/2005:02:56:00 -0800] "GET /store/photos/smalljpegs/(023)1989-0166-00255.jpg HTTP/1.1" 200 32330 "http://photolab.elmer.uaf.edu/store/fairbanks.html" "Mozilla/4.0 (compatible; MSIE 6.0; Windows NT 5.1; SV1; Neostrada TP 6.1)"
65.214.44.171 - - [01/Sep/2005:02:56:05 -0800] "GET /gallery/19940070/0/pages/1994-0070-00084.html HTTP/1.0" 404 341 "-" "Mozilla/2.0 (compatible; Ask Jeeves/Teoma; +http://sp.ask.com/docs/about/tech_crawling.html)"
83.27.149.108 - - [01/Sep/2005:02:56:03 -0800] "GET /store/photos/smalljpegs/(029)1989-0166-00230.jpg HTTP/1.1" 200 37741 "http://photolab.elmer.uaf.edu/store/fairbanks.html" "Mozilla/4.0 (compatible; MSIE 6.0; Windows NT 5.1; SV1; Neostrada TP 6.1)"
83.27.149.108 - - [01/Sep/2005:02:56:04 -0800] "GET /store/photos/smalljpegs/(032)1964-0098-02647.jpg HTTP/1.1" 200 29805 "http://photolab.elmer.uaf.edu/store/fairbanks.html" "Mozilla/4.0 (compatible; MSIE 6.0; Windows NT 5.1; SV1; Neostrada TP 6.1)"
83.27.149.108 - - [01/Sep/2005:02:56:05 -0800] "GET /store/photos/smalljpegs/(036)1972-0156-00075.jpg HTTP/1.1" 200 27912 "http://photolab.elmer.uaf.edu/store/fairbanks.html" "Mozilla/4.0 (compatible; MSIE 6.0; Windows NT 5.1; SV1; Neostrada TP 6.1)"
83.27.149.108 - - [01/Sep/2005:02:56:08 -0800] "GET /store/photos/smalljpegs/(042)1958-1026-02246.jpg HTTP/1.1" 200 30955 "http://photolab.elmer.uaf.edu/store/fairbanks.html" "Mozilla/4.0 (compatible; MSIE 6.0; Windows NT 5.1; SV1; Neostrada TP 6.1)"
203.244.221.2 - - [01/Sep/2005:02:56:11 -0800] "GET /gallery/maps/mapg3300.html HTTP/1.0" 200 21856 "http://www.worldmapfinder.com/Map_Detail.php?MAP=541&FN=G3300%20%5B1822%5D%20F55.jpg&MW=1200&MH=959&FS=374&FT=jpg&WO=0&CE=4&CO=0&CI=0&IT=0&LC=2&PG=1&CS=iso-8859-1&FU=http://photolab.elmer.uaf.edu/gallery/maps/G3300/large/G3300%20%5B1822%5D%20F55.jpg&SU=http://photolab.elmer.uaf.edu/gallery/maps/mapg3300.html" "Mozilla/4.0 (compatible; MSIE 6.0; Windows NT 5.1; SV1; .NET CLR 1.1.4322)"
83.27.149.108 - - [01/Sep/2005:02:56:12 -0800] "GET /store/photos/smalljpegs/(049)1958-1026-01439.jpg HTTP/1.1" 200 34222 "http://photolab.elmer.uaf.edu/store/fairbanks.html" "Mozilla/4.0 (compatible; MSIE 6.0; Windows NT 5.1; SV1; Neostrada TP 6.1)"
68.142.250.178 - - [01/Sep/2005:02:56:14 -0800] "GET /gallery/photos/19581026/14/pages/1958-1026-01428.html HTTP/1.0" 200 4987 "-" "Mozilla/5.0 (compatible; Yahoo! Slurp; http://help.yahoo.com/help/us/ysearch/slurp)"
83.27.149.108 - - [01/Sep/2005:02:56:15 -0800] "GET /store/photos/smalljpegs/(052)1989-0166-00467.jpg HTTP/1.1" 200 35022 "http://photolab.elmer.uaf.edu/store/fairbanks.html" "Mozilla/4.0 (compatible; MSIE 6.0; Windows NT 5.1; SV1; Neostrada TP 6.1)"
203.244.221.2 - - [01/Sep/2005:02:56:12 -0800] "GET /gallery/maps/G3300/large/G3300%20[1822]%20F55.jpg HTTP/1.0" 200 382427 "http://www.worldmapfinder.com/Map_Detail.php?MAP=541&FN=G3300 [1822] F55.jpg&FU=http://photolab.elmer.uaf.edu/gallery/maps/G3300/large/G3300 [1822] F55.jpg&MW=1200&MH=959&FS=374&FT=jpg&SU=http://photolab.elmer.uaf.edu/gallery/maps/mapg3300.html&WO=0&CE=4&CO=0&CI=0&IT=0&LC=2&PG=1&CS=&FM=1" "Mozilla/4.0 (compatible; MSIE 6.0; Windows NT 5.1; SV1; .NET CLR 1.1.4322)"
83.27.149.108 - - [01/Sep/2005:02:56:21 -0800] "GET /store/photos/smalljpegs/(050)896-055.jpg HTTP/1.1" 200 22732 "http://photolab.elmer.uaf.edu/store/fairbanks.html" "Mozilla/4.0 (compatible; MSIE 6.0; Windows NT 5.1; SV1; Neostrada TP 6.1)"
83.27.149.108 - - [01/Sep/2005:02:56:24 -0800] "GET /store/photos/smalljpegs/(053)1970-0028-00753.jpg HTTP/1.1" 200 32896 "http://photolab.elmer.uaf.edu/store/fairbanks.html" "Mozilla/4.0 (compatible; MSIE 6.0; Windows NT 5.1; SV1; Neostrada TP 6.1)"
83.27.149.108 - - [01/Sep/2005:02:56:06 -0800] "GET /store/photos/largejpegs/(018)1958-1026-01531.jpg HTTP/1.1" 200 172160 "http://photolab.elmer.uaf.edu/store/fairbanks.html" "Mozilla/4.0 (compatible; MSIE 6.0; Windows NT 5.1; SV1; Neostrada TP 6.1)"
83.27.149.108 - - [01/Sep/2005:02:56:27 -0800] "GET /store/photos/smalljpegs/(054)1989-0166-00161a.jpg HTTP/1.1" 200 33691 "http://photolab.elmer.uaf.edu/store/fairbanks.html" "Mozilla/4.0 (compatible; MSIE 6.0; Windows NT 5.1; SV1; Neostrada TP 6.1)"
83.27.149.108 - - [01/Sep/2005:02:56:27 -0800] "GET /store/photos/smalljpegs/1969-0004-00003.jpg HTTP/1.1" 200 24486 "http://photolab.elmer.uaf.edu/store/fairbanks.html" "Mozilla/4.0 (compatible; MSIE 6.0; Windows NT 5.1; SV1; Neostrada TP 6.1)"
83.27.149.108 - - [01/Sep/2005:02:56:30 -0800] "GET /store/photos/smalljpegs/(058)1969-0016-00011.jpg HTTP/1.1" 200 38151 "http://photolab.elmer.uaf.edu/store/fairbanks.html" "Mozilla/4.0 (compatible; MSIE 6.0; Windows NT 5.1; SV1; Neostrada TP 6.1)"
83.27.149.108 - - [01/Sep/2005:02:56:34 -0800] "GET /store/photos/smalljpegs/(060)972-103.jpg HTTP/1.1" 200 20152 "http://photolab.elmer.uaf.edu/store/fairbanks.html" "Mozilla/4.0 (compatible; MSIE 6.0; Windows NT 5.1; SV1; Neostrada TP 6.1)"
83.27.149.108 - - [01/Sep/2005:02:56:32 -0800] "GET /store/photos/smalljpegs/(059)1972-0117-00014.jpg HTTP/1.1" 200 29126 "http://photolab.elmer.uaf.edu/store/fairbanks.html" "Mozilla/4.0 (compatible; MSIE 6.0; Windows NT 5.1; SV1; Neostrada TP 6.1)"
83.27.149.108 - - [01/Sep/2005:02:56:36 -0800] "GET /store/photos/smalljpegs/(061)1989-0166-00191.jpg HTTP/1.1" 200 36566 "http://photolab.elmer.uaf.edu/store/fairbanks.html" "Mozilla/4.0 (compatible; MSIE 6.0; Windows NT 5.1; SV1; Neostrada TP 6.1)"
83.27.149.108 - - [01/Sep/2005:02:56:39 -0800] "GET /store/photos/smalljpegs/(068)1964-0029-00066.jpg HTTP/1.1" 200 26810 "http://photolab.elmer.uaf.edu/store/fairbanks.html" "Mozilla/4.0 (compatible; MSIE 6.0; Windows NT 5.1; SV1; Neostrada TP 6.1)"
83.27.149.108 - - [01/Sep/2005:02:56:36 -0800] "GET /store/photos/smalljpegs/(067)1989-0166-00462.jpg HTTP/1.1" 200 31593 "http://photolab.elmer.uaf.edu/store/fairbanks.html" "Mozilla/4.0 (compatible; MSIE 6.0; Windows NT 5.1; SV1; Neostrada TP 6.1)"
83.27.149.108 - - [01/Sep/2005:02:56:41 -0800] "GET /store/photos/smalljpegs/(071)1958-1026-02042.jpg HTTP/1.1" 200 32951 "http://photolab.elmer.uaf.edu/store/fairbanks.html" "Mozilla/4.0 (compatible; MSIE 6.0; Windows NT 5.1; SV1; Neostrada TP 6.1)"
83.27.149.108 - - [01/Sep/2005:02:56:42 -0800] "GET /store/photos/smalljpegs/(075)2002-0155-00055.jpg HTTP/1.1" 200 24233 "http://photolab.elmer.uaf.edu/store/fairbanks.html" "Mozilla/4.0 (compatible; MSIE 6.0; Windows NT 5.1; SV1; Neostrada TP 6.1)"
