207.46.98.84 - - [01/Sep/2005:05:39:26 -0800] "GET /gallery/photos/0728/pages/728-016.html HTTP/1.0" 200 2678 "-" "msnbot/1.0 (+http://search.msn.com/msnbot.htm)"
207.46.98.84 - - [01/Sep/2005:05:39:29 -0800] "GET /gallery/photos/0728/pages/728-021.html HTTP/1.0" 200 2678 "-" "msnbot/1.0 (+http://search.msn.com/msnbot.htm)"
207.46.98.84 - - [01/Sep/2005:05:39:31 -0800] "GET /gallery/photos/0728/pages/728-018.html HTTP/1.0" 200 2678 "-" "msnbot/1.0 (+http://search.msn.com/msnbot.htm)"
207.46.98.84 - - [01/Sep/2005:05:39:33 -0800] "GET /gallery/photos/0728/pages/728-014.html HTTP/1.0" 200 2678 "-" "msnbot/1.0 (+http://search.msn.com/msnbot.htm)"
207.46.98.84 - - [01/Sep/2005:05:39:35 -0800] "GET /gallery/photos/0728/pages/728-002.html HTTP/1.0" 200 2675 "-" "msnbot/1.0 (+http://search.msn.com/msnbot.htm)"
207.46.98.84 - - [01/Sep/2005:05:39:36 -0800] "GET /gallery/photos/0728/pages/728-012.html HTTP/1.0" 200 2676 "-" "msnbot/1.0 (+http://search.msn.com/msnbot.htm)"
207.46.98.84 - - [01/Sep/2005:05:39:37 -0800] "GET /gallery/photos/0728/pages/728-010.html HTTP/1.0" 200 2676 "-" "msnbot/1.0 (+http://search.msn.com/msnbot.htm)"
207.46.98.84 - - [01/Sep/2005:05:39:44 -0800] "GET /gallery/photos/20040145/1/pages/2004-0145-00162.htm HTTP/1.0" 200 1890 "-" "msnbot/1.0 (+http://search.msn.com/msnbot.htm)"
217.212.224.148 - - [01/Sep/2005:05:41:20 -0800] "GET /gallery/20010164/pages/2001-0164-00035.html HTTP/1.0" 404 339 "-" "psbot/0.1 (+http://www.picsearch.com/bot.html)"
68.142.250.172 - - [01/Sep/2005:05:42:34 -0800] "GET /gallery/photos/19890166/07/pages/1989-0166-00704_neg%20nitrate.html HTTP/1.0" 304 - "-" "Mozilla/5.0 (compatible; Yahoo! Slurp; http://help.yahoo.com/help/us/ysearch/slurp)"
68.142.250.172 - - [01/Sep/2005:05:42:58 -0800] "GET /gallery/photos/19750084/00/pages/1975-0084-00035.html HTTP/1.0" 304 - "-" "Mozilla/5.0 (compatible; Yahoo! Slurp; http://help.yahoo.com/help/us/ysearch/slurp)"
217.212.224.148 - - [01/Sep/2005:05:43:20 -0800] "GET /gallery/20000197/pages/2000-0197-00104.html HTTP/1.0" 404 339 "-" "psbot/0.1 (+http://www.picsearch.com/bot.html)"
217.212.224.148 - - [01/Sep/2005:05:45:22 -0800] "GET /gallery/20010164/pages/2001-0164-00103.html HTTP/1.0" 404 339 "-" "psbot/0.1 (+http://www.picsearch.com/bot.html)"
65.214.44.171 - - [01/Sep/2005:05:47:33 -0800] "GET /gallery/20020087/1/pages/2002-0087-00148.html HTTP/1.0" 404 341 "-" "Mozilla/2.0 (compatible; Ask Jeeves/Teoma; +http://sp.ask.com/docs/about/tech_crawling.html)"
217.212.224.148 - - [01/Sep/2005:05:47:34 -0800] "GET /gallery/20020155/pages/2002-0155-00036.html HTTP/1.0" 404 339 "-" "psbot/0.1 (+http://www.picsearch.com/bot.html)"
207.46.98.84 - - [01/Sep/2005:05:48:00 -0800] "GET /gallery/photos/19581026/22/pages/1958-1026-02245.html HTTP/1.0" 200 6186 "-" "msnbot/1.0 (+http://search.msn.com/msnbot.htm)"
207.46.98.84 - - [01/Sep/2005:05:48:11 -0800] "GET /gallery/photos/19581026/22/pages/1958-1026-02228.html HTTP/1.0" 200 6186 "-" "msnbot/1.0 (+http://search.msn.com/msnbot.htm)"
217.212.224.148 - - [01/Sep/2005:05:49:46 -0800] "GET /gallery/20020164/pages/2002-0164-00035.html HTTP/1.0" 404 339 "-" "psbot/0.1 (+http://www.picsearch.com/bot.html)"
207.46.98.84 - - [01/Sep/2005:05:51:17 -0800] "GET /gallery/photos/19581026/22/pages/1958-1026-02264.html HTTP/1.0" 200 6186 "-" "msnbot/1.0 (+http://search.msn.com/msnbot.htm)"
217.212.224.148 - - [01/Sep/2005:05:51:49 -0800] "GET /gallery/20020164/pages/2002-0164-00036.html HTTP/1.0" 404 339 "-" "psbot/0.1 (+http://www.picsearch.com/bot.html)"
207.46.98.84 - - [01/Sep/2005:05:53:37 -0800] "GET /gallery/photos/19581026/22/pages/1958-1026-02249.html HTTP/1.0" 200 6186 "-" "msnbot/1.0 (+http://search.msn.com/msnbot.htm)"
217.212.224.148 - - [01/Sep/2005:05:53:46 -0800] "GET /gallery/20020032/pages/2002-0032-00099.html HTTP/1.0" 404 339 "-" "psbot/0.1 (+http://www.picsearch.com/bot.html)"
207.46.98.84 - - [01/Sep/2005:05:53:56 -0800] "GET /gallery/photos/19581026/22/pages/1958-1026-02246.html HTTP/1.0" 200 6186 "-" "msnbot/1.0 (+http://search.msn.com/msnbot.htm)"
207.46.98.84 - - [01/Sep/2005:05:54:29 -0800] "GET /gallery/photos/19581026/22/pages/1958-1026-02227.html HTTP/1.0" 200 6186 "-" "msnbot/1.0 (+http://search.msn.com/msnbot.htm)"
207.46.98.84 - - [01/Sep/2005:05:54:34 -0800] "GET /gallery/photos/19581026/22/pages/1958-1026-02248.html HTTP/1.0" 200 6186 "-" "msnbot/1.0 (+http://search.msn.com/msnbot.htm)"
68.142.250.121 - - [01/Sep/2005:05:54:41 -0800] "GET /gallery/photos/19581026/20/pages/1958-1026-02069.html HTTP/1.0" 200 4416 "-" "Mozilla/5.0 (compatible; Yahoo! Slurp; http://help.yahoo.com/help/us/ysearch/slurp)"
207.46.98.84 - - [01/Sep/2005:05:54:42 -0800] "GET /gallery/photos/19581026/22/pages/1958-1026-02265.html HTTP/1.0" 200 6186 "-" "msnbot/1.0 (+http://search.msn.com/msnbot.htm)"
207.46.98.84 - - [01/Sep/2005:05:55:32 -0800] "GET /gallery/photos/19581026/22/pages/1958-1026-02263.html HTTP/1.0" 200 6186 "-" "msnbot/1.0 (+http://search.msn.com/msnbot.htm)"
207.46.98.84 - - [01/Sep/2005:05:55:37 -0800] "GET /gallery/photos/19581026/22/pages/1958-1026-02261.html HTTP/1.0" 200 6186 "-" "msnbot/1.0 (+http://search.msn.com/msnbot.htm)"
217.212.224.148 - - [01/Sep/2005:05:55:38 -0800] "GET /gallery/20020032/pages/2002-0032-00100.html HTTP/1.0" 404 339 "-" "psbot/0.1 (+http://www.picsearch.com/bot.html)"
207.46.98.84 - - [01/Sep/2005:05:55:43 -0800] "GET /gallery/photos/19581026/22/pages/1958-1026-02267.html HTTP/1.0" 200 6186 "-" "msnbot/1.0 (+http://search.msn.com/msnbot.htm)"
207.46.98.84 - - [01/Sep/2005:05:55:50 -0800] "GET /gallery/photos/19581026/22/pages/1958-1026-02244.html HTTP/1.0" 200 6186 "-" "msnbot/1.0 (+http://search.msn.com/msnbot.htm)"
207.46.98.84 - - [01/Sep/2005:05:55:54 -0800] "GET /gallery/photos/19581026/22/pages/1958-1026-02266.html HTTP/1.0" 200 6186 "-" "msnbot/1.0 (+http://search.msn.com/msnbot.htm)"
207.46.98.84 - - [01/Sep/2005:05:55:55 -0800] "GET /gallery/photos/19581026/22/pages/1958-1026-02242.html HTTP/1.0" 200 6186 "-" "msnbot/1.0 (+http://search.msn.com/msnbot.htm)"
207.46.98.84 - - [01/Sep/2005:05:56:02 -0800] "GET /gallery/photos/19581026/22/pages/1958-1026-02229.html HTTP/1.0" 200 6186 "-" "msnbot/1.0 (+http://search.msn.com/msnbot.htm)"
207.46.98.84 - - [01/Sep/2005:05:56:06 -0800] "GET /gallery/photos/19581026/22/pages/1958-1026-02240.html HTTP/1.0" 200 6186 "-" "msnbot/1.0 (+http://search.msn.com/msnbot.htm)"
68.142.251.149 - - [01/Sep/2005:05:56:13 -0800] "GET /robots.txt HTTP/1.0" 200 96 "-" "Mozilla/5.0 (compatible; Yahoo! Slurp; http://help.yahoo.com/help/us/ysearch/slurp)"
68.142.251.198 - - [01/Sep/2005:05:56:13 -0800] "GET /gallery/photos/19950190/ HTTP/1.0" 304 - "-" "Mozilla/5.0 (compatible; Yahoo! Slurp; http://help.yahoo.com/help/us/ysearch/slurp)"
68.142.250.15 - - [01/Sep/2005:05:56:57 -0800] "GET /gallery/photos/19950190/pages/1995-0190-00009.html HTTP/1.0" 304 - "-" "Mozilla/5.0 (compatible; Yahoo! Slurp; http://help.yahoo.com/help/us/ysearch/slurp)"
65.214.44.171 - - [01/Sep/2005:05:57:06 -0800] "GET /gallery/19950244/08/pages/1995-0244-00813.html HTTP/1.0" 404 342 "-" "Mozilla/2.0 (compatible; Ask Jeeves/Teoma; +http://sp.ask.com/docs/about/tech_crawling.html)"
68.142.251.198 - - [01/Sep/2005:05:57:14 -0800] "GET /gallery/photos/19890166/01/pages/1989-0166-00121_print.html HTTP/1.0" 304 - "-" "Mozilla/5.0 (compatible; Yahoo! Slurp; http://help.yahoo.com/help/us/ysearch/slurp)"
217.212.224.148 - - [01/Sep/2005:05:57:35 -0800] "GET /gallery/20020134/pages/2002-0134-00100.html HTTP/1.0" 404 339 "-" "psbot/0.1 (+http://www.picsearch.com/bot.html)"
207.46.98.84 - - [01/Sep/2005:05:57:50 -0800] "GET /gallery/photos/19581026/22/pages/1958-1026-02247.html HTTP/1.0" 200 6186 "-" "msnbot/1.0 (+http://search.msn.com/msnbot.htm)"
207.46.98.84 - - [01/Sep/2005:05:58:00 -0800] "GET /gallery/photos/19581026/22/pages/1958-1026-02268.html HTTP/1.0" 200 6186 "-" "msnbot/1.0 (+http://search.msn.com/msnbot.htm)"
207.46.98.84 - - [01/Sep/2005:05:58:04 -0800] "GET /gallery/photos/19581026/22/pages/1958-1026-02225.html HTTP/1.0" 200 6186 "-" "msnbot/1.0 (+http://search.msn.com/msnbot.htm)"
207.46.98.84 - - [01/Sep/2005:05:58:07 -0800] "GET /gallery/photos/0728/pages/728-024.html HTTP/1.0" 200 2678 "-" "msnbot/1.0 (+http://search.msn.com/msnbot.htm)"
207.46.98.84 - - [01/Sep/2005:05:58:08 -0800] "GET /gallery/photos/0728/pages/728-022.html HTTP/1.0" 200 2678 "-" "msnbot/1.0 (+http://search.msn.com/msnbot.htm)"
207.46.98.84 - - [01/Sep/2005:05:58:15 -0800] "GET /gallery/photos/19581026/22/pages/1958-1026-02239.html HTTP/1.0" 200 6186 "-" "msnbot/1.0 (+http://search.msn.com/msnbot.htm)"
207.46.98.84 - - [01/Sep/2005:05:58:20 -0800] "GET /gallery/photos/0728/pages/728-020.html HTTP/1.0" 200 2678 "-" "msnbot/1.0 (+http://search.msn.com/msnbot.htm)"
207.46.98.84 - - [01/Sep/2005:05:58:27 -0800] "GET /gallery/photos/0728/pages/728-003.html HTTP/1.0" 200 2675 "-" "msnbot/1.0 (+http://search.msn.com/msnbot.htm)"
68.142.251.59 - - [01/Sep/2005:05:58:37 -0800] "GET /gallery/photos/19890166/00/ HTTP/1.0" 304 - "-" "Mozilla/5.0 (compatible; Yahoo! Slurp; http://help.yahoo.com/help/us/ysearch/slurp)"
217.212.224.148 - - [01/Sep/2005:05:59:38 -0800] "GET /gallery/20020164/pages/2002-0164-00102.html HTTP/1.0" 404 339 "-" "psbot/0.1 (+http://www.picsearch.com/bot.html)"
68.142.251.59 - - [01/Sep/2005:05:59:47 -0800] "GET /gallery/photos/19890166/13/pages/1989-0166-01074_postcard.html HTTP/1.0" 304 - "-" "Mozilla/5.0 (compatible; Yahoo! Slurp; http://help.yahoo.com/help/us/ysearch/slurp)"
207.46.98.84 - - [01/Sep/2005:06:00:50 -0800] "GET /gallery/photos/19581026/22/pages/1958-1026-02254.html HTTP/1.0" 200 6186 "-" "msnbot/1.0 (+http://search.msn.com/msnbot.htm)"
68.142.249.111 - - [01/Sep/2005:06:01:02 -0800] "GET /gallery/photos/19950244/05 HTTP/1.0" 301 363 "-" "Mozilla/5.0 (compatible; Yahoo! Slurp; http://help.yahoo.com/help/us/ysearch/slurp)"
68.142.249.111 - - [01/Sep/2005:06:01:02 -0800] "GET /gallery/photos/19950244/05/ HTTP/1.0" 200 7079 "-" "Mozilla/5.0 (compatible; Yahoo! Slurp; http://help.yahoo.com/help/us/ysearch/slurp)"
68.142.249.111 - - [01/Sep/2005:06:01:06 -0800] "GET /gallery/photos/19880051 HTTP/1.0" 301 360 "-" "Mozilla/5.0 (compatible; Yahoo! Slurp; http://help.yahoo.com/help/us/ysearch/slurp)"
68.142.249.111 - - [01/Sep/2005:06:01:09 -0800] "GET /gallery/photos/19880051/ HTTP/1.0" 200 4089 "-" "Mozilla/5.0 (compatible; Yahoo! Slurp; http://help.yahoo.com/help/us/ysearch/slurp)"
213.140.19.123 - - [01/Sep/2005:06:01:11 -0800] "GET /store/people.html HTTP/1.1" 200 21075 "http://images.google.it/imgres?imgurl=http://photolab.elmer.uaf.edu/store/photos/largejpegs/(105)1989-0166-00522a.jpg&imgrefurl=http://photolab.elmer.uaf.edu/store/people.html&h=692&w=1000&sz=100&tbnid=mRifvhDN3-gJ:&tbnh=103&tbnw=149&hl=it&start=2&prev=/images%3Fq%3Dold%2Bwoman%26imgsz%3Dxxlarge%26svnum%3D10%26hl%3Dit%26lr%3D" "Mozilla/4.0 (compatible; MSIE 6.0; Windows NT 5.0)"
213.140.19.123 - - [01/Sep/2005:06:01:11 -0800] "GET /store/photos/largejpegs/(105)1989-0166-00522a.jpg HTTP/1.1" 200 101451 "http://images.google.it/imgres?imgurl=http://photolab.elmer.uaf.edu/store/photos/largejpegs/(105)1989-0166-00522a.jpg&imgrefurl=http://photolab.elmer.uaf.edu/store/people.html&h=692&w=1000&sz=100&tbnid=mRifvhDN3-gJ:&tbnh=103&tbnw=149&hl=it&prev=/images%3Fq%3Dold%2Bwoman%26imgsz%3Dxxlarge%26svnum%3D10%26hl%3Dit%26lr%3D&frame=small" "Mozilla/4.0 (compatible; MSIE 6.0; Windows NT 5.0)"
68.142.249.115 - - [01/Sep/2005:06:01:22 -0800] "GET /gallery/photos/20040110/10 HTTP/1.0" 301 363 "-" "Mozilla/5.0 (compatible; Yahoo! Slurp; http://help.yahoo.com/help/us/ysearch/slurp)"
68.142.249.115 - - [01/Sep/2005:06:01:22 -0800] "GET /gallery/photos/20040110/10/ HTTP/1.0" 200 7059 "-" "Mozilla/5.0 (compatible; Yahoo! Slurp; http://help.yahoo.com/help/us/ysearch/slurp)"
213.140.19.123 - - [01/Sep/2005:06:01:36 -0800] "GET /store/people.html HTTP/1.1" 206 15554 "http://images.google.it/imgres?imgurl=http://photolab.elmer.uaf.edu/store/photos/largejpegs/(105)1989-0166-00522a.jpg&imgrefurl=http://photolab.elmer.uaf.edu/store/people.html&h=692&w=1000&sz=100&tbnid=mRifvhDN3-gJ:&tbnh=103&tbnw=149&hl=it&start=2&prev=/images%3Fq%3Dold%2Bwoman%26imgsz%3Dxxlarge%26svnum%3D10%26hl%3Dit%26lr%3D" "Mozilla/4.0 (compatible; MSIE 6.0; Windows NT 5.0)"
217.212.224.148 - - [01/Sep/2005:06:01:40 -0800] "GET /gallery/20020164/pages/2002-0164-00103.html HTTP/1.0" 404 339 "-" "psbot/0.1 (+http://www.picsearch.com/bot.html)"
207.46.98.84 - - [01/Sep/2005:06:03:30 -0800] "GET /gallery/photos/19581026/22/pages/1958-1026-02235.html HTTP/1.0" 200 6186 "-" "msnbot/1.0 (+http://search.msn.com/msnbot.htm)"
217.212.224.148 - - [01/Sep/2005:06:03:38 -0800] "GET /gallery/20040026/pages/2004-0026-00033.html HTTP/1.0" 404 339 "-" "psbot/0.1 (+http://www.picsearch.com/bot.html)"
207.46.98.84 - - [01/Sep/2005:06:03:49 -0800] "GET /gallery/photos/19581026/22/pages/1958-1026-02250.html HTTP/1.0" 200 6186 "-" "msnbot/1.0 (+http://search.msn.com/msnbot.htm)"
207.46.98.84 - - [01/Sep/2005:06:04:37 -0800] "GET /gallery/photos/19581026/22/pages/1958-1026-02271.html HTTP/1.0" 200 6186 "-" "msnbot/1.0 (+http://search.msn.com/msnbot.htm)"
68.142.249.205 - - [01/Sep/2005:06:04:39 -0800] "GET /gallery/photos/20040110/10/pages/2004-0110-00960.htm HTTP/1.0" 200 1885 "-" "Mozilla/5.0 (compatible; Yahoo! Slurp; http://help.yahoo.com/help/us/ysearch/slurp)"
207.46.98.84 - - [01/Sep/2005:06:04:59 -0800] "GET /gallery/photos/19581026/22/pages/1958-1026-02258.html HTTP/1.0" 200 6186 "-" "msnbot/1.0 (+http://search.msn.com/msnbot.htm)"
207.46.98.84 - - [01/Sep/2005:06:05:12 -0800] "GET /gallery/photos/19581026/22/pages/1958-1026-02237.html HTTP/1.0" 200 6186 "-" "msnbot/1.0 (+http://search.msn.com/msnbot.htm)"
207.46.98.84 - - [01/Sep/2005:06:05:18 -0800] "GET /gallery/photos/19581026/22/pages/1958-1026-02252.html HTTP/1.0" 200 6186 "-" "msnbot/1.0 (+http://search.msn.com/msnbot.htm)"
207.46.98.84 - - [01/Sep/2005:06:05:20 -0800] "GET /gallery/photos/0728/pages/728-019.html HTTP/1.0" 200 2678 "-" "msnbot/1.0 (+http://search.msn.com/msnbot.htm)"
207.46.98.84 - - [01/Sep/2005:06:05:21 -0800] "GET /gallery/photos/0728/pages/728-013.html HTTP/1.0" 200 2678 "-" "msnbot/1.0 (+http://search.msn.com/msnbot.htm)"
217.212.224.148 - - [01/Sep/2005:06:05:35 -0800] "GET /gallery/19850072/pages/1985-0072-00121.html HTTP/1.0" 404 339 "-" "psbot/0.1 (+http://www.picsearch.com/bot.html)"
68.142.249.115 - - [01/Sep/2005:06:05:50 -0800] "GET /gallery/photos/19910156/web/0 HTTP/1.0" 301 366 "-" "Mozilla/5.0 (compatible; Yahoo! Slurp; http://help.yahoo.com/help/us/ysearch/slurp)"
68.142.249.115 - - [01/Sep/2005:06:05:51 -0800] "GET /gallery/photos/19910156/web/0/ HTTP/1.0" 200 7076 "-" "Mozilla/5.0 (compatible; Yahoo! Slurp; http://help.yahoo.com/help/us/ysearch/slurp)"
58.143.170.199 - - [01/Sep/2005:06:03:19 -0800] "GET /gallery/maps/mapg3300.html HTTP/1.1" 200 21856 "http://www.worldmapfinder.com/Map_Detail.php?MAP=541&FN=G3300%20%5B1822%5D%20F55.jpg&MW=1200&MH=959&FS=374&FT=jpg&WO=0&CE=4&CO=0&CI=0&IT=0&LC=2&PG=1&CS=iso-8859-1&FU=http://photolab.elmer.uaf.edu/gallery/maps/G3300/large/G3300%20%5B1822%5D%20F55.jpg&SU=http://photolab.elmer.uaf.edu/gallery/maps/mapg3300.html" "Mozilla/4.0 (compatible; MSIE 6.0; Windows NT 5.1; SV1)"
65.214.44.171 - - [01/Sep/2005:06:06:37 -0800] "GET /gallery/19940070/4/pages/1994-0070-00946.html HTTP/1.0" 404 341 "-" "Mozilla/2.0 (compatible; Ask Jeeves/Teoma; +http://sp.ask.com/docs/about/tech_crawling.html)"
207.46.98.84 - - [01/Sep/2005:06:07:12 -0800] "GET /gallery/photos/0728/pages/728-004.html HTTP/1.0" 200 2675 "-" "msnbot/1.0 (+http://search.msn.com/msnbot.htm)"
207.46.98.84 - - [01/Sep/2005:06:07:36 -0800] "GET /gallery/photos/0728/pages/728-011.html HTTP/1.0" 200 2676 "-" "msnbot/1.0 (+http://search.msn.com/msnbot.htm)"
217.212.224.148 - - [01/Sep/2005:06:07:37 -0800] "GET /gallery/19850072/pages/1985-0072-00122.html HTTP/1.0" 404 339 "-" "psbot/0.1 (+http://www.picsearch.com/bot.html)"
68.142.249.178 - - [01/Sep/2005:06:07:42 -0800] "GET /gallery/photos/20040110/10/pages/2004-0110-00957.htm HTTP/1.0" 200 1885 "-" "Mozilla/5.0 (compatible; Yahoo! Slurp; http://help.yahoo.com/help/us/ysearch/slurp)"
68.142.250.209 - - [01/Sep/2005:06:08:48 -0800] "GET /gallery/photos/20020015/5 HTTP/1.0" 301 362 "-" "Mozilla/5.0 (compatible; Yahoo! Slurp; http://help.yahoo.com/help/us/ysearch/slurp)"
68.142.250.209 - - [01/Sep/2005:06:08:48 -0800] "GET /gallery/photos/19950244/08 HTTP/1.0" 301 363 "-" "Mozilla/5.0 (compatible; Yahoo! Slurp; http://help.yahoo.com/help/us/ysearch/slurp)"
68.142.250.209 - - [01/Sep/2005:06:08:52 -0800] "GET /gallery/photos/20020015/5/ HTTP/1.0" 200 7161 "-" "Mozilla/5.0 (compatible; Yahoo! Slurp; http://help.yahoo.com/help/us/ysearch/slurp)"
68.142.250.209 - - [01/Sep/2005:06:08:53 -0800] "GET /gallery/photos/19950244/08/ HTTP/1.0" 200 7079 "-" "Mozilla/5.0 (compatible; Yahoo! Slurp; http://help.yahoo.com/help/us/ysearch/slurp)"
207.46.98.84 - - [01/Sep/2005:06:09:31 -0800] "GET /gallery/photos/0728/pages/728-006.html HTTP/1.0" 200 2675 "-" "msnbot/1.0 (+http://search.msn.com/msnbot.htm)"
217.212.224.148 - - [01/Sep/2005:06:09:33 -0800] "GET /gallery/20010164/pages/2001-0164-00114.html HTTP/1.0" 404 339 "-" "psbot/0.1 (+http://www.picsearch.com/bot.html)"
220.120.8.238 - - [01/Sep/2005:06:10:34 -0800] "GET /index_files/empty.gif HTTP/1.1" 200 45 "http://photolab.elmer.uaf.edu/gallery/maps/mapg3300.html" "Mozilla/4.0 (compatible; MSIE 6.0; Windows NT 5.1)"
220.120.8.238 - - [01/Sep/2005:06:10:34 -0800] "GET /index_files/title.jpg HTTP/1.1" 200 5438 "http://photolab.elmer.uaf.edu/gallery/maps/mapg3300.html" "Mozilla/4.0 (compatible; MSIE 6.0; Windows NT 5.1)"
220.120.8.238 - - [01/Sep/2005:06:10:34 -0800] "GET /gallery/maps/G3300/small/G3300%201775%20R621.jpg HTTP/1.1" 200 14889 "http://photolab.elmer.uaf.edu/gallery/maps/mapg3300.html" "Mozilla/4.0 (compatible; MSIE 6.0; Windows NT 5.1)"
220.120.8.238 - - [01/Sep/2005:06:10:34 -0800] "GET /index_files/small.dps.jpg HTTP/1.1" 200 5830 "http://photolab.elmer.uaf.edu/gallery/maps/mapg3300.html" "Mozilla/4.0 (compatible; MSIE 6.0; Windows NT 5.1)"
220.120.8.238 - - [01/Sep/2005:06:10:34 -0800] "GET /index_files/small_003.jpg HTTP/1.1" 200 1521 "http://photolab.elmer.uaf.edu/gallery/maps/mapg3300.html" "Mozilla/4.0 (compatible; MSIE 6.0; Windows NT 5.1)"
220.120.8.238 - - [01/Sep/2005:06:10:34 -0800] "GET /gallery/maps/G3300/small/G3300%20%5B1590%5D%20P67.jpg HTTP/1.1" 200 14993 "http://photolab.elmer.uaf.edu/gallery/maps/mapg3300.html" "Mozilla/4.0 (compatible; MSIE 6.0; Windows NT 5.1)"
220.120.8.238 - - [01/Sep/2005:06:10:34 -0800] "GET /gallery/maps/G3300/small/G3300%201755%20B431.jpg HTTP/1.1" 200 14901 "http://photolab.elmer.uaf.edu/gallery/maps/mapg3300.html" "Mozilla/4.0 (compatible; MSIE 6.0; Windows NT 5.1)"
220.120.8.238 - - [01/Sep/2005:06:10:34 -0800] "GET /gallery/maps/G3300/small/G3300%201772%20R62.jpg HTTP/1.1" 200 15425 "http://photolab.elmer.uaf.edu/gallery/maps/mapg3300.html" "Mozilla/4.0 (compatible; MSIE 6.0; Windows NT 5.1)"
220.120.8.238 - - [01/Sep/2005:06:10:34 -0800] "GET /gallery/maps/G3300/small/G3300%201774%20D861.jpg HTTP/1.1" 200 14984 "http://photolab.elmer.uaf.edu/gallery/maps/mapg3300.html" "Mozilla/4.0 (compatible; MSIE 6.0; Windows NT 5.1)"
220.120.8.238 - - [01/Sep/2005:06:10:34 -0800] "GET /gallery/maps/G3300/small/G3300%20%5B1780%5D%20C66.jpg HTTP/1.1" 200 17169 "http://photolab.elmer.uaf.edu/gallery/maps/mapg3300.html" "Mozilla/4.0 (compatible; MSIE 6.0; Windows NT 5.1)"
220.120.8.238 - - [01/Sep/2005:06:10:34 -0800] "GET /gallery/maps/G3300/small/G3300%20%5B1780_%5D%20C66a.jpg HTTP/1.1" 200 14727 "http://photolab.elmer.uaf.edu/gallery/maps/mapg3300.html" "Mozilla/4.0 (compatible; MSIE 6.0; Windows NT 5.1)"
220.120.8.238 - - [01/Sep/2005:06:10:34 -0800] "GET /gallery/maps/G3300/small/G3300%201783%20R62.jpg HTTP/1.1" 200 15342 "http://photolab.elmer.uaf.edu/gallery/maps/mapg3300.html" "Mozilla/4.0 (compatible; MSIE 6.0; Windows NT 5.1)"
220.120.8.238 - - [01/Sep/2005:06:10:34 -0800] "GET /gallery/maps/G3300/small/G3300%20%5B1787%5D%20B66.jpg HTTP/1.1" 200 14342 "http://photolab.elmer.uaf.edu/gallery/maps/mapg3300.html" "Mozilla/4.0 (compatible; MSIE 6.0; Windows NT 5.1)"
220.120.8.238 - - [01/Sep/2005:06:10:34 -0800] "GET /gallery/maps/G3300/small/G3300%201797%20N43.jpg HTTP/1.1" 200 15960 "http://photolab.elmer.uaf.edu/gallery/maps/mapg3300.html" "Mozilla/4.0 (compatible; MSIE 6.0; Windows NT 5.1)"
220.120.8.238 - - [01/Sep/2005:06:10:34 -0800] "GET /index_files/lib.css HTTP/1.1" 200 2634 "http://photolab.elmer.uaf.edu/gallery/maps/mapg3300.html" "Mozilla/4.0 (compatible; MSIE 6.0; Windows NT 5.1)"
220.120.8.238 - - [01/Sep/2005:06:10:34 -0800] "GET /index_files/small.jpg HTTP/1.1" 200 2294 "http://photolab.elmer.uaf.edu/gallery/maps/mapg3300.html" "Mozilla/4.0 (compatible; MSIE 6.0; Windows NT 5.1)"
220.120.8.238 - - [01/Sep/2005:06:10:34 -0800] "GET /gallery/maps/G3300/small/G3300%20%5B1779%5D%20C662.jpg HTTP/1.1" 200 15796 "http://photolab.elmer.uaf.edu/gallery/maps/mapg3300.html" "Mozilla/4.0 (compatible; MSIE 6.0; Windows NT 5.1)"
220.120.8.238 - - [01/Sep/2005:06:10:34 -0800] "GET /gallery/maps/G3300/small/G3300%20%5B1786_%5D%20B691.jpg HTTP/1.1" 200 16623 "http://photolab.elmer.uaf.edu/gallery/maps/mapg3300.html" "Mozilla/4.0 (compatible; MSIE 6.0; Windows NT 5.1)"
220.120.8.238 - - [01/Sep/2005:06:10:34 -0800] "GET /index_files/apr.jpg HTTP/1.1" 200 6015 "http://photolab.elmer.uaf.edu/gallery/maps/mapg3300.html" "Mozilla/4.0 (compatible; MSIE 6.0; Windows NT 5.1)"
220.120.8.238 - - [01/Sep/2005:06:10:34 -0800] "GET /index_files/small_002.jpg HTTP/1.1" 200 1351 "http://photolab.elmer.uaf.edu/gallery/maps/mapg3300.html" "Mozilla/4.0 (compatible; MSIE 6.0; Windows NT 5.1)"
220.120.8.238 - - [01/Sep/2005:06:10:34 -0800] "GET /gallery/maps/G3300/small/G3300%20%5B1740_%5D.jpg HTTP/1.1" 200 20134 "http://photolab.elmer.uaf.edu/gallery/maps/mapg3300.html" "Mozilla/4.0 (compatible; MSIE 6.0; Windows NT 5.1)"
220.120.8.238 - - [01/Sep/2005:06:10:34 -0800] "GET /gallery/maps/G3300/small/G3300%20%5B1625%5D%20E47.jpg HTTP/1.1" 200 17451 "http://photolab.elmer.uaf.edu/gallery/maps/mapg3300.html" "Mozilla/4.0 (compatible; MSIE 6.0; Windows NT 5.1)"
220.120.8.238 - - [01/Sep/2005:06:10:33 -0800] "GET /gallery/maps/mapg3300.html HTTP/1.1" 200 21856 "http://www.worldmapfinder.com/Map_Detail.php?MAP=549&FN=G3300%20%5B1780%5D%20C66.jpg&MW=1200&MH=896&FS=242&FT=jpg&WO=0&CE=4&CO=0&CI=0&IT=0&LC=2&PG=1&CS=iso-8859-1&FU=http://photolab.elmer.uaf.edu/gallery/maps/G3300/large/G3300%20%5B1780%5D%20C66.jpg&SU=http://photolab.elmer.uaf.edu/gallery/maps/mapg3300.html" "Mozilla/4.0 (compatible; MSIE 6.0; Windows NT 5.1)"
220.120.8.238 - - [01/Sep/2005:06:10:34 -0800] "GET /gallery/maps/G3300/large/G3300%20[1780]%20C66.jpg HTTP/1.1" 200 246809 "http://www.worldmapfinder.com/Map_Detail.php?MAP=549&FN=G3300 [1780] C66.jpg&FU=http://photolab.elmer.uaf.edu/gallery/maps/G3300/large/G3300 [1780] C66.jpg&MW=1200&MH=896&FS=242&FT=jpg&SU=http://photolab.elmer.uaf.edu/gallery/maps/mapg3300.html&WO=0&CE=4&CO=0&CI=0&IT=0&LC=2&PG=1&CS=&FM=1" "Mozilla/4.0 (compatible; MSIE 6.0; Windows NT 5.1)"
220.120.8.238 - - [01/Sep/2005:06:10:35 -0800] "GET /gallery/maps/G3300/small/G3300%20%5B1857_%5D%20B36.jpg HTTP/1.1" 200 15604 "http://photolab.elmer.uaf.edu/gallery/maps/mapg3300.html" "Mozilla/4.0 (compatible; MSIE 6.0; Windows NT 5.1)"
217.212.224.148 - - [01/Sep/2005:06:11:27 -0800] "GET /gallery/20010164/pages/2001-0164-00115.html HTTP/1.0" 404 339 "-" "psbot/0.1 (+http://www.picsearch.com/bot.html)"
217.212.224.148 - - [01/Sep/2005:06:13:38 -0800] "GET /gallery/20010164/pages/2001-0164-00116.html HTTP/1.0" 404 339 "-" "psbot/0.1 (+http://www.picsearch.com/bot.html)"
68.142.249.11 - - [01/Sep/2005:06:15:11 -0800] "GET /gallery/photos/19910156/web/0/pages/1991-0156-00009.html HTTP/1.0" 200 1882 "-" "Mozilla/5.0 (compatible; Yahoo! Slurp; http://help.yahoo.com/help/us/ysearch/slurp)"
68.142.249.62 - - [01/Sep/2005:06:15:22 -0800] "GET /gallery/photos/19910046/08 HTTP/1.0" 301 363 "-" "Mozilla/5.0 (compatible; Yahoo! Slurp; http://help.yahoo.com/help/us/ysearch/slurp)"
68.142.249.62 - - [01/Sep/2005:06:15:23 -0800] "GET /gallery/photos/19910046/08/ HTTP/1.0" 200 7098 "-" "Mozilla/5.0 (compatible; Yahoo! Slurp; http://help.yahoo.com/help/us/ysearch/slurp)"
217.212.224.148 - - [01/Sep/2005:06:15:37 -0800] "GET /gallery/20010164/pages/2001-0164-00117.html HTTP/1.0" 404 339 "-" "psbot/0.1 (+http://www.picsearch.com/bot.html)"
65.214.44.171 - - [01/Sep/2005:06:16:10 -0800] "GET /gallery/19690092/0/pages/1969-0092-00025.html HTTP/1.0" 404 341 "-" "Mozilla/2.0 (compatible; Ask Jeeves/Teoma; +http://sp.ask.com/docs/about/tech_crawling.html)"
213.10.241.182 - - [01/Sep/2005:06:16:41 -0800] "GET /index_files/store.css HTTP/1.1" 200 2756 "http://photolab.elmer.uaf.edu/store/people.html" "Mozilla/4.0 (compatible; MSIE 6.0; Windows NT 5.1; SV1; iebar; .NET CLR 1.1.4322)"
213.10.241.182 - - [01/Sep/2005:06:16:41 -0800] "GET /store/people.html HTTP/1.1" 200 21075 "http://images.google.nl/imgres?imgurl=http://photolab.elmer.uaf.edu/store/photos/largejpegs/(040)1958-1026-01700.jpg&imgrefurl=http://photolab.elmer.uaf.edu/store/people.html&h=1000&w=762&sz=136&tbnid=muofWG5zZScJ:&tbnh=149&tbnw=113&hl=nl&start=36&prev=/images%3Fq%3Deskimo%26start%3D20%26svnum%3D10%26hl%3Dnl%26lr%3D%26sa%3DN" "Mozilla/4.0 (compatible; MSIE 6.0; Windows NT 5.1; SV1; iebar; .NET CLR 1.1.4322)"
213.10.241.182 - - [01/Sep/2005:06:16:42 -0800] "GET /store/photos/largejpegs/(040)1958-1026-01700.jpg HTTP/1.1" 200 138785 "http://images.google.nl/imgres?imgurl=http://photolab.elmer.uaf.edu/store/photos/largejpegs/(040)1958-1026-01700.jpg&imgrefurl=http://photolab.elmer.uaf.edu/store/people.html&h=1000&w=762&sz=136&tbnid=muofWG5zZScJ:&tbnh=149&tbnw=113&hl=nl&prev=/images%3Fq%3Deskimo%26start%3D20%26svnum%3D10%26hl%3Dnl%26lr%3D%26sa%3DN&frame=small" "Mozilla/4.0 (compatible; MSIE 6.0; Windows NT 5.1; SV1; iebar; .NET CLR 1.1.4322)"
213.10.241.182 - - [01/Sep/2005:06:16:50 -0800] "GET /store/people.html HTTP/1.1" 206 14094 "http://images.google.nl/imgres?imgurl=http://photolab.elmer.uaf.edu/store/photos/largejpegs/(040)1958-1026-01700.jpg&imgrefurl=http://photolab.elmer.uaf.edu/store/people.html&h=1000&w=762&sz=136&tbnid=muofWG5zZScJ:&tbnh=149&tbnw=113&hl=nl&start=36&prev=/images%3Fq%3Deskimo%26start%3D20%26svnum%3D10%26hl%3Dnl%26lr%3D%26sa%3DN" "Mozilla/4.0 (compatible; MSIE 6.0; Windows NT 5.1; SV1; iebar; .NET CLR 1.1.4322)"
217.212.224.148 - - [01/Sep/2005:06:17:38 -0800] "GET /gallery/20020032/pages/2002-0032-00043.html HTTP/1.0" 404 339 "-" "psbot/0.1 (+http://www.picsearch.com/bot.html)"
72.4.46.251 - - [01/Sep/2005:06:19:18 -0800] "GET /store/photos/largejpegs/(105)1989-0166-00522a.jpg HTTP/1.1" 200 101451 "-" "Mozilla/4.0 (compatible; MSIE 6.0; Windows NT 5.1; SV1; .NET CLR 1.1.4322)"
217.212.224.148 - - [01/Sep/2005:06:19:37 -0800] "GET /gallery/20020032/pages/2002-0032-00044.html HTTP/1.0" 404 339 "-" "psbot/0.1 (+http://www.picsearch.com/bot.html)"
72.4.46.251 - - [01/Sep/2005:06:20:41 -0800] "GET /store/photos/largejpegs/(105)1989-0166-00522a.jpg HTTP/1.1" 206 11339 "-" "Mozilla/4.0 (compatible; MSIE 6.0; Windows NT 5.1; SV1; .NET CLR 1.1.4322)"
217.212.224.148 - - [01/Sep/2005:06:21:29 -0800] "GET /gallery/20020032/pages/2002-0032-00045.html HTTP/1.0" 404 339 "-" "psbot/0.1 (+http://www.picsearch.com/bot.html)"
83.76.34.181 - - [01/Sep/2005:06:22:03 -0800] "GET /store/maps.html HTTP/1.1" 200 23493 "http://images.google.de/imgres?imgurl=http://photolab.elmer.uaf.edu/store/maps/large%2520jpegs/(010)%2520G3200%2520%255B1700%255D.jpg&imgrefurl=http://photolab.elmer.uaf.edu/store/maps.html&h=1118&w=1500&sz=430&tbnid=mBBEkawFnPcJ:&tbnh=111&tbnw=150&hl=de&start=22&prev=/images%3Fq%3D1700%26start%3D20%26svnum%3D10%26hl%3Dde%26lr%3D%26sa%3DN" "Mozilla/4.0 (compatible; MSIE 6.0; Windows NT 5.1; SV1)"
83.76.34.181 - - [01/Sep/2005:06:22:03 -0800] "GET /store/maps/large%20jpegs/(010)%20G3200%20%5B1700%5D.jpg HTTP/1.1" 200 440231 "http://images.google.de/imgres?imgurl=http://photolab.elmer.uaf.edu/store/maps/large%2520jpegs/(010)%2520G3200%2520%255B1700%255D.jpg&imgrefurl=http://photolab.elmer.uaf.edu/store/maps.html&h=1118&w=1500&sz=430&tbnid=mBBEkawFnPcJ:&tbnh=111&tbnw=150&hl=de&prev=/images%3Fq%3D1700%26start%3D20%26svnum%3D10%26hl%3Dde%26lr%3D%26sa%3DN&frame=small" "Mozilla/4.0 (compatible; MSIE 6.0; Windows NT 5.1; SV1)"
217.212.224.148 - - [01/Sep/2005:06:23:28 -0800] "GET /gallery/20020032/pages/2002-0032-00046.html HTTP/1.0" 404 339 "-" "psbot/0.1 (+http://www.picsearch.com/bot.html)"
68.142.251.46 - - [01/Sep/2005:06:24:51 -0800] "GET /gallery/photos/20020015/5/pages/2002-0015-00505m.html HTTP/1.0" 200 1768 "-" "Mozilla/5.0 (compatible; Yahoo! Slurp; http://help.yahoo.com/help/us/ysearch/slurp)"
217.212.224.148 - - [01/Sep/2005:06:25:22 -0800] "GET /gallery/20020032/pages/2002-0032-00047.html HTTP/1.0" 404 339 "-" "psbot/0.1 (+http://www.picsearch.com/bot.html)"
65.214.44.171 - - [01/Sep/2005:06:25:48 -0800] "GET /gallery/19950244/04/pages/1995-0244-00478.html HTTP/1.0" 404 342 "-" "Mozilla/2.0 (compatible; Ask Jeeves/Teoma; +http://sp.ask.com/docs/about/tech_crawling.html)"
217.212.224.148 - - [01/Sep/2005:06:27:10 -0800] "GET /gallery/20020032/pages/2002-0032-00048.html HTTP/1.0" 404 339 "-" "psbot/0.1 (+http://www.picsearch.com/bot.html)"
68.142.249.159 - - [01/Sep/2005:06:27:52 -0800] "GET /gallery/photos/20020015/5/pages/2002-0015-00500m.html HTTP/1.0" 200 1610 "-" "Mozilla/5.0 (compatible; Yahoo! Slurp; http://help.yahoo.com/help/us/ysearch/slurp)"
217.212.224.148 - - [01/Sep/2005:06:29:10 -0800] "GET /gallery/20040084/1157-1288/pages/2004-0084-01256.html HTTP/1.0" 404 349 "-" "psbot/0.1 (+http://www.picsearch.com/bot.html)"
68.142.250.138 - - [01/Sep/2005:06:29:19 -0800] "GET /gallery/photos/19910046/08/pages/1991-0046-00800.html HTTP/1.0" 200 1601 "-" "Mozilla/5.0 (compatible; Yahoo! Slurp; http://help.yahoo.com/help/us/ysearch/slurp)"
68.142.251.167 - - [01/Sep/2005:06:29:29 -0800] "GET /gallery/photos/20030109/1/pages/2003-0109-00103.html HTTP/1.0" 200 1754 "-" "Mozilla/5.0 (compatible; Yahoo! Slurp; http://help.yahoo.com/help/us/ysearch/slurp)"
81.63.12.212 - - [01/Sep/2005:06:30:59 -0800] "GET /gallery/maps/mapg3200.html HTTP/1.1" 200 17141 "http://images.google.it/imgres?imgurl=http://photolab.elmer.uaf.edu/gallery/maps/G3200/large/G3200%2520%255B1828%255D%2520B67.jpg&imgrefurl=http://photolab.elmer.uaf.edu/gallery/maps/mapg3200.html&h=861&w=1200&sz=186&tbnid=U-XJcUBu42IJ:&tbnh=107&tbnw=150&hl=it&start=18&prev=/images%3Fq%3Dmappamondo%26imgsz%3Dxxlarge%26svnum%3D10%26hl%3Dit%26lr%3D%26sa%3DG" "Mozilla/5.0 (Macintosh; U; PPC Mac OS X; it-it) AppleWebKit/312.1.1 (KHTML, like Gecko) Safari/312"
81.63.12.212 - - [01/Sep/2005:06:31:01 -0800] "GET /index_files/empty.gif HTTP/1.1" 200 45 "http://photolab.elmer.uaf.edu/gallery/maps/mapg3200.html" "Mozilla/5.0 (Macintosh; U; PPC Mac OS X; it-it) AppleWebKit/312.1.1 (KHTML, like Gecko) Safari/312"
81.63.12.212 - - [01/Sep/2005:06:31:00 -0800] "GET /index_files/title.jpg HTTP/1.1" 200 5438 "http://photolab.elmer.uaf.edu/gallery/maps/mapg3200.html" "Mozilla/5.0 (Macintosh; U; PPC Mac OS X; it-it) AppleWebKit/312.1.1 (KHTML, like Gecko) Safari/312"
81.63.12.212 - - [01/Sep/2005:06:31:00 -0800] "GET /index_files/lib.css HTTP/1.1" 200 2634 "http://photolab.elmer.uaf.edu/gallery/maps/mapg3200.html" "Mozilla/5.0 (Macintosh; U; PPC Mac OS X; it-it) AppleWebKit/312.1.1 (KHTML, like Gecko) Safari/312"
81.63.12.212 - - [01/Sep/2005:06:31:01 -0800] "GET /index_files/small.dps.jpg HTTP/1.1" 200 5830 "http://photolab.elmer.uaf.edu/gallery/maps/mapg3200.html" "Mozilla/5.0 (Macintosh; U; PPC Mac OS X; it-it) AppleWebKit/312.1.1 (KHTML, like Gecko) Safari/312"
81.63.12.212 - - [01/Sep/2005:06:31:01 -0800] "GET /index_files/small.jpg HTTP/1.1" 200 2294 "http://photolab.elmer.uaf.edu/gallery/maps/mapg3200.html" "Mozilla/5.0 (Macintosh; U; PPC Mac OS X; it-it) AppleWebKit/312.1.1 (KHTML, like Gecko) Safari/312"
81.63.12.212 - - [01/Sep/2005:06:31:00 -0800] "GET /index_files/apr.jpg HTTP/1.1" 200 6015 "http://photolab.elmer.uaf.edu/gallery/maps/mapg3200.html" "Mozilla/5.0 (Macintosh; U; PPC Mac OS X; it-it) AppleWebKit/312.1.1 (KHTML, like Gecko) Safari/312"
81.63.12.212 - - [01/Sep/2005:06:31:01 -0800] "GET /index_files/small_002.jpg HTTP/1.1" 200 1351 "http://photolab.elmer.uaf.edu/gallery/maps/mapg3200.html" "Mozilla/5.0 (Macintosh; U; PPC Mac OS X; it-it) AppleWebKit/312.1.1 (KHTML, like Gecko) Safari/312"
81.63.12.212 - - [01/Sep/2005:06:31:02 -0800] "GET /index_files/small_003.jpg HTTP/1.1" 200 1521 "http://photolab.elmer.uaf.edu/gallery/maps/mapg3200.html" "Mozilla/5.0 (Macintosh; U; PPC Mac OS X; it-it) AppleWebKit/312.1.1 (KHTML, like Gecko) Safari/312"
81.63.12.212 - - [01/Sep/2005:06:31:02 -0800] "GET /gallery/maps/G3200/small/G3200%20%5B1562_%5D%20V34.jpg HTTP/1.1" 200 15334 "http://photolab.elmer.uaf.edu/gallery/maps/mapg3200.html" "Mozilla/5.0 (Macintosh; U; PPC Mac OS X; it-it) AppleWebKit/312.1.1 (KHTML, like Gecko) Safari/312"
81.63.12.212 - - [01/Sep/2005:06:31:02 -0800] "GET /gallery/maps/G3200/small/G3200%20%5B1652_%5D%20V571.jpg HTTP/1.1" 200 16733 "http://photolab.elmer.uaf.edu/gallery/maps/mapg3200.html" "Mozilla/5.0 (Macintosh; U; PPC Mac OS X; it-it) AppleWebKit/312.1.1 (KHTML, like Gecko) Safari/312"
81.63.12.212 - - [01/Sep/2005:06:31:02 -0800] "GET /gallery/maps/G3200/small/G3200%20%5B1670%5D.jpg HTTP/1.1" 200 17392 "http://photolab.elmer.uaf.edu/gallery/maps/mapg3200.html" "Mozilla/5.0 (Macintosh; U; PPC Mac OS X; it-it) AppleWebKit/312.1.1 (KHTML, like Gecko) Safari/312"
81.63.12.212 - - [01/Sep/2005:06:31:02 -0800] "GET /gallery/maps/G3200/small/G3200%20%5B1700%5D.jpg HTTP/1.1" 200 18077 "http://photolab.elmer.uaf.edu/gallery/maps/mapg3200.html" "Mozilla/5.0 (Macintosh; U; PPC Mac OS X; it-it) AppleWebKit/312.1.1 (KHTML, like Gecko) Safari/312"
81.63.12.212 - - [01/Sep/2005:06:31:03 -0800] "GET /gallery/maps/G3200/small/G3200%201752%20R62.jpg HTTP/1.1" 200 14597 "http://photolab.elmer.uaf.edu/gallery/maps/mapg3200.html" "Mozilla/5.0 (Macintosh; U; PPC Mac OS X; it-it) AppleWebKit/312.1.1 (KHTML, like Gecko) Safari/312"
81.63.12.212 - - [01/Sep/2005:06:31:03 -0800] "GET /gallery/maps/G3200/small/G3200%201755%20B43.jpg HTTP/1.1" 200 14396 "http://photolab.elmer.uaf.edu/gallery/maps/mapg3200.html" "Mozilla/5.0 (Macintosh; U; PPC Mac OS X; it-it) AppleWebKit/312.1.1 (KHTML, like Gecko) Safari/312"
217.212.224.148 - - [01/Sep/2005:06:31:06 -0800] "GET /gallery/20040084/1157-1288/pages/2004-0084-01257.html HTTP/1.0" 404 349 "-" "psbot/0.1 (+http://www.picsearch.com/bot.html)"
81.63.12.212 - - [01/Sep/2005:06:31:05 -0800] "GET /gallery/maps/G3200/large/G3200%20%5B1828%5D%20B67.jpg HTTP/1.1" 200 190302 "http://images.google.it/imgres?imgurl=http://photolab.elmer.uaf.edu/gallery/maps/G3200/large/G3200%2520%255B1828%255D%2520B67.jpg&imgrefurl=http://photolab.elmer.uaf.edu/gallery/maps/mapg3200.html&h=861&w=1200&sz=186&tbnid=U-XJcUBu42IJ:&tbnh=107&tbnw=150&hl=it&prev=/images%3Fq%3Dmappamondo%26imgsz%3Dxxlarge%26svnum%3D10%26hl%3Dit%26lr%3D%26sa%3DG&frame=small" "Mozilla/5.0 (Macintosh; U; PPC Mac OS X; it-it) AppleWebKit/312.1.1 (KHTML, like Gecko) Safari/312"
81.63.12.212 - - [01/Sep/2005:06:31:15 -0800] "GET /favicon.ico HTTP/1.1" 404 307 "-" "Mozilla/5.0 (Macintosh; U; PPC Mac OS X; it-it) AppleWebKit/312.1.1 (KHTML, like Gecko) Safari/312"
82.147.19.106 - - [01/Sep/2005:06:31:18 -0800] "GET /index_files/store.css HTTP/1.1" 200 2756 "http://photolab.elmer.uaf.edu/store/people.html" "Mozilla/5.0 (Windows; U; Windows NT 5.1; en-US; rv:1.7.10) Gecko/20050716 Firefox/1.0.6"
82.147.19.106 - - [01/Sep/2005:06:31:17 -0800] "GET /store/people.html HTTP/1.1" 200 21075 "http://images.google.co.uk/imgres?imgurl=http://photolab.elmer.uaf.edu/store/photos/largejpegs/(105)1989-0166-00522a.jpg&imgrefurl=http://photolab.elmer.uaf.edu/store/people.html&h=692&w=1000&sz=100&tbnid=mRifvhDN3-gJ:&tbnh=103&tbnw=149&hl=en&start=4&prev=/images%3Fq%3Dold%2Bwoman%26svnum%3D10%26hl%3Den%26hs%3DEgU%26lr%3D%26client%3Dfirefox-a%26rls%3Dorg.mozilla:en-US:official_s%26sa%3DG" "Mozilla/5.0 (Windows; U; Windows NT 5.1; en-US; rv:1.7.10) Gecko/20050716 Firefox/1.0.6"
82.147.19.106 - - [01/Sep/2005:06:31:19 -0800] "GET /index_files/aprbrown.jpg HTTP/1.1" 200 5509 "http://photolab.elmer.uaf.edu/store/people.html" "Mozilla/5.0 (Windows; U; Windows NT 5.1; en-US; rv:1.7.10) Gecko/20050716 Firefox/1.0.6"
82.147.19.106 - - [01/Sep/2005:06:31:18 -0800] "GET /index_files/titlebrown.jpg HTTP/1.1" 200 5451 "http://photolab.elmer.uaf.edu/store/people.html" "Mozilla/5.0 (Windows; U; Windows NT 5.1; en-US; rv:1.7.10) Gecko/20050716 Firefox/1.0.6"
82.147.19.106 - - [01/Sep/2005:06:31:19 -0800] "GET /index_files/storetitle.gif HTTP/1.1" 200 14535 "http://photolab.elmer.uaf.edu/store/people.html" "Mozilla/5.0 (Windows; U; Windows NT 5.1; en-US; rv:1.7.10) Gecko/20050716 Firefox/1.0.6"
82.147.19.106 - - [01/Sep/2005:06:31:19 -0800] "GET /store/photos/smalljpegs/(009)1975-0146-00003.jpg HTTP/1.1" 200 35453 "http://photolab.elmer.uaf.edu/store/people.html" "Mozilla/5.0 (Windows; U; Windows NT 5.1; en-US; rv:1.7.10) Gecko/20050716 Firefox/1.0.6"
82.147.19.106 - - [01/Sep/2005:06:31:40 -0800] "GET /store/photos/largejpegs/(105)1989-0166-00522a.jpg HTTP/1.1" 200 101451 "http://images.google.co.uk/imgres?imgurl=http://photolab.elmer.uaf.edu/store/photos/largejpegs/(105)1989-0166-00522a.jpg&imgrefurl=http://photolab.elmer.uaf.edu/store/people.html&h=692&w=1000&sz=100&tbnid=mRifvhDN3-gJ:&tbnh=103&tbnw=149&hl=en&prev=/images%3Fq%3Dold%2Bwoman%26svnum%3D10%26hl%3Den%26hs%3DEgU%26lr%3D%26client%3Dfirefox-a%26rls%3Dorg.mozilla:en-US:official_s%26sa%3DG&frame=small" "Mozilla/5.0 (Windows; U; Windows NT 5.1; en-US; rv:1.7.10) Gecko/20050716 Firefox/1.0.6"
217.212.224.148 - - [01/Sep/2005:06:32:53 -0800] "GET /gallery/20040084/1157-1288/pages/2004-0084-01258.html HTTP/1.0" 404 349 "-" "psbot/0.1 (+http://www.picsearch.com/bot.html)"
84.82.122.183 - - [01/Sep/2005:06:33:01 -0800] "GET /gallery/maps/mapg3400.html HTTP/1.1" 200 12679 "http://images.google.nl/imgres?imgurl=http://photolab.elmer.uaf.edu/gallery/maps/G3400/large/G3400%25201769%2520T571.jpg&imgrefurl=http://photolab.elmer.uaf.edu/gallery/maps/mapg3400.html&h=985&w=1200&sz=279&tbnid=oX1iHuJWRSYJ:&tbnh=123&tbnw=150&hl=nl&start=33&prev=/images%3Fq%3DKaart%2Bcanada%26start%3D20%26svnum%3D10%26hl%3Dnl%26lr%3D%26sa%3DN" "Mozilla/4.0 (compatible; MSIE 6.0; Windows NT 5.1; SV1)"
84.82.122.183 - - [01/Sep/2005:06:33:02 -0800] "GET /gallery/maps/G3400/large/G3400%201769%20T571.jpg HTTP/1.1" 200 285650 "http://images.google.nl/imgres?imgurl=http://photolab.elmer.uaf.edu/gallery/maps/G3400/large/G3400%25201769%2520T571.jpg&imgrefurl=http://photolab.elmer.uaf.edu/gallery/maps/mapg3400.html&h=985&w=1200&sz=279&tbnid=oX1iHuJWRSYJ:&tbnh=123&tbnw=150&hl=nl&prev=/images%3Fq%3DKaart%2Bcanada%26start%3D20%26svnum%3D10%26hl%3Dnl%26lr%3D%26sa%3DN&frame=small" "Mozilla/4.0 (compatible; MSIE 6.0; Windows NT 5.1; SV1)"
84.82.122.183 - - [01/Sep/2005:06:33:15 -0800] "GET /gallery/maps/mapg3400.html HTTP/1.1" 200 12679 "http://images.google.nl/imgres?imgurl=http://photolab.elmer.uaf.edu/gallery/maps/G3400/large/G3400%25201769%2520T571.jpg&imgrefurl=http://photolab.elmer.uaf.edu/gallery/maps/mapg3400.html&h=985&w=1200&sz=279&tbnid=oX1iHuJWRSYJ:&tbnh=123&tbnw=150&hl=nl&start=33&prev=/images%3Fq%3DKaart%2Bcanada%26start%3D20%26svnum%3D10%26hl%3Dnl%26lr%3D%26sa%3DN" "Mozilla/4.0 (compatible; MSIE 6.0; Windows NT 5.1; SV1)"
68.142.251.91 - - [01/Sep/2005:06:34:35 -0800] "GET /gallery/photos/19890166/05/pages/1989-0166-00522_neg%20nitrate.html HTTP/1.0" 304 - "-" "Mozilla/5.0 (compatible; Yahoo! Slurp; http://help.yahoo.com/help/us/ysearch/slurp)"
137.120.205.94 - - [01/Sep/2005:06:34:39 -0800] "GET /store/people.html HTTP/1.1" 200 21075 "http://images.google.nl/imgres?imgurl=http://photolab.elmer.uaf.edu/store/photos/largejpegs/(040)1958-1026-01700.jpg&imgrefurl=http://photolab.elmer.uaf.edu/store/people.html&h=1000&w=762&sz=136&tbnid=muofWG5zZScJ:&tbnh=149&tbnw=113&hl=nl&start=36&prev=/images%3Fq%3Deskimo%26start%3D20%26svnum%3D10%26hl%3Dnl%26lr%3D%26sa%3DN" "Mozilla/4.0 (compatible; MSIE 6.0; Windows NT 5.1; SV1)"
137.120.205.94 - - [01/Sep/2005:06:34:39 -0800] "GET /store/photos/largejpegs/(040)1958-1026-01700.jpg HTTP/1.1" 200 138785 "http://images.google.nl/imgres?imgurl=http://photolab.elmer.uaf.edu/store/photos/largejpegs/(040)1958-1026-01700.jpg&imgrefurl=http://photolab.elmer.uaf.edu/store/people.html&h=1000&w=762&sz=136&tbnid=muofWG5zZScJ:&tbnh=149&tbnw=113&hl=nl&prev=/images%3Fq%3Deskimo%26start%3D20%26svnum%3D10%26hl%3Dnl%26lr%3D%26sa%3DN&frame=small" "Mozilla/4.0 (compatible; MSIE 6.0; Windows NT 5.1; SV1)"
217.212.224.148 - - [01/Sep/2005:06:34:48 -0800] "GET /gallery/20040084/1157-1288/pages/2004-0084-01259.html HTTP/1.0" 404 349 "-" "psbot/0.1 (+http://www.picsearch.com/bot.html)"
68.142.251.161 - - [01/Sep/2005:06:34:51 -0800] "GET /gallery/photos/19910046/08/pages/1991-0046-00801.html HTTP/1.0" 200 1758 "-" "Mozilla/5.0 (compatible; Yahoo! Slurp; http://help.yahoo.com/help/us/ysearch/slurp)"
211.41.125.170 - - [01/Sep/2005:06:34:55 -0800] "GET /index_files/title.jpg HTTP/1.1" 200 5438 "http://photolab.elmer.uaf.edu/gallery/maps/mapg3300.html" "Mozilla/4.0 (compatible; MSIE 6.0; Windows NT 5.1; SV1; .NET CLR 1.1.4322)"
211.41.125.170 - - [01/Sep/2005:06:34:55 -0800] "GET /gallery/maps/mapg3300.html HTTP/1.1" 200 21856 "http://www.worldmapfinder.com/Map_Detail.php?MAP=541&FN=G3300%20%5B1822%5D%20F55.jpg&MW=1200&MH=959&FS=374&FT=jpg&WO=0&CE=4&CO=0&CI=0&IT=0&LC=2&PG=1&CS=iso-8859-1&FU=http://photolab.elmer.uaf.edu/gallery/maps/G3300/large/G3300%20%5B1822%5D%20F55.jpg&SU=http://photolab.elmer.uaf.edu/gallery/maps/mapg3300.html" "Mozilla/4.0 (compatible; MSIE 6.0; Windows NT 5.1; SV1; .NET CLR 1.1.4322)"
211.41.125.170 - - [01/Sep/2005:06:34:56 -0800] "GET /index_files/lib.css HTTP/1.1" 200 2634 "http://photolab.elmer.uaf.edu/gallery/maps/mapg3300.html" "Mozilla/4.0 (compatible; MSIE 6.0; Windows NT 5.1; SV1; .NET CLR 1.1.4322)"
211.41.125.170 - - [01/Sep/2005:06:34:56 -0800] "GET /index_files/empty.gif HTTP/1.1" 200 45 "http://photolab.elmer.uaf.edu/gallery/maps/mapg3300.html" "Mozilla/4.0 (compatible; MSIE 6.0; Windows NT 5.1; SV1; .NET CLR 1.1.4322)"
211.41.125.170 - - [01/Sep/2005:06:34:56 -0800] "GET /index_files/apr.jpg HTTP/1.1" 200 6015 "http://photolab.elmer.uaf.edu/gallery/maps/mapg3300.html" "Mozilla/4.0 (compatible; MSIE 6.0; Windows NT 5.1; SV1; .NET CLR 1.1.4322)"
211.41.125.170 - - [01/Sep/2005:06:34:56 -0800] "GET /index_files/small.jpg HTTP/1.1" 200 2294 "http://photolab.elmer.uaf.edu/gallery/maps/mapg3300.html" "Mozilla/4.0 (compatible; MSIE 6.0; Windows NT 5.1; SV1; .NET CLR 1.1.4322)"
211.41.125.170 - - [01/Sep/2005:06:34:56 -0800] "GET /index_files/small.dps.jpg HTTP/1.1" 200 5830 "http://photolab.elmer.uaf.edu/gallery/maps/mapg3300.html" "Mozilla/4.0 (compatible; MSIE 6.0; Windows NT 5.1; SV1; .NET CLR 1.1.4322)"
211.41.125.170 - - [01/Sep/2005:06:34:56 -0800] "GET /index_files/small_003.jpg HTTP/1.1" 200 1521 "http://photolab.elmer.uaf.edu/gallery/maps/mapg3300.html" "Mozilla/4.0 (compatible; MSIE 6.0; Windows NT 5.1; SV1; .NET CLR 1.1.4322)"
211.41.125.170 - - [01/Sep/2005:06:34:56 -0800] "GET /index_files/small_002.jpg HTTP/1.1" 200 1351 "http://photolab.elmer.uaf.edu/gallery/maps/mapg3300.html" "Mozilla/4.0 (compatible; MSIE 6.0; Windows NT 5.1; SV1; .NET CLR 1.1.4322)"
211.41.125.170 - - [01/Sep/2005:06:34:57 -0800] "GET /gallery/maps/G3300/small/G3300%20%5B1590%5D%20P67.jpg HTTP/1.1" 200 14993 "http://photolab.elmer.uaf.edu/gallery/maps/mapg3300.html" "Mozilla/4.0 (compatible; MSIE 6.0; Windows NT 5.1; SV1; .NET CLR 1.1.4322)"
211.41.125.170 - - [01/Sep/2005:06:34:57 -0800] "GET /gallery/maps/G3300/small/G3300%20%5B1625%5D%20E47.jpg HTTP/1.1" 200 17451 "http://photolab.elmer.uaf.edu/gallery/maps/mapg3300.html" "Mozilla/4.0 (compatible; MSIE 6.0; Windows NT 5.1; SV1; .NET CLR 1.1.4322)"
211.41.125.170 - - [01/Sep/2005:06:34:57 -0800] "GET /gallery/maps/G3300/small/G3300%20%5B1740_%5D.jpg HTTP/1.1" 200 20134 "http://photolab.elmer.uaf.edu/gallery/maps/mapg3300.html" "Mozilla/4.0 (compatible; MSIE 6.0; Windows NT 5.1; SV1; .NET CLR 1.1.4322)"
211.41.125.170 - - [01/Sep/2005:06:34:57 -0800] "GET /gallery/maps/G3300/small/G3300%201755%20B431.jpg HTTP/1.1" 200 14901 "http://photolab.elmer.uaf.edu/gallery/maps/mapg3300.html" "Mozilla/4.0 (compatible; MSIE 6.0; Windows NT 5.1; SV1; .NET CLR 1.1.4322)"
211.41.125.170 - - [01/Sep/2005:06:34:58 -0800] "GET /gallery/maps/G3300/small/G3300%201774%20D861.jpg HTTP/1.1" 200 14984 "http://photolab.elmer.uaf.edu/gallery/maps/mapg3300.html" "Mozilla/4.0 (compatible; MSIE 6.0; Windows NT 5.1; SV1; .NET CLR 1.1.4322)"
211.41.125.170 - - [01/Sep/2005:06:34:58 -0800] "GET /gallery/maps/G3300/small/G3300%201772%20R62.jpg HTTP/1.1" 200 15425 "http://photolab.elmer.uaf.edu/gallery/maps/mapg3300.html" "Mozilla/4.0 (compatible; MSIE 6.0; Windows NT 5.1; SV1; .NET CLR 1.1.4322)"
211.41.125.170 - - [01/Sep/2005:06:34:59 -0800] "GET /gallery/maps/G3300/small/G3300%20%5B1779%5D%20C662.jpg HTTP/1.1" 200 15796 "http://photolab.elmer.uaf.edu/gallery/maps/mapg3300.html" "Mozilla/4.0 (compatible; MSIE 6.0; Windows NT 5.1; SV1; .NET CLR 1.1.4322)"
211.41.125.170 - - [01/Sep/2005:06:34:59 -0800] "GET /gallery/maps/G3300/small/G3300%201775%20R621.jpg HTTP/1.1" 200 14889 "http://photolab.elmer.uaf.edu/gallery/maps/mapg3300.html" "Mozilla/4.0 (compatible; MSIE 6.0; Windows NT 5.1; SV1; .NET CLR 1.1.4322)"
211.41.125.170 - - [01/Sep/2005:06:34:59 -0800] "GET /gallery/maps/G3300/small/G3300%20%5B1780_%5D%20C66a.jpg HTTP/1.1" 200 14727 "http://photolab.elmer.uaf.edu/gallery/maps/mapg3300.html" "Mozilla/4.0 (compatible; MSIE 6.0; Windows NT 5.1; SV1; .NET CLR 1.1.4322)"
211.41.125.170 - - [01/Sep/2005:06:34:59 -0800] "GET /gallery/maps/G3300/small/G3300%20%5B1780%5D%20C66.jpg HTTP/1.1" 200 17169 "http://photolab.elmer.uaf.edu/gallery/maps/mapg3300.html" "Mozilla/4.0 (compatible; MSIE 6.0; Windows NT 5.1; SV1; .NET CLR 1.1.4322)"
211.41.125.170 - - [01/Sep/2005:06:35:00 -0800] "GET /gallery/maps/G3300/small/G3300%201783%20R62.jpg HTTP/1.1" 200 15342 "http://photolab.elmer.uaf.edu/gallery/maps/mapg3300.html" "Mozilla/4.0 (compatible; MSIE 6.0; Windows NT 5.1; SV1; .NET CLR 1.1.4322)"
211.41.125.170 - - [01/Sep/2005:06:35:00 -0800] "GET /gallery/maps/G3300/small/G3300%20%5B1786_%5D%20B691.jpg HTTP/1.1" 200 16623 "http://photolab.elmer.uaf.edu/gallery/maps/mapg3300.html" "Mozilla/4.0 (compatible; MSIE 6.0; Windows NT 5.1; SV1; .NET CLR 1.1.4322)"
211.41.125.170 - - [01/Sep/2005:06:35:00 -0800] "GET /gallery/maps/G3300/small/G3300%20%5B1787%5D%20B66.jpg HTTP/1.1" 200 14342 "http://photolab.elmer.uaf.edu/gallery/maps/mapg3300.html" "Mozilla/4.0 (compatible; MSIE 6.0; Windows NT 5.1; SV1; .NET CLR 1.1.4322)"
211.41.125.170 - - [01/Sep/2005:06:35:01 -0800] "GET /gallery/maps/G3300/small/G3300%201797%20N43.jpg HTTP/1.1" 200 15960 "http://photolab.elmer.uaf.edu/gallery/maps/mapg3300.html" "Mozilla/4.0 (compatible; MSIE 6.0; Windows NT 5.1; SV1; .NET CLR 1.1.4322)"
211.41.125.170 - - [01/Sep/2005:06:35:01 -0800] "GET /gallery/maps/G3300/small/G3300%20%5B1848_%5D%20C61.jpg HTTP/1.1" 200 16536 "http://photolab.elmer.uaf.edu/gallery/maps/mapg3300.html" "Mozilla/4.0 (compatible; MSIE 6.0; Windows NT 5.1; SV1; .NET CLR 1.1.4322)"
211.41.125.170 - - [01/Sep/2005:06:35:01 -0800] "GET /gallery/maps/G3300/small/G3300%20%5B1822%5D%20F55.jpg HTTP/1.1" 200 16603 "http://photolab.elmer.uaf.edu/gallery/maps/mapg3300.html" "Mozilla/4.0 (compatible; MSIE 6.0; Windows NT 5.1; SV1; .NET CLR 1.1.4322)"
211.41.125.170 - - [01/Sep/2005:06:35:02 -0800] "GET /gallery/maps/G3300/large/G3300%20%5B1740_%5D.jpg HTTP/1.1" 200 291860 "http://photolab.elmer.uaf.edu/gallery/maps/mapg3300.html" "Mozilla/4.0 (compatible; MSIE 6.0; Windows NT 5.1; SV1; .NET CLR 1.1.4322)"
65.214.44.171 - - [01/Sep/2005:06:35:23 -0800] "GET /gallery/19950244/11/pages/1995-0244-01142.html HTTP/1.0" 404 342 "-" "Mozilla/2.0 (compatible; Ask Jeeves/Teoma; +http://sp.ask.com/docs/about/tech_crawling.html)"
206.82.16.35 - - [01/Sep/2005:06:36:25 -0800] "GET /gallery/maps/G3200/small/G3270%201818%20G78.jpg HTTP/1.0" 200 14645 "http://photolab.elmer.uaf.edu/gallery/maps/mapg3270b.html" "Mozilla/4.0 (compatible; MSIE 6.0; Windows NT 5.1; SV1; .NET CLR 1.1.4322)"
206.82.16.35 - - [01/Sep/2005:06:36:25 -0800] "GET /gallery/maps/G3200/small/G3270%201820%20S61.jpg HTTP/1.0" 200 15393 "http://photolab.elmer.uaf.edu/gallery/maps/mapg3270b.html" "Mozilla/4.0 (compatible; MSIE 6.0; Windows NT 5.1; SV1; .NET CLR 1.1.4322)"
206.82.16.35 - - [01/Sep/2005:06:36:25 -0800] "GET /gallery/maps/G3200/small/G3271%20S12%20%5B1822%5D%20F71.jpg HTTP/1.0" 200 12792 "http://photolab.elmer.uaf.edu/gallery/maps/mapg3270b.html" "Mozilla/4.0 (compatible; MSIE 6.0; Windows NT 5.1; SV1; .NET CLR 1.1.4322)"
206.82.16.35 - - [01/Sep/2005:06:36:25 -0800] "GET /gallery/maps/G3200/small/G3270%20%5B1821%5D%20N61.jpg HTTP/1.0" 200 16791 "http://photolab.elmer.uaf.edu/gallery/maps/mapg3270b.html" "Mozilla/4.0 (compatible; MSIE 6.0; Windows NT 5.1; SV1; .NET CLR 1.1.4322)"
206.82.16.35 - - [01/Sep/2005:06:36:26 -0800] "GET /gallery/maps/G3200/small/G3270%201831%20B341.jpg HTTP/1.0" 200 15259 "http://photolab.elmer.uaf.edu/gallery/maps/mapg3270b.html" "Mozilla/4.0 (compatible; MSIE 6.0; Windows NT 5.1; SV1; .NET CLR 1.1.4322)"
206.82.16.35 - - [01/Sep/2005:06:36:26 -0800] "GET /gallery/maps/G3200/small/G3270%201831%20B34.jpg HTTP/1.0" 200 15474 "http://photolab.elmer.uaf.edu/gallery/maps/mapg3270b.html" "Mozilla/4.0 (compatible; MSIE 6.0; Windows NT 5.1; SV1; .NET CLR 1.1.4322)"
