165.138.76.10 - - [01/Sep/2005:07:22:18 -0800] "GET /index_files/titlebrown.jpg HTTP/1.1" 200 5451 "http://photolab.elmer.uaf.edu/store/people.html" "Mozilla/4.0 (compatible; MSIE 6.0; Windows NT 5.1; SV1; .NET CLR 1.1.4322)"
165.138.76.10 - - [01/Sep/2005:07:22:19 -0800] "GET /index_files/menubar.gif HTTP/1.1" 200 2913 "http://photolab.elmer.uaf.edu/store/people.html" "Mozilla/4.0 (compatible; MSIE 6.0; Windows NT 5.1; SV1; .NET CLR 1.1.4322)"
165.138.76.10 - - [01/Sep/2005:07:22:19 -0800] "GET /index_files/storetitle.gif HTTP/1.1" 200 14535 "http://photolab.elmer.uaf.edu/store/people.html" "Mozilla/4.0 (compatible; MSIE 6.0; Windows NT 5.1; SV1; .NET CLR 1.1.4322)"
165.138.76.10 - - [01/Sep/2005:07:22:19 -0800] "GET /store/photos/smalljpegs/(007)1972-0071-03234.jpg HTTP/1.1" 200 32052 "http://photolab.elmer.uaf.edu/store/people.html" "Mozilla/4.0 (compatible; MSIE 6.0; Windows NT 5.1; SV1; .NET CLR 1.1.4322)"
165.138.76.10 - - [01/Sep/2005:07:22:20 -0800] "GET /store/photos/smalljpegs/(009)1975-0146-00003.jpg HTTP/1.1" 200 35453 "http://photolab.elmer.uaf.edu/store/people.html" "Mozilla/4.0 (compatible; MSIE 6.0; Windows NT 5.1; SV1; .NET CLR 1.1.4322)"
165.138.76.10 - - [01/Sep/2005:07:22:21 -0800] "GET /store/photos/smalljpegs/(012)1989-0166-00375.jpg HTTP/1.1" 200 41883 "http://photolab.elmer.uaf.edu/store/people.html" "Mozilla/4.0 (compatible; MSIE 6.0; Windows NT 5.1; SV1; .NET CLR 1.1.4322)"
165.138.76.10 - - [01/Sep/2005:07:22:22 -0800] "GET /store/photos/smalljpegs/(024)1972-0116-00334.jpg HTTP/1.1" 200 29908 "http://photolab.elmer.uaf.edu/store/people.html" "Mozilla/4.0 (compatible; MSIE 6.0; Windows NT 5.1; SV1; .NET CLR 1.1.4322)"
165.138.76.10 - - [01/Sep/2005:07:22:23 -0800] "GET /store/photos/smalljpegs/(026)1997-0165-00010.jpg HTTP/1.1" 200 26695 "http://photolab.elmer.uaf.edu/store/people.html" "Mozilla/4.0 (compatible; MSIE 6.0; Windows NT 5.1; SV1; .NET CLR 1.1.4322)"
165.138.76.10 - - [01/Sep/2005:07:22:24 -0800] "GET /store/photos/smalljpegs/(040)1958-1026-01700.jpg HTTP/1.1" 200 30523 "http://photolab.elmer.uaf.edu/store/people.html" "Mozilla/4.0 (compatible; MSIE 6.0; Windows NT 5.1; SV1; .NET CLR 1.1.4322)"
165.138.76.10 - - [01/Sep/2005:07:22:25 -0800] "GET /store/photos/smalljpegs/(055)1966-0054-00104.jpg HTTP/1.1" 200 35929 "http://photolab.elmer.uaf.edu/store/people.html" "Mozilla/4.0 (compatible; MSIE 6.0; Windows NT 5.1; SV1; .NET CLR 1.1.4322)"
165.138.76.10 - - [01/Sep/2005:07:22:25 -0800] "GET /store/photos/smalljpegs/(069)1976-0092-00075.jpg HTTP/1.1" 200 25519 "http://photolab.elmer.uaf.edu/store/people.html" "Mozilla/4.0 (compatible; MSIE 6.0; Windows NT 5.1; SV1; .NET CLR 1.1.4322)"
165.138.76.10 - - [01/Sep/2005:07:22:26 -0800] "GET /store/photos/smalljpegs/(073)2000-0176-00106a.jpg HTTP/1.1" 200 39020 "http://photolab.elmer.uaf.edu/store/people.html" "Mozilla/4.0 (compatible; MSIE 6.0; Windows NT 5.1; SV1; .NET CLR 1.1.4322)"
165.138.76.10 - - [01/Sep/2005:07:22:26 -0800] "GET /store/photos/smalljpegs/(074)1968-0012-00009.jpg HTTP/1.1" 200 36819 "http://photolab.elmer.uaf.edu/store/people.html" "Mozilla/4.0 (compatible; MSIE 6.0; Windows NT 5.1; SV1; .NET CLR 1.1.4322)"
165.138.76.10 - - [01/Sep/2005:07:22:27 -0800] "GET /store/photos/smalljpegs/(083)1989-0166-00380.jpg HTTP/1.1" 200 32119 "http://photolab.elmer.uaf.edu/store/people.html" "Mozilla/4.0 (compatible; MSIE 6.0; Windows NT 5.1; SV1; .NET CLR 1.1.4322)"
165.138.76.10 - - [01/Sep/2005:07:22:27 -0800] "GET /store/photos/smalljpegs/(090)1972-0071-02759.jpg HTTP/1.1" 200 35919 "http://photolab.elmer.uaf.edu/store/people.html" "Mozilla/4.0 (compatible; MSIE 6.0; Windows NT 5.1; SV1; .NET CLR 1.1.4322)"
165.138.76.10 - - [01/Sep/2005:07:22:28 -0800] "GET /store/photos/smalljpegs/(102)1972-0071-00804.jpg HTTP/1.1" 200 33600 "http://photolab.elmer.uaf.edu/store/people.html" "Mozilla/4.0 (compatible; MSIE 6.0; Windows NT 5.1; SV1; .NET CLR 1.1.4322)"
165.138.76.10 - - [01/Sep/2005:07:22:28 -0800] "GET /store/photos/smalljpegs/(101)1995-0244-01044.jpg HTTP/1.1" 200 33660 "http://photolab.elmer.uaf.edu/store/people.html" "Mozilla/4.0 (compatible; MSIE 6.0; Windows NT 5.1; SV1; .NET CLR 1.1.4322)"
165.138.76.10 - - [01/Sep/2005:07:22:29 -0800] "GET /store/photos/smalljpegs/(103)1972-0071-02925.jpg HTTP/1.1" 200 30024 "http://photolab.elmer.uaf.edu/store/people.html" "Mozilla/4.0 (compatible; MSIE 6.0; Windows NT 5.1; SV1; .NET CLR 1.1.4322)"
165.138.76.10 - - [01/Sep/2005:07:22:29 -0800] "GET /store/photos/smalljpegs/(104)1958-1026-02106.jpg HTTP/1.1" 200 34617 "http://photolab.elmer.uaf.edu/store/people.html" "Mozilla/4.0 (compatible; MSIE 6.0; Windows NT 5.1; SV1; .NET CLR 1.1.4322)"
165.138.76.10 - - [01/Sep/2005:07:22:31 -0800] "GET /store/photos/smalljpegs/(105)1989-0166-00522a.jpg HTTP/1.1" 200 25417 "http://photolab.elmer.uaf.edu/store/people.html" "Mozilla/4.0 (compatible; MSIE 6.0; Windows NT 5.1; SV1; .NET CLR 1.1.4322)"
165.138.76.10 - - [01/Sep/2005:07:22:31 -0800] "GET /store/photos/smalljpegs/(106)1972-0071-03229.jpg HTTP/1.1" 200 38182 "http://photolab.elmer.uaf.edu/store/people.html" "Mozilla/4.0 (compatible; MSIE 6.0; Windows NT 5.1; SV1; .NET CLR 1.1.4322)"
165.138.76.10 - - [01/Sep/2005:07:22:32 -0800] "GET /store/photos/smalljpegs/(107)1958-1026-02271.jpg HTTP/1.1" 200 34747 "http://photolab.elmer.uaf.edu/store/people.html" "Mozilla/4.0 (compatible; MSIE 6.0; Windows NT 5.1; SV1; .NET CLR 1.1.4322)"
165.138.76.10 - - [01/Sep/2005:07:22:32 -0800] "GET /store/photos/smalljpegs/(110)1958-1026-01591.jpg HTTP/1.1" 200 38244 "http://photolab.elmer.uaf.edu/store/people.html" "Mozilla/4.0 (compatible; MSIE 6.0; Windows NT 5.1; SV1; .NET CLR 1.1.4322)"
165.138.76.10 - - [01/Sep/2005:07:22:33 -0800] "GET /store/photos/smalljpegs/(112)1958-1026-01589.jpg HTTP/1.1" 200 31936 "http://photolab.elmer.uaf.edu/store/people.html" "Mozilla/4.0 (compatible; MSIE 6.0; Windows NT 5.1; SV1; .NET CLR 1.1.4322)"
165.138.76.10 - - [01/Sep/2005:07:22:35 -0800] "GET /store/photos/smalljpegs/(119)1968-0069-02524.jpg HTTP/1.1" 200 31385 "http://photolab.elmer.uaf.edu/store/people.html" "Mozilla/4.0 (compatible; MSIE 6.0; Windows NT 5.1; SV1; .NET CLR 1.1.4322)"
68.142.251.175 - - [01/Sep/2005:07:22:37 -0800] "GET /gallery/photos/19890166/13/pages/1989-0166-01076_postcard.html HTTP/1.0" 304 - "-" "Mozilla/5.0 (compatible; Yahoo! Slurp; http://help.yahoo.com/help/us/ysearch/slurp)"
165.138.76.10 - - [01/Sep/2005:07:22:35 -0800] "GET /store/photos/smalljpegs/(139)1958-1026-02130.jpg HTTP/1.1" 200 37323 "http://photolab.elmer.uaf.edu/store/people.html" "Mozilla/4.0 (compatible; MSIE 6.0; Windows NT 5.1; SV1; .NET CLR 1.1.4322)"
68.142.251.175 - - [01/Sep/2005:07:22:38 -0800] "GET /gallery/photos/19690092/3/pages/1969-0092-00301.html HTTP/1.0" 304 - "-" "Mozilla/5.0 (compatible; Yahoo! Slurp; http://help.yahoo.com/help/us/ysearch/slurp)"
165.138.76.10 - - [01/Sep/2005:07:22:37 -0800] "GET /store/photos/smalljpegs/(141)1972-0071-00099.jpg HTTP/1.1" 200 38687 "http://photolab.elmer.uaf.edu/store/people.html" "Mozilla/4.0 (compatible; MSIE 6.0; Windows NT 5.1; SV1; .NET CLR 1.1.4322)"
165.138.76.10 - - [01/Sep/2005:07:22:38 -0800] "GET /store/photos/smalljpegs/(145)1972-0071-02415.jpg HTTP/1.1" 200 25683 "http://photolab.elmer.uaf.edu/store/people.html" "Mozilla/4.0 (compatible; MSIE 6.0; Windows NT 5.1; SV1; .NET CLR 1.1.4322)"
165.138.76.10 - - [01/Sep/2005:07:22:39 -0800] "GET /store/photos/smalljpegs/(150)1972-0071-00102.jpg HTTP/1.1" 200 31506 "http://photolab.elmer.uaf.edu/store/people.html" "Mozilla/4.0 (compatible; MSIE 6.0; Windows NT 5.1; SV1; .NET CLR 1.1.4322)"
165.138.76.10 - - [01/Sep/2005:07:22:39 -0800] "GET /store/photos/smalljpegs/(151)1989-0166-00382.jpg HTTP/1.1" 200 30137 "http://photolab.elmer.uaf.edu/store/people.html" "Mozilla/4.0 (compatible; MSIE 6.0; Windows NT 5.1; SV1; .NET CLR 1.1.4322)"
169.199.30.254 - - [01/Sep/2005:07:22:41 -0800] "GET /gallery/maps/mapg3200.html HTTP/1.0" 200 17141 "http://images.google.com/imgres?imgurl=http://photolab.elmer.uaf.edu/gallery/maps/G3200/large/G3200%2520%255B1814%255D.jpg&imgrefurl=http://photolab.elmer.uaf.edu/gallery/maps/mapg3200.html&h=966&w=1200&sz=243&tbnid=v1NprGs1RZ4J:&tbnh=120&tbnw=150&hl=en&start=13&prev=/images%3Fq%3DMercator%2Bmaps%26svnum%3D10%26hl%3Den%26lr%3D" "Mozilla/4.0 (compatible; MSIE 6.0; Windows NT 5.1)"
169.199.30.254 - - [01/Sep/2005:07:22:42 -0800] "GET /index_files/empty.gif HTTP/1.0" 200 45 "http://photolab.elmer.uaf.edu/gallery/maps/mapg3200.html" "Mozilla/4.0 (compatible; MSIE 6.0; Windows NT 5.1)"
165.138.76.10 - - [01/Sep/2005:07:22:41 -0800] "GET /index_files/bluebear.gif HTTP/1.1" 200 1263 "http://photolab.elmer.uaf.edu/store/people.html" "Mozilla/4.0 (compatible; MSIE 6.0; Windows NT 5.1; SV1; .NET CLR 1.1.4322)"
169.199.30.254 - - [01/Sep/2005:07:22:41 -0800] "GET /index_files/lib.css HTTP/1.0" 200 2634 "http://photolab.elmer.uaf.edu/gallery/maps/mapg3200.html" "Mozilla/4.0 (compatible; MSIE 6.0; Windows NT 5.1)"
169.199.30.254 - - [01/Sep/2005:07:22:41 -0800] "GET /index_files/title.jpg HTTP/1.0" 200 5438 "http://photolab.elmer.uaf.edu/gallery/maps/mapg3200.html" "Mozilla/4.0 (compatible; MSIE 6.0; Windows NT 5.1)"
169.199.30.254 - - [01/Sep/2005:07:22:41 -0800] "GET /index_files/apr.jpg HTTP/1.0" 200 6015 "http://photolab.elmer.uaf.edu/gallery/maps/mapg3200.html" "Mozilla/4.0 (compatible; MSIE 6.0; Windows NT 5.1)"
169.199.30.254 - - [01/Sep/2005:07:22:42 -0800] "GET /index_files/small.jpg HTTP/1.0" 200 2294 "http://photolab.elmer.uaf.edu/gallery/maps/mapg3200.html" "Mozilla/4.0 (compatible; MSIE 6.0; Windows NT 5.1)"
165.138.76.10 - - [01/Sep/2005:07:22:41 -0800] "GET /store/photos/smalljpegs/(172)1989-0166-01182.jpg HTTP/1.1" 200 30897 "http://photolab.elmer.uaf.edu/store/people.html" "Mozilla/4.0 (compatible; MSIE 6.0; Windows NT 5.1; SV1; .NET CLR 1.1.4322)"
165.138.76.10 - - [01/Sep/2005:07:22:42 -0800] "GET /index_files/sitemap.gif HTTP/1.1" 200 1503 "http://photolab.elmer.uaf.edu/store/people.html" "Mozilla/4.0 (compatible; MSIE 6.0; Windows NT 5.1; SV1; .NET CLR 1.1.4322)"
169.199.30.254 - - [01/Sep/2005:07:22:42 -0800] "GET /gallery/maps/G3200/large/G3200%20%5B1814%5D.jpg HTTP/1.0" 200 248149 "http://images.google.com/imgres?imgurl=http://photolab.elmer.uaf.edu/gallery/maps/G3200/large/G3200%2520%255B1814%255D.jpg&imgrefurl=http://photolab.elmer.uaf.edu/gallery/maps/mapg3200.html&h=966&w=1200&sz=243&tbnid=v1NprGs1RZ4J:&tbnh=120&tbnw=150&hl=en&prev=/images%3Fq%3DMercator%2Bmaps%26svnum%3D10%26hl%3Den%26lr%3D&frame=small" "Mozilla/4.0 (compatible; MSIE 6.0; Windows NT 5.1)"
169.199.30.254 - - [01/Sep/2005:07:22:46 -0800] "GET /index_files/lib.css HTTP/1.0" 200 2634 "http://photolab.elmer.uaf.edu/gallery/maps/mapg3200.html" "Mozilla/4.0 (compatible; MSIE 6.0; Windows NT 5.1)"
169.199.30.254 - - [01/Sep/2005:07:22:46 -0800] "GET /index_files/apr.jpg HTTP/1.0" 200 6015 "http://photolab.elmer.uaf.edu/gallery/maps/mapg3200.html" "Mozilla/4.0 (compatible; MSIE 6.0; Windows NT 5.1)"
169.199.30.254 - - [01/Sep/2005:07:22:46 -0800] "GET /index_files/title.jpg HTTP/1.0" 200 5438 "http://photolab.elmer.uaf.edu/gallery/maps/mapg3200.html" "Mozilla/4.0 (compatible; MSIE 6.0; Windows NT 5.1)"
169.199.30.254 - - [01/Sep/2005:07:22:46 -0800] "GET /index_files/small.jpg HTTP/1.0" 200 2294 "http://photolab.elmer.uaf.edu/gallery/maps/mapg3200.html" "Mozilla/4.0 (compatible; MSIE 6.0; Windows NT 5.1)"
169.199.30.254 - - [01/Sep/2005:07:22:46 -0800] "GET /index_files/small_002.jpg HTTP/1.0" 200 1351 "http://photolab.elmer.uaf.edu/gallery/maps/mapg3200.html" "Mozilla/4.0 (compatible; MSIE 6.0; Windows NT 5.1)"
169.199.30.254 - - [01/Sep/2005:07:22:46 -0800] "GET /index_files/small.dps.jpg HTTP/1.0" 200 5830 "http://photolab.elmer.uaf.edu/gallery/maps/mapg3200.html" "Mozilla/4.0 (compatible; MSIE 6.0; Windows NT 5.1)"
169.199.30.254 - - [01/Sep/2005:07:22:46 -0800] "GET /index_files/small_003.jpg HTTP/1.0" 200 1521 "http://photolab.elmer.uaf.edu/gallery/maps/mapg3200.html" "Mozilla/4.0 (compatible; MSIE 6.0; Windows NT 5.1)"
169.199.30.254 - - [01/Sep/2005:07:22:46 -0800] "GET /gallery/maps/G3200/small/G3200%20%5B1562_%5D%20V34.jpg HTTP/1.0" 200 15334 "http://photolab.elmer.uaf.edu/gallery/maps/mapg3200.html" "Mozilla/4.0 (compatible; MSIE 6.0; Windows NT 5.1)"
169.199.30.254 - - [01/Sep/2005:07:22:46 -0800] "GET /gallery/maps/G3200/small/G3200%20%5B1652_%5D%20V571.jpg HTTP/1.0" 200 16733 "http://photolab.elmer.uaf.edu/gallery/maps/mapg3200.html" "Mozilla/4.0 (compatible; MSIE 6.0; Windows NT 5.1)"
169.199.30.254 - - [01/Sep/2005:07:22:46 -0800] "GET /gallery/maps/G3200/small/G3200%20%5B1670%5D.jpg HTTP/1.0" 200 17392 "http://photolab.elmer.uaf.edu/gallery/maps/mapg3200.html" "Mozilla/4.0 (compatible; MSIE 6.0; Windows NT 5.1)"
165.138.76.10 - - [01/Sep/2005:07:22:48 -0800] "GET /store/photos/largejpegs/(145)1972-0071-02415.jpg HTTP/1.1" 200 90836 "http://photolab.elmer.uaf.edu/store/people.html" "Mozilla/4.0 (compatible; MSIE 6.0; Windows NT 5.1; SV1; .NET CLR 1.1.4322)"
165.138.76.10 - - [01/Sep/2005:07:22:53 -0800] "GET /store/photos/largejpegs/(141)1972-0071-00099.jpg HTTP/1.1" 200 151367 "http://photolab.elmer.uaf.edu/store/people.html" "Mozilla/4.0 (compatible; MSIE 6.0; Windows NT 5.1; SV1; .NET CLR 1.1.4322)"
65.214.44.171 - - [01/Sep/2005:07:23:07 -0800] "GET /gallery/20020087/3/pages/2002-0087-00335.html HTTP/1.0" 404 341 "-" "Mozilla/2.0 (compatible; Ask Jeeves/Teoma; +http://sp.ask.com/docs/about/tech_crawling.html)"
217.212.224.148 - - [01/Sep/2005:07:24:22 -0800] "GET /gallery/20040085/pages/2004-0085-00025.html HTTP/1.0" 404 339 "-" "psbot/0.1 (+http://www.picsearch.com/bot.html)"
68.142.249.55 - - [01/Sep/2005:07:24:33 -0800] "GET /gallery/photos/19690092/0/pages/1969-0092-00003.html HTTP/1.0" 200 1763 "-" "Mozilla/5.0 (compatible; Yahoo! Slurp; http://help.yahoo.com/help/us/ysearch/slurp)"
156.108.76.105 - - [01/Sep/2005:07:25:30 -0800] "GET /gallery/maps/G3200/large/G3210%201812%20C31.jpg HTTP/1.0" 200 174137 "http://photolab.elmer.uaf.edu/gallery/maps/mapg3210.html" "Mozilla/4.0 (compatible; MSIE 6.0; Windows NT 5.1; SV1)"
217.212.224.148 - - [01/Sep/2005:07:25:59 -0800] "GET /gallery/20040085/pages/2004-0085-00026.html HTTP/1.0" 404 339 "-" "psbot/0.1 (+http://www.picsearch.com/bot.html)"
217.212.224.148 - - [01/Sep/2005:07:27:37 -0800] "GET /gallery/20040085/pages/2004-0085-00027.html HTTP/1.0" 404 339 "-" "psbot/0.1 (+http://www.picsearch.com/bot.html)"
68.142.250.191 - - [01/Sep/2005:07:28:09 -0800] "GET /gallery/photos/19690092/8 HTTP/1.0" 301 362 "-" "Mozilla/5.0 (compatible; Yahoo! Slurp; http://help.yahoo.com/help/us/ysearch/slurp)"
68.142.250.191 - - [01/Sep/2005:07:28:09 -0800] "GET /gallery/photos/19690092/8/ HTTP/1.0" 200 7103 "-" "Mozilla/5.0 (compatible; Yahoo! Slurp; http://help.yahoo.com/help/us/ysearch/slurp)"
217.212.224.148 - - [01/Sep/2005:07:29:18 -0800] "GET /gallery/20040085/pages/2004-0085-00028.html HTTP/1.0" 404 339 "-" "psbot/0.1 (+http://www.picsearch.com/bot.html)"
64.60.55.173 - - [01/Sep/2005:07:29:48 -0800] "GET /store/photos/largejpegs/(105)1989-0166-00522a.jpg HTTP/1.1" 200 101451 "http://forum.russianamerica.com/f/showthread.php?t=15359&page=3&pp=10" "Mozilla/4.0 (compatible; MSIE 6.0; Windows NT 5.1; SV1; .NET CLR 1.1.4322)"
61.252.255.26 - - [01/Sep/2005:07:29:59 -0800] "GET /index_files/lib.css HTTP/1.1" 200 2634 "http://photolab.elmer.uaf.edu/gallery/maps/mapg3300.html" "Mozilla/4.0 (compatible; MSIE 6.0; Windows NT 5.1; SV1)"
61.252.255.26 - - [01/Sep/2005:07:29:58 -0800] "GET /gallery/maps/mapg3300.html HTTP/1.1" 200 21856 "http://www.worldmapfinder.com/Map_Detail.php?MAP=541&FN=G3300%20%5B1822%5D%20F55.jpg&MW=1200&MH=959&FS=374&FT=jpg&WO=0&CE=4&CO=0&CI=0&IT=0&LC=2&PG=1&CS=iso-8859-1&FU=http://photolab.elmer.uaf.edu/gallery/maps/G3300/large/G3300%20%5B1822%5D%20F55.jpg&SU=http://photolab.elmer.uaf.edu/gallery/maps/mapg3300.html" "Mozilla/4.0 (compatible; MSIE 6.0; Windows NT 5.1; SV1)"
61.252.255.26 - - [01/Sep/2005:07:29:59 -0800] "GET /index_files/title.jpg HTTP/1.1" 200 5438 "http://photolab.elmer.uaf.edu/gallery/maps/mapg3300.html" "Mozilla/4.0 (compatible; MSIE 6.0; Windows NT 5.1; SV1)"
61.252.255.26 - - [01/Sep/2005:07:30:00 -0800] "GET /index_files/empty.gif HTTP/1.1" 200 45 "http://photolab.elmer.uaf.edu/gallery/maps/mapg3300.html" "Mozilla/4.0 (compatible; MSIE 6.0; Windows NT 5.1; SV1)"
61.252.255.26 - - [01/Sep/2005:07:30:00 -0800] "GET /index_files/apr.jpg HTTP/1.1" 200 6015 "http://photolab.elmer.uaf.edu/gallery/maps/mapg3300.html" "Mozilla/4.0 (compatible; MSIE 6.0; Windows NT 5.1; SV1)"
61.252.255.26 - - [01/Sep/2005:07:30:00 -0800] "GET /index_files/small.dps.jpg HTTP/1.1" 200 5830 "http://photolab.elmer.uaf.edu/gallery/maps/mapg3300.html" "Mozilla/4.0 (compatible; MSIE 6.0; Windows NT 5.1; SV1)"
61.252.255.26 - - [01/Sep/2005:07:30:00 -0800] "GET /index_files/small.jpg HTTP/1.1" 200 2294 "http://photolab.elmer.uaf.edu/gallery/maps/mapg3300.html" "Mozilla/4.0 (compatible; MSIE 6.0; Windows NT 5.1; SV1)"
61.252.255.26 - - [01/Sep/2005:07:30:00 -0800] "GET /index_files/small_002.jpg HTTP/1.1" 200 1351 "http://photolab.elmer.uaf.edu/gallery/maps/mapg3300.html" "Mozilla/4.0 (compatible; MSIE 6.0; Windows NT 5.1; SV1)"
61.252.255.26 - - [01/Sep/2005:07:30:00 -0800] "GET /index_files/small_003.jpg HTTP/1.1" 200 1521 "http://photolab.elmer.uaf.edu/gallery/maps/mapg3300.html" "Mozilla/4.0 (compatible; MSIE 6.0; Windows NT 5.1; SV1)"
61.252.255.26 - - [01/Sep/2005:07:30:00 -0800] "GET /gallery/maps/G3300/small/G3300%20%5B1590%5D%20P67.jpg HTTP/1.1" 200 14993 "http://photolab.elmer.uaf.edu/gallery/maps/mapg3300.html" "Mozilla/4.0 (compatible; MSIE 6.0; Windows NT 5.1; SV1)"
61.252.255.26 - - [01/Sep/2005:07:30:01 -0800] "GET /gallery/maps/G3300/small/G3300%20%5B1740_%5D.jpg HTTP/1.1" 200 20134 "http://photolab.elmer.uaf.edu/gallery/maps/mapg3300.html" "Mozilla/4.0 (compatible; MSIE 6.0; Windows NT 5.1; SV1)"
61.252.255.26 - - [01/Sep/2005:07:30:00 -0800] "GET /gallery/maps/G3300/small/G3300%20%5B1625%5D%20E47.jpg HTTP/1.1" 200 17451 "http://photolab.elmer.uaf.edu/gallery/maps/mapg3300.html" "Mozilla/4.0 (compatible; MSIE 6.0; Windows NT 5.1; SV1)"
61.252.255.26 - - [01/Sep/2005:07:30:03 -0800] "GET /gallery/maps/G3300/small/G3300%201772%20R62.jpg HTTP/1.1" 200 15425 "http://photolab.elmer.uaf.edu/gallery/maps/mapg3300.html" "Mozilla/4.0 (compatible; MSIE 6.0; Windows NT 5.1; SV1)"
61.252.255.26 - - [01/Sep/2005:07:30:03 -0800] "GET /gallery/maps/G3300/small/G3300%201755%20B431.jpg HTTP/1.1" 200 14901 "http://photolab.elmer.uaf.edu/gallery/maps/mapg3300.html" "Mozilla/4.0 (compatible; MSIE 6.0; Windows NT 5.1; SV1)"
61.252.255.26 - - [01/Sep/2005:07:30:03 -0800] "GET /gallery/maps/G3300/small/G3300%201774%20D861.jpg HTTP/1.1" 200 14984 "http://photolab.elmer.uaf.edu/gallery/maps/mapg3300.html" "Mozilla/4.0 (compatible; MSIE 6.0; Windows NT 5.1; SV1)"
61.252.255.26 - - [01/Sep/2005:07:30:04 -0800] "GET /gallery/maps/G3300/small/G3300%20%5B1779%5D%20C662.jpg HTTP/1.1" 200 15796 "http://photolab.elmer.uaf.edu/gallery/maps/mapg3300.html" "Mozilla/4.0 (compatible; MSIE 6.0; Windows NT 5.1; SV1)"
61.252.255.26 - - [01/Sep/2005:07:30:04 -0800] "GET /gallery/maps/G3300/small/G3300%20%5B1780%5D%20C66.jpg HTTP/1.1" 200 17169 "http://photolab.elmer.uaf.edu/gallery/maps/mapg3300.html" "Mozilla/4.0 (compatible; MSIE 6.0; Windows NT 5.1; SV1)"
61.252.255.26 - - [01/Sep/2005:07:30:04 -0800] "GET /gallery/maps/G3300/small/G3300%201775%20R621.jpg HTTP/1.1" 200 14889 "http://photolab.elmer.uaf.edu/gallery/maps/mapg3300.html" "Mozilla/4.0 (compatible; MSIE 6.0; Windows NT 5.1; SV1)"
61.252.255.26 - - [01/Sep/2005:07:30:05 -0800] "GET /gallery/maps/G3300/small/G3300%20%5B1780_%5D%20C66a.jpg HTTP/1.1" 200 14727 "http://photolab.elmer.uaf.edu/gallery/maps/mapg3300.html" "Mozilla/4.0 (compatible; MSIE 6.0; Windows NT 5.1; SV1)"
61.252.255.26 - - [01/Sep/2005:07:30:06 -0800] "GET /gallery/maps/G3300/small/G3300%201783%20R62.jpg HTTP/1.1" 200 15342 "http://photolab.elmer.uaf.edu/gallery/maps/mapg3300.html" "Mozilla/4.0 (compatible; MSIE 6.0; Windows NT 5.1; SV1)"
61.252.255.26 - - [01/Sep/2005:07:30:06 -0800] "GET /gallery/maps/G3300/small/G3300%20%5B1786_%5D%20B691.jpg HTTP/1.1" 200 16623 "http://photolab.elmer.uaf.edu/gallery/maps/mapg3300.html" "Mozilla/4.0 (compatible; MSIE 6.0; Windows NT 5.1; SV1)"
61.252.255.26 - - [01/Sep/2005:07:30:07 -0800] "GET /gallery/maps/G3300/small/G3300%20%5B1787%5D%20B66.jpg HTTP/1.1" 200 14342 "http://photolab.elmer.uaf.edu/gallery/maps/mapg3300.html" "Mozilla/4.0 (compatible; MSIE 6.0; Windows NT 5.1; SV1)"
61.252.255.26 - - [01/Sep/2005:07:30:07 -0800] "GET /gallery/maps/G3300/small/G3300%201797%20N43.jpg HTTP/1.1" 200 15960 "http://photolab.elmer.uaf.edu/gallery/maps/mapg3300.html" "Mozilla/4.0 (compatible; MSIE 6.0; Windows NT 5.1; SV1)"
61.252.255.26 - - [01/Sep/2005:07:30:07 -0800] "GET /gallery/maps/G3300/large/G3300%201774%20D861.jpg HTTP/1.1" 200 233525 "http://photolab.elmer.uaf.edu/gallery/maps/mapg3300.html" "Mozilla/4.0 (compatible; MSIE 6.0; Windows NT 5.1; SV1)"
217.212.224.148 - - [01/Sep/2005:07:31:02 -0800] "GET /gallery/20040085/pages/2004-0085-00029.html HTTP/1.0" 404 339 "-" "psbot/0.1 (+http://www.picsearch.com/bot.html)"
65.214.44.171 - - [01/Sep/2005:07:32:41 -0800] "GET /gallery/19950244/13/pages/1995-0244-01358.html HTTP/1.0" 404 342 "-" "Mozilla/2.0 (compatible; Ask Jeeves/Teoma; +http://sp.ask.com/docs/about/tech_crawling.html)"
83.211.48.213 - - [01/Sep/2005:07:33:36 -0800] "GET /store/maps/small%20jpegs/(021)%20G3210%201816%20B93.jpg HTTP/1.1" 200 44396 "-" "Mozilla/4.0 (compatible; MSIE 6.0; Windows NT 5.1; SV1)"
217.212.224.148 - - [01/Sep/2005:07:34:13 -0800] "GET /gallery/20040085/pages/2004-0085-00031.html HTTP/1.0" 404 339 "-" "psbot/0.1 (+http://www.picsearch.com/bot.html)"
217.212.224.148 - - [01/Sep/2005:07:36:00 -0800] "GET /gallery/20040085/pages/2004-0085-00032.html HTTP/1.0" 404 339 "-" "psbot/0.1 (+http://www.picsearch.com/bot.html)"
68.142.249.36 - - [01/Sep/2005:07:37:18 -0800] "GET /gallery/photos/20030175 HTTP/1.0" 301 360 "-" "Mozilla/5.0 (compatible; Yahoo! Slurp; http://help.yahoo.com/help/us/ysearch/slurp)"
68.142.249.36 - - [01/Sep/2005:07:37:18 -0800] "GET /gallery/photos/19581026/22 HTTP/1.0" 301 363 "-" "Mozilla/5.0 (compatible; Yahoo! Slurp; http://help.yahoo.com/help/us/ysearch/slurp)"
68.142.249.36 - - [01/Sep/2005:07:37:19 -0800] "GET /gallery/photos/20030175/ HTTP/1.0" 200 6798 "-" "Mozilla/5.0 (compatible; Yahoo! Slurp; http://help.yahoo.com/help/us/ysearch/slurp)"
68.142.249.36 - - [01/Sep/2005:07:37:20 -0800] "GET /gallery/photos/19581026/22/ HTTP/1.0" 200 7066 "-" "Mozilla/5.0 (compatible; Yahoo! Slurp; http://help.yahoo.com/help/us/ysearch/slurp)"
211.110.159.144 - - [01/Sep/2005:07:37:34 -0800] "GET /index_files/empty.gif HTTP/1.1" 200 45 "http://photolab.elmer.uaf.edu/gallery/maps/mapg3300.html" "Mozilla/4.0 (compatible; MSIE 6.0; Windows NT 5.0; i-NavFourF)"
211.110.159.144 - - [01/Sep/2005:07:37:34 -0800] "GET /gallery/maps/mapg3300.html HTTP/1.1" 200 21856 "http://www.worldmapfinder.com/Map_Detail.php?MAP=549&FN=G3300%20%5B1780%5D%20C66.jpg&MW=1200&MH=896&FS=242&FT=jpg&WO=0&CE=4&CO=0&CI=0&IT=0&LC=2&PG=1&CS=iso-8859-1&FU=http://photolab.elmer.uaf.edu/gallery/maps/G3300/large/G3300%20%5B1780%5D%20C66.jpg&SU=http://photolab.elmer.uaf.edu/gallery/maps/mapg3300.html" "Mozilla/4.0 (compatible; MSIE 6.0; Windows NT 5.0; i-NavFourF)"
211.110.159.144 - - [01/Sep/2005:07:37:34 -0800] "GET /index_files/apr.jpg HTTP/1.1" 200 6015 "http://photolab.elmer.uaf.edu/gallery/maps/mapg3300.html" "Mozilla/4.0 (compatible; MSIE 6.0; Windows NT 5.0; i-NavFourF)"
211.110.159.144 - - [01/Sep/2005:07:37:34 -0800] "GET /index_files/title.jpg HTTP/1.1" 200 5438 "http://photolab.elmer.uaf.edu/gallery/maps/mapg3300.html" "Mozilla/4.0 (compatible; MSIE 6.0; Windows NT 5.0; i-NavFourF)"
211.110.159.144 - - [01/Sep/2005:07:37:34 -0800] "GET /index_files/lib.css HTTP/1.1" 200 2634 "http://photolab.elmer.uaf.edu/gallery/maps/mapg3300.html" "Mozilla/4.0 (compatible; MSIE 6.0; Windows NT 5.0; i-NavFourF)"
211.110.159.144 - - [01/Sep/2005:07:37:34 -0800] "GET /index_files/small.dps.jpg HTTP/1.1" 200 5830 "http://photolab.elmer.uaf.edu/gallery/maps/mapg3300.html" "Mozilla/4.0 (compatible; MSIE 6.0; Windows NT 5.0; i-NavFourF)"
211.110.159.144 - - [01/Sep/2005:07:37:34 -0800] "GET /index_files/small_002.jpg HTTP/1.1" 200 1351 "http://photolab.elmer.uaf.edu/gallery/maps/mapg3300.html" "Mozilla/4.0 (compatible; MSIE 6.0; Windows NT 5.0; i-NavFourF)"
211.110.159.144 - - [01/Sep/2005:07:37:34 -0800] "GET /index_files/small.jpg HTTP/1.1" 200 2294 "http://photolab.elmer.uaf.edu/gallery/maps/mapg3300.html" "Mozilla/4.0 (compatible; MSIE 6.0; Windows NT 5.0; i-NavFourF)"
211.110.159.144 - - [01/Sep/2005:07:37:34 -0800] "GET /index_files/small_003.jpg HTTP/1.1" 200 1521 "http://photolab.elmer.uaf.edu/gallery/maps/mapg3300.html" "Mozilla/4.0 (compatible; MSIE 6.0; Windows NT 5.0; i-NavFourF)"
211.110.159.144 - - [01/Sep/2005:07:37:35 -0800] "GET /gallery/maps/G3300/small/G3300%20%5B1590%5D%20P67.jpg HTTP/1.1" 200 14993 "http://photolab.elmer.uaf.edu/gallery/maps/mapg3300.html" "Mozilla/4.0 (compatible; MSIE 6.0; Windows NT 5.0; i-NavFourF)"
211.110.159.144 - - [01/Sep/2005:07:37:35 -0800] "GET /gallery/maps/G3300/small/G3300%20%5B1740_%5D.jpg HTTP/1.1" 200 20134 "http://photolab.elmer.uaf.edu/gallery/maps/mapg3300.html" "Mozilla/4.0 (compatible; MSIE 6.0; Windows NT 5.0; i-NavFourF)"
217.212.224.148 - - [01/Sep/2005:07:37:38 -0800] "GET /gallery/19790093/album/pages/1979-0093-00265.html HTTP/1.0" 404 345 "-" "psbot/0.1 (+http://www.picsearch.com/bot.html)"
211.110.159.144 - - [01/Sep/2005:07:37:35 -0800] "GET /gallery/maps/G3300/small/G3300%201755%20B431.jpg HTTP/1.1" 200 14901 "http://photolab.elmer.uaf.edu/gallery/maps/mapg3300.html" "Mozilla/4.0 (compatible; MSIE 6.0; Windows NT 5.0; i-NavFourF)"
211.110.159.144 - - [01/Sep/2005:07:37:35 -0800] "GET /gallery/maps/G3300/small/G3300%20%5B1625%5D%20E47.jpg HTTP/1.1" 200 17451 "http://photolab.elmer.uaf.edu/gallery/maps/mapg3300.html" "Mozilla/4.0 (compatible; MSIE 6.0; Windows NT 5.0; i-NavFourF)"
211.110.159.144 - - [01/Sep/2005:07:37:35 -0800] "GET /gallery/maps/G3300/small/G3300%201772%20R62.jpg HTTP/1.1" 200 15425 "http://photolab.elmer.uaf.edu/gallery/maps/mapg3300.html" "Mozilla/4.0 (compatible; MSIE 6.0; Windows NT 5.0; i-NavFourF)"
211.110.159.144 - - [01/Sep/2005:07:37:35 -0800] "GET /gallery/maps/G3300/small/G3300%201775%20R621.jpg HTTP/1.1" 200 14889 "http://photolab.elmer.uaf.edu/gallery/maps/mapg3300.html" "Mozilla/4.0 (compatible; MSIE 6.0; Windows NT 5.0; i-NavFourF)"
211.110.159.144 - - [01/Sep/2005:07:37:35 -0800] "GET /gallery/maps/G3300/small/G3300%20%5B1779%5D%20C662.jpg HTTP/1.1" 200 15796 "http://photolab.elmer.uaf.edu/gallery/maps/mapg3300.html" "Mozilla/4.0 (compatible; MSIE 6.0; Windows NT 5.0; i-NavFourF)"
211.110.159.144 - - [01/Sep/2005:07:37:35 -0800] "GET /gallery/maps/G3300/small/G3300%201774%20D861.jpg HTTP/1.1" 200 14984 "http://photolab.elmer.uaf.edu/gallery/maps/mapg3300.html" "Mozilla/4.0 (compatible; MSIE 6.0; Windows NT 5.0; i-NavFourF)"
211.110.159.144 - - [01/Sep/2005:07:37:35 -0800] "GET /gallery/maps/G3300/small/G3300%20%5B1780%5D%20C66.jpg HTTP/1.1" 200 17169 "http://photolab.elmer.uaf.edu/gallery/maps/mapg3300.html" "Mozilla/4.0 (compatible; MSIE 6.0; Windows NT 5.0; i-NavFourF)"
211.110.159.144 - - [01/Sep/2005:07:37:35 -0800] "GET /gallery/maps/G3300/small/G3300%20%5B1780_%5D%20C66a.jpg HTTP/1.1" 200 14727 "http://photolab.elmer.uaf.edu/gallery/maps/mapg3300.html" "Mozilla/4.0 (compatible; MSIE 6.0; Windows NT 5.0; i-NavFourF)"
211.110.159.144 - - [01/Sep/2005:07:37:35 -0800] "GET /gallery/maps/G3300/small/G3300%201783%20R62.jpg HTTP/1.1" 200 15342 "http://photolab.elmer.uaf.edu/gallery/maps/mapg3300.html" "Mozilla/4.0 (compatible; MSIE 6.0; Windows NT 5.0; i-NavFourF)"
211.110.159.144 - - [01/Sep/2005:07:37:35 -0800] "GET /gallery/maps/G3300/small/G3300%20%5B1786_%5D%20B691.jpg HTTP/1.1" 200 16623 "http://photolab.elmer.uaf.edu/gallery/maps/mapg3300.html" "Mozilla/4.0 (compatible; MSIE 6.0; Windows NT 5.0; i-NavFourF)"
211.110.159.144 - - [01/Sep/2005:07:37:35 -0800] "GET /gallery/maps/G3300/small/G3300%20%5B1787%5D%20B66.jpg HTTP/1.1" 200 14342 "http://photolab.elmer.uaf.edu/gallery/maps/mapg3300.html" "Mozilla/4.0 (compatible; MSIE 6.0; Windows NT 5.0; i-NavFourF)"
211.110.159.144 - - [01/Sep/2005:07:37:35 -0800] "GET /gallery/maps/G3300/small/G3300%201797%20N43.jpg HTTP/1.1" 200 15960 "http://photolab.elmer.uaf.edu/gallery/maps/mapg3300.html" "Mozilla/4.0 (compatible; MSIE 6.0; Windows NT 5.0; i-NavFourF)"
211.110.159.144 - - [01/Sep/2005:07:37:35 -0800] "GET /index_files/bluebear.gif HTTP/1.1" 200 1263 "http://photolab.elmer.uaf.edu/gallery/maps/mapg3300.html" "Mozilla/4.0 (compatible; MSIE 6.0; Windows NT 5.0; i-NavFourF)"
211.110.159.144 - - [01/Sep/2005:07:37:35 -0800] "GET /index_files/sitemap.gif HTTP/1.1" 200 1503 "http://photolab.elmer.uaf.edu/gallery/maps/mapg3300.html" "Mozilla/4.0 (compatible; MSIE 6.0; Windows NT 5.0; i-NavFourF)"
211.110.159.144 - - [01/Sep/2005:07:37:35 -0800] "GET /gallery/maps/G3300/small/G3300%201841%20S75.jpg HTTP/1.1" 200 17336 "http://photolab.elmer.uaf.edu/gallery/maps/mapg3300.html" "Mozilla/4.0 (compatible; MSIE 6.0; Windows NT 5.0; i-NavFourF)"
211.110.159.144 - - [01/Sep/2005:07:37:35 -0800] "GET /gallery/maps/G3300/small/G3300%20%5B1848_%5D%20C61.jpg HTTP/1.1" 200 16536 "http://photolab.elmer.uaf.edu/gallery/maps/mapg3300.html" "Mozilla/4.0 (compatible; MSIE 6.0; Windows NT 5.0; i-NavFourF)"
211.110.159.144 - - [01/Sep/2005:07:37:35 -0800] "GET /gallery/maps/G3300/small/G3300%20%5B1822%5D%20F55.jpg HTTP/1.1" 200 16603 "http://photolab.elmer.uaf.edu/gallery/maps/mapg3300.html" "Mozilla/4.0 (compatible; MSIE 6.0; Windows NT 5.0; i-NavFourF)"
211.110.159.144 - - [01/Sep/2005:07:37:35 -0800] "GET /gallery/maps/G3300/small/G3300%20%5B184-_%5D%20L681.jpg HTTP/1.1" 200 15119 "http://photolab.elmer.uaf.edu/gallery/maps/mapg3300.html" "Mozilla/4.0 (compatible; MSIE 6.0; Windows NT 5.0; i-NavFourF)"
211.110.159.144 - - [01/Sep/2005:07:37:35 -0800] "GET /gallery/maps/G3300/small/G3300%201849%20R321.jpg HTTP/1.1" 200 15980 "http://photolab.elmer.uaf.edu/gallery/maps/mapg3300.html" "Mozilla/4.0 (compatible; MSIE 6.0; Windows NT 5.0; i-NavFourF)"
211.110.159.144 - - [01/Sep/2005:07:37:35 -0800] "GET /gallery/maps/G3300/small/G3300%20%5B1851%5D%20R36.jpg HTTP/1.1" 200 16233 "http://photolab.elmer.uaf.edu/gallery/maps/mapg3300.html" "Mozilla/4.0 (compatible; MSIE 6.0; Windows NT 5.0; i-NavFourF)"
211.110.159.144 - - [01/Sep/2005:07:37:35 -0800] "GET /gallery/maps/G3300/small/G3300%20%5B1854_%5D%20B36.jpg HTTP/1.1" 200 14541 "http://photolab.elmer.uaf.edu/gallery/maps/mapg3300.html" "Mozilla/4.0 (compatible; MSIE 6.0; Windows NT 5.0; i-NavFourF)"
211.110.159.144 - - [01/Sep/2005:07:37:35 -0800] "GET /gallery/maps/G3300/small/G3321%20P5%201852%20G73.jpg HTTP/1.1" 200 14278 "http://photolab.elmer.uaf.edu/gallery/maps/mapg3300.html" "Mozilla/4.0 (compatible; MSIE 6.0; Windows NT 5.0; i-NavFourF)"
211.110.159.144 - - [01/Sep/2005:07:37:35 -0800] "GET /gallery/maps/G3300/small/G3300%201855%20C64.jpg HTTP/1.1" 200 16222 "http://photolab.elmer.uaf.edu/gallery/maps/mapg3300.html" "Mozilla/4.0 (compatible; MSIE 6.0; Windows NT 5.0; i-NavFourF)"
211.110.159.144 - - [01/Sep/2005:07:37:35 -0800] "GET /gallery/maps/G3300/small/G3300%20%5B1855_%5D%20C641.jpg HTTP/1.1" 200 17024 "http://photolab.elmer.uaf.edu/gallery/maps/mapg3300.html" "Mozilla/4.0 (compatible; MSIE 6.0; Windows NT 5.0; i-NavFourF)"
211.110.159.144 - - [01/Sep/2005:07:37:35 -0800] "GET /gallery/maps/G3300/small/G3300%20%5B1858%5D%20B361.jpg HTTP/1.1" 200 14683 "http://photolab.elmer.uaf.edu/gallery/maps/mapg3300.html" "Mozilla/4.0 (compatible; MSIE 6.0; Windows NT 5.0; i-NavFourF)"
211.110.159.144 - - [01/Sep/2005:07:37:35 -0800] "GET /gallery/maps/G3300/small/G3300%20%5B1857_%5D%20B36.jpg HTTP/1.1" 200 15604 "http://photolab.elmer.uaf.edu/gallery/maps/mapg3300.html" "Mozilla/4.0 (compatible; MSIE 6.0; Windows NT 5.0; i-NavFourF)"
211.110.159.144 - - [01/Sep/2005:07:37:35 -0800] "GET /gallery/maps/G3300/small/G3300%20%5B1864%5D%20J61.jpg HTTP/1.1" 200 15913 "http://photolab.elmer.uaf.edu/gallery/maps/mapg3300.html" "Mozilla/4.0 (compatible; MSIE 6.0; Windows NT 5.0; i-NavFourF)"
211.110.159.144 - - [01/Sep/2005:07:37:35 -0800] "GET /gallery/maps/G3300/small/G3300%20%5B1862_%5D%20B36.jpg HTTP/1.1" 200 14330 "http://photolab.elmer.uaf.edu/gallery/maps/mapg3300.html" "Mozilla/4.0 (compatible; MSIE 6.0; Windows NT 5.0; i-NavFourF)"
211.110.159.144 - - [01/Sep/2005:07:37:35 -0800] "GET /gallery/maps/G3300/small/G3300%20%5B1868%5D%20C671.jpg HTTP/1.1" 200 15494 "http://photolab.elmer.uaf.edu/gallery/maps/mapg3300.html" "Mozilla/4.0 (compatible; MSIE 6.0; Windows NT 5.0; i-NavFourF)"
211.110.159.144 - - [01/Sep/2005:07:37:35 -0800] "GET /gallery/maps/G3300/small/G3312%20Y81%20%5B1898_%5D%20D5.jpg HTTP/1.1" 200 16571 "http://photolab.elmer.uaf.edu/gallery/maps/mapg3300.html" "Mozilla/4.0 (compatible; MSIE 6.0; Windows NT 5.0; i-NavFourF)"
211.110.159.144 - - [01/Sep/2005:07:37:35 -0800] "GET /gallery/maps/G3300/small/G3300%201872%20W51.jpg HTTP/1.1" 200 17525 "http://photolab.elmer.uaf.edu/gallery/maps/mapg3300.html" "Mozilla/4.0 (compatible; MSIE 6.0; Windows NT 5.0; i-NavFourF)"
211.110.159.144 - - [01/Sep/2005:07:37:36 -0800] "GET /index_files/bar.gif HTTP/1.1" 200 342 "http://photolab.elmer.uaf.edu/gallery/maps/mapg3300.html" "Mozilla/4.0 (compatible; MSIE 6.0; Windows NT 5.0; i-NavFourF)"
211.110.159.144 - - [01/Sep/2005:07:37:42 -0800] "GET /gallery/maps/G3300/large/G3300%20[1780]%20C66.jpg HTTP/1.1" 200 246809 "http://www.worldmapfinder.com/Map_Detail.php?MAP=549&FN=G3300 [1780] C66.jpg&FU=http://photolab.elmer.uaf.edu/gallery/maps/G3300/large/G3300 [1780] C66.jpg&MW=1200&MH=896&FS=242&FT=jpg&SU=http://photolab.elmer.uaf.edu/gallery/maps/mapg3300.html&WO=0&CE=4&CO=0&CI=0&IT=0&LC=2&PG=1&CS=&FM=1" "Mozilla/4.0 (compatible; MSIE 6.0; Windows NT 5.0; i-NavFourF)"
209.7.119.196 - - [01/Sep/2005:07:37:58 -0800] "GET /gallery/maps/mapg3205.html HTTP/1.1" 200 16971 "http://images.google.com/imgres?imgurl=http://photolab.elmer.uaf.edu/gallery/maps/G3200/large/G3205%25201750%2520B92.jpg&imgrefurl=http://photolab.elmer.uaf.edu/gallery/maps/mapg3205.html&h=806&w=1200&sz=222&tbnid=f42A2U6FezMJ:&tbnh=100&tbnw=150&hl=en&start=24&prev=/images%3Fq%3D1750%26start%3D20%26svnum%3D10%26hl%3Den%26lr%3D%26safe%3Dactive%26sa%3DN" "Mozilla/4.0 (compatible; MSIE 6.0; Windows NT 5.1; .NET CLR 1.1.4322)"
209.7.119.196 - - [01/Sep/2005:07:37:58 -0800] "GET /index_files/title.jpg HTTP/1.1" 200 5438 "http://photolab.elmer.uaf.edu/gallery/maps/mapg3205.html" "Mozilla/4.0 (compatible; MSIE 6.0; Windows NT 5.1; .NET CLR 1.1.4322)"
209.7.119.196 - - [01/Sep/2005:07:37:59 -0800] "GET /index_files/lib.css HTTP/1.1" 200 2634 "http://photolab.elmer.uaf.edu/gallery/maps/mapg3205.html" "Mozilla/4.0 (compatible; MSIE 6.0; Windows NT 5.1; .NET CLR 1.1.4322)"
209.7.119.196 - - [01/Sep/2005:07:37:59 -0800] "GET /index_files/empty.gif HTTP/1.1" 200 45 "http://photolab.elmer.uaf.edu/gallery/maps/mapg3205.html" "Mozilla/4.0 (compatible; MSIE 6.0; Windows NT 5.1; .NET CLR 1.1.4322)"
209.7.119.196 - - [01/Sep/2005:07:37:59 -0800] "GET /index_files/small.dps.jpg HTTP/1.1" 200 5830 "http://photolab.elmer.uaf.edu/gallery/maps/mapg3205.html" "Mozilla/4.0 (compatible; MSIE 6.0; Windows NT 5.1; .NET CLR 1.1.4322)"
209.7.119.196 - - [01/Sep/2005:07:37:59 -0800] "GET /index_files/apr.jpg HTTP/1.1" 200 6015 "http://photolab.elmer.uaf.edu/gallery/maps/mapg3205.html" "Mozilla/4.0 (compatible; MSIE 6.0; Windows NT 5.1; .NET CLR 1.1.4322)"
209.7.119.196 - - [01/Sep/2005:07:37:59 -0800] "GET /index_files/small.jpg HTTP/1.1" 200 2294 "http://photolab.elmer.uaf.edu/gallery/maps/mapg3205.html" "Mozilla/4.0 (compatible; MSIE 6.0; Windows NT 5.1; .NET CLR 1.1.4322)"
209.7.119.196 - - [01/Sep/2005:07:37:59 -0800] "GET /index_files/small_002.jpg HTTP/1.1" 200 1351 "http://photolab.elmer.uaf.edu/gallery/maps/mapg3205.html" "Mozilla/4.0 (compatible; MSIE 6.0; Windows NT 5.1; .NET CLR 1.1.4322)"
209.7.119.196 - - [01/Sep/2005:07:37:59 -0800] "GET /gallery/maps/G3200/small/G3205%201692%20S42.jpg HTTP/1.1" 200 16062 "http://photolab.elmer.uaf.edu/gallery/maps/mapg3205.html" "Mozilla/4.0 (compatible; MSIE 6.0; Windows NT 5.1; .NET CLR 1.1.4322)"
209.7.119.196 - - [01/Sep/2005:07:38:00 -0800] "GET /index_files/small_003.jpg HTTP/1.1" 200 1521 "http://photolab.elmer.uaf.edu/gallery/maps/mapg3205.html" "Mozilla/4.0 (compatible; MSIE 6.0; Windows NT 5.1; .NET CLR 1.1.4322)"
209.7.119.196 - - [01/Sep/2005:07:38:00 -0800] "GET /gallery/maps/G3200/small/G3205%20%5B1750%5D%20B692.jpg HTTP/1.1" 200 14647 "http://photolab.elmer.uaf.edu/gallery/maps/mapg3205.html" "Mozilla/4.0 (compatible; MSIE 6.0; Windows NT 5.1; .NET CLR 1.1.4322)"
209.7.119.196 - - [01/Sep/2005:07:38:00 -0800] "GET /gallery/maps/G3200/small/G3205%201750%20B92.jpg HTTP/1.1" 200 16206 "http://photolab.elmer.uaf.edu/gallery/maps/mapg3205.html" "Mozilla/4.0 (compatible; MSIE 6.0; Windows NT 5.1; .NET CLR 1.1.4322)"
209.7.119.196 - - [01/Sep/2005:07:38:00 -0800] "GET /gallery/maps/G3200/small/G3205%201752%20D44.jpg HTTP/1.1" 200 16347 "http://photolab.elmer.uaf.edu/gallery/maps/mapg3205.html" "Mozilla/4.0 (compatible; MSIE 6.0; Windows NT 5.1; .NET CLR 1.1.4322)"
209.7.119.196 - - [01/Sep/2005:07:38:00 -0800] "GET /gallery/maps/G3200/small/G3205%20%5B1757%5D.jpg HTTP/1.1" 200 16017 "http://photolab.elmer.uaf.edu/gallery/maps/mapg3205.html" "Mozilla/4.0 (compatible; MSIE 6.0; Windows NT 5.1; .NET CLR 1.1.4322)"
209.7.119.196 - - [01/Sep/2005:07:38:00 -0800] "GET /gallery/maps/G3200/small/G3205%201752%20B92.jpg HTTP/1.1" 200 16394 "http://photolab.elmer.uaf.edu/gallery/maps/mapg3205.html" "Mozilla/4.0 (compatible; MSIE 6.0; Windows NT 5.1; .NET CLR 1.1.4322)"
209.7.119.196 - - [01/Sep/2005:07:38:01 -0800] "GET /gallery/maps/G3200/small/G3205%201768%20J43.jpg HTTP/1.1" 200 15668 "http://photolab.elmer.uaf.edu/gallery/maps/mapg3205.html" "Mozilla/4.0 (compatible; MSIE 6.0; Windows NT 5.1; .NET CLR 1.1.4322)"
209.7.119.196 - - [01/Sep/2005:07:38:02 -0800] "GET /gallery/maps/G3200/small/G3205%201772%20R62a.jpg HTTP/1.1" 200 16061 "http://photolab.elmer.uaf.edu/gallery/maps/mapg3205.html" "Mozilla/4.0 (compatible; MSIE 6.0; Windows NT 5.1; .NET CLR 1.1.4322)"
209.7.119.196 - - [01/Sep/2005:07:38:01 -0800] "GET /gallery/maps/G3200/small/G3205%20%5B1757%5Da.jpg HTTP/1.1" 200 19431 "http://photolab.elmer.uaf.edu/gallery/maps/mapg3205.html" "Mozilla/4.0 (compatible; MSIE 6.0; Windows NT 5.1; .NET CLR 1.1.4322)"
209.7.119.196 - - [01/Sep/2005:07:38:02 -0800] "GET /gallery/maps/G3200/small/G3205%201772%20R62.jpg HTTP/1.1" 200 15147 "http://photolab.elmer.uaf.edu/gallery/maps/mapg3205.html" "Mozilla/4.0 (compatible; MSIE 6.0; Windows NT 5.1; .NET CLR 1.1.4322)"
209.7.119.196 - - [01/Sep/2005:07:38:03 -0800] "GET /gallery/maps/G3200/small/G3205%20%5B1779%5D%20H63.jpg HTTP/1.1" 200 13175 "http://photolab.elmer.uaf.edu/gallery/maps/mapg3205.html" "Mozilla/4.0 (compatible; MSIE 6.0; Windows NT 5.1; .NET CLR 1.1.4322)"
209.7.119.196 - - [01/Sep/2005:07:38:03 -0800] "GET /gallery/maps/G3200/small/G3205%201781%20L68.jpg HTTP/1.1" 200 15027 "http://photolab.elmer.uaf.edu/gallery/maps/mapg3205.html" "Mozilla/4.0 (compatible; MSIE 6.0; Windows NT 5.1; .NET CLR 1.1.4322)"
209.7.119.196 - - [01/Sep/2005:07:38:03 -0800] "GET /gallery/maps/G3200/small/G3205%20%5B1779%5D%20H63a.jpg HTTP/1.1" 200 15965 "http://photolab.elmer.uaf.edu/gallery/maps/mapg3205.html" "Mozilla/4.0 (compatible; MSIE 6.0; Windows NT 5.1; .NET CLR 1.1.4322)"
209.7.119.196 - - [01/Sep/2005:07:38:03 -0800] "GET /gallery/maps/G3200/small/G3205%20%5B1780%5D.jpg HTTP/1.1" 200 15225 "http://photolab.elmer.uaf.edu/gallery/maps/mapg3205.html" "Mozilla/4.0 (compatible; MSIE 6.0; Windows NT 5.1; .NET CLR 1.1.4322)"
209.7.119.196 - - [01/Sep/2005:07:38:04 -0800] "GET /gallery/maps/G3200/small/G3205%20%5B1794%5D%20S36.jpg HTTP/1.1" 200 14613 "http://photolab.elmer.uaf.edu/gallery/maps/mapg3205.html" "Mozilla/4.0 (compatible; MSIE 6.0; Windows NT 5.1; .NET CLR 1.1.4322)"
209.7.119.196 - - [01/Sep/2005:07:38:04 -0800] "GET /gallery/maps/G3200/small/G3205%201781%20L68%20c2.jpg HTTP/1.1" 200 15359 "http://photolab.elmer.uaf.edu/gallery/maps/mapg3205.html" "Mozilla/4.0 (compatible; MSIE 6.0; Windows NT 5.1; .NET CLR 1.1.4322)"
209.7.119.196 - - [01/Sep/2005:07:38:04 -0800] "GET /gallery/maps/G3200/small/G3205%20%5B1796%5D%20S36.jpg HTTP/1.1" 200 14081 "http://photolab.elmer.uaf.edu/gallery/maps/mapg3205.html" "Mozilla/4.0 (compatible; MSIE 6.0; Windows NT 5.1; .NET CLR 1.1.4322)"
209.7.119.196 - - [01/Sep/2005:07:38:04 -0800] "GET /gallery/maps/G3200/small/G3205%201808%20R621.jpg HTTP/1.1" 200 14012 "http://photolab.elmer.uaf.edu/gallery/maps/mapg3205.html" "Mozilla/4.0 (compatible; MSIE 6.0; Windows NT 5.1; .NET CLR 1.1.4322)"
209.7.119.196 - - [01/Sep/2005:07:38:04 -0800] "GET /gallery/maps/G3200/small/G3205%20%5B1797%5D.jpg HTTP/1.1" 200 13431 "http://photolab.elmer.uaf.edu/gallery/maps/mapg3205.html" "Mozilla/4.0 (compatible; MSIE 6.0; Windows NT 5.1; .NET CLR 1.1.4322)"
209.7.119.196 - - [01/Sep/2005:07:38:05 -0800] "GET /gallery/maps/G3200/small/G3205%20%5B1799%5D%20R622.jpg HTTP/1.1" 200 14324 "http://photolab.elmer.uaf.edu/gallery/maps/mapg3205.html" "Mozilla/4.0 (compatible; MSIE 6.0; Windows NT 5.1; .NET CLR 1.1.4322)"
209.7.119.196 - - [01/Sep/2005:07:38:05 -0800] "GET /gallery/maps/G3200/small/G3205%201816%20N44.jpg HTTP/1.1" 200 14907 "http://photolab.elmer.uaf.edu/gallery/maps/mapg3205.html" "Mozilla/4.0 (compatible; MSIE 6.0; Windows NT 5.1; .NET CLR 1.1.4322)"
209.7.119.196 - - [01/Sep/2005:07:38:05 -0800] "GET /gallery/maps/G3200/small/G3205%201868%20U58.jpg HTTP/1.1" 200 13933 "http://photolab.elmer.uaf.edu/gallery/maps/mapg3205.html" "Mozilla/4.0 (compatible; MSIE 6.0; Windows NT 5.1; .NET CLR 1.1.4322)"
209.7.119.196 - - [01/Sep/2005:07:38:05 -0800] "GET /gallery/maps/G3200/small/G3205%20%5B1814%5D%20S36.jpg HTTP/1.1" 200 15239 "http://photolab.elmer.uaf.edu/gallery/maps/mapg3205.html" "Mozilla/4.0 (compatible; MSIE 6.0; Windows NT 5.1; .NET CLR 1.1.4322)"
209.7.119.196 - - [01/Sep/2005:07:38:06 -0800] "GET /index_files/sitemap.gif HTTP/1.1" 200 1503 "http://photolab.elmer.uaf.edu/gallery/maps/mapg3205.html" "Mozilla/4.0 (compatible; MSIE 6.0; Windows NT 5.1; .NET CLR 1.1.4322)"
209.7.119.196 - - [01/Sep/2005:07:38:06 -0800] "GET /index_files/bluebear.gif HTTP/1.1" 200 1263 "http://photolab.elmer.uaf.edu/gallery/maps/mapg3205.html" "Mozilla/4.0 (compatible; MSIE 6.0; Windows NT 5.1; .NET CLR 1.1.4322)"
209.7.119.196 - - [01/Sep/2005:07:38:06 -0800] "GET /index_files/bar.gif HTTP/1.1" 200 342 "http://photolab.elmer.uaf.edu/gallery/maps/mapg3205.html" "Mozilla/4.0 (compatible; MSIE 6.0; Windows NT 5.1; .NET CLR 1.1.4322)"
192.28.2.52 - - [01/Sep/2005:07:40:08 -0800] "GET /store/people.html HTTP/1.1" 200 21075 "http://images.google.com/imgres?imgurl=http://photolab.elmer.uaf.edu/store/photos/largejpegs/(105)1989-0166-00522a.jpg&imgrefurl=http://photolab.elmer.uaf.edu/store/people.html&h=692&w=1000&sz=100&tbnid=mRifvhDN3-gJ:&tbnh=103&tbnw=149&hl=en&start=4&prev=/images%3Fq%3D%2522old%2Bwoman%2522%26svnum%3D10%26hl%3Den%26lr%3D%26sa%3DG" "Mozilla/4.0 (compatible; MSIE 6.0; Windows NT 5.1; 3M/MSIE 6.0;; .NET CLR 1.1.4322)"
192.28.2.52 - - [01/Sep/2005:07:40:08 -0800] "GET /index_files/store.css HTTP/1.1" 200 2756 "http://photolab.elmer.uaf.edu/store/people.html" "Mozilla/4.0 (compatible; MSIE 6.0; Windows NT 5.1; 3M/MSIE 6.0;; .NET CLR 1.1.4322)"
192.28.2.52 - - [01/Sep/2005:07:40:09 -0800] "GET /index_files/titlebrown.jpg HTTP/1.1" 200 5451 "http://photolab.elmer.uaf.edu/store/people.html" "Mozilla/4.0 (compatible; MSIE 6.0; Windows NT 5.1; 3M/MSIE 6.0;; .NET CLR 1.1.4322)"
192.28.2.52 - - [01/Sep/2005:07:40:09 -0800] "GET /index_files/aprbrown.jpg HTTP/1.1" 200 5509 "http://photolab.elmer.uaf.edu/store/people.html" "Mozilla/4.0 (compatible; MSIE 6.0; Windows NT 5.1; 3M/MSIE 6.0;; .NET CLR 1.1.4322)"
192.28.2.52 - - [01/Sep/2005:07:40:09 -0800] "GET /index_files/menubar.gif HTTP/1.1" 200 2913 "http://photolab.elmer.uaf.edu/store/people.html" "Mozilla/4.0 (compatible; MSIE 6.0; Windows NT 5.1; 3M/MSIE 6.0;; .NET CLR 1.1.4322)"
192.28.2.52 - - [01/Sep/2005:07:40:09 -0800] "GET /index_files/storetitle.gif HTTP/1.1" 200 14535 "http://photolab.elmer.uaf.edu/store/people.html" "Mozilla/4.0 (compatible; MSIE 6.0; Windows NT 5.1; 3M/MSIE 6.0;; .NET CLR 1.1.4322)"
192.28.2.52 - - [01/Sep/2005:07:40:09 -0800] "GET /store/photos/smalljpegs/(007)1972-0071-03234.jpg HTTP/1.1" 200 32052 "http://photolab.elmer.uaf.edu/store/people.html" "Mozilla/4.0 (compatible; MSIE 6.0; Windows NT 5.1; 3M/MSIE 6.0;; .NET CLR 1.1.4322)"
192.28.2.52 - - [01/Sep/2005:07:40:10 -0800] "GET /store/photos/largejpegs/(105)1989-0166-00522a.jpg HTTP/1.1" 200 101451 "http://images.google.com/imgres?imgurl=http://photolab.elmer.uaf.edu/store/photos/largejpegs/(105)1989-0166-00522a.jpg&imgrefurl=http://photolab.elmer.uaf.edu/store/people.html&h=692&w=1000&sz=100&tbnid=mRifvhDN3-gJ:&tbnh=103&tbnw=149&hl=en&prev=/images%3Fq%3D%2522old%2Bwoman%2522%26svnum%3D10%26hl%3Den%26lr%3D%26sa%3DG&frame=small" "Mozilla/4.0 (compatible; MSIE 6.0; Windows NT 5.1; 3M/MSIE 6.0;; .NET CLR 1.1.4322)"
192.28.2.52 - - [01/Sep/2005:07:40:09 -0800] "GET /store/photos/smalljpegs/(009)1975-0146-00003.jpg HTTP/1.1" 200 35453 "http://photolab.elmer.uaf.edu/store/people.html" "Mozilla/4.0 (compatible; MSIE 6.0; Windows NT 5.1; 3M/MSIE 6.0;; .NET CLR 1.1.4322)"
217.212.224.148 - - [01/Sep/2005:07:40:50 -0800] "GET /gallery/19790093/album/pages/1979-0093-00267.html HTTP/1.0" 404 345 "-" "psbot/0.1 (+http://www.picsearch.com/bot.html)"
65.214.44.171 - - [01/Sep/2005:07:42:15 -0800] "GET /gallery/19950244/10/pages/1995-0244-01013.html HTTP/1.0" 404 342 "-" "Mozilla/2.0 (compatible; Ask Jeeves/Teoma; +http://sp.ask.com/docs/about/tech_crawling.html)"
217.212.224.148 - - [01/Sep/2005:07:42:28 -0800] "GET /gallery/19790093/album/pages/1979-0093-00268.html HTTP/1.0" 404 345 "-" "psbot/0.1 (+http://www.picsearch.com/bot.html)"
217.212.224.148 - - [01/Sep/2005:07:44:05 -0800] "GET /gallery/19790093/album/pages/1979-0093-00269.html HTTP/1.0" 404 345 "-" "psbot/0.1 (+http://www.picsearch.com/bot.html)"
217.212.224.148 - - [01/Sep/2005:07:45:39 -0800] "GET /gallery/19790093/album/pages/1979-0093-00270.html HTTP/1.0" 404 345 "-" "psbot/0.1 (+http://www.picsearch.com/bot.html)"
85.34.203.242 - - [01/Sep/2005:07:46:15 -0800] "GET /store/photos/largejpegs/(105)1989-0166-00522a.jpg HTTP/1.0" 200 101451 "http://images.google.it/imgres?imgurl=http://photolab.elmer.uaf.edu/store/photos/largejpegs/(105)1989-0166-00522a.jpg&imgrefurl=http://photolab.elmer.uaf.edu/store/people.html&h=692&w=1000&sz=100&tbnid=mRifvhDN3-gJ:&tbnh=103&tbnw=149&hl=it&prev=/images%3Fq%3Dold%2Bwoman%26svnum%3D10%26hl%3Dit%26lr%3D&frame=small" "Mozilla/4.0 (compatible; MSIE 6.0; Windows NT 5.1; .NET CLR 1.0.3705; .NET CLR 1.1.4322)"
217.212.224.148 - - [01/Sep/2005:07:47:10 -0800] "GET /gallery/19790093/album/pages/1979-0093-00271.html HTTP/1.0" 404 345 "-" "psbot/0.1 (+http://www.picsearch.com/bot.html)"
217.212.224.148 - - [01/Sep/2005:07:48:48 -0800] "GET /gallery/19790093/album/pages/1979-0093-00272.html HTTP/1.0" 404 345 "-" "psbot/0.1 (+http://www.picsearch.com/bot.html)"
68.142.249.154 - - [01/Sep/2005:07:49:36 -0800] "GET /gallery/photos/20040066/0/ HTTP/1.0" 304 - "-" "Mozilla/5.0 (compatible; Yahoo! Slurp; http://help.yahoo.com/help/us/ysearch/slurp)"
217.212.224.148 - - [01/Sep/2005:07:50:22 -0800] "GET /gallery/19790093/album/pages/1979-0093-00273.html HTTP/1.0" 404 345 "-" "psbot/0.1 (+http://www.picsearch.com/bot.html)"
65.214.44.171 - - [01/Sep/2005:07:51:51 -0800] "GET /gallery/19680069/25/pages/1968-0069-02532.html HTTP/1.0" 404 342 "-" "Mozilla/2.0 (compatible; Ask Jeeves/Teoma; +http://sp.ask.com/docs/about/tech_crawling.html)"
217.212.224.148 - - [01/Sep/2005:07:51:56 -0800] "GET /gallery/19790093/album/pages/1979-0093-00274.html HTTP/1.0" 404 345 "-" "psbot/0.1 (+http://www.picsearch.com/bot.html)"
217.212.224.148 - - [01/Sep/2005:07:53:30 -0800] "GET /gallery/19790093/album/pages/1979-0093-00275.html HTTP/1.0" 404 345 "-" "psbot/0.1 (+http://www.picsearch.com/bot.html)"
217.212.224.148 - - [01/Sep/2005:07:55:09 -0800] "GET /gallery/19790093/album/pages/1979-0093-00276.html HTTP/1.0" 404 345 "-" "psbot/0.1 (+http://www.picsearch.com/bot.html)"
217.212.224.148 - - [01/Sep/2005:07:56:46 -0800] "GET /gallery/19790093/album/pages/1979-0093-00277.html HTTP/1.0" 404 345 "-" "psbot/0.1 (+http://www.picsearch.com/bot.html)"
217.212.224.148 - - [01/Sep/2005:07:58:21 -0800] "GET /gallery/19990204/pages/1999-0204-00010.html HTTP/1.0" 404 339 "-" "psbot/0.1 (+http://www.picsearch.com/bot.html)"
68.142.250.82 - - [01/Sep/2005:07:59:17 -0800] "GET /gallery/photos/19890166/13/pages/1989-0166-01055_postcard.html HTTP/1.0" 304 - "-" "Mozilla/5.0 (compatible; Yahoo! Slurp; http://help.yahoo.com/help/us/ysearch/slurp)"
217.212.224.148 - - [01/Sep/2005:07:59:58 -0800] "GET /gallery/19990204/pages/1999-0204-00011.html HTTP/1.0" 404 339 "-" "psbot/0.1 (+http://www.picsearch.com/bot.html)"
65.214.44.171 - - [01/Sep/2005:08:01:28 -0800] "GET /gallery/20020087/1/pages/2002-0087-00112.html HTTP/1.0" 404 341 "-" "Mozilla/2.0 (compatible; Ask Jeeves/Teoma; +http://sp.ask.com/docs/about/tech_crawling.html)"
217.212.224.148 - - [01/Sep/2005:08:01:30 -0800] "GET /gallery/20040026/pages/2004-0026-00064.html HTTP/1.0" 404 339 "-" "psbot/0.1 (+http://www.picsearch.com/bot.html)"
217.212.224.148 - - [01/Sep/2005:08:03:04 -0800] "GET /gallery/20040026/pages/2004-0026-00065.html HTTP/1.0" 404 339 "-" "psbot/0.1 (+http://www.picsearch.com/bot.html)"
