206.82.16.35 - - [01/Sep/2005:06:36:26 -0800] "GET /gallery/maps/G3200/large/G3270%201820%20S61.jpg HTTP/1.0" 200 324745 "http://images.google.com/imgres?imgurl=http://photolab.elmer.uaf.edu/gallery/maps/G3200/large/G3270%25201820%2520S61.jpg&imgrefurl=http://photolab.elmer.uaf.edu/gallery/maps/mapg3270b.html&h=1543&w=1200&sz=318&tbnid=RggCb3F0FgoJ:&tbnh=150&tbnw=116&hl=en&prev=/images%3Fq%3Dnorth%2Bpole%2Bmap%26start%3D60%26svnum%3D10%26hl%3Den%26lr%3D%26safe%3Dactive%26sa%3DN&frame=small" "Mozilla/4.0 (compatible; MSIE 6.0; Windows NT 5.1; SV1; .NET CLR 1.1.4322)"
217.212.224.148 - - [01/Sep/2005:06:36:41 -0800] "GET /gallery/20040084/1157-1288/pages/2004-0084-01260.html HTTP/1.0" 404 349 "-" "psbot/0.1 (+http://www.picsearch.com/bot.html)"
137.120.205.94 - - [01/Sep/2005:06:36:59 -0800] "GET /store/people.html HTTP/1.1" 200 21075 "http://images.google.nl/imgres?imgurl=http://photolab.elmer.uaf.edu/store/photos/largejpegs/(040)1958-1026-01700.jpg&imgrefurl=http://photolab.elmer.uaf.edu/store/people.html&h=1000&w=762&sz=136&tbnid=muofWG5zZScJ:&tbnh=149&tbnw=113&hl=nl&start=36&prev=/images%3Fq%3Deskimo%26start%3D20%26svnum%3D10%26hl%3Dnl%26lr%3D%26sa%3DN" "Mozilla/4.0 (compatible; MSIE 6.0; Windows NT 5.1; SV1)"
137.120.205.94 - - [01/Sep/2005:06:37:21 -0800] "GET /index_files/store.css HTTP/1.1" 200 2756 "http://photolab.elmer.uaf.edu/store/people.html" "Mozilla/4.0 (compatible; MSIE 6.0; Windows NT 5.1; SV1)"
137.120.205.94 - - [01/Sep/2005:06:37:20 -0800] "GET /store/people.html HTTP/1.1" 200 21075 "http://images.google.nl/imgres?imgurl=http://photolab.elmer.uaf.edu/store/photos/largejpegs/(040)1958-1026-01700.jpg&imgrefurl=http://photolab.elmer.uaf.edu/store/people.html&h=1000&w=762&sz=136&tbnid=muofWG5zZScJ:&tbnh=149&tbnw=113&hl=nl&prev=/images%3Fq%3Deskimo%26start%3D20%26svnum%3D10%26hl%3Dnl%26lr%3D%26sa%3DN&frame=small" "Mozilla/4.0 (compatible; MSIE 6.0; Windows NT 5.1; SV1)"
137.120.205.94 - - [01/Sep/2005:06:37:21 -0800] "GET /index_files/titlebrown.jpg HTTP/1.1" 200 5451 "http://photolab.elmer.uaf.edu/store/people.html" "Mozilla/4.0 (compatible; MSIE 6.0; Windows NT 5.1; SV1)"
137.120.205.94 - - [01/Sep/2005:06:37:21 -0800] "GET /index_files/aprbrown.jpg HTTP/1.1" 200 5509 "http://photolab.elmer.uaf.edu/store/people.html" "Mozilla/4.0 (compatible; MSIE 6.0; Windows NT 5.1; SV1)"
137.120.205.94 - - [01/Sep/2005:06:37:22 -0800] "GET /index_files/menubar.gif HTTP/1.1" 200 2913 "http://photolab.elmer.uaf.edu/store/people.html" "Mozilla/4.0 (compatible; MSIE 6.0; Windows NT 5.1; SV1)"
137.120.205.94 - - [01/Sep/2005:06:37:21 -0800] "GET /index_files/storetitle.gif HTTP/1.1" 200 14535 "http://photolab.elmer.uaf.edu/store/people.html" "Mozilla/4.0 (compatible; MSIE 6.0; Windows NT 5.1; SV1)"
137.120.205.94 - - [01/Sep/2005:06:37:22 -0800] "GET /store/photos/smalljpegs/(007)1972-0071-03234.jpg HTTP/1.1" 200 32052 "http://photolab.elmer.uaf.edu/store/people.html" "Mozilla/4.0 (compatible; MSIE 6.0; Windows NT 5.1; SV1)"
137.120.205.94 - - [01/Sep/2005:06:37:22 -0800] "GET /store/photos/smalljpegs/(009)1975-0146-00003.jpg HTTP/1.1" 200 35453 "http://photolab.elmer.uaf.edu/store/people.html" "Mozilla/4.0 (compatible; MSIE 6.0; Windows NT 5.1; SV1)"
137.120.205.94 - - [01/Sep/2005:06:37:23 -0800] "GET /store/photos/smalljpegs/(024)1972-0116-00334.jpg HTTP/1.1" 200 29908 "http://photolab.elmer.uaf.edu/store/people.html" "Mozilla/4.0 (compatible; MSIE 6.0; Windows NT 5.1; SV1)"
137.120.205.94 - - [01/Sep/2005:06:37:23 -0800] "GET /store/photos/smalljpegs/(012)1989-0166-00375.jpg HTTP/1.1" 200 41883 "http://photolab.elmer.uaf.edu/store/people.html" "Mozilla/4.0 (compatible; MSIE 6.0; Windows NT 5.1; SV1)"
137.120.205.94 - - [01/Sep/2005:06:37:24 -0800] "GET /store/photos/smalljpegs/(026)1997-0165-00010.jpg HTTP/1.1" 200 26695 "http://photolab.elmer.uaf.edu/store/people.html" "Mozilla/4.0 (compatible; MSIE 6.0; Windows NT 5.1; SV1)"
137.120.205.94 - - [01/Sep/2005:06:37:24 -0800] "GET /store/photos/smalljpegs/(040)1958-1026-01700.jpg HTTP/1.1" 200 30523 "http://photolab.elmer.uaf.edu/store/people.html" "Mozilla/4.0 (compatible; MSIE 6.0; Windows NT 5.1; SV1)"
137.120.205.94 - - [01/Sep/2005:06:37:25 -0800] "GET /store/photos/smalljpegs/(055)1966-0054-00104.jpg HTTP/1.1" 200 35929 "http://photolab.elmer.uaf.edu/store/people.html" "Mozilla/4.0 (compatible; MSIE 6.0; Windows NT 5.1; SV1)"
137.120.205.94 - - [01/Sep/2005:06:37:25 -0800] "GET /store/photos/smalljpegs/(069)1976-0092-00075.jpg HTTP/1.1" 200 25519 "http://photolab.elmer.uaf.edu/store/people.html" "Mozilla/4.0 (compatible; MSIE 6.0; Windows NT 5.1; SV1)"
137.120.205.94 - - [01/Sep/2005:06:37:27 -0800] "GET /store/photos/smalljpegs/(074)1968-0012-00009.jpg HTTP/1.1" 200 36819 "http://photolab.elmer.uaf.edu/store/people.html" "Mozilla/4.0 (compatible; MSIE 6.0; Windows NT 5.1; SV1)"
137.120.205.94 - - [01/Sep/2005:06:37:26 -0800] "GET /store/photos/smalljpegs/(073)2000-0176-00106a.jpg HTTP/1.1" 200 39020 "http://photolab.elmer.uaf.edu/store/people.html" "Mozilla/4.0 (compatible; MSIE 6.0; Windows NT 5.1; SV1)"
137.120.205.94 - - [01/Sep/2005:06:37:28 -0800] "GET /store/photos/smalljpegs/(083)1989-0166-00380.jpg HTTP/1.1" 200 32119 "http://photolab.elmer.uaf.edu/store/people.html" "Mozilla/4.0 (compatible; MSIE 6.0; Windows NT 5.1; SV1)"
137.120.205.94 - - [01/Sep/2005:06:37:28 -0800] "GET /store/photos/smalljpegs/(090)1972-0071-02759.jpg HTTP/1.1" 200 35919 "http://photolab.elmer.uaf.edu/store/people.html" "Mozilla/4.0 (compatible; MSIE 6.0; Windows NT 5.1; SV1)"
137.120.205.94 - - [01/Sep/2005:06:37:29 -0800] "GET /store/photos/smalljpegs/(102)1972-0071-00804.jpg HTTP/1.1" 200 33600 "http://photolab.elmer.uaf.edu/store/people.html" "Mozilla/4.0 (compatible; MSIE 6.0; Windows NT 5.1; SV1)"
137.120.205.94 - - [01/Sep/2005:06:37:29 -0800] "GET /store/photos/smalljpegs/(101)1995-0244-01044.jpg HTTP/1.1" 200 33660 "http://photolab.elmer.uaf.edu/store/people.html" "Mozilla/4.0 (compatible; MSIE 6.0; Windows NT 5.1; SV1)"
137.120.205.94 - - [01/Sep/2005:06:37:30 -0800] "GET /store/photos/smalljpegs/(103)1972-0071-02925.jpg HTTP/1.1" 200 30024 "http://photolab.elmer.uaf.edu/store/people.html" "Mozilla/4.0 (compatible; MSIE 6.0; Windows NT 5.1; SV1)"
137.120.205.94 - - [01/Sep/2005:06:37:30 -0800] "GET /store/photos/smalljpegs/(104)1958-1026-02106.jpg HTTP/1.1" 200 34617 "http://photolab.elmer.uaf.edu/store/people.html" "Mozilla/4.0 (compatible; MSIE 6.0; Windows NT 5.1; SV1)"
137.120.205.94 - - [01/Sep/2005:06:37:31 -0800] "GET /store/photos/smalljpegs/(105)1989-0166-00522a.jpg HTTP/1.1" 200 25417 "http://photolab.elmer.uaf.edu/store/people.html" "Mozilla/4.0 (compatible; MSIE 6.0; Windows NT 5.1; SV1)"
137.120.205.94 - - [01/Sep/2005:06:37:31 -0800] "GET /store/photos/smalljpegs/(106)1972-0071-03229.jpg HTTP/1.1" 200 38182 "http://photolab.elmer.uaf.edu/store/people.html" "Mozilla/4.0 (compatible; MSIE 6.0; Windows NT 5.1; SV1)"
137.120.205.94 - - [01/Sep/2005:06:37:32 -0800] "GET /store/photos/smalljpegs/(107)1958-1026-02271.jpg HTTP/1.1" 200 34747 "http://photolab.elmer.uaf.edu/store/people.html" "Mozilla/4.0 (compatible; MSIE 6.0; Windows NT 5.1; SV1)"
137.120.205.94 - - [01/Sep/2005:06:37:33 -0800] "GET /store/photos/smalljpegs/(110)1958-1026-01591.jpg HTTP/1.1" 200 38244 "http://photolab.elmer.uaf.edu/store/people.html" "Mozilla/4.0 (compatible; MSIE 6.0; Windows NT 5.1; SV1)"
137.120.205.94 - - [01/Sep/2005:06:37:33 -0800] "GET /store/photos/smalljpegs/(112)1958-1026-01589.jpg HTTP/1.1" 200 31936 "http://photolab.elmer.uaf.edu/store/people.html" "Mozilla/4.0 (compatible; MSIE 6.0; Windows NT 5.1; SV1)"
137.120.205.94 - - [01/Sep/2005:06:37:34 -0800] "GET /store/photos/smalljpegs/(119)1968-0069-02524.jpg HTTP/1.1" 200 31385 "http://photolab.elmer.uaf.edu/store/people.html" "Mozilla/4.0 (compatible; MSIE 6.0; Windows NT 5.1; SV1)"
137.120.205.94 - - [01/Sep/2005:06:37:34 -0800] "GET /store/photos/smalljpegs/(139)1958-1026-02130.jpg HTTP/1.1" 200 37323 "http://photolab.elmer.uaf.edu/store/people.html" "Mozilla/4.0 (compatible; MSIE 6.0; Windows NT 5.1; SV1)"
137.120.205.94 - - [01/Sep/2005:06:37:35 -0800] "GET /store/photos/smalljpegs/(141)1972-0071-00099.jpg HTTP/1.1" 200 38687 "http://photolab.elmer.uaf.edu/store/people.html" "Mozilla/4.0 (compatible; MSIE 6.0; Windows NT 5.1; SV1)"
137.120.205.94 - - [01/Sep/2005:06:37:36 -0800] "GET /store/photos/smalljpegs/(145)1972-0071-02415.jpg HTTP/1.1" 200 25683 "http://photolab.elmer.uaf.edu/store/people.html" "Mozilla/4.0 (compatible; MSIE 6.0; Windows NT 5.1; SV1)"
137.120.205.94 - - [01/Sep/2005:06:37:37 -0800] "GET /store/photos/smalljpegs/(151)1989-0166-00382.jpg HTTP/1.1" 200 30137 "http://photolab.elmer.uaf.edu/store/people.html" "Mozilla/4.0 (compatible; MSIE 6.0; Windows NT 5.1; SV1)"
137.120.205.94 - - [01/Sep/2005:06:37:37 -0800] "GET /store/photos/smalljpegs/(150)1972-0071-00102.jpg HTTP/1.1" 200 31506 "http://photolab.elmer.uaf.edu/store/people.html" "Mozilla/4.0 (compatible; MSIE 6.0; Windows NT 5.1; SV1)"
137.120.205.94 - - [01/Sep/2005:06:37:38 -0800] "GET /index_files/bluebear.gif HTTP/1.1" 200 1263 "http://photolab.elmer.uaf.edu/store/people.html" "Mozilla/4.0 (compatible; MSIE 6.0; Windows NT 5.1; SV1)"
137.120.205.94 - - [01/Sep/2005:06:37:38 -0800] "GET /index_files/sitemap.gif HTTP/1.1" 200 1503 "http://photolab.elmer.uaf.edu/store/people.html" "Mozilla/4.0 (compatible; MSIE 6.0; Windows NT 5.1; SV1)"
137.120.205.94 - - [01/Sep/2005:06:37:38 -0800] "GET /store/photos/smalljpegs/(172)1989-0166-01182.jpg HTTP/1.1" 200 30897 "http://photolab.elmer.uaf.edu/store/people.html" "Mozilla/4.0 (compatible; MSIE 6.0; Windows NT 5.1; SV1)"
82.147.19.106 - - [01/Sep/2005:06:38:25 -0800] "GET /index_files/aprbrown.jpg HTTP/1.1" 200 5509 "http://photolab.elmer.uaf.edu/store/people.html" "Mozilla/5.0 (Windows; U; Windows NT 5.1; en-US; rv:1.7.10) Gecko/20050716 Firefox/1.0.6"
82.147.19.106 - - [01/Sep/2005:06:38:25 -0800] "GET /index_files/menubar.gif HTTP/1.1" 200 2913 "http://photolab.elmer.uaf.edu/store/people.html" "Mozilla/5.0 (Windows; U; Windows NT 5.1; en-US; rv:1.7.10) Gecko/20050716 Firefox/1.0.6"
82.147.19.106 - - [01/Sep/2005:06:38:25 -0800] "GET /index_files/storetitle.gif HTTP/1.1" 200 14535 "http://photolab.elmer.uaf.edu/store/people.html" "Mozilla/5.0 (Windows; U; Windows NT 5.1; en-US; rv:1.7.10) Gecko/20050716 Firefox/1.0.6"
82.147.19.106 - - [01/Sep/2005:06:38:25 -0800] "GET /store/photos/smalljpegs/(007)1972-0071-03234.jpg HTTP/1.1" 200 32052 "http://photolab.elmer.uaf.edu/store/people.html" "Mozilla/5.0 (Windows; U; Windows NT 5.1; en-US; rv:1.7.10) Gecko/20050716 Firefox/1.0.6"
217.212.224.148 - - [01/Sep/2005:06:38:46 -0800] "GET /gallery/20030137/pages/2003-0137-00044.html HTTP/1.0" 404 339 "-" "psbot/0.1 (+http://www.picsearch.com/bot.html)"
137.120.205.94 - - [01/Sep/2005:06:38:46 -0800] "GET /store/photos/largejpegs/(074)1968-0012-00009.jpg HTTP/1.1" 200 163566 "http://photolab.elmer.uaf.edu/store/people.html" "Mozilla/4.0 (compatible; MSIE 6.0; Windows NT 5.1; SV1)"
137.120.205.94 - - [01/Sep/2005:06:39:26 -0800] "GET /store/photos/largejpegs/(141)1972-0071-00099.jpg HTTP/1.1" 200 151367 "http://photolab.elmer.uaf.edu/store/people.html" "Mozilla/4.0 (compatible; MSIE 6.0; Windows NT 5.1; SV1)"
137.120.205.94 - - [01/Sep/2005:06:39:38 -0800] "GET /store/photos/largejpegs/(150)1972-0071-00102.jpg HTTP/1.1" 200 135003 "http://photolab.elmer.uaf.edu/store/people.html" "Mozilla/4.0 (compatible; MSIE 6.0; Windows NT 5.1; SV1)"
68.142.250.66 - - [01/Sep/2005:06:39:42 -0800] "GET /gallery/maps/mapg3270a.html HTTP/1.0" 200 16035 "-" "Mozilla/5.0 (compatible; Yahoo! Slurp; http://help.yahoo.com/help/us/ysearch/slurp)"
206.82.16.35 - - [01/Sep/2005:06:40:28 -0800] "GET /gallery/maps/G3200/small/G3270%20%5B1850_%5D%20K55.jpg HTTP/1.0" 200 14799 "http://photolab.elmer.uaf.edu/gallery/maps/mapg3270b.html" "Mozilla/4.0 (compatible; MSIE 6.0; Windows NT 5.1; SV1; .NET CLR 1.1.4322)"
206.82.16.35 - - [01/Sep/2005:06:40:28 -0800] "GET /gallery/maps/G3200/small/G3270%20%5B1849_%5D%20W941.jpg HTTP/1.0" 200 14266 "http://photolab.elmer.uaf.edu/gallery/maps/mapg3270b.html" "Mozilla/4.0 (compatible; MSIE 6.0; Windows NT 5.1; SV1; .NET CLR 1.1.4322)"
206.82.16.35 - - [01/Sep/2005:06:40:28 -0800] "GET /gallery/maps/G3200/small/G3270%20%5B1840_%5D%20M41.jpg HTTP/1.0" 200 15883 "http://photolab.elmer.uaf.edu/gallery/maps/mapg3270b.html" "Mozilla/4.0 (compatible; MSIE 6.0; Windows NT 5.1; SV1; .NET CLR 1.1.4322)"
206.82.16.35 - - [01/Sep/2005:06:40:28 -0800] "GET /gallery/maps/G3200/small/G3270%20%5B1839_%5D%20P46.jpg HTTP/1.0" 200 17039 "http://photolab.elmer.uaf.edu/gallery/maps/mapg3270b.html" "Mozilla/4.0 (compatible; MSIE 6.0; Windows NT 5.1; SV1; .NET CLR 1.1.4322)"
206.82.16.35 - - [01/Sep/2005:06:40:29 -0800] "GET /gallery/maps/G3200/small/G3270%201851%20P6%20back.jpg HTTP/1.0" 200 12915 "http://photolab.elmer.uaf.edu/gallery/maps/mapg3270b.html" "Mozilla/4.0 (compatible; MSIE 6.0; Windows NT 5.1; SV1; .NET CLR 1.1.4322)"
206.82.16.35 - - [01/Sep/2005:06:40:29 -0800] "GET /gallery/maps/G3200/small/G3270%201851%20P6%20front.jpg HTTP/1.0" 200 12798 "http://photolab.elmer.uaf.edu/gallery/maps/mapg3270b.html" "Mozilla/4.0 (compatible; MSIE 6.0; Windows NT 5.1; SV1; .NET CLR 1.1.4322)"
206.82.16.35 - - [01/Sep/2005:06:40:30 -0800] "GET /gallery/maps/G3200/small/G3271%20S12%201851%20A76.jpg HTTP/1.0" 200 14076 "http://photolab.elmer.uaf.edu/gallery/maps/mapg3270b.html" "Mozilla/4.0 (compatible; MSIE 6.0; Windows NT 5.1; SV1; .NET CLR 1.1.4322)"
206.82.16.35 - - [01/Sep/2005:06:40:30 -0800] "GET /gallery/maps/G3200/small/G3270%201853%20P51.jpg HTTP/1.0" 200 16630 "http://photolab.elmer.uaf.edu/gallery/maps/mapg3270b.html" "Mozilla/4.0 (compatible; MSIE 6.0; Windows NT 5.1; SV1; .NET CLR 1.1.4322)"
217.212.224.148 - - [01/Sep/2005:06:40:34 -0800] "GET /gallery/19790093/album/pages/1979-0093-00261.html HTTP/1.0" 404 345 "-" "psbot/0.1 (+http://www.picsearch.com/bot.html)"
68.142.251.192 - - [01/Sep/2005:06:40:50 -0800] "GET /gallery/photos/19910046/08/pages/1991-0046-00806.html HTTP/1.0" 200 1758 "-" "Mozilla/5.0 (compatible; Yahoo! Slurp; http://help.yahoo.com/help/us/ysearch/slurp)"
217.212.224.148 - - [01/Sep/2005:06:42:35 -0800] "GET /gallery/19790093/album/pages/1979-0093-00262.html HTTP/1.0" 404 345 "-" "psbot/0.1 (+http://www.picsearch.com/bot.html)"
80.125.192.106 - - [01/Sep/2005:06:43:00 -0800] "GET /store/photos/largejpegs/(007)1972-0071-03234.jpg HTTP/1.1" 200 129031 "http://echecetmat78.free.fr/magazine/viewtopic.php?t=75" "Mozilla/5.0 (Windows; U; Windows NT 5.1; fr-FR; rv:1.7.10) Gecko/20050717 Firefox/1.0.6"
68.142.250.73 - - [01/Sep/2005:06:43:20 -0800] "GET /Public/Cedzo/ HTTP/1.0" 404 309 "-" "Mozilla/5.0 (compatible; Yahoo! Slurp; http://help.yahoo.com/help/us/ysearch/slurp)"
217.212.224.148 - - [01/Sep/2005:06:44:21 -0800] "GET /gallery/20020164/pages/2002-0164-00054.html HTTP/1.0" 404 339 "-" "psbot/0.1 (+http://www.picsearch.com/bot.html)"
202.57.160.158 - - [01/Sep/2005:06:44:42 -0800] "GET /store/people.html HTTP/1.0" 200 21075 "http://images.google.co.th/imgres?imgurl=http://photolab.elmer.uaf.edu/store/photos/largejpegs/(040)1958-1026-01700.jpg&imgrefurl=http://photolab.elmer.uaf.edu/store/people.html&h=1000&w=762&sz=136&tbnid=muofWG5zZScJ:&tbnh=149&tbnw=113&hl=th&start=36&prev=/images%3Fq%3DEskimo%26start%3D20%26svnum%3D10%26hl%3Dth%26lr%3D%26newwindow%3D1%26sa%3DN" "Mozilla/4.0 (compatible; MSIE 6.0; Windows NT 5.1; SV1)"
202.57.160.158 - - [01/Sep/2005:06:44:44 -0800] "GET /index_files/store.css HTTP/1.0" 200 2756 "http://photolab.elmer.uaf.edu/store/people.html" "Mozilla/4.0 (compatible; MSIE 6.0; Windows NT 5.1; SV1)"
202.57.160.158 - - [01/Sep/2005:06:44:46 -0800] "GET /index_files/titlebrown.jpg HTTP/1.0" 200 5451 "http://photolab.elmer.uaf.edu/store/people.html" "Mozilla/4.0 (compatible; MSIE 6.0; Windows NT 5.1; SV1)"
202.57.160.158 - - [01/Sep/2005:06:44:46 -0800] "GET /index_files/aprbrown.jpg HTTP/1.0" 200 5509 "http://photolab.elmer.uaf.edu/store/people.html" "Mozilla/4.0 (compatible; MSIE 6.0; Windows NT 5.1; SV1)"
202.57.160.158 - - [01/Sep/2005:06:44:46 -0800] "GET /index_files/menubar.gif HTTP/1.0" 200 2913 "http://photolab.elmer.uaf.edu/store/people.html" "Mozilla/4.0 (compatible; MSIE 6.0; Windows NT 5.1; SV1)"
202.57.160.158 - - [01/Sep/2005:06:44:46 -0800] "GET /index_files/storetitle.gif HTTP/1.0" 200 14535 "http://photolab.elmer.uaf.edu/store/people.html" "Mozilla/4.0 (compatible; MSIE 6.0; Windows NT 5.1; SV1)"
202.57.160.158 - - [01/Sep/2005:06:44:51 -0800] "GET /store/photos/smalljpegs/(009)1975-0146-00003.jpg HTTP/1.0" 200 35453 "http://photolab.elmer.uaf.edu/store/people.html" "Mozilla/4.0 (compatible; MSIE 6.0; Windows NT 5.1; SV1)"
202.57.160.159 - - [01/Sep/2005:06:44:51 -0800] "GET /store/photos/smalljpegs/(007)1972-0071-03234.jpg HTTP/1.0" 200 32052 "http://photolab.elmer.uaf.edu/store/people.html" "Mozilla/4.0 (compatible; MSIE 6.0; Windows NT 5.1; SV1)"
202.57.160.159 - - [01/Sep/2005:06:44:52 -0800] "GET /store/photos/smalljpegs/(012)1989-0166-00375.jpg HTTP/1.0" 200 41883 "http://photolab.elmer.uaf.edu/store/people.html" "Mozilla/4.0 (compatible; MSIE 6.0; Windows NT 5.1; SV1)"
65.214.44.171 - - [01/Sep/2005:06:44:56 -0800] "GET /gallery/19950244/04/pages/1995-0244-00435.html HTTP/1.0" 404 342 "-" "Mozilla/2.0 (compatible; Ask Jeeves/Teoma; +http://sp.ask.com/docs/about/tech_crawling.html)"
202.57.160.159 - - [01/Sep/2005:06:44:55 -0800] "GET /store/photos/smalljpegs/(024)1972-0116-00334.jpg HTTP/1.0" 200 29908 "http://photolab.elmer.uaf.edu/store/people.html" "Mozilla/4.0 (compatible; MSIE 6.0; Windows NT 5.1; SV1)"
202.57.160.159 - - [01/Sep/2005:06:45:00 -0800] "GET /store/photos/largejpegs/(040)1958-1026-01700.jpg HTTP/1.0" 200 138785 "http://images.google.co.th/imgres?imgurl=http://photolab.elmer.uaf.edu/store/photos/largejpegs/(040)1958-1026-01700.jpg&imgrefurl=http://photolab.elmer.uaf.edu/store/people.html&h=1000&w=762&sz=136&tbnid=muofWG5zZScJ:&tbnh=149&tbnw=113&hl=th&prev=/images%3Fq%3DEskimo%26start%3D20%26svnum%3D10%26hl%3Dth%26lr%3D%26newwindow%3D1%26sa%3DN&frame=small" "Mozilla/4.0 (compatible; MSIE 6.0; Windows NT 5.1; SV1)"
80.109.41.238 - - [01/Sep/2005:06:45:34 -0800] "GET /store/maps.html HTTP/1.1" 200 23493 "http://images.google.at/imgres?imgurl=http://photolab.elmer.uaf.edu/store/maps/large%2520jpegs/(010)%2520G3200%2520%255B1700%255D.jpg&imgrefurl=http://photolab.elmer.uaf.edu/store/maps.html&h=1118&w=1500&sz=430&tbnid=mBBEkawFnPcJ:&tbnh=111&tbnw=150&hl=de&start=22&prev=/images%3Fq%3D1700%2522%26start%3D20%26svnum%3D10%26hl%3Dde%26lr%3D%26sa%3DN" "Mozilla/4.0 (compatible; MSIE 6.0; Windows NT 5.1; SV1; dial; EnergyPlugIn; snprtz|S04375499900867; .NET CLR 1.0.3705)"
80.109.41.238 - - [01/Sep/2005:06:45:35 -0800] "GET /index_files/store.css HTTP/1.1" 200 2756 "http://photolab.elmer.uaf.edu/store/maps.html" "Mozilla/4.0 (compatible; MSIE 6.0; Windows NT 5.1; SV1; dial; EnergyPlugIn; snprtz|S04375499900867; .NET CLR 1.0.3705)"
80.109.41.238 - - [01/Sep/2005:06:45:36 -0800] "GET /index_files/titlebrown.jpg HTTP/1.1" 200 5451 "http://photolab.elmer.uaf.edu/store/maps.html" "Mozilla/4.0 (compatible; MSIE 6.0; Windows NT 5.1; SV1; dial; EnergyPlugIn; snprtz|S04375499900867; .NET CLR 1.0.3705)"
80.109.41.238 - - [01/Sep/2005:06:45:36 -0800] "GET /index_files/aprbrown.jpg HTTP/1.1" 200 5509 "http://photolab.elmer.uaf.edu/store/maps.html" "Mozilla/4.0 (compatible; MSIE 6.0; Windows NT 5.1; SV1; dial; EnergyPlugIn; snprtz|S04375499900867; .NET CLR 1.0.3705)"
80.109.41.238 - - [01/Sep/2005:06:45:36 -0800] "GET /store/maps/large%20jpegs/(010)%20G3200%20%5B1700%5D.jpg HTTP/1.1" 200 440231 "http://images.google.at/imgres?imgurl=http://photolab.elmer.uaf.edu/store/maps/large%2520jpegs/(010)%2520G3200%2520%255B1700%255D.jpg&imgrefurl=http://photolab.elmer.uaf.edu/store/maps.html&h=1118&w=1500&sz=430&tbnid=mBBEkawFnPcJ:&tbnh=111&tbnw=150&hl=de&prev=/images%3Fq%3D1700%2522%26start%3D20%26svnum%3D10%26hl%3Dde%26lr%3D%26sa%3DN&frame=small" "Mozilla/4.0 (compatible; MSIE 6.0; Windows NT 5.1; SV1; dial; EnergyPlugIn; snprtz|S04375499900867; .NET CLR 1.0.3705)"
80.109.41.238 - - [01/Sep/2005:06:45:44 -0800] "GET /index_files/titlebrown.jpg HTTP/1.1" 200 5451 "http://photolab.elmer.uaf.edu/store/maps.html" "Mozilla/4.0 (compatible; MSIE 6.0; Windows NT 5.1; SV1; dial; EnergyPlugIn; snprtz|S04375499900867; .NET CLR 1.0.3705)"
80.109.41.238 - - [01/Sep/2005:06:45:44 -0800] "GET /index_files/aprbrown.jpg HTTP/1.1" 200 5509 "http://photolab.elmer.uaf.edu/store/maps.html" "Mozilla/4.0 (compatible; MSIE 6.0; Windows NT 5.1; SV1; dial; EnergyPlugIn; snprtz|S04375499900867; .NET CLR 1.0.3705)"
80.109.41.238 - - [01/Sep/2005:06:45:44 -0800] "GET /index_files/menubar.gif HTTP/1.1" 200 2913 "http://photolab.elmer.uaf.edu/store/maps.html" "Mozilla/4.0 (compatible; MSIE 6.0; Windows NT 5.1; SV1; dial; EnergyPlugIn; snprtz|S04375499900867; .NET CLR 1.0.3705)"
80.109.41.238 - - [01/Sep/2005:06:45:44 -0800] "GET /index_files/storetitle.gif HTTP/1.1" 200 14535 "http://photolab.elmer.uaf.edu/store/maps.html" "Mozilla/4.0 (compatible; MSIE 6.0; Windows NT 5.1; SV1; dial; EnergyPlugIn; snprtz|S04375499900867; .NET CLR 1.0.3705)"
80.109.41.238 - - [01/Sep/2005:06:45:44 -0800] "GET /store/maps/small%20jpegs/(001)%20G3300%20%5B1780%5D%20C66.jpg HTTP/1.1" 200 38510 "http://photolab.elmer.uaf.edu/store/maps.html" "Mozilla/4.0 (compatible; MSIE 6.0; Windows NT 5.1; SV1; dial; EnergyPlugIn; snprtz|S04375499900867; .NET CLR 1.0.3705)"
80.109.41.238 - - [01/Sep/2005:06:45:45 -0800] "GET /store/maps/small%20jpegs/(002)%20G4370%20%5B1862_%5D%20C631.jpg HTTP/1.1" 200 42691 "http://photolab.elmer.uaf.edu/store/maps.html" "Mozilla/4.0 (compatible; MSIE 6.0; Windows NT 5.1; SV1; dial; EnergyPlugIn; snprtz|S04375499900867; .NET CLR 1.0.3705)"
217.212.224.148 - - [01/Sep/2005:06:46:08 -0800] "GET /gallery/20020164/pages/2002-0164-00055.html HTTP/1.0" 404 339 "-" "psbot/0.1 (+http://www.picsearch.com/bot.html)"
217.212.224.148 - - [01/Sep/2005:06:47:58 -0800] "GET /gallery/20020164/pages/2002-0164-00056.html HTTP/1.0" 404 339 "-" "psbot/0.1 (+http://www.picsearch.com/bot.html)"
68.142.250.131 - - [01/Sep/2005:06:49:14 -0800] "GET /gallery/photos/20040110/10/pages/2004-0110-00952.htm HTTP/1.0" 200 1730 "-" "Mozilla/5.0 (compatible; Yahoo! Slurp; http://help.yahoo.com/help/us/ysearch/slurp)"
217.212.224.148 - - [01/Sep/2005:06:49:47 -0800] "GET /gallery/20020164/pages/2002-0164-00057.html HTTP/1.0" 404 339 "-" "psbot/0.1 (+http://www.picsearch.com/bot.html)"
68.142.251.80 - - [01/Sep/2005:06:51:20 -0800] "GET /gallery/photos/19890166/13/pages/1989-0166-01048_postcard.html HTTP/1.0" 304 - "-" "Mozilla/5.0 (compatible; Yahoo! Slurp; http://help.yahoo.com/help/us/ysearch/slurp)"
217.212.224.148 - - [01/Sep/2005:06:51:30 -0800] "GET /gallery/20020164/pages/2002-0164-00058.html HTTP/1.0" 404 339 "-" "psbot/0.1 (+http://www.picsearch.com/bot.html)"
217.212.224.148 - - [01/Sep/2005:06:53:17 -0800] "GET /gallery/20020164/pages/2002-0164-00059.html HTTP/1.0" 404 339 "-" "psbot/0.1 (+http://www.picsearch.com/bot.html)"
65.214.44.171 - - [01/Sep/2005:06:54:28 -0800] "GET /gallery/19690092/1/pages/1969-0092-00155.html HTTP/1.0" 404 341 "-" "Mozilla/2.0 (compatible; Ask Jeeves/Teoma; +http://sp.ask.com/docs/about/tech_crawling.html)"
217.212.224.148 - - [01/Sep/2005:06:55:04 -0800] "GET /gallery/20020164/pages/2002-0164-00060.html HTTP/1.0" 404 339 "-" "psbot/0.1 (+http://www.picsearch.com/bot.html)"
209.237.238.178 - - [01/Sep/2005:06:56:38 -0800] "GET /robots.txt HTTP/1.0" 200 96 "-" "ia_archiver"
209.237.238.178 - - [01/Sep/2005:06:56:39 -0800] "GET /other.html HTTP/1.0" 200 7057 "-" "ia_archiver"
137.120.205.94 - - [01/Sep/2005:06:57:02 -0800] "GET /store/photos/largejpegs/(009)1975-0146-00003.jpg HTTP/1.1" 200 160001 "http://photolab.elmer.uaf.edu/store/people.html" "Mozilla/4.0 (compatible; MSIE 6.0; Windows NT 5.1; SV1)"
137.120.205.94 - - [01/Sep/2005:06:57:19 -0800] "GET /store/photos/largejpegs/(083)1989-0166-00380.jpg HTTP/1.1" 200 141524 "http://photolab.elmer.uaf.edu/store/people.html" "Mozilla/4.0 (compatible; MSIE 6.0; Windows NT 5.1; SV1)"
137.120.205.94 - - [01/Sep/2005:06:57:47 -0800] "GET /store/photos/largejpegs/(090)1972-0071-02759.jpg HTTP/1.1" 200 167581 "http://photolab.elmer.uaf.edu/store/people.html" "Mozilla/4.0 (compatible; MSIE 6.0; Windows NT 5.1; SV1)"
137.120.205.94 - - [01/Sep/2005:06:58:06 -0800] "GET /store/photos/largejpegs/(107)1958-1026-02271.jpg HTTP/1.1" 200 151436 "http://photolab.elmer.uaf.edu/store/people.html" "Mozilla/4.0 (compatible; MSIE 6.0; Windows NT 5.1; SV1)"
137.120.205.94 - - [01/Sep/2005:06:58:13 -0800] "GET /store/photos/largejpegs/(112)1958-1026-01589.jpg HTTP/1.1" 200 145970 "http://photolab.elmer.uaf.edu/store/people.html" "Mozilla/4.0 (compatible; MSIE 6.0; Windows NT 5.1; SV1)"
82.254.165.63 - - [01/Sep/2005:07:01:26 -0800] "GET /gallery/maps/mapg3200.html HTTP/1.1" 200 17141 "http://www.google.fr/imgres?imgurl=http://photolab.elmer.uaf.edu/gallery/maps/G3200/large/G3200%25201783%2520B68.jpg&imgrefurl=http://photolab.elmer.uaf.edu/gallery/maps/mapg3200.html&h=837&w=1200&sz=238&tbnid=UcO6rGbbptUJ:&tbnh=104&tbnw=150&hl=fr&start=179&prev=/images%3Fq%3Dmappemonde%26start%3D160%26svnum%3D10%26hl%3Dfr%26lr%3D%26sa%3DN" "Mozilla/4.0 (compatible; MSIE 6.0; Windows NT 5.1; .NET CLR 1.0.3705; .NET CLR 1.1.4322)"
82.254.165.63 - - [01/Sep/2005:07:01:27 -0800] "GET /index_files/apr.jpg HTTP/1.1" 200 6015 "http://photolab.elmer.uaf.edu/gallery/maps/mapg3200.html" "Mozilla/4.0 (compatible; MSIE 6.0; Windows NT 5.1; .NET CLR 1.0.3705; .NET CLR 1.1.4322)"
82.254.165.63 - - [01/Sep/2005:07:01:27 -0800] "GET /index_files/lib.css HTTP/1.1" 200 2634 "http://photolab.elmer.uaf.edu/gallery/maps/mapg3200.html" "Mozilla/4.0 (compatible; MSIE 6.0; Windows NT 5.1; .NET CLR 1.0.3705; .NET CLR 1.1.4322)"
68.142.251.149 - - [01/Sep/2005:07:01:31 -0800] "GET /robots.txt HTTP/1.0" 200 96 "-" "Mozilla/5.0 (compatible; Yahoo! Slurp; http://help.yahoo.com/help/us/ysearch/slurp)"
68.142.250.148 - - [01/Sep/2005:07:01:32 -0800] "GET /gallery/photos/20040066/0/pages/2004-0066-00012.html HTTP/1.0" 304 - "-" "Mozilla/5.0 (compatible; Yahoo! Slurp; http://help.yahoo.com/help/us/ysearch/slurp)"
82.254.165.63 - - [01/Sep/2005:07:01:37 -0800] "GET /favicon.ico HTTP/1.1" 404 307 "-" "Avant Browser (http://www.avantbrowser.com)"
68.142.250.148 - - [01/Sep/2005:07:01:39 -0800] "GET /gallery/photos/19690092/0 HTTP/1.0" 301 362 "-" "Mozilla/5.0 (compatible; Yahoo! Slurp; http://help.yahoo.com/help/us/ysearch/slurp)"
68.142.250.148 - - [01/Sep/2005:07:01:40 -0800] "GET /gallery/photos/19690092/0/ HTTP/1.0" 200 7103 "-" "Mozilla/5.0 (compatible; Yahoo! Slurp; http://help.yahoo.com/help/us/ysearch/slurp)"
68.142.250.148 - - [01/Sep/2005:07:01:47 -0800] "GET /gallery/photos/19890166/00/pages/1989-0166-00019_print.html HTTP/1.0" 304 - "-" "Mozilla/5.0 (compatible; Yahoo! Slurp; http://help.yahoo.com/help/us/ysearch/slurp)"
82.254.165.63 - - [01/Sep/2005:07:01:36 -0800] "GET /gallery/maps/G3200/large/G3200%201783%20B68.jpg HTTP/1.1" 200 243280 "http://www.google.fr/imgres?imgurl=http://photolab.elmer.uaf.edu/gallery/maps/G3200/large/G3200%25201783%2520B68.jpg&imgrefurl=http://photolab.elmer.uaf.edu/gallery/maps/mapg3200.html&h=837&w=1200&sz=238&tbnid=UcO6rGbbptUJ:&tbnh=104&tbnw=150&hl=fr&prev=/images%3Fq%3Dmappemonde%26start%3D160%26svnum%3D10%26hl%3Dfr%26lr%3D%26sa%3DN&frame=small" "Mozilla/4.0 (compatible; MSIE 6.0; Windows NT 5.1; .NET CLR 1.0.3705; .NET CLR 1.1.4322)"
82.254.165.63 - - [01/Sep/2005:07:01:57 -0800] "GET /index_files/lib.css HTTP/1.1" 200 2634 "http://photolab.elmer.uaf.edu/gallery/maps/mapg3200.html" "Mozilla/4.0 (compatible; MSIE 6.0; Windows NT 5.1; .NET CLR 1.0.3705; .NET CLR 1.1.4322)"
82.254.165.63 - - [01/Sep/2005:07:01:57 -0800] "GET /index_files/empty.gif HTTP/1.1" 200 45 "http://photolab.elmer.uaf.edu/gallery/maps/mapg3200.html" "Mozilla/4.0 (compatible; MSIE 6.0; Windows NT 5.1; .NET CLR 1.0.3705; .NET CLR 1.1.4322)"
82.254.165.63 - - [01/Sep/2005:07:01:57 -0800] "GET /index_files/small.dps.jpg HTTP/1.1" 200 5830 "http://photolab.elmer.uaf.edu/gallery/maps/mapg3200.html" "Mozilla/4.0 (compatible; MSIE 6.0; Windows NT 5.1; .NET CLR 1.0.3705; .NET CLR 1.1.4322)"
82.254.165.63 - - [01/Sep/2005:07:01:58 -0800] "GET /index_files/small.jpg HTTP/1.1" 200 2294 "http://photolab.elmer.uaf.edu/gallery/maps/mapg3200.html" "Mozilla/4.0 (compatible; MSIE 6.0; Windows NT 5.1; .NET CLR 1.0.3705; .NET CLR 1.1.4322)"
82.254.165.63 - - [01/Sep/2005:07:01:58 -0800] "GET /index_files/small_002.jpg HTTP/1.1" 200 1351 "http://photolab.elmer.uaf.edu/gallery/maps/mapg3200.html" "Mozilla/4.0 (compatible; MSIE 6.0; Windows NT 5.1; .NET CLR 1.0.3705; .NET CLR 1.1.4322)"
82.254.165.63 - - [01/Sep/2005:07:01:58 -0800] "GET /index_files/small_003.jpg HTTP/1.1" 200 1521 "http://photolab.elmer.uaf.edu/gallery/maps/mapg3200.html" "Mozilla/4.0 (compatible; MSIE 6.0; Windows NT 5.1; .NET CLR 1.0.3705; .NET CLR 1.1.4322)"
82.254.165.63 - - [01/Sep/2005:07:01:58 -0800] "GET /gallery/maps/G3200/small/G3200%20%5B1562_%5D%20V34.jpg HTTP/1.1" 200 15334 "http://photolab.elmer.uaf.edu/gallery/maps/mapg3200.html" "Mozilla/4.0 (compatible; MSIE 6.0; Windows NT 5.1; .NET CLR 1.0.3705; .NET CLR 1.1.4322)"
82.254.165.63 - - [01/Sep/2005:07:01:59 -0800] "GET /gallery/maps/G3200/small/G3200%20%5B1652_%5D%20V571.jpg HTTP/1.1" 200 16733 "http://photolab.elmer.uaf.edu/gallery/maps/mapg3200.html" "Mozilla/4.0 (compatible; MSIE 6.0; Windows NT 5.1; .NET CLR 1.0.3705; .NET CLR 1.1.4322)"
207.46.98.84 - - [01/Sep/2005:07:03:20 -0800] "GET /gallery/photos/19940096/0/pages/1994-0096-00015.html HTTP/1.0" 200 1901 "-" "msnbot/1.0 (+http://search.msn.com/msnbot.htm)"
216.158.24.2 - - [01/Sep/2005:07:03:28 -0800] "GET /index_files/lib.css HTTP/1.1" 200 2634 "http://photolab.elmer.uaf.edu/gallery/maps/mapg3510.html" "Mozilla/4.0 (compatible; MSIE 6.0; Windows NT 5.1; SV1; .NET CLR 1.0.3705; .NET CLR 1.1.4322)"
216.158.24.2 - - [01/Sep/2005:07:03:28 -0800] "GET /gallery/maps/mapg3510.html HTTP/1.1" 200 12071 "http://www.google.com/search?hl=en&lr=&q=telegraph+lines+1860s+map" "Mozilla/4.0 (compatible; MSIE 6.0; Windows NT 5.1; SV1; .NET CLR 1.0.3705; .NET CLR 1.1.4322)"
216.158.24.2 - - [01/Sep/2005:07:03:29 -0800] "GET /index_files/apr.jpg HTTP/1.1" 200 6015 "http://photolab.elmer.uaf.edu/gallery/maps/mapg3510.html" "Mozilla/4.0 (compatible; MSIE 6.0; Windows NT 5.1; SV1; .NET CLR 1.0.3705; .NET CLR 1.1.4322)"
216.158.24.2 - - [01/Sep/2005:07:03:29 -0800] "GET /index_files/empty.gif HTTP/1.1" 200 45 "http://photolab.elmer.uaf.edu/gallery/maps/mapg3510.html" "Mozilla/4.0 (compatible; MSIE 6.0; Windows NT 5.1; SV1; .NET CLR 1.0.3705; .NET CLR 1.1.4322)"
216.158.24.2 - - [01/Sep/2005:07:03:29 -0800] "GET /index_files/title.jpg HTTP/1.1" 200 5438 "http://photolab.elmer.uaf.edu/gallery/maps/mapg3510.html" "Mozilla/4.0 (compatible; MSIE 6.0; Windows NT 5.1; SV1; .NET CLR 1.0.3705; .NET CLR 1.1.4322)"
216.158.24.2 - - [01/Sep/2005:07:03:29 -0800] "GET /index_files/small.dps.jpg HTTP/1.1" 200 5830 "http://photolab.elmer.uaf.edu/gallery/maps/mapg3510.html" "Mozilla/4.0 (compatible; MSIE 6.0; Windows NT 5.1; SV1; .NET CLR 1.0.3705; .NET CLR 1.1.4322)"
216.158.24.2 - - [01/Sep/2005:07:03:29 -0800] "GET /index_files/small.jpg HTTP/1.1" 200 2294 "http://photolab.elmer.uaf.edu/gallery/maps/mapg3510.html" "Mozilla/4.0 (compatible; MSIE 6.0; Windows NT 5.1; SV1; .NET CLR 1.0.3705; .NET CLR 1.1.4322)"
216.158.24.2 - - [01/Sep/2005:07:03:29 -0800] "GET /index_files/small_002.jpg HTTP/1.1" 200 1351 "http://photolab.elmer.uaf.edu/gallery/maps/mapg3510.html" "Mozilla/4.0 (compatible; MSIE 6.0; Windows NT 5.1; SV1; .NET CLR 1.0.3705; .NET CLR 1.1.4322)"
216.158.24.2 - - [01/Sep/2005:07:03:30 -0800] "GET /index_files/small_003.jpg HTTP/1.1" 200 1521 "http://photolab.elmer.uaf.edu/gallery/maps/mapg3510.html" "Mozilla/4.0 (compatible; MSIE 6.0; Windows NT 5.1; SV1; .NET CLR 1.0.3705; .NET CLR 1.1.4322)"
216.158.24.2 - - [01/Sep/2005:07:03:30 -0800] "GET /gallery/maps/G3500/small/G3512%20N66%201778%20H63.jpg HTTP/1.1" 200 14330 "http://photolab.elmer.uaf.edu/gallery/maps/mapg3510.html" "Mozilla/4.0 (compatible; MSIE 6.0; Windows NT 5.1; SV1; .NET CLR 1.0.3705; .NET CLR 1.1.4322)"
216.158.24.2 - - [01/Sep/2005:07:03:30 -0800] "GET /gallery/maps/G3500/small/G3510%20%5B18--%5D%20W47m.jpg HTTP/1.1" 200 14454 "http://photolab.elmer.uaf.edu/gallery/maps/mapg3510.html" "Mozilla/4.0 (compatible; MSIE 6.0; Windows NT 5.1; SV1; .NET CLR 1.0.3705; .NET CLR 1.1.4322)"
216.158.24.2 - - [01/Sep/2005:07:03:30 -0800] "GET /gallery/maps/G3500/small/G3512%20T381%20%5B18--%5D%20front.jpg HTTP/1.1" 200 14452 "http://photolab.elmer.uaf.edu/gallery/maps/mapg3510.html" "Mozilla/4.0 (compatible; MSIE 6.0; Windows NT 5.1; SV1; .NET CLR 1.0.3705; .NET CLR 1.1.4322)"
216.158.24.2 - - [01/Sep/2005:07:03:31 -0800] "GET /gallery/maps/G3500/small/G3512%20T381%20%5B18--%5D%20back.jpg HTTP/1.1" 200 14129 "http://photolab.elmer.uaf.edu/gallery/maps/mapg3510.html" "Mozilla/4.0 (compatible; MSIE 6.0; Windows NT 5.1; SV1; .NET CLR 1.0.3705; .NET CLR 1.1.4322)"
216.158.24.2 - - [01/Sep/2005:07:03:31 -0800] "GET /gallery/maps/G3500/small/G3511%20E1%201801%20M33.jpg HTTP/1.1" 200 14159 "http://photolab.elmer.uaf.edu/gallery/maps/mapg3510.html" "Mozilla/4.0 (compatible; MSIE 6.0; Windows NT 5.1; SV1; .NET CLR 1.0.3705; .NET CLR 1.1.4322)"
216.158.24.2 - - [01/Sep/2005:07:03:31 -0800] "GET /gallery/maps/G3500/small/G3511%20P92%20%5B186-%5D.jpg HTTP/1.1" 200 13878 "http://photolab.elmer.uaf.edu/gallery/maps/mapg3510.html" "Mozilla/4.0 (compatible; MSIE 6.0; Windows NT 5.1; SV1; .NET CLR 1.0.3705; .NET CLR 1.1.4322)"
216.158.24.2 - - [01/Sep/2005:07:03:32 -0800] "GET /gallery/maps/G3500/small/G3511%20P92%20%5B186-%5Da.jpg HTTP/1.1" 200 14039 "http://photolab.elmer.uaf.edu/gallery/maps/mapg3510.html" "Mozilla/4.0 (compatible; MSIE 6.0; Windows NT 5.1; SV1; .NET CLR 1.0.3705; .NET CLR 1.1.4322)"
216.158.24.2 - - [01/Sep/2005:07:03:32 -0800] "GET /gallery/maps/G3500/small/G3511%20P92%20%5B186-%5D%20W441.jpg HTTP/1.1" 200 15472 "http://photolab.elmer.uaf.edu/gallery/maps/mapg3510.html" "Mozilla/4.0 (compatible; MSIE 6.0; Windows NT 5.1; SV1; .NET CLR 1.0.3705; .NET CLR 1.1.4322)"
216.158.24.2 - - [01/Sep/2005:07:03:32 -0800] "GET /gallery/maps/G3500/small/G3512%20A85%201899%20J65.jpg HTTP/1.1" 200 16375 "http://photolab.elmer.uaf.edu/gallery/maps/mapg3510.html" "Mozilla/4.0 (compatible; MSIE 6.0; Windows NT 5.1; SV1; .NET CLR 1.0.3705; .NET CLR 1.1.4322)"
216.158.24.2 - - [01/Sep/2005:07:03:33 -0800] "GET /index_files/bar.gif HTTP/1.1" 200 342 "http://photolab.elmer.uaf.edu/gallery/maps/mapg3510.html" "Mozilla/4.0 (compatible; MSIE 6.0; Windows NT 5.1; SV1; .NET CLR 1.0.3705; .NET CLR 1.1.4322)"
216.158.24.2 - - [01/Sep/2005:07:03:33 -0800] "GET /gallery/maps/G3500/small/G3511%20P53%201910%20P6.jpg HTTP/1.1" 200 15323 "http://photolab.elmer.uaf.edu/gallery/maps/mapg3510.html" "Mozilla/4.0 (compatible; MSIE 6.0; Windows NT 5.1; SV1; .NET CLR 1.0.3705; .NET CLR 1.1.4322)"
216.158.24.2 - - [01/Sep/2005:07:03:33 -0800] "GET /index_files/bluebear.gif HTTP/1.1" 200 1263 "http://photolab.elmer.uaf.edu/gallery/maps/mapg3510.html" "Mozilla/4.0 (compatible; MSIE 6.0; Windows NT 5.1; SV1; .NET CLR 1.0.3705; .NET CLR 1.1.4322)"
216.158.24.2 - - [01/Sep/2005:07:03:33 -0800] "GET /index_files/sitemap.gif HTTP/1.1" 200 1503 "http://photolab.elmer.uaf.edu/gallery/maps/mapg3510.html" "Mozilla/4.0 (compatible; MSIE 6.0; Windows NT 5.1; SV1; .NET CLR 1.0.3705; .NET CLR 1.1.4322)"
216.158.24.2 - - [01/Sep/2005:07:03:42 -0800] "GET /gallery/maps/G3500/large/G3511%20P92%20%5B186-%5D.jpg HTTP/1.1" 200 153475 "http://photolab.elmer.uaf.edu/gallery/maps/mapg3510.html" "Mozilla/4.0 (compatible; MSIE 6.0; Windows NT 5.1; SV1; .NET CLR 1.0.3705; .NET CLR 1.1.4322)"
65.214.44.171 - - [01/Sep/2005:07:04:00 -0800] "GET /gallery/19950244/02/pages/1995-0244-00282.html HTTP/1.0" 404 342 "-" "Mozilla/2.0 (compatible; Ask Jeeves/Teoma; +http://sp.ask.com/docs/about/tech_crawling.html)"
216.158.24.2 - - [01/Sep/2005:07:04:00 -0800] "GET /gallery/maps/G3500/large/G3511%20P92%20%5B186-%5D%20W441.jpg HTTP/1.1" 200 225847 "http://photolab.elmer.uaf.edu/gallery/maps/mapg3510.html" "Mozilla/4.0 (compatible; MSIE 6.0; Windows NT 5.1; SV1; .NET CLR 1.0.3705; .NET CLR 1.1.4322)"
207.46.98.84 - - [01/Sep/2005:07:04:43 -0800] "GET /gallery/photos/19940096/0/pages/1994-0096-00016.html HTTP/1.0" 200 1901 "-" "msnbot/1.0 (+http://search.msn.com/msnbot.htm)"
207.46.98.84 - - [01/Sep/2005:07:05:05 -0800] "GET /gallery/photos/19940096/0/pages/1994-0096-00017.html HTTP/1.0" 200 1903 "-" "msnbot/1.0 (+http://search.msn.com/msnbot.htm)"
68.142.249.141 - - [01/Sep/2005:07:07:23 -0800] "GET /gallery/photos/20040162/pages/2004-0162-00002.html HTTP/1.0" 304 - "-" "Mozilla/5.0 (compatible; Yahoo! Slurp; http://help.yahoo.com/help/us/ysearch/slurp)"
68.142.249.141 - - [01/Sep/2005:07:07:49 -0800] "GET /gallery/photos/19890166/00/pages/1989-0166-00004_print.html HTTP/1.0" 304 - "-" "Mozilla/5.0 (compatible; Yahoo! Slurp; http://help.yahoo.com/help/us/ysearch/slurp)"
68.142.249.100 - - [01/Sep/2005:07:10:53 -0800] "GET /gallery/photos/19890166/13/pages/1989-0166-01053_postcard.html HTTP/1.0" 304 - "-" "Mozilla/5.0 (compatible; Yahoo! Slurp; http://help.yahoo.com/help/us/ysearch/slurp)"
68.142.250.96 - - [01/Sep/2005:07:12:50 -0800] "GET /gallery/photos/19890166/06/pages/1989-0166-00601_neg%20nitrate.html HTTP/1.0" 304 - "-" "Mozilla/5.0 (compatible; Yahoo! Slurp; http://help.yahoo.com/help/us/ysearch/slurp)"
68.142.250.107 - - [01/Sep/2005:07:13:16 -0800] "GET /gallery/photos/19890166/01/pages/1989-0166-00133_neg%20glass.html HTTP/1.0" 304 - "-" "Mozilla/5.0 (compatible; Yahoo! Slurp; http://help.yahoo.com/help/us/ysearch/slurp)"
65.214.44.171 - - [01/Sep/2005:07:13:33 -0800] "GET /gallery/19940070/1/pages/1994-0070-00183.html HTTP/1.0" 404 341 "-" "Mozilla/2.0 (compatible; Ask Jeeves/Teoma; +http://sp.ask.com/docs/about/tech_crawling.html)"
68.142.249.172 - - [01/Sep/2005:07:14:29 -0800] "GET /gallery/photos/19690092/0/pages/1969-0092-00004.html HTTP/1.0" 200 1763 "-" "Mozilla/5.0 (compatible; Yahoo! Slurp; http://help.yahoo.com/help/us/ysearch/slurp)"
156.108.76.105 - - [01/Sep/2005:07:14:36 -0800] "GET /gallery/maps/mapg3210.html HTTP/1.0" 200 11279 "http://images.google.com/imgres?imgurl=http://photolab.elmer.uaf.edu/gallery/maps/G3200/large/G3210%25201814%2520T55.jpg&imgrefurl=http://photolab.elmer.uaf.edu/gallery/maps/mapg3210.html&h=1200&w=1006&sz=269&tbnid=4S8OHkiZbtwJ:&tbnh=150&tbnw=125&hl=en&start=14&prev=/images%3Fq%3Dnorthern%2Bhemisphere%2B%2Bmaps%26svnum%3D10%26hl%3Den%26lr%3D%26sa%3DG" "Mozilla/4.0 (compatible; MSIE 6.0; Windows NT 5.1; SV1)"
156.108.76.105 - - [01/Sep/2005:07:14:36 -0800] "GET /index_files/lib.css HTTP/1.0" 200 2634 "http://photolab.elmer.uaf.edu/gallery/maps/mapg3210.html" "Mozilla/4.0 (compatible; MSIE 6.0; Windows NT 5.1; SV1)"
156.108.76.105 - - [01/Sep/2005:07:14:36 -0800] "GET /index_files/title.jpg HTTP/1.0" 200 5438 "http://photolab.elmer.uaf.edu/gallery/maps/mapg3210.html" "Mozilla/4.0 (compatible; MSIE 6.0; Windows NT 5.1; SV1)"
156.108.76.105 - - [01/Sep/2005:07:14:37 -0800] "GET /index_files/empty.gif HTTP/1.0" 200 45 "http://photolab.elmer.uaf.edu/gallery/maps/mapg3210.html" "Mozilla/4.0 (compatible; MSIE 6.0; Windows NT 5.1; SV1)"
156.108.76.105 - - [01/Sep/2005:07:14:37 -0800] "GET /index_files/apr.jpg HTTP/1.0" 200 6015 "http://photolab.elmer.uaf.edu/gallery/maps/mapg3210.html" "Mozilla/4.0 (compatible; MSIE 6.0; Windows NT 5.1; SV1)"
156.108.76.105 - - [01/Sep/2005:07:14:37 -0800] "GET /index_files/small.dps.jpg HTTP/1.0" 200 5830 "http://photolab.elmer.uaf.edu/gallery/maps/mapg3210.html" "Mozilla/4.0 (compatible; MSIE 6.0; Windows NT 5.1; SV1)"
156.108.76.105 - - [01/Sep/2005:07:14:37 -0800] "GET /index_files/small.jpg HTTP/1.0" 200 2294 "http://photolab.elmer.uaf.edu/gallery/maps/mapg3210.html" "Mozilla/4.0 (compatible; MSIE 6.0; Windows NT 5.1; SV1)"
156.108.76.105 - - [01/Sep/2005:07:14:37 -0800] "GET /index_files/small_002.jpg HTTP/1.0" 200 1351 "http://photolab.elmer.uaf.edu/gallery/maps/mapg3210.html" "Mozilla/4.0 (compatible; MSIE 6.0; Windows NT 5.1; SV1)"
156.108.76.105 - - [01/Sep/2005:07:14:37 -0800] "GET /index_files/small_003.jpg HTTP/1.0" 200 1521 "http://photolab.elmer.uaf.edu/gallery/maps/mapg3210.html" "Mozilla/4.0 (compatible; MSIE 6.0; Windows NT 5.1; SV1)"
156.108.76.105 - - [01/Sep/2005:07:14:37 -0800] "GET /gallery/maps/G3200/small/G3210%201740%20C69.jpg HTTP/1.0" 200 15016 "http://photolab.elmer.uaf.edu/gallery/maps/mapg3210.html" "Mozilla/4.0 (compatible; MSIE 6.0; Windows NT 5.1; SV1)"
156.108.76.105 - - [01/Sep/2005:07:14:37 -0800] "GET /gallery/maps/G3200/small/G3210%201740%20C69%20c2.jpg HTTP/1.0" 200 15618 "http://photolab.elmer.uaf.edu/gallery/maps/mapg3210.html" "Mozilla/4.0 (compatible; MSIE 6.0; Windows NT 5.1; SV1)"
156.108.76.105 - - [01/Sep/2005:07:14:38 -0800] "GET /gallery/maps/G3200/small/G3210%20%5B1740_%5D%20T57.jpg HTTP/1.0" 200 16724 "http://photolab.elmer.uaf.edu/gallery/maps/mapg3210.html" "Mozilla/4.0 (compatible; MSIE 6.0; Windows NT 5.1; SV1)"
156.108.76.105 - - [01/Sep/2005:07:14:38 -0800] "GET /gallery/maps/G3200/small/G3210%201752%20E531.jpg HTTP/1.0" 200 15999 "http://photolab.elmer.uaf.edu/gallery/maps/mapg3210.html" "Mozilla/4.0 (compatible; MSIE 6.0; Windows NT 5.1; SV1)"
156.108.76.105 - - [01/Sep/2005:07:14:38 -0800] "GET /gallery/maps/G3200/small/G3210%20%5B1760%5D%20G52.jpg HTTP/1.0" 200 16472 "http://photolab.elmer.uaf.edu/gallery/maps/mapg3210.html" "Mozilla/4.0 (compatible; MSIE 6.0; Windows NT 5.1; SV1)"
156.108.76.105 - - [01/Sep/2005:07:14:38 -0800] "GET /gallery/maps/G3200/small/G3210%20%5B1779%5D%20R62.jpg HTTP/1.0" 200 13298 "http://photolab.elmer.uaf.edu/gallery/maps/mapg3210.html" "Mozilla/4.0 (compatible; MSIE 6.0; Windows NT 5.1; SV1)"
156.108.76.105 - - [01/Sep/2005:07:14:39 -0800] "GET /gallery/maps/G3200/small/G3210%201802%20F32.jpg HTTP/1.0" 200 14898 "http://photolab.elmer.uaf.edu/gallery/maps/mapg3210.html" "Mozilla/4.0 (compatible; MSIE 6.0; Windows NT 5.1; SV1)"
156.108.76.105 - - [01/Sep/2005:07:14:39 -0800] "GET /gallery/maps/G3200/small/G3211%20S12%201809%20C661.jpg HTTP/1.0" 200 17182 "http://photolab.elmer.uaf.edu/gallery/maps/mapg3210.html" "Mozilla/4.0 (compatible; MSIE 6.0; Windows NT 5.1; SV1)"
156.108.76.105 - - [01/Sep/2005:07:14:39 -0800] "GET /gallery/maps/G3200/small/G3210%201812%20C31.jpg HTTP/1.0" 200 14927 "http://photolab.elmer.uaf.edu/gallery/maps/mapg3210.html" "Mozilla/4.0 (compatible; MSIE 6.0; Windows NT 5.1; SV1)"
156.108.76.105 - - [01/Sep/2005:07:14:39 -0800] "GET /gallery/maps/G3200/small/G3210%201814%20T55.jpg HTTP/1.0" 200 15756 "http://photolab.elmer.uaf.edu/gallery/maps/mapg3210.html" "Mozilla/4.0 (compatible; MSIE 6.0; Windows NT 5.1; SV1)"
156.108.76.105 - - [01/Sep/2005:07:14:40 -0800] "GET /gallery/maps/G3200/small/G3210%201816%20B93.jpg HTTP/1.0" 200 16950 "http://photolab.elmer.uaf.edu/gallery/maps/mapg3210.html" "Mozilla/4.0 (compatible; MSIE 6.0; Windows NT 5.1; SV1)"
156.108.76.105 - - [01/Sep/2005:07:14:40 -0800] "GET /gallery/maps/G3200/small/G3210%20%5B1827%5D%20T55.jpg HTTP/1.0" 200 14634 "http://photolab.elmer.uaf.edu/gallery/maps/mapg3210.html" "Mozilla/4.0 (compatible; MSIE 6.0; Windows NT 5.1; SV1)"
156.108.76.105 - - [01/Sep/2005:07:14:40 -0800] "GET /index_files/bluebear.gif HTTP/1.0" 200 1263 "http://photolab.elmer.uaf.edu/gallery/maps/mapg3210.html" "Mozilla/4.0 (compatible; MSIE 6.0; Windows NT 5.1; SV1)"
156.108.76.105 - - [01/Sep/2005:07:14:40 -0800] "GET /index_files/sitemap.gif HTTP/1.0" 200 1503 "http://photolab.elmer.uaf.edu/gallery/maps/mapg3210.html" "Mozilla/4.0 (compatible; MSIE 6.0; Windows NT 5.1; SV1)"
156.108.76.105 - - [01/Sep/2005:07:14:40 -0800] "GET /index_files/bar.gif HTTP/1.0" 200 342 "http://photolab.elmer.uaf.edu/gallery/maps/mapg3210.html" "Mozilla/4.0 (compatible; MSIE 6.0; Windows NT 5.1; SV1)"
156.108.76.105 - - [01/Sep/2005:07:14:46 -0800] "GET /gallery/maps/G3200/large/G3210%201740%20C69%20c2.jpg HTTP/1.0" 200 323918 "http://photolab.elmer.uaf.edu/gallery/maps/mapg3210.html" "Mozilla/4.0 (compatible; MSIE 6.0; Windows NT 5.1; SV1)"
195.93.21.102 - - [01/Sep/2005:07:15:48 -0800] "GET /store/alaskanatives.html HTTP/1.0" 200 23188 "http://images.google.co.uk/imgres?imgurl=http://photolab.elmer.uaf.edu/store/photos/largejpegs/(115)1989-0166-00398.jpg&imgrefurl=http://photolab.elmer.uaf.edu/store/alaskanatives.html&h=690&w=1000&sz=126&tbnid=ww0qkXfDMFEJ:&tbnh=102&tbnw=149&hl=en&start=2&prev=/images%3Fq%3Dhunting%2Bwalrus%26svnum%3D10%26hl%3Den%26lr%3D%26ie%3DUTF-8" "Mozilla/4.0 (compatible; MSIE 6.0; AOL 9.0; Windows NT 5.1; SV1)"
195.93.21.97 - - [01/Sep/2005:07:15:49 -0800] "GET /store/photos/largejpegs/(115)1989-0166-00398.jpg HTTP/1.0" 200 128157 "http://images.google.co.uk/imgres?imgurl=http://photolab.elmer.uaf.edu/store/photos/largejpegs/(115)1989-0166-00398.jpg&imgrefurl=http://photolab.elmer.uaf.edu/store/alaskanatives.html&h=690&w=1000&sz=126&tbnid=ww0qkXfDMFEJ:&tbnh=102&tbnw=149&hl=en&prev=/images%3Fq%3Dhunting%2Bwalrus%26svnum%3D10%26hl%3Den%26lr%3D%26ie%3DUTF-8&frame=small" "Mozilla/4.0 (compatible; MSIE 6.0; AOL 9.0; Windows NT 5.1; SV1)"
68.142.249.186 - - [01/Sep/2005:07:15:56 -0800] "GET /gallery/photos/19950244/06 HTTP/1.0" 301 363 "-" "Mozilla/5.0 (compatible; Yahoo! Slurp; http://help.yahoo.com/help/us/ysearch/slurp)"
68.142.249.186 - - [01/Sep/2005:07:15:57 -0800] "GET /gallery/photos/19950244/06/ HTTP/1.0" 200 7080 "-" "Mozilla/5.0 (compatible; Yahoo! Slurp; http://help.yahoo.com/help/us/ysearch/slurp)"
156.108.76.105 - - [01/Sep/2005:07:15:55 -0800] "GET /gallery/maps/G3200/large/G3210%201802%20F32.jpg HTTP/1.0" 200 232240 "http://photolab.elmer.uaf.edu/gallery/maps/mapg3210.html" "Mozilla/4.0 (compatible; MSIE 6.0; Windows NT 5.1; SV1)"
68.142.249.186 - - [01/Sep/2005:07:16:02 -0800] "GET /gallery/photos/20040153 HTTP/1.0" 301 360 "-" "Mozilla/5.0 (compatible; Yahoo! Slurp; http://help.yahoo.com/help/us/ysearch/slurp)"
68.142.249.186 - - [01/Sep/2005:07:16:02 -0800] "GET /gallery/photos/20040153/ HTTP/1.0" 200 1387 "-" "Mozilla/5.0 (compatible; Yahoo! Slurp; http://help.yahoo.com/help/us/ysearch/slurp)"
68.142.249.80 - - [01/Sep/2005:07:17:13 -0800] "GET /gallery/photos/20040066/0/pages/2004-0066-00002.html HTTP/1.0" 304 - "-" "Mozilla/5.0 (compatible; Yahoo! Slurp; http://help.yahoo.com/help/us/ysearch/slurp)"
68.142.249.188 - - [01/Sep/2005:07:17:31 -0800] "GET /gallery/photos/19950244/06/pages/1995-0244-00611.html HTTP/1.0" 200 1887 "-" "Mozilla/5.0 (compatible; Yahoo! Slurp; http://help.yahoo.com/help/us/ysearch/slurp)"
68.142.251.123 - - [01/Sep/2005:07:18:58 -0800] "GET /gallery/photos/19890166/01/pages/1989-0166-00114_print.html HTTP/1.0" 304 - "-" "Mozilla/5.0 (compatible; Yahoo! Slurp; http://help.yahoo.com/help/us/ysearch/slurp)"
68.142.250.201 - - [01/Sep/2005:07:19:46 -0800] "GET /gallery/photos/20010129/2 HTTP/1.0" 301 362 "-" "Mozilla/5.0 (compatible; Yahoo! Slurp; http://help.yahoo.com/help/us/ysearch/slurp)"
68.142.250.201 - - [01/Sep/2005:07:19:46 -0800] "GET /gallery/photos/20010129/2/ HTTP/1.0" 200 7100 "-" "Mozilla/5.0 (compatible; Yahoo! Slurp; http://help.yahoo.com/help/us/ysearch/slurp)"
68.142.250.201 - - [01/Sep/2005:07:19:49 -0800] "GET /gallery/photos/19940096/2 HTTP/1.0" 301 362 "-" "Mozilla/5.0 (compatible; Yahoo! Slurp; http://help.yahoo.com/help/us/ysearch/slurp)"
68.142.250.96 - - [01/Sep/2005:07:19:50 -0800] "GET /gallery/photos/19680041/1 HTTP/1.0" 301 362 "-" "Mozilla/5.0 (compatible; Yahoo! Slurp; http://help.yahoo.com/help/us/ysearch/slurp)"
68.142.250.201 - - [01/Sep/2005:07:19:50 -0800] "GET /gallery/photos/19940096/2/ HTTP/1.0" 200 9096 "-" "Mozilla/5.0 (compatible; Yahoo! Slurp; http://help.yahoo.com/help/us/ysearch/slurp)"
68.142.250.96 - - [01/Sep/2005:07:19:51 -0800] "GET /gallery/photos/19680041/1/ HTTP/1.0" 200 7059 "-" "Mozilla/5.0 (compatible; Yahoo! Slurp; http://help.yahoo.com/help/us/ysearch/slurp)"
68.142.250.201 - - [01/Sep/2005:07:20:32 -0800] "GET /gallery/photos/19890166/07/pages/1989-0166-00715_neg%20nitrate.html HTTP/1.0" 304 - "-" "Mozilla/5.0 (compatible; Yahoo! Slurp; http://help.yahoo.com/help/us/ysearch/slurp)"
68.142.251.175 - - [01/Sep/2005:07:21:07 -0800] "GET /gallery/photos/19940070/3 HTTP/1.0" 301 362 "-" "Mozilla/5.0 (compatible; Yahoo! Slurp; http://help.yahoo.com/help/us/ysearch/slurp)"
68.142.251.175 - - [01/Sep/2005:07:21:07 -0800] "GET /gallery/photos/19940070/3/ HTTP/1.0" 200 7092 "-" "Mozilla/5.0 (compatible; Yahoo! Slurp; http://help.yahoo.com/help/us/ysearch/slurp)"
68.142.251.175 - - [01/Sep/2005:07:21:17 -0800] "GET /gallery/photos/19890166/07/pages/1989-0166-00710_neg%20copy(4)(227).html HTTP/1.0" 304 - "-" "Mozilla/5.0 (compatible; Yahoo! Slurp; http://help.yahoo.com/help/us/ysearch/slurp)"
165.138.76.10 - - [01/Sep/2005:07:22:18 -0800] "GET /index_files/store.css HTTP/1.1" 200 2756 "http://photolab.elmer.uaf.edu/store/people.html" "Mozilla/4.0 (compatible; MSIE 6.0; Windows NT 5.1; SV1; .NET CLR 1.1.4322)"
165.138.76.10 - - [01/Sep/2005:07:22:17 -0800] "GET /store/people.html HTTP/1.1" 200 21075 "http://images.google.com/imgres?imgurl=http://photolab.elmer.uaf.edu/store/photos/largejpegs/(141)1972-0071-00099.jpg&imgrefurl=http://photolab.elmer.uaf.edu/store/people.html&h=788&w=1000&sz=148&tbnid=dytztn1eDr8J:&tbnh=117&tbnw=149&hl=en&start=3&prev=/images%3Fq%3DLeonhard%2BSeppala%26svnum%3D10%26hl%3Den%26lr%3D" "Mozilla/4.0 (compatible; MSIE 6.0; Windows NT 5.1; SV1; .NET CLR 1.1.4322)"
165.138.76.10 - - [01/Sep/2005:07:22:19 -0800] "GET /index_files/aprbrown.jpg HTTP/1.1" 200 5509 "http://photolab.elmer.uaf.edu/store/people.html" "Mozilla/4.0 (compatible; MSIE 6.0; Windows NT 5.1; SV1; .NET CLR 1.1.4322)"
