195.115.178.65 - - [01/Sep/2005:01:17:06 -0800] "GET /gallery/maps/G3200/large/G3270%20%5B1645_%5D%20B551.jpg HTTP/1.1" 200 305398 "http://photolab.elmer.uaf.edu/gallery/maps/mapg3270a.html" "Mozilla/5.0 (Macintosh; U; PPC Mac OS X Mach-O; fr-FR; rv:1.7.5) Gecko/20041108 Firefox/1.0"
217.212.224.148 - - [01/Sep/2005:01:17:22 -0800] "GET /gallery/20040093/pages/2004-0093-00041.html HTTP/1.0" 404 339 "-" "psbot/0.1 (+http://www.picsearch.com/bot.html)"
195.115.178.65 - - [01/Sep/2005:01:18:05 -0800] "GET /gallery/maps/G3200/large/G3270%201634%20M4.jpg HTTP/1.1" 200 242085 "http://photolab.elmer.uaf.edu/gallery/maps/mapg3270a.html" "Mozilla/5.0 (Macintosh; U; PPC Mac OS X Mach-O; fr-FR; rv:1.7.5) Gecko/20041108 Firefox/1.0"
207.46.98.84 - - [01/Sep/2005:01:18:50 -0800] "GET /gallery/photos/20030109/3/index_4.html HTTP/1.0" 200 7240 "-" "msnbot/1.0 (+http://search.msn.com/msnbot.htm)"
207.46.98.84 - - [01/Sep/2005:01:19:25 -0800] "GET /gallery/photos/19950244/00/index_3.html HTTP/1.0" 200 7233 "-" "msnbot/1.0 (+http://search.msn.com/msnbot.htm)"
68.142.250.107 - - [01/Sep/2005:01:19:30 -0800] "GET /gallery/photos/19970213/pages/1997-0213-00024.html HTTP/1.0" 200 1889 "-" "Mozilla/5.0 (compatible; Yahoo! Slurp; http://help.yahoo.com/help/us/ysearch/slurp)"
217.212.224.148 - - [01/Sep/2005:01:20:05 -0800] "GET /gallery/20020134/pages/2002-0134-00022.html HTTP/1.0" 404 339 "-" "psbot/0.1 (+http://www.picsearch.com/bot.html)"
68.142.250.10 - - [01/Sep/2005:01:20:14 -0800] "GET /gallery/photos/19690092/3/pages/1969-0092-00317.html HTTP/1.0" 304 - "-" "Mozilla/5.0 (compatible; Yahoo! Slurp; http://help.yahoo.com/help/us/ysearch/slurp)"
207.46.98.84 - - [01/Sep/2005:01:20:45 -0800] "GET /gallery/photos/20030120/2/index_2.html HTTP/1.0" 200 6961 "-" "msnbot/1.0 (+http://search.msn.com/msnbot.htm)"
207.46.98.84 - - [01/Sep/2005:01:21:15 -0800] "GET /gallery/photos/19880041/0/index_3.htm HTTP/1.0" 200 7202 "-" "msnbot/1.0 (+http://search.msn.com/msnbot.htm)"
65.214.44.171 - - [01/Sep/2005:01:21:48 -0800] "GET /gallery/19950244/07/pages/1995-0244-00773.html HTTP/1.0" 404 342 "-" "Mozilla/2.0 (compatible; Ask Jeeves/Teoma; +http://sp.ask.com/docs/about/tech_crawling.html)"
217.212.224.148 - - [01/Sep/2005:01:22:03 -0800] "GET /gallery/20020155/pages/2002-0155-00023.html HTTP/1.0" 404 339 "-" "psbot/0.1 (+http://www.picsearch.com/bot.html)"
207.46.98.84 - - [01/Sep/2005:01:22:54 -0800] "GET /gallery/photos/20040145/1/index_4.htm HTTP/1.0" 200 7213 "-" "msnbot/1.0 (+http://search.msn.com/msnbot.htm)"
207.46.98.84 - - [01/Sep/2005:01:23:33 -0800] "GET /gallery/photos/19640042/0/index.htm HTTP/1.0" 200 7054 "-" "msnbot/1.0 (+http://search.msn.com/msnbot.htm)"
217.212.224.148 - - [01/Sep/2005:01:24:00 -0800] "GET /gallery/20040084/1157-1288/index_6.html HTTP/1.0" 404 335 "-" "psbot/0.1 (+http://www.picsearch.com/bot.html)"
68.142.251.193 - - [01/Sep/2005:01:24:20 -0800] "GET /gallery/photos/19910046/05/pages/1991-0046-00516.html HTTP/1.0" 200 1760 "-" "Mozilla/5.0 (compatible; Yahoo! Slurp; http://help.yahoo.com/help/us/ysearch/slurp)"
217.212.224.148 - - [01/Sep/2005:01:25:57 -0800] "GET /gallery/20020032/pages/2002-0032-00093.html HTTP/1.0" 404 339 "-" "psbot/0.1 (+http://www.picsearch.com/bot.html)"
68.142.249.115 - - [01/Sep/2005:01:26:09 -0800] "GET /gallery/photos/19640042/2/pages/1964-0042-00206.htm HTTP/1.0" 200 1881 "-" "Mozilla/5.0 (compatible; Yahoo! Slurp; http://help.yahoo.com/help/us/ysearch/slurp)"
207.46.98.84 - - [01/Sep/2005:01:26:13 -0800] "GET /gallery/photos/20040110/10/index.htm HTTP/1.0" 200 7059 "-" "msnbot/1.0 (+http://search.msn.com/msnbot.htm)"
68.142.250.134 - - [01/Sep/2005:01:26:14 -0800] "GET /gallery/photos/19910046/05/pages/1991-0046-00514.html HTTP/1.0" 200 1760 "-" "Mozilla/5.0 (compatible; Yahoo! Slurp; http://help.yahoo.com/help/us/ysearch/slurp)"
207.46.98.84 - - [01/Sep/2005:01:26:44 -0800] "GET /gallery/photos/19581026/17/index.html HTTP/1.0" 200 6791 "-" "msnbot/1.0 (+http://search.msn.com/msnbot.htm)"
207.46.98.84 - - [01/Sep/2005:01:27:01 -0800] "GET /gallery/photos/19890207/0/index.html HTTP/1.0" 200 7069 "-" "msnbot/1.0 (+http://search.msn.com/msnbot.htm)"
68.142.250.130 - - [01/Sep/2005:01:27:21 -0800] "GET /gallery/photos/20030120/0/pages/2003-0120-00008.html HTTP/1.0" 200 1868 "-" "Mozilla/5.0 (compatible; Yahoo! Slurp; http://help.yahoo.com/help/us/ysearch/slurp)"
217.212.224.148 - - [01/Sep/2005:01:27:57 -0800] "GET /gallery/20020032/pages/2002-0032-00094.html HTTP/1.0" 404 339 "-" "psbot/0.1 (+http://www.picsearch.com/bot.html)"
207.46.98.84 - - [01/Sep/2005:01:28:15 -0800] "GET /gallery/photos/0728/pages/728-026.html HTTP/1.0" 200 2678 "-" "msnbot/1.0 (+http://search.msn.com/msnbot.htm)"
68.142.251.154 - - [01/Sep/2005:01:28:21 -0800] "GET /gallery/photos/20030137/pages/2003-0137-00011.html HTTP/1.0" 200 1768 "-" "Mozilla/5.0 (compatible; Yahoo! Slurp; http://help.yahoo.com/help/us/ysearch/slurp)"
207.46.98.84 - - [01/Sep/2005:01:28:53 -0800] "GET /gallery/photos/0728/pages/728-025.html HTTP/1.0" 200 2678 "-" "msnbot/1.0 (+http://search.msn.com/msnbot.htm)"
207.46.98.84 - - [01/Sep/2005:01:29:05 -0800] "GET /gallery/photos/19581026/22/pages/1958-1026-02304.html HTTP/1.0" 200 6187 "-" "msnbot/1.0 (+http://search.msn.com/msnbot.htm)"
68.142.249.189 - - [01/Sep/2005:01:29:31 -0800] "GET /gallery/photos/19690092/3/pages/1969-0092-00309.html HTTP/1.0" 304 - "-" "Mozilla/5.0 (compatible; Yahoo! Slurp; http://help.yahoo.com/help/us/ysearch/slurp)"
207.46.98.84 - - [01/Sep/2005:01:29:37 -0800] "GET /gallery/photos/19581026/22/pages/1958-1026-02303.html HTTP/1.0" 200 6187 "-" "msnbot/1.0 (+http://search.msn.com/msnbot.htm)"
217.212.224.148 - - [01/Sep/2005:01:30:00 -0800] "GET /gallery/20020134/pages/2002-0134-00092.html HTTP/1.0" 404 339 "-" "psbot/0.1 (+http://www.picsearch.com/bot.html)"
207.46.98.84 - - [01/Sep/2005:01:31:02 -0800] "GET /gallery/photos/19581026/22/pages/1958-1026-02302.html HTTP/1.0" 200 6187 "-" "msnbot/1.0 (+http://search.msn.com/msnbot.htm)"
207.46.98.84 - - [01/Sep/2005:01:31:06 -0800] "GET /gallery/photos/19581026/22/pages/1958-1026-02300.html HTTP/1.0" 200 6187 "-" "msnbot/1.0 (+http://search.msn.com/msnbot.htm)"
207.46.98.84 - - [01/Sep/2005:01:31:09 -0800] "GET /gallery/photos/19581026/22/pages/1958-1026-02299.html HTTP/1.0" 200 6187 "-" "msnbot/1.0 (+http://search.msn.com/msnbot.htm)"
65.214.44.171 - - [01/Sep/2005:01:31:12 -0800] "GET /gallery/20010129/0/pages/2001-0129-00060.html HTTP/1.0" 404 341 "-" "Mozilla/2.0 (compatible; Ask Jeeves/Teoma; +http://sp.ask.com/docs/about/tech_crawling.html)"
207.46.98.84 - - [01/Sep/2005:01:31:12 -0800] "GET /gallery/photos/19581026/22/pages/1958-1026-02301.html HTTP/1.0" 200 6187 "-" "msnbot/1.0 (+http://search.msn.com/msnbot.htm)"
217.212.224.148 - - [01/Sep/2005:01:32:03 -0800] "GET /gallery/20030183/pages/2003-0183-00023.html HTTP/1.0" 404 339 "-" "psbot/0.1 (+http://www.picsearch.com/bot.html)"
207.46.98.84 - - [01/Sep/2005:01:32:16 -0800] "GET /gallery/photos/19581026/22/pages/1958-1026-02297.html HTTP/1.0" 200 6186 "-" "msnbot/1.0 (+http://search.msn.com/msnbot.htm)"
207.46.98.84 - - [01/Sep/2005:01:32:19 -0800] "GET /gallery/photos/19581026/22/pages/1958-1026-02201.html HTTP/1.0" 200 6183 "-" "msnbot/1.0 (+http://search.msn.com/msnbot.htm)"
68.142.249.200 - - [01/Sep/2005:01:32:41 -0800] "GET /gallery/photos/19870175/pages/1987-0175-00386.html HTTP/1.0" 304 - "-" "Mozilla/5.0 (compatible; Yahoo! Slurp; http://help.yahoo.com/help/us/ysearch/slurp)"
66.48.170.159 - - [01/Sep/2005:01:32:46 -0800] "GET /index_files/store.css HTTP/1.1" 200 2756 "http://photolab.elmer.uaf.edu/store/people.html" "Mozilla/4.0 (compatible; MSIE 6.0; Windows NT 5.0)"
66.48.170.159 - - [01/Sep/2005:01:32:48 -0800] "GET /index_files/titlebrown.jpg HTTP/1.1" 200 5451 "http://photolab.elmer.uaf.edu/store/people.html" "Mozilla/4.0 (compatible; MSIE 6.0; Windows NT 5.0)"
66.48.170.159 - - [01/Sep/2005:01:32:45 -0800] "GET /store/people.html HTTP/1.1" 200 21075 "http://images.google.ca/imgres?imgurl=http://photolab.elmer.uaf.edu/store/photos/largejpegs/(105)1989-0166-00522a.jpg&imgrefurl=http://photolab.elmer.uaf.edu/store/people.html&h=692&w=1000&sz=100&tbnid=mRifvhDN3-gJ:&tbnh=103&tbnw=149&hl=en&start=4&prev=/images%3Fq%3Dold%2Bwoman%26svnum%3D10%26hl%3Den%26lr%3D%26safe%3Doff" "Mozilla/4.0 (compatible; MSIE 6.0; Windows NT 5.0)"
66.48.170.159 - - [01/Sep/2005:01:32:49 -0800] "GET /index_files/aprbrown.jpg HTTP/1.1" 200 5509 "http://photolab.elmer.uaf.edu/store/people.html" "Mozilla/4.0 (compatible; MSIE 6.0; Windows NT 5.0)"
66.48.170.159 - - [01/Sep/2005:01:32:51 -0800] "GET /index_files/menubar.gif HTTP/1.1" 200 2913 "http://photolab.elmer.uaf.edu/store/people.html" "Mozilla/4.0 (compatible; MSIE 6.0; Windows NT 5.0)"
66.48.170.159 - - [01/Sep/2005:01:32:49 -0800] "GET /index_files/storetitle.gif HTTP/1.1" 200 14535 "http://photolab.elmer.uaf.edu/store/people.html" "Mozilla/4.0 (compatible; MSIE 6.0; Windows NT 5.0)"
66.48.170.159 - - [01/Sep/2005:01:32:53 -0800] "GET /store/photos/smalljpegs/(007)1972-0071-03234.jpg HTTP/1.1" 200 32052 "http://photolab.elmer.uaf.edu/store/people.html" "Mozilla/4.0 (compatible; MSIE 6.0; Windows NT 5.0)"
66.48.170.159 - - [01/Sep/2005:01:32:56 -0800] "GET /store/photos/smalljpegs/(009)1975-0146-00003.jpg HTTP/1.1" 200 35453 "http://photolab.elmer.uaf.edu/store/people.html" "Mozilla/4.0 (compatible; MSIE 6.0; Windows NT 5.0)"
66.48.170.159 - - [01/Sep/2005:01:33:07 -0800] "GET /store/photos/smalljpegs/(024)1972-0116-00334.jpg HTTP/1.1" 200 29908 "http://photolab.elmer.uaf.edu/store/people.html" "Mozilla/4.0 (compatible; MSIE 6.0; Windows NT 5.0)"
66.48.170.159 - - [01/Sep/2005:01:33:03 -0800] "GET /store/photos/smalljpegs/(012)1989-0166-00375.jpg HTTP/1.1" 200 41883 "http://photolab.elmer.uaf.edu/store/people.html" "Mozilla/4.0 (compatible; MSIE 6.0; Windows NT 5.0)"
66.48.170.159 - - [01/Sep/2005:01:33:17 -0800] "GET /store/photos/smalljpegs/(026)1997-0165-00010.jpg HTTP/1.1" 200 26695 "http://photolab.elmer.uaf.edu/store/people.html" "Mozilla/4.0 (compatible; MSIE 6.0; Windows NT 5.0)"
207.46.98.84 - - [01/Sep/2005:01:33:24 -0800] "GET /gallery/photos/20030109/3/index_3.html HTTP/1.0" 200 7240 "-" "msnbot/1.0 (+http://search.msn.com/msnbot.htm)"
66.48.170.159 - - [01/Sep/2005:01:33:17 -0800] "GET /store/photos/smalljpegs/(040)1958-1026-01700.jpg HTTP/1.1" 200 30523 "http://photolab.elmer.uaf.edu/store/people.html" "Mozilla/4.0 (compatible; MSIE 6.0; Windows NT 5.0)"
66.48.170.159 - - [01/Sep/2005:01:33:26 -0800] "GET /store/photos/smalljpegs/(069)1976-0092-00075.jpg HTTP/1.1" 200 25519 "http://photolab.elmer.uaf.edu/store/people.html" "Mozilla/4.0 (compatible; MSIE 6.0; Windows NT 5.0)"
66.48.170.159 - - [01/Sep/2005:01:33:25 -0800] "GET /store/photos/smalljpegs/(055)1966-0054-00104.jpg HTTP/1.1" 200 35929 "http://photolab.elmer.uaf.edu/store/people.html" "Mozilla/4.0 (compatible; MSIE 6.0; Windows NT 5.0)"
66.48.170.159 - - [01/Sep/2005:01:33:34 -0800] "GET /store/photos/smalljpegs/(073)2000-0176-00106a.jpg HTTP/1.1" 200 39020 "http://photolab.elmer.uaf.edu/store/people.html" "Mozilla/4.0 (compatible; MSIE 6.0; Windows NT 5.0)"
66.48.170.159 - - [01/Sep/2005:01:33:36 -0800] "GET /store/photos/smalljpegs/(074)1968-0012-00009.jpg HTTP/1.1" 200 36819 "http://photolab.elmer.uaf.edu/store/people.html" "Mozilla/4.0 (compatible; MSIE 6.0; Windows NT 5.0)"
195.212.29.171 - - [01/Sep/2005:01:34:01 -0800] "GET /index_files/lib.css HTTP/1.1" 304 - "http://photolab.elmer.uaf.edu/index.html" "Mozilla/4.0 (compatible; MSIE 6.0; Windows NT 5.1; .NET CLR 1.1.4322)"
195.212.29.171 - - [01/Sep/2005:01:34:00 -0800] "GET /index.html HTTP/1.1" 200 8830 "-" "Mozilla/4.0 (compatible; MSIE 6.0; Windows NT 5.1; .NET CLR 1.1.4322)"
195.212.29.171 - - [01/Sep/2005:01:34:01 -0800] "GET /index_files/empty.gif HTTP/1.1" 200 45 "http://photolab.elmer.uaf.edu/index.html" "Mozilla/4.0 (compatible; MSIE 6.0; Windows NT 5.1; .NET CLR 1.1.4322)"
195.212.29.171 - - [01/Sep/2005:01:34:01 -0800] "GET /index_files/apr.jpg HTTP/1.1" 200 6015 "http://photolab.elmer.uaf.edu/index.html" "Mozilla/4.0 (compatible; MSIE 6.0; Windows NT 5.1; .NET CLR 1.1.4322)"
195.212.29.171 - - [01/Sep/2005:01:34:01 -0800] "GET /index_files/small.dps.jpg HTTP/1.1" 200 5830 "http://photolab.elmer.uaf.edu/index.html" "Mozilla/4.0 (compatible; MSIE 6.0; Windows NT 5.1; .NET CLR 1.1.4322)"
66.48.170.159 - - [01/Sep/2005:01:33:42 -0800] "GET /store/photos/largejpegs/(105)1989-0166-00522a.jpg HTTP/1.1" 200 101451 "http://images.google.ca/imgres?imgurl=http://photolab.elmer.uaf.edu/store/photos/largejpegs/(105)1989-0166-00522a.jpg&imgrefurl=http://photolab.elmer.uaf.edu/store/people.html&h=692&w=1000&sz=100&tbnid=mRifvhDN3-gJ:&tbnh=103&tbnw=149&hl=en&prev=/images%3Fq%3Dold%2Bwoman%26svnum%3D10%26hl%3Den%26lr%3D%26safe%3Doff&frame=small" "Mozilla/4.0 (compatible; MSIE 6.0; Windows NT 5.0)"
207.46.98.84 - - [01/Sep/2005:01:34:01 -0800] "GET /gallery/photos/19940096/5/index.html HTTP/1.0" 200 9096 "-" "msnbot/1.0 (+http://search.msn.com/msnbot.htm)"
195.212.29.171 - - [01/Sep/2005:01:34:02 -0800] "GET /index_files/small.jpg HTTP/1.1" 200 2294 "http://photolab.elmer.uaf.edu/index.html" "Mozilla/4.0 (compatible; MSIE 6.0; Windows NT 5.1; .NET CLR 1.1.4322)"
195.212.29.171 - - [01/Sep/2005:01:34:02 -0800] "GET /index_files/small_002.jpg HTTP/1.1" 200 1351 "http://photolab.elmer.uaf.edu/index.html" "Mozilla/4.0 (compatible; MSIE 6.0; Windows NT 5.1; .NET CLR 1.1.4322)"
68.142.249.171 - - [01/Sep/2005:01:34:02 -0800] "GET /gallery/photos/19910046/04 HTTP/1.0" 301 363 "-" "Mozilla/5.0 (compatible; Yahoo! Slurp; http://help.yahoo.com/help/us/ysearch/slurp)"
195.212.29.171 - - [01/Sep/2005:01:34:02 -0800] "GET /index_files/small_003.jpg HTTP/1.1" 200 1521 "http://photolab.elmer.uaf.edu/index.html" "Mozilla/4.0 (compatible; MSIE 6.0; Windows NT 5.1; .NET CLR 1.1.4322)"
195.212.29.171 - - [01/Sep/2005:01:34:03 -0800] "GET /index_files/sitemap.gif HTTP/1.1" 200 1503 "http://photolab.elmer.uaf.edu/index.html" "Mozilla/4.0 (compatible; MSIE 6.0; Windows NT 5.1; .NET CLR 1.1.4322)"
68.142.249.171 - - [01/Sep/2005:01:34:03 -0800] "GET /gallery/photos/19910046/04/ HTTP/1.0" 200 7098 "-" "Mozilla/5.0 (compatible; Yahoo! Slurp; http://help.yahoo.com/help/us/ysearch/slurp)"
217.212.224.148 - - [01/Sep/2005:01:34:08 -0800] "GET /gallery/20040026/pages/2004-0026-00020.html HTTP/1.0" 404 339 "-" "psbot/0.1 (+http://www.picsearch.com/bot.html)"
66.48.170.159 - - [01/Sep/2005:01:34:32 -0800] "GET /store/photos/smalljpegs/(073)2000-0176-00106a.jpg HTTP/1.1" 206 25272 "http://photolab.elmer.uaf.edu/store/people.html" "Mozilla/4.0 (compatible; MSIE 6.0; Windows NT 5.0)"
66.48.170.159 - - [01/Sep/2005:01:34:32 -0800] "GET /store/photos/smalljpegs/(074)1968-0012-00009.jpg HTTP/1.1" 206 28627 "http://photolab.elmer.uaf.edu/store/people.html" "Mozilla/4.0 (compatible; MSIE 6.0; Windows NT 5.0)"
207.46.98.84 - - [01/Sep/2005:01:34:41 -0800] "GET /gallery/photos/19640042/0/index_3.htm HTTP/1.0" 200 7207 "-" "msnbot/1.0 (+http://search.msn.com/msnbot.htm)"
195.212.29.171 - - [01/Sep/2005:01:34:43 -0800] "GET /store/index.html HTTP/1.1" 200 6067 "http://photolab.elmer.uaf.edu/index.html" "Mozilla/4.0 (compatible; MSIE 6.0; Windows NT 5.1; .NET CLR 1.1.4322)"
195.212.29.171 - - [01/Sep/2005:01:34:44 -0800] "GET /index_files/store.css HTTP/1.1" 200 2756 "http://photolab.elmer.uaf.edu/store/index.html" "Mozilla/4.0 (compatible; MSIE 6.0; Windows NT 5.1; .NET CLR 1.1.4322)"
195.212.29.171 - - [01/Sep/2005:01:34:44 -0800] "GET /index_files/titlebrown.jpg HTTP/1.1" 200 5451 "http://photolab.elmer.uaf.edu/store/index.html" "Mozilla/4.0 (compatible; MSIE 6.0; Windows NT 5.1; .NET CLR 1.1.4322)"
195.212.29.171 - - [01/Sep/2005:01:34:44 -0800] "GET /index_files/menubar.gif HTTP/1.1" 200 2913 "http://photolab.elmer.uaf.edu/store/index.html" "Mozilla/4.0 (compatible; MSIE 6.0; Windows NT 5.1; .NET CLR 1.1.4322)"
195.212.29.171 - - [01/Sep/2005:01:34:45 -0800] "GET /store/panoramas/smalljpegs/PN011-1988-0051-00012.jpg HTTP/1.1" 200 25152 "http://photolab.elmer.uaf.edu/store/index.html" "Mozilla/4.0 (compatible; MSIE 6.0; Windows NT 5.1; .NET CLR 1.1.4322)"
195.212.29.171 - - [01/Sep/2005:01:34:45 -0800] "GET /store/photos/smalljpegs/(024)1972-0116-00334.jpg HTTP/1.1" 200 29908 "http://photolab.elmer.uaf.edu/store/index.html" "Mozilla/4.0 (compatible; MSIE 6.0; Windows NT 5.1; .NET CLR 1.1.4322)"
195.212.29.171 - - [01/Sep/2005:01:34:46 -0800] "GET /store/photos/smalljpegs/(053)1970-0028-00753.jpg HTTP/1.1" 200 32896 "http://photolab.elmer.uaf.edu/store/index.html" "Mozilla/4.0 (compatible; MSIE 6.0; Windows NT 5.1; .NET CLR 1.1.4322)"
195.212.29.171 - - [01/Sep/2005:01:34:47 -0800] "GET /store/maps/small%20jpegs/(002)%20G4370%20%5B1862_%5D%20C631.jpg HTTP/1.1" 200 42691 "http://photolab.elmer.uaf.edu/store/index.html" "Mozilla/4.0 (compatible; MSIE 6.0; Windows NT 5.1; .NET CLR 1.1.4322)"
195.212.29.171 - - [01/Sep/2005:01:34:53 -0800] "GET /store/photos.html HTTP/1.1" 200 7063 "http://photolab.elmer.uaf.edu/store/index.html" "Mozilla/4.0 (compatible; MSIE 6.0; Windows NT 5.1; .NET CLR 1.1.4322)"
195.212.29.171 - - [01/Sep/2005:01:35:03 -0800] "GET /store/mining.html HTTP/1.1" 200 16945 "http://photolab.elmer.uaf.edu/store/photos.html" "Mozilla/4.0 (compatible; MSIE 6.0; Windows NT 5.1; .NET CLR 1.1.4322)"
195.212.29.171 - - [01/Sep/2005:01:35:03 -0800] "GET /store/photos/smalljpegs/(001)1958-1026-01101.jpg HTTP/1.1" 200 26793 "http://photolab.elmer.uaf.edu/store/mining.html" "Mozilla/4.0 (compatible; MSIE 6.0; Windows NT 5.1; .NET CLR 1.1.4322)"
195.212.29.171 - - [01/Sep/2005:01:35:03 -0800] "GET /store/photos/smalljpegs/(005)1958-1026-01479.jpg HTTP/1.1" 200 40549 "http://photolab.elmer.uaf.edu/store/mining.html" "Mozilla/4.0 (compatible; MSIE 6.0; Windows NT 5.1; .NET CLR 1.1.4322)"
195.212.29.171 - - [01/Sep/2005:01:35:04 -0800] "GET /store/photos/smalljpegs/(006)1970-0058-00507.jpg HTTP/1.1" 200 34057 "http://photolab.elmer.uaf.edu/store/mining.html" "Mozilla/4.0 (compatible; MSIE 6.0; Windows NT 5.1; .NET CLR 1.1.4322)"
195.212.29.171 - - [01/Sep/2005:01:35:05 -0800] "GET /store/photos/smalljpegs/(008)1973-0079-00046.jpg HTTP/1.1" 200 37907 "http://photolab.elmer.uaf.edu/store/mining.html" "Mozilla/4.0 (compatible; MSIE 6.0; Windows NT 5.1; .NET CLR 1.1.4322)"
195.212.29.171 - - [01/Sep/2005:01:35:06 -0800] "GET /store/photos/smalljpegs/(016)1989-0166-00635.jpg HTTP/1.1" 200 33629 "http://photolab.elmer.uaf.edu/store/mining.html" "Mozilla/4.0 (compatible; MSIE 6.0; Windows NT 5.1; .NET CLR 1.1.4322)"
195.212.29.171 - - [01/Sep/2005:01:35:06 -0800] "GET /store/photos/smalljpegs/(025)1958-1026-01474.jpg HTTP/1.1" 200 43131 "http://photolab.elmer.uaf.edu/store/mining.html" "Mozilla/4.0 (compatible; MSIE 6.0; Windows NT 5.1; .NET CLR 1.1.4322)"
195.212.29.171 - - [01/Sep/2005:01:35:08 -0800] "GET /store/photos/smalljpegs/(028)896-036.jpg HTTP/1.1" 200 30336 "http://photolab.elmer.uaf.edu/store/mining.html" "Mozilla/4.0 (compatible; MSIE 6.0; Windows NT 5.1; .NET CLR 1.1.4322)"
195.212.29.171 - - [01/Sep/2005:01:35:07 -0800] "GET /store/photos/smalljpegs/(027)1968-0069-01547.jpg HTTP/1.1" 200 34349 "http://photolab.elmer.uaf.edu/store/mining.html" "Mozilla/4.0 (compatible; MSIE 6.0; Windows NT 5.1; .NET CLR 1.1.4322)"
195.212.29.171 - - [01/Sep/2005:01:35:09 -0800] "GET /store/photos/smalljpegs/(032)1964-0098-02647.jpg HTTP/1.1" 200 29805 "http://photolab.elmer.uaf.edu/store/mining.html" "Mozilla/4.0 (compatible; MSIE 6.0; Windows NT 5.1; .NET CLR 1.1.4322)"
195.212.29.171 - - [01/Sep/2005:01:35:09 -0800] "GET /store/photos/largejpegs/(001)1958-1026-01101.jpg HTTP/1.1" 200 127747 "http://photolab.elmer.uaf.edu/store/mining.html" "Mozilla/4.0 (compatible; MSIE 6.0; Windows NT 5.1; .NET CLR 1.1.4322)"
195.212.29.171 - - [01/Sep/2005:01:35:35 -0800] "GET /store/photos/smalljpegs/(030)1958-1026-01546.jpg HTTP/1.1" 200 32796 "http://photolab.elmer.uaf.edu/store/mining.html" "Mozilla/4.0 (compatible; MSIE 6.0; Windows NT 5.1; .NET CLR 1.1.4322)"
195.212.29.171 - - [01/Sep/2005:01:35:35 -0800] "GET /store/photos/smalljpegs/(051)1981-0107-00008.jpg HTTP/1.1" 200 33523 "http://photolab.elmer.uaf.edu/store/mining.html" "Mozilla/4.0 (compatible; MSIE 6.0; Windows NT 5.1; .NET CLR 1.1.4322)"
195.212.29.171 - - [01/Sep/2005:01:35:09 -0800] "GET /store/photos/smalljpegs/(030)1958-1026-01546.jpg HTTP/1.1" 200 32796 "http://photolab.elmer.uaf.edu/store/mining.html" "Mozilla/4.0 (compatible; MSIE 6.0; Windows NT 5.1; .NET CLR 1.1.4322)"
195.212.29.171 - - [01/Sep/2005:01:35:38 -0800] "GET /store/photos/smalljpegs/(032)1964-0098-02647.jpg HTTP/1.1" 200 29805 "http://photolab.elmer.uaf.edu/store/mining.html" "Mozilla/4.0 (compatible; MSIE 6.0; Windows NT 5.1; .NET CLR 1.1.4322)"
68.142.251.193 - - [01/Sep/2005:01:35:51 -0800] "GET /gallery/photos/19890166/05/pages/1989-0166-00511_neg%20nitrate.html HTTP/1.0" 304 - "-" "Mozilla/5.0 (compatible; Yahoo! Slurp; http://help.yahoo.com/help/us/ysearch/slurp)"
195.212.29.171 - - [01/Sep/2005:01:35:51 -0800] "GET /store/photos/largejpegs/(005)1958-1026-01479.jpg HTTP/1.1" 200 208250 "http://photolab.elmer.uaf.edu/store/mining.html" "Mozilla/4.0 (compatible; MSIE 6.0; Windows NT 5.1; .NET CLR 1.1.4322)"
217.212.224.148 - - [01/Sep/2005:01:36:06 -0800] "GET /gallery/20040026/pages/2004-0026-00021.html HTTP/1.0" 404 339 "-" "psbot/0.1 (+http://www.picsearch.com/bot.html)"
195.212.29.171 - - [01/Sep/2005:01:35:51 -0800] "GET /store/photos/smalljpegs/(032)1964-0098-02647.jpg HTTP/1.1" 200 29805 "http://photolab.elmer.uaf.edu/store/mining.html" "Mozilla/4.0 (compatible; MSIE 6.0; Windows NT 5.1; .NET CLR 1.1.4322)"
195.212.29.171 - - [01/Sep/2005:01:35:51 -0800] "GET /store/photos/largejpegs/(005)1958-1026-01479.jpg HTTP/1.1" 200 208250 "http://photolab.elmer.uaf.edu/store/mining.html" "Mozilla/4.0 (compatible; MSIE 6.0; Windows NT 5.1; .NET CLR 1.1.4322)"
195.212.29.171 - - [01/Sep/2005:01:35:51 -0800] "GET /store/photos/smalljpegs/(045)1989-0166-00025.jpg HTTP/1.1" 200 40740 "http://photolab.elmer.uaf.edu/store/mining.html" "Mozilla/4.0 (compatible; MSIE 6.0; Windows NT 5.1; .NET CLR 1.1.4322)"
207.46.98.84 - - [01/Sep/2005:01:35:54 -0800] "GET /gallery/photos/19581026/22/pages/1958-1026-02298.html HTTP/1.0" 200 6186 "-" "msnbot/1.0 (+http://search.msn.com/msnbot.htm)"
195.212.29.171 - - [01/Sep/2005:01:35:37 -0800] "GET /store/photos/smalljpegs/(045)1989-0166-00025.jpg HTTP/1.1" 200 40740 "http://photolab.elmer.uaf.edu/store/mining.html" "Mozilla/4.0 (compatible; MSIE 6.0; Windows NT 5.1; .NET CLR 1.1.4322)"
195.212.29.171 - - [01/Sep/2005:01:35:56 -0800] "GET /store/mining.html HTTP/1.1" 200 16945 "http://photolab.elmer.uaf.edu/store/photos.html" "Mozilla/4.0 (compatible; MSIE 6.0; Windows NT 5.1; .NET CLR 1.1.4322)"
207.46.98.84 - - [01/Sep/2005:01:36:54 -0800] "GET /gallery/photos/19581026/22/pages/1958-1026-02298.html HTTP/1.0" 200 6186 "-" "msnbot/1.0 (+http://search.msn.com/msnbot.htm)"
195.212.29.171 - - [01/Sep/2005:01:37:27 -0800] "GET /store/akcanada.html HTTP/1.1" 200 16332 "http://photolab.elmer.uaf.edu/store/photos.html" "Mozilla/4.0 (compatible; MSIE 6.0; Windows NT 5.1; .NET CLR 1.1.4322)"
195.212.29.171 - - [01/Sep/2005:01:35:39 -0800] "GET /store/photos/largejpegs/(005)1958-1026-01479.jpg HTTP/1.1" 200 208250 "http://photolab.elmer.uaf.edu/store/mining.html" "Mozilla/4.0 (compatible; MSIE 6.0; Windows NT 5.1; .NET CLR 1.1.4322)"
195.212.29.171 - - [01/Sep/2005:01:35:54 -0800] "GET /store/photos/largejpegs/(006)1970-0058-00507.jpg HTTP/1.1" 200 150207 "http://photolab.elmer.uaf.edu/store/mining.html" "Mozilla/4.0 (compatible; MSIE 6.0; Windows NT 5.1; .NET CLR 1.1.4322)"
217.212.224.148 - - [01/Sep/2005:01:38:06 -0800] "GET /gallery/19740130/pages/1974-0130-00029.html HTTP/1.0" 404 339 "-" "psbot/0.1 (+http://www.picsearch.com/bot.html)"
68.142.251.39 - - [01/Sep/2005:01:38:08 -0800] "GET /gallery/photos/19690092/5/pages/1969-0092-00505.html HTTP/1.0" 200 1763 "-" "Mozilla/5.0 (compatible; Yahoo! Slurp; http://help.yahoo.com/help/us/ysearch/slurp)"
207.46.98.84 - - [01/Sep/2005:01:38:27 -0800] "GET /gallery/photos/19581026/22/pages/1958-1026-02296.html HTTP/1.0" 200 6186 "-" "msnbot/1.0 (+http://search.msn.com/msnbot.htm)"
207.46.98.84 - - [01/Sep/2005:01:38:31 -0800] "GET /gallery/photos/19581026/22/pages/1958-1026-02202.html HTTP/1.0" 200 6183 "-" "msnbot/1.0 (+http://search.msn.com/msnbot.htm)"
207.46.98.84 - - [01/Sep/2005:01:38:34 -0800] "GET /gallery/photos/19581026/22/pages/1958-1026-02207.html HTTP/1.0" 200 6183 "-" "msnbot/1.0 (+http://search.msn.com/msnbot.htm)"
81.215.183.90 - - [01/Sep/2005:01:39:27 -0800] "GET /gallery/photos/19950244/11/pages/1995-0244-01128.html HTTP/1.1" 200 1888 "http://search.msn.com/results.aspx?q=01128&FORM=QBNO3" "Mozilla/4.0 (compatible; MSIE 6.0; Windows NT 5.1)"
81.215.183.90 - - [01/Sep/2005:01:39:27 -0800] "GET /gallery/photos/19950244/11/images/home.gif HTTP/1.1" 200 268 "http://photolab.elmer.uaf.edu/gallery/photos/19950244/11/pages/1995-0244-01128.html" "Mozilla/4.0 (compatible; MSIE 6.0; Windows NT 5.1)"
81.215.183.90 - - [01/Sep/2005:01:39:28 -0800] "GET /gallery/photos/19950244/11/images/previous.gif HTTP/1.1" 200 271 "http://photolab.elmer.uaf.edu/gallery/photos/19950244/11/pages/1995-0244-01128.html" "Mozilla/4.0 (compatible; MSIE 6.0; Windows NT 5.1)"
81.215.183.90 - - [01/Sep/2005:01:39:28 -0800] "GET /gallery/photos/19950244/11/images/next.gif HTTP/1.1" 200 270 "http://photolab.elmer.uaf.edu/gallery/photos/19950244/11/pages/1995-0244-01128.html" "Mozilla/4.0 (compatible; MSIE 6.0; Windows NT 5.1)"
81.215.183.90 - - [01/Sep/2005:01:39:28 -0800] "GET /gallery/photos/19950244/11/images/1995-0244-01128.jpg HTTP/1.1" 200 24219 "http://photolab.elmer.uaf.edu/gallery/photos/19950244/11/pages/1995-0244-01128.html" "Mozilla/4.0 (compatible; MSIE 6.0; Windows NT 5.1)"
66.235.201.110 - - [01/Sep/2005:01:39:52 -0800] "GET /phpmyadmin/index.php HTTP/1.0" 403 318 "-" "-"
68.142.249.81 - - [01/Sep/2005:01:40:01 -0800] "GET /gallery/photos/20030120/2 HTTP/1.0" 301 362 "-" "Mozilla/5.0 (compatible; Yahoo! Slurp; http://help.yahoo.com/help/us/ysearch/slurp)"
68.142.249.81 - - [01/Sep/2005:01:40:02 -0800] "GET /gallery/photos/20030120/2/ HTTP/1.0" 200 6809 "-" "Mozilla/5.0 (compatible; Yahoo! Slurp; http://help.yahoo.com/help/us/ysearch/slurp)"
217.212.224.148 - - [01/Sep/2005:01:40:09 -0800] "GET /gallery/19750178/pages/1975-0178-00035.html HTTP/1.0" 404 339 "-" "psbot/0.1 (+http://www.picsearch.com/bot.html)"
207.46.98.84 - - [01/Sep/2005:01:40:15 -0800] "GET /gallery/photos/19581026/22/pages/1958-1026-02205.html HTTP/1.0" 200 6183 "-" "msnbot/1.0 (+http://search.msn.com/msnbot.htm)"
65.214.44.171 - - [01/Sep/2005:01:40:37 -0800] "GET /gallery/20010129/3/pages/2001-0129-00362.html HTTP/1.0" 404 341 "-" "Mozilla/2.0 (compatible; Ask Jeeves/Teoma; +http://sp.ask.com/docs/about/tech_crawling.html)"
207.46.98.84 - - [01/Sep/2005:01:40:42 -0800] "GET /gallery/photos/19581026/22/pages/1958-1026-02208.html HTTP/1.0" 200 6183 "-" "msnbot/1.0 (+http://search.msn.com/msnbot.htm)"
207.46.98.84 - - [01/Sep/2005:01:40:51 -0800] "GET /gallery/photos/19581026/22/pages/1958-1026-02203.html HTTP/1.0" 200 6183 "-" "msnbot/1.0 (+http://search.msn.com/msnbot.htm)"
207.46.98.84 - - [01/Sep/2005:01:40:57 -0800] "GET /gallery/photos/19581026/22/pages/1958-1026-02206.html HTTP/1.0" 200 6183 "-" "msnbot/1.0 (+http://search.msn.com/msnbot.htm)"
68.142.250.156 - - [01/Sep/2005:01:41:04 -0800] "GET /gallery/photos/20030109/0 HTTP/1.0" 301 362 "-" "Mozilla/5.0 (compatible; Yahoo! Slurp; http://help.yahoo.com/help/us/ysearch/slurp)"
68.142.250.156 - - [01/Sep/2005:01:41:05 -0800] "GET /gallery/photos/20030109/0/ HTTP/1.0" 200 7094 "-" "Mozilla/5.0 (compatible; Yahoo! Slurp; http://help.yahoo.com/help/us/ysearch/slurp)"
207.46.98.84 - - [01/Sep/2005:01:41:58 -0800] "GET /gallery/photos/19581026/22/pages/1958-1026-02204.html HTTP/1.0" 200 6183 "-" "msnbot/1.0 (+http://search.msn.com/msnbot.htm)"
207.46.98.84 - - [01/Sep/2005:01:42:02 -0800] "GET /gallery/photos/19581026/22/pages/1958-1026-02210.html HTTP/1.0" 200 6184 "-" "msnbot/1.0 (+http://search.msn.com/msnbot.htm)"
207.46.98.84 - - [01/Sep/2005:01:42:05 -0800] "GET /gallery/photos/19581026/22/pages/1958-1026-02209.html HTTP/1.0" 200 6184 "-" "msnbot/1.0 (+http://search.msn.com/msnbot.htm)"
217.212.224.148 - - [01/Sep/2005:01:42:07 -0800] "GET /gallery/20040026/pages/2004-0026-00093.html HTTP/1.0" 404 339 "-" "psbot/0.1 (+http://www.picsearch.com/bot.html)"
207.46.98.84 - - [01/Sep/2005:01:42:08 -0800] "GET /gallery/photos/19581026/22/pages/1958-1026-02211.html HTTP/1.0" 200 6184 "-" "msnbot/1.0 (+http://search.msn.com/msnbot.htm)"
207.46.98.84 - - [01/Sep/2005:01:42:11 -0800] "GET /gallery/photos/19640042/0/pages/1964-0042-00016.htm HTTP/1.0" 200 1884 "-" "msnbot/1.0 (+http://search.msn.com/msnbot.htm)"
207.46.98.84 - - [01/Sep/2005:01:42:13 -0800] "GET /gallery/photos/19640042/0/pages/1964-0042-00015.htm HTTP/1.0" 200 1884 "-" "msnbot/1.0 (+http://search.msn.com/msnbot.htm)"
217.212.224.148 - - [01/Sep/2005:01:44:00 -0800] "GET /gallery/20040026/pages/2004-0026-00094.html HTTP/1.0" 404 339 "-" "psbot/0.1 (+http://www.picsearch.com/bot.html)"
207.46.98.84 - - [01/Sep/2005:01:44:13 -0800] "GET /gallery/photos/19640042/0/pages/1964-0042-00014.htm HTTP/1.0" 200 1884 "-" "msnbot/1.0 (+http://search.msn.com/msnbot.htm)"
207.46.98.84 - - [01/Sep/2005:01:44:17 -0800] "GET /gallery/photos/19940096/0/pages/1994-0096-00020.html HTTP/1.0" 200 1903 "-" "msnbot/1.0 (+http://search.msn.com/msnbot.htm)"
207.46.98.84 - - [01/Sep/2005:01:44:21 -0800] "GET /gallery/photos/19940096/0/pages/1994-0096-00030.html HTTP/1.0" 200 1903 "-" "msnbot/1.0 (+http://search.msn.com/msnbot.htm)"
207.46.98.84 - - [01/Sep/2005:01:44:24 -0800] "GET /gallery/photos/20020015/3/pages/2002-0015-00311m.html HTTP/1.0" 200 1768 "-" "msnbot/1.0 (+http://search.msn.com/msnbot.htm)"
207.46.98.84 - - [01/Sep/2005:01:44:28 -0800] "GET /gallery/photos/19940096/0/pages/1994-0096-00032.html HTTP/1.0" 200 1903 "-" "msnbot/1.0 (+http://search.msn.com/msnbot.htm)"
217.212.224.148 - - [01/Sep/2005:01:45:53 -0800] "GET /gallery/20040026/pages/2004-0026-00095.html HTTP/1.0" 404 339 "-" "psbot/0.1 (+http://www.picsearch.com/bot.html)"
217.212.224.148 - - [01/Sep/2005:01:47:50 -0800] "GET /gallery/19740130/pages/1974-0130-00103.html HTTP/1.0" 404 339 "-" "psbot/0.1 (+http://www.picsearch.com/bot.html)"
68.142.250.114 - - [01/Sep/2005:01:49:33 -0800] "GET /gallery/photos/19750084/00/pages/1975-0084-00027.html HTTP/1.0" 304 - "-" "Mozilla/5.0 (compatible; Yahoo! Slurp; http://help.yahoo.com/help/us/ysearch/slurp)"
68.142.250.114 - - [01/Sep/2005:01:49:41 -0800] "GET /gallery/photos/19750084/00/pages/1975-0084-00020.html HTTP/1.0" 304 - "-" "Mozilla/5.0 (compatible; Yahoo! Slurp; http://help.yahoo.com/help/us/ysearch/slurp)"
217.212.224.148 - - [01/Sep/2005:01:49:47 -0800] "GET /gallery/19990204/pages/1999-0204-00034.html HTTP/1.0" 404 339 "-" "psbot/0.1 (+http://www.picsearch.com/bot.html)"
68.142.249.201 - - [01/Sep/2005:01:49:47 -0800] "GET /gallery/photos/20030109/0/pages/2003-0109-00007.html HTTP/1.0" 200 1754 "-" "Mozilla/5.0 (compatible; Yahoo! Slurp; http://help.yahoo.com/help/us/ysearch/slurp)"
65.214.44.171 - - [01/Sep/2005:01:50:03 -0800] "GET /gallery/20010129/0/pages/2001-0129-00015.html HTTP/1.0" 404 341 "-" "Mozilla/2.0 (compatible; Ask Jeeves/Teoma; +http://sp.ask.com/docs/about/tech_crawling.html)"
68.142.250.10 - - [01/Sep/2005:01:50:40 -0800] "GET /gallery/photos/20020087/1 HTTP/1.0" 301 362 "-" "Mozilla/5.0 (compatible; Yahoo! Slurp; http://help.yahoo.com/help/us/ysearch/slurp)"
68.142.249.189 - - [01/Sep/2005:01:50:40 -0800] "GET /gallery/maps/mapg3210.html HTTP/1.0" 200 11279 "-" "Mozilla/5.0 (compatible; Yahoo! Slurp; http://help.yahoo.com/help/us/ysearch/slurp)"
68.142.250.10 - - [01/Sep/2005:01:50:41 -0800] "GET /gallery/photos/20020087/1/ HTTP/1.0" 200 7105 "-" "Mozilla/5.0 (compatible; Yahoo! Slurp; http://help.yahoo.com/help/us/ysearch/slurp)"
68.142.250.10 - - [01/Sep/2005:01:50:42 -0800] "GET /gallery/photos/19900007/0 HTTP/1.0" 301 362 "-" "Mozilla/5.0 (compatible; Yahoo! Slurp; http://help.yahoo.com/help/us/ysearch/slurp)"
68.142.250.10 - - [01/Sep/2005:01:50:42 -0800] "GET /gallery/photos/19900007/0/ HTTP/1.0" 200 7095 "-" "Mozilla/5.0 (compatible; Yahoo! Slurp; http://help.yahoo.com/help/us/ysearch/slurp)"
68.142.249.186 - - [01/Sep/2005:01:51:12 -0800] "GET /gallery/photos/20040145/3/pages/2004-0145-00307.htm HTTP/1.0" 304 - "-" "Mozilla/5.0 (compatible; Yahoo! Slurp; http://help.yahoo.com/help/us/ysearch/slurp)"
217.212.224.148 - - [01/Sep/2005:01:51:49 -0800] "GET /gallery/20040093/pages/2004-0093-00050.html HTTP/1.0" 404 339 "-" "psbot/0.1 (+http://www.picsearch.com/bot.html)"
217.212.224.148 - - [01/Sep/2005:01:53:46 -0800] "GET /gallery/20010147/pages/2001-0147-00034.html HTTP/1.0" 404 339 "-" "psbot/0.1 (+http://www.picsearch.com/bot.html)"
68.142.250.207 - - [01/Sep/2005:01:55:05 -0800] "GET /gallery/photos/20030109/0/pages/2003-0109-00012.html HTTP/1.0" 200 1754 "-" "Mozilla/5.0 (compatible; Yahoo! Slurp; http://help.yahoo.com/help/us/ysearch/slurp)"
217.212.224.148 - - [01/Sep/2005:01:55:43 -0800] "GET /gallery/20010164/pages/2001-0164-00034.html HTTP/1.0" 404 339 "-" "psbot/0.1 (+http://www.picsearch.com/bot.html)"
217.212.224.148 - - [01/Sep/2005:01:57:34 -0800] "GET /gallery/20020032/pages/2002-0032-00027.html HTTP/1.0" 404 339 "-" "psbot/0.1 (+http://www.picsearch.com/bot.html)"
69.210.241.178 - - [01/Sep/2005:01:59:15 -0800] "GET /gallery/maps/mapg3270a.html HTTP/1.1" 200 16035 "http://images.google.com/imgres?imgurl=http://photolab.elmer.uaf.edu/gallery/maps/G3200/large/G3270%2520%255B1667_%255D%2520B52.jpg&imgrefurl=http://photolab.elmer.uaf.edu/gallery/maps/mapg3270a.html&h=1022&w=1200&sz=335&tbnid=yD_I4KAOk3EJ:&tbnh=127&tbnw=150&hl=en&start=31&prev=/images%3Fq%3DB-52%26start%3D20%26imgsz%3Dxxlarge%26svnum%3D10%26hl%3Den%26lr%3D%26safe%3Doff%26sa%3DN" "Mozilla/5.0 (Macintosh; U; PPC Mac OS X; en) AppleWebKit/312.1.1 (KHTML, like Gecko) Safari/312"
69.210.241.178 - - [01/Sep/2005:01:59:16 -0800] "GET /index_files/empty.gif HTTP/1.1" 200 45 "http://photolab.elmer.uaf.edu/gallery/maps/mapg3270a.html" "Mozilla/5.0 (Macintosh; U; PPC Mac OS X; en) AppleWebKit/312.1.1 (KHTML, like Gecko) Safari/312"
69.210.241.178 - - [01/Sep/2005:01:59:16 -0800] "GET /index_files/lib.css HTTP/1.1" 200 2634 "http://photolab.elmer.uaf.edu/gallery/maps/mapg3270a.html" "Mozilla/5.0 (Macintosh; U; PPC Mac OS X; en) AppleWebKit/312.1.1 (KHTML, like Gecko) Safari/312"
69.210.241.178 - - [01/Sep/2005:01:59:16 -0800] "GET /index_files/title.jpg HTTP/1.1" 200 5438 "http://photolab.elmer.uaf.edu/gallery/maps/mapg3270a.html" "Mozilla/5.0 (Macintosh; U; PPC Mac OS X; en) AppleWebKit/312.1.1 (KHTML, like Gecko) Safari/312"
69.210.241.178 - - [01/Sep/2005:01:59:16 -0800] "GET /index_files/small.dps.jpg HTTP/1.1" 200 5830 "http://photolab.elmer.uaf.edu/gallery/maps/mapg3270a.html" "Mozilla/5.0 (Macintosh; U; PPC Mac OS X; en) AppleWebKit/312.1.1 (KHTML, like Gecko) Safari/312"
69.210.241.178 - - [01/Sep/2005:01:59:16 -0800] "GET /index_files/apr.jpg HTTP/1.1" 200 6015 "http://photolab.elmer.uaf.edu/gallery/maps/mapg3270a.html" "Mozilla/5.0 (Macintosh; U; PPC Mac OS X; en) AppleWebKit/312.1.1 (KHTML, like Gecko) Safari/312"
69.210.241.178 - - [01/Sep/2005:01:59:16 -0800] "GET /index_files/small.jpg HTTP/1.1" 200 2294 "http://photolab.elmer.uaf.edu/gallery/maps/mapg3270a.html" "Mozilla/5.0 (Macintosh; U; PPC Mac OS X; en) AppleWebKit/312.1.1 (KHTML, like Gecko) Safari/312"
69.210.241.178 - - [01/Sep/2005:01:59:16 -0800] "GET /index_files/small_002.jpg HTTP/1.1" 200 1351 "http://photolab.elmer.uaf.edu/gallery/maps/mapg3270a.html" "Mozilla/5.0 (Macintosh; U; PPC Mac OS X; en) AppleWebKit/312.1.1 (KHTML, like Gecko) Safari/312"
69.210.241.178 - - [01/Sep/2005:01:59:16 -0800] "GET /index_files/small_003.jpg HTTP/1.1" 200 1521 "http://photolab.elmer.uaf.edu/gallery/maps/mapg3270a.html" "Mozilla/5.0 (Macintosh; U; PPC Mac OS X; en) AppleWebKit/312.1.1 (KHTML, like Gecko) Safari/312"
69.210.241.178 - - [01/Sep/2005:01:59:16 -0800] "GET /gallery/maps/G3200/small/G3270%20%5B1600_%5D%20B87.jpg HTTP/1.1" 200 17323 "http://photolab.elmer.uaf.edu/gallery/maps/mapg3270a.html" "Mozilla/5.0 (Macintosh; U; PPC Mac OS X; en) AppleWebKit/312.1.1 (KHTML, like Gecko) Safari/312"
69.210.241.178 - - [01/Sep/2005:01:59:16 -0800] "GET /gallery/maps/G3200/small/G3271%20S12%20%5B1601%5D%20B79.jpg HTTP/1.1" 200 19484 "http://photolab.elmer.uaf.edu/gallery/maps/mapg3270a.html" "Mozilla/5.0 (Macintosh; U; PPC Mac OS X; en) AppleWebKit/312.1.1 (KHTML, like Gecko) Safari/312"
69.210.241.178 - - [01/Sep/2005:01:59:17 -0800] "GET /gallery/maps/G3200/small/G3270%20%5B1613_%5D.jpg HTTP/1.1" 200 14983 "http://photolab.elmer.uaf.edu/gallery/maps/mapg3270a.html" "Mozilla/5.0 (Macintosh; U; PPC Mac OS X; en) AppleWebKit/312.1.1 (KHTML, like Gecko) Safari/312"
69.210.241.178 - - [01/Sep/2005:01:59:17 -0800] "GET /gallery/maps/G3200/small/G3270%201634%20M4.jpg HTTP/1.1" 200 15633 "http://photolab.elmer.uaf.edu/gallery/maps/mapg3270a.html" "Mozilla/5.0 (Macintosh; U; PPC Mac OS X; en) AppleWebKit/312.1.1 (KHTML, like Gecko) Safari/312"
69.210.241.178 - - [01/Sep/2005:01:59:17 -0800] "GET /gallery/maps/G3200/small/G3270%20%5B1645_%5D%20B551.jpg HTTP/1.1" 200 17323 "http://photolab.elmer.uaf.edu/gallery/maps/mapg3270a.html" "Mozilla/5.0 (Macintosh; U; PPC Mac OS X; en) AppleWebKit/312.1.1 (KHTML, like Gecko) Safari/312"
69.210.241.178 - - [01/Sep/2005:01:59:17 -0800] "GET /gallery/maps/G3200/small/G3270%20%5B1662%5D%20B551.jpg HTTP/1.1" 200 18257 "http://photolab.elmer.uaf.edu/gallery/maps/mapg3270a.html" "Mozilla/5.0 (Macintosh; U; PPC Mac OS X; en) AppleWebKit/312.1.1 (KHTML, like Gecko) Safari/312"
69.210.241.178 - - [01/Sep/2005:01:59:18 -0800] "GET /gallery/maps/G3200/small/G3270%20%5B1667_%5D%20B52.jpg HTTP/1.1" 200 17909 "http://photolab.elmer.uaf.edu/gallery/maps/mapg3270a.html" "Mozilla/5.0 (Macintosh; U; PPC Mac OS X; en) AppleWebKit/312.1.1 (KHTML, like Gecko) Safari/312"
69.210.241.178 - - [01/Sep/2005:01:59:18 -0800] "GET /gallery/maps/G3200/small/G3270%20%5B1693%5D%20M665.jpg HTTP/1.1" 200 14538 "http://photolab.elmer.uaf.edu/gallery/maps/mapg3270a.html" "Mozilla/5.0 (Macintosh; U; PPC Mac OS X; en) AppleWebKit/312.1.1 (KHTML, like Gecko) Safari/312"
69.210.241.178 - - [01/Sep/2005:01:59:18 -0800] "GET /gallery/maps/G3200/large/G3270%20%5B1667_%5D%20B52.jpg HTTP/1.1" 200 342594 "http://images.google.com/imgres?imgurl=http://photolab.elmer.uaf.edu/gallery/maps/G3200/large/G3270%2520%255B1667_%255D%2520B52.jpg&imgrefurl=http://photolab.elmer.uaf.edu/gallery/maps/mapg3270a.html&h=1022&w=1200&sz=335&tbnid=yD_I4KAOk3EJ:&tbnh=127&tbnw=150&hl=en&prev=/images%3Fq%3DB-52%26start%3D20%26imgsz%3Dxxlarge%26svnum%3D10%26hl%3Den%26lr%3D%26safe%3Doff%26sa%3DN&frame=small" "Mozilla/5.0 (Macintosh; U; PPC Mac OS X; en) AppleWebKit/312.1.1 (KHTML, like Gecko) Safari/312"
69.210.241.178 - - [01/Sep/2005:01:59:26 -0800] "GET /favicon.ico HTTP/1.1" 404 307 "-" "Mozilla/5.0 (Macintosh; U; PPC Mac OS X; en) AppleWebKit/312.1.1 (KHTML, like Gecko) Safari/312"
69.210.241.178 - - [01/Sep/2005:01:59:28 -0800] "GET /index_files/bar.gif HTTP/1.1" 200 342 "http://photolab.elmer.uaf.edu/gallery/maps/mapg3270a.html" "Mozilla/5.0 (Macintosh; U; PPC Mac OS X; en) AppleWebKit/312.1.1 (KHTML, like Gecko) Safari/312"
65.214.44.171 - - [01/Sep/2005:01:59:28 -0800] "GET /gallery/19690092/6/pages/1969-0092-00624.html HTTP/1.0" 404 341 "-" "Mozilla/2.0 (compatible; Ask Jeeves/Teoma; +http://sp.ask.com/docs/about/tech_crawling.html)"
69.210.241.178 - - [01/Sep/2005:01:59:28 -0800] "GET /gallery/maps/G3200/small/G3270%201634%20M4.jpg HTTP/1.1" 200 15633 "http://photolab.elmer.uaf.edu/gallery/maps/mapg3270a.html" "Mozilla/5.0 (Macintosh; U; PPC Mac OS X; en) AppleWebKit/312.1.1 (KHTML, like Gecko) Safari/312"
69.210.241.178 - - [01/Sep/2005:01:59:28 -0800] "GET /gallery/maps/G3200/small/G3270%20%5B1613_%5D.jpg HTTP/1.1" 200 14983 "http://photolab.elmer.uaf.edu/gallery/maps/mapg3270a.html" "Mozilla/5.0 (Macintosh; U; PPC Mac OS X; en) AppleWebKit/312.1.1 (KHTML, like Gecko) Safari/312"
69.210.241.178 - - [01/Sep/2005:01:59:28 -0800] "GET /gallery/maps/G3200/small/G3270%20%5B1662%5D%20B551.jpg HTTP/1.1" 200 18257 "http://photolab.elmer.uaf.edu/gallery/maps/mapg3270a.html" "Mozilla/5.0 (Macintosh; U; PPC Mac OS X; en) AppleWebKit/312.1.1 (KHTML, like Gecko) Safari/312"
69.210.241.178 - - [01/Sep/2005:01:59:29 -0800] "GET /gallery/maps/G3200/small/G3270%20%5B1667_%5D%20B52.jpg HTTP/1.1" 200 17909 "http://photolab.elmer.uaf.edu/gallery/maps/mapg3270a.html" "Mozilla/5.0 (Macintosh; U; PPC Mac OS X; en) AppleWebKit/312.1.1 (KHTML, like Gecko) Safari/312"
69.210.241.178 - - [01/Sep/2005:01:59:28 -0800] "GET /gallery/maps/G3200/small/G3270%20%5B1645_%5D%20B551.jpg HTTP/1.1" 200 17323 "http://photolab.elmer.uaf.edu/gallery/maps/mapg3270a.html" "Mozilla/5.0 (Macintosh; U; PPC Mac OS X; en) AppleWebKit/312.1.1 (KHTML, like Gecko) Safari/312"
69.210.241.178 - - [01/Sep/2005:01:59:29 -0800] "GET /gallery/maps/G3200/small/G3270%20%5B1693%5D%20M665.jpg HTTP/1.1" 200 14538 "http://photolab.elmer.uaf.edu/gallery/maps/mapg3270a.html" "Mozilla/5.0 (Macintosh; U; PPC Mac OS X; en) AppleWebKit/312.1.1 (KHTML, like Gecko) Safari/312"
69.210.241.178 - - [01/Sep/2005:01:59:29 -0800] "GET /gallery/maps/G3200/small/G3270%20%5B1696_%5D%20C68.jpg HTTP/1.1" 200 16389 "http://photolab.elmer.uaf.edu/gallery/maps/mapg3270a.html" "Mozilla/5.0 (Macintosh; U; PPC Mac OS X; en) AppleWebKit/312.1.1 (KHTML, like Gecko) Safari/312"
69.210.241.178 - - [01/Sep/2005:01:59:29 -0800] "GET /gallery/maps/G3200/small/G3270%20%5B1698_%5D%20C68.jpg HTTP/1.1" 200 13328 "http://photolab.elmer.uaf.edu/gallery/maps/mapg3270a.html" "Mozilla/5.0 (Macintosh; U; PPC Mac OS X; en) AppleWebKit/312.1.1 (KHTML, like Gecko) Safari/312"
69.210.241.178 - - [01/Sep/2005:01:59:30 -0800] "GET /gallery/maps/G3200/small/G3270%20%5B1720%5D%20B692.jpg HTTP/1.1" 200 17085 "http://photolab.elmer.uaf.edu/gallery/maps/mapg3270a.html" "Mozilla/5.0 (Macintosh; U; PPC Mac OS X; en) AppleWebKit/312.1.1 (KHTML, like Gecko) Safari/312"
69.210.241.178 - - [01/Sep/2005:01:59:30 -0800] "GET /gallery/maps/G3200/small/G3270%20%5B1720%5D%20B692a.jpg HTTP/1.1" 200 17098 "http://photolab.elmer.uaf.edu/gallery/maps/mapg3270a.html" "Mozilla/5.0 (Macintosh; U; PPC Mac OS X; en) AppleWebKit/312.1.1 (KHTML, like Gecko) Safari/312"
69.210.241.178 - - [01/Sep/2005:01:59:30 -0800] "GET /gallery/maps/G3200/small/G3270%201735%20T5.jpg HTTP/1.1" 200 15292 "http://photolab.elmer.uaf.edu/gallery/maps/mapg3270a.html" "Mozilla/5.0 (Macintosh; U; PPC Mac OS X; en) AppleWebKit/312.1.1 (KHTML, like Gecko) Safari/312"
69.210.241.178 - - [01/Sep/2005:01:59:30 -0800] "GET /gallery/maps/G3200/small/G3270%20%5B1736%5D%20B692.jpg HTTP/1.1" 200 16560 "http://photolab.elmer.uaf.edu/gallery/maps/mapg3270a.html" "Mozilla/5.0 (Macintosh; U; PPC Mac OS X; en) AppleWebKit/312.1.1 (KHTML, like Gecko) Safari/312"
69.210.241.178 - - [01/Sep/2005:01:59:31 -0800] "GET /gallery/maps/G3200/small/G3270%20%5B1698_%5D%20C68.jpg HTTP/1.1" 200 13328 "http://photolab.elmer.uaf.edu/gallery/maps/mapg3270a.html" "Mozilla/5.0 (Macintosh; U; PPC Mac OS X; en) AppleWebKit/312.1.1 (KHTML, like Gecko) Safari/312"
69.210.241.178 - - [01/Sep/2005:01:59:30 -0800] "GET /gallery/maps/G3200/small/G3270%20%5B1696_%5D%20C68.jpg HTTP/1.1" 200 16389 "http://photolab.elmer.uaf.edu/gallery/maps/mapg3270a.html" "Mozilla/5.0 (Macintosh; U; PPC Mac OS X; en) AppleWebKit/312.1.1 (KHTML, like Gecko) Safari/312"
69.210.241.178 - - [01/Sep/2005:01:59:31 -0800] "GET /gallery/maps/G3200/small/G3270%20%5B1720%5D%20B692.jpg HTTP/1.1" 200 17085 "http://photolab.elmer.uaf.edu/gallery/maps/mapg3270a.html" "Mozilla/5.0 (Macintosh; U; PPC Mac OS X; en) AppleWebKit/312.1.1 (KHTML, like Gecko) Safari/312"
69.210.241.178 - - [01/Sep/2005:01:59:31 -0800] "GET /gallery/maps/G3200/small/G3270%20%5B1720%5D%20B692a.jpg HTTP/1.1" 200 17098 "http://photolab.elmer.uaf.edu/gallery/maps/mapg3270a.html" "Mozilla/5.0 (Macintosh; U; PPC Mac OS X; en) AppleWebKit/312.1.1 (KHTML, like Gecko) Safari/312"
69.210.241.178 - - [01/Sep/2005:01:59:31 -0800] "GET /gallery/maps/G3200/small/G3270%20%5B1734_%5D.jpg HTTP/1.1" 200 16227 "http://photolab.elmer.uaf.edu/gallery/maps/mapg3270a.html" "Mozilla/5.0 (Macintosh; U; PPC Mac OS X; en) AppleWebKit/312.1.1 (KHTML, like Gecko) Safari/312"
69.210.241.178 - - [01/Sep/2005:01:59:31 -0800] "GET /gallery/maps/G3200/small/G3270%20%5B1734_%5D%20D87.jpg HTTP/1.1" 200 15709 "http://photolab.elmer.uaf.edu/gallery/maps/mapg3270a.html" "Mozilla/5.0 (Macintosh; U; PPC Mac OS X; en) AppleWebKit/312.1.1 (KHTML, like Gecko) Safari/312"
69.210.241.178 - - [01/Sep/2005:01:59:32 -0800] "GET /gallery/maps/G3200/small/G3270%201735%20T5.jpg HTTP/1.1" 200 15292 "http://photolab.elmer.uaf.edu/gallery/maps/mapg3270a.html" "Mozilla/5.0 (Macintosh; U; PPC Mac OS X; en) AppleWebKit/312.1.1 (KHTML, like Gecko) Safari/312"
69.210.241.178 - - [01/Sep/2005:01:59:32 -0800] "GET /gallery/maps/G3200/small/G3270%20%5B1736%5D%20B692.jpg HTTP/1.1" 200 16560 "http://photolab.elmer.uaf.edu/gallery/maps/mapg3270a.html" "Mozilla/5.0 (Macintosh; U; PPC Mac OS X; en) AppleWebKit/312.1.1 (KHTML, like Gecko) Safari/312"
69.210.241.178 - - [01/Sep/2005:01:59:32 -0800] "GET /gallery/maps/G3200/small/G3270%20%5B1747_%5D.jpg HTTP/1.1" 200 17753 "http://photolab.elmer.uaf.edu/gallery/maps/mapg3270a.html" "Mozilla/5.0 (Macintosh; U; PPC Mac OS X; en) AppleWebKit/312.1.1 (KHTML, like Gecko) Safari/312"
217.212.224.148 - - [01/Sep/2005:01:59:33 -0800] "GET /gallery/20020155/pages/2002-0155-00034.html HTTP/1.0" 404 339 "-" "psbot/0.1 (+http://www.picsearch.com/bot.html)"
69.210.241.178 - - [01/Sep/2005:01:59:32 -0800] "GET /gallery/maps/G3200/small/G3270%20%5B1747%5D%20I55.jpg HTTP/1.1" 200 16563 "http://photolab.elmer.uaf.edu/gallery/maps/mapg3270a.html" "Mozilla/5.0 (Macintosh; U; PPC Mac OS X; en) AppleWebKit/312.1.1 (KHTML, like Gecko) Safari/312"
69.210.241.178 - - [01/Sep/2005:01:59:33 -0800] "GET /gallery/maps/G3200/small/G3270%201754%20G4.jpg HTTP/1.1" 200 17083 "http://photolab.elmer.uaf.edu/gallery/maps/mapg3270a.html" "Mozilla/5.0 (Macintosh; U; PPC Mac OS X; en) AppleWebKit/312.1.1 (KHTML, like Gecko) Safari/312"
69.210.241.178 - - [01/Sep/2005:01:59:33 -0800] "GET /gallery/maps/G3200/small/G3270%20%5B1770_%5D%20G52.jpg HTTP/1.1" 200 17617 "http://photolab.elmer.uaf.edu/gallery/maps/mapg3270a.html" "Mozilla/5.0 (Macintosh; U; PPC Mac OS X; en) AppleWebKit/312.1.1 (KHTML, like Gecko) Safari/312"
69.210.241.178 - - [01/Sep/2005:01:59:33 -0800] "GET /gallery/maps/G3200/small/G3270%20%5B1779%5D%20V38.jpg HTTP/1.1" 200 16953 "http://photolab.elmer.uaf.edu/gallery/maps/mapg3270a.html" "Mozilla/5.0 (Macintosh; U; PPC Mac OS X; en) AppleWebKit/312.1.1 (KHTML, like Gecko) Safari/312"
69.210.241.178 - - [01/Sep/2005:01:59:33 -0800] "GET /gallery/maps/G3200/small/G3270%20%5B1794%5D.jpg HTTP/1.1" 200 19199 "http://photolab.elmer.uaf.edu/gallery/maps/mapg3270a.html" "Mozilla/5.0 (Macintosh; U; PPC Mac OS X; en) AppleWebKit/312.1.1 (KHTML, like Gecko) Safari/312"
69.210.241.178 - - [01/Sep/2005:01:59:34 -0800] "GET /index_files/bluebear.gif HTTP/1.1" 200 1263 "http://photolab.elmer.uaf.edu/gallery/maps/mapg3270a.html" "Mozilla/5.0 (Macintosh; U; PPC Mac OS X; en) AppleWebKit/312.1.1 (KHTML, like Gecko) Safari/312"
69.210.241.178 - - [01/Sep/2005:01:59:34 -0800] "GET /gallery/maps/G3200/small/G3270%201797%20K41.jpg HTTP/1.1" 200 14053 "http://photolab.elmer.uaf.edu/gallery/maps/mapg3270a.html" "Mozilla/5.0 (Macintosh; U; PPC Mac OS X; en) AppleWebKit/312.1.1 (KHTML, like Gecko) Safari/312"
69.210.241.178 - - [01/Sep/2005:01:59:34 -0800] "GET /index_files/sitemap.gif HTTP/1.1" 200 1503 "http://photolab.elmer.uaf.edu/gallery/maps/mapg3270a.html" "Mozilla/5.0 (Macintosh; U; PPC Mac OS X; en) AppleWebKit/312.1.1 (KHTML, like Gecko) Safari/312"
69.210.241.178 - - [01/Sep/2005:01:59:34 -0800] "GET /index_files/dps.ico HTTP/1.1" 200 318 "-" "Mozilla/5.0 (Macintosh; U; PPC Mac OS X; en) AppleWebKit/312.1.1 (KHTML, like Gecko) Safari/312"
69.210.241.178 - - [01/Sep/2005:01:59:38 -0800] "GET /gallery/maps/G3200/large/G3270%20%5B1613_%5D.jpg HTTP/1.1" 200 380862 "http://photolab.elmer.uaf.edu/gallery/maps/mapg3270a.html" "Mozilla/5.0 (Macintosh; U; PPC Mac OS X; en) AppleWebKit/312.1.1 (KHTML, like Gecko) Safari/312"
69.210.241.178 - - [01/Sep/2005:02:00:20 -0800] "GET /gallery/maps/G3200/large/G3270%20%5B1770_%5D%20G52.jpg HTTP/1.1" 200 244056 "http://photolab.elmer.uaf.edu/gallery/maps/mapg3270a.html" "Mozilla/5.0 (Macintosh; U; PPC Mac OS X; en) AppleWebKit/312.1.1 (KHTML, like Gecko) Safari/312"
217.212.224.148 - - [01/Sep/2005:02:01:33 -0800] "GET /gallery/20020155/pages/2002-0155-00035.html HTTP/1.0" 404 339 "-" "psbot/0.1 (+http://www.picsearch.com/bot.html)"
68.142.251.149 - - [01/Sep/2005:02:01:56 -0800] "GET /robots.txt HTTP/1.0" 200 96 "-" "Mozilla/5.0 (compatible; Yahoo! Slurp; http://help.yahoo.com/help/us/ysearch/slurp)"
68.142.250.161 - - [01/Sep/2005:02:01:57 -0800] "GET /gallery/photos/20040066/0/pages/2004-0066-00004.html HTTP/1.0" 304 - "-" "Mozilla/5.0 (compatible; Yahoo! Slurp; http://help.yahoo.com/help/us/ysearch/slurp)"
217.212.224.148 - - [01/Sep/2005:02:03:25 -0800] "GET /gallery/20020164/pages/2002-0164-00034.html HTTP/1.0" 404 339 "-" "psbot/0.1 (+http://www.picsearch.com/bot.html)"
207.46.98.84 - - [01/Sep/2005:02:04:11 -0800] "GET /gallery/photos/20040014/0/index_2.html HTTP/1.0" 200 6956 "-" "msnbot/1.0 (+http://search.msn.com/msnbot.htm)"
207.46.98.84 - - [01/Sep/2005:02:04:25 -0800] "GET /gallery/photos/19581026/22/pages/1958-1026-02295.html HTTP/1.0" 200 6186 "-" "msnbot/1.0 (+http://search.msn.com/msnbot.htm)"
