203.244.221.2 - - [01/Sep/2005:02:56:19 -0800] "GET /gallery/maps/G3300/large/G3300%20[1822]%20F55.jpg HTTP/1.0" 200 382427 "http://www.worldmapfinder.com/Map_Detail.php?MAP=541&FN=G3300 [1822] F55.jpg&FU=http://photolab.elmer.uaf.edu/gallery/maps/G3300/large/G3300 [1822] F55.jpg&MW=1200&MH=959&FS=374&FT=jpg&SU=http://photolab.elmer.uaf.edu/gallery/maps/mapg3300.html&WO=0&CE=4&CO=0&CI=0&IT=0&LC=2&PG=1&CS=&FM=1" "Mozilla/4.0 (compatible; MSIE 6.0; Windows NT 5.1; SV1; .NET CLR 1.1.4322)"
83.27.149.108 - - [01/Sep/2005:02:56:46 -0800] "GET /store/photos/smalljpegs/(077)1959-0845-00326.jpg HTTP/1.1" 200 29777 "http://photolab.elmer.uaf.edu/store/fairbanks.html" "Mozilla/4.0 (compatible; MSIE 6.0; Windows NT 5.1; SV1; Neostrada TP 6.1)"
83.27.149.108 - - [01/Sep/2005:02:56:44 -0800] "GET /store/photos/smalljpegs/(076)1989-0166-00236.jpg HTTP/1.1" 200 40878 "http://photolab.elmer.uaf.edu/store/fairbanks.html" "Mozilla/4.0 (compatible; MSIE 6.0; Windows NT 5.1; SV1; Neostrada TP 6.1)"
83.27.149.108 - - [01/Sep/2005:02:56:50 -0800] "GET /store/photos/smalljpegs/(079)1989-0166-00170.jpg HTTP/1.1" 200 31534 "http://photolab.elmer.uaf.edu/store/fairbanks.html" "Mozilla/4.0 (compatible; MSIE 6.0; Windows NT 5.1; SV1; Neostrada TP 6.1)"
83.27.149.108 - - [01/Sep/2005:02:56:50 -0800] "GET /store/photos/smalljpegs/(078)1989-0166-00453.jpg HTTP/1.1" 200 39910 "http://photolab.elmer.uaf.edu/store/fairbanks.html" "Mozilla/4.0 (compatible; MSIE 6.0; Windows NT 5.1; SV1; Neostrada TP 6.1)"
203.244.221.2 - - [01/Sep/2005:02:56:50 -0800] "GET /gallery/maps/mapg3300.html HTTP/1.0" 200 21856 "http://www.worldmapfinder.com/Map_Detail.php?MAP=541&FN=G3300%20%5B1822%5D%20F55.jpg&MW=1200&MH=959&FS=374&FT=jpg&WO=0&CE=4&CO=0&CI=0&IT=0&LC=2&PG=1&CS=iso-8859-1&FU=http://photolab.elmer.uaf.edu/gallery/maps/G3300/large/G3300%20%5B1822%5D%20F55.jpg&SU=http://photolab.elmer.uaf.edu/gallery/maps/mapg3300.html" "Mozilla/4.0 (compatible; MSIE 6.0; Windows NT 5.1; SV1; .NET CLR 1.1.4322)"
83.27.149.108 - - [01/Sep/2005:02:56:53 -0800] "GET /store/photos/smalljpegs/(082)2000-0176-00094.jpg HTTP/1.1" 200 34448 "http://photolab.elmer.uaf.edu/store/fairbanks.html" "Mozilla/4.0 (compatible; MSIE 6.0; Windows NT 5.1; SV1; Neostrada TP 6.1)"
83.27.149.108 - - [01/Sep/2005:02:56:54 -0800] "GET /store/photos/smalljpegs/(084)1958-1026-02244.jpg HTTP/1.1" 200 31105 "http://photolab.elmer.uaf.edu/store/fairbanks.html" "Mozilla/4.0 (compatible; MSIE 6.0; Windows NT 5.1; SV1; Neostrada TP 6.1)"
83.27.149.108 - - [01/Sep/2005:02:56:58 -0800] "GET /store/photos/smalljpegs/(089)1989-0166-00445.jpg HTTP/1.1" 200 35944 "http://photolab.elmer.uaf.edu/store/fairbanks.html" "Mozilla/4.0 (compatible; MSIE 6.0; Windows NT 5.1; SV1; Neostrada TP 6.1)"
83.27.149.108 - - [01/Sep/2005:02:56:58 -0800] "GET /store/photos/smalljpegs/(098)1989-0166-00658.jpg HTTP/1.1" 200 31045 "http://photolab.elmer.uaf.edu/store/fairbanks.html" "Mozilla/4.0 (compatible; MSIE 6.0; Windows NT 5.1; SV1; Neostrada TP 6.1)"
83.27.149.108 - - [01/Sep/2005:02:57:00 -0800] "GET /store/photos/smalljpegs/(099)1989-0166-00219.jpg HTTP/1.1" 200 36061 "http://photolab.elmer.uaf.edu/store/fairbanks.html" "Mozilla/4.0 (compatible; MSIE 6.0; Windows NT 5.1; SV1; Neostrada TP 6.1)"
68.142.249.166 - - [01/Sep/2005:02:57:02 -0800] "GET /gallery/photos/19581026/14/pages/1958-1026-01459.html HTTP/1.0" 200 4990 "-" "Mozilla/5.0 (compatible; Yahoo! Slurp; http://help.yahoo.com/help/us/ysearch/slurp)"
83.27.149.108 - - [01/Sep/2005:02:57:01 -0800] "GET /store/photos/smalljpegs/(100)1989-0166-00661.jpg HTTP/1.1" 200 25729 "http://photolab.elmer.uaf.edu/store/fairbanks.html" "Mozilla/4.0 (compatible; MSIE 6.0; Windows NT 5.1; SV1; Neostrada TP 6.1)"
217.212.224.148 - - [01/Sep/2005:02:57:07 -0800] "GET /gallery/20040084/1157-1288/pages/2004-0084-01275.html HTTP/1.0" 404 349 "-" "psbot/0.1 (+http://www.picsearch.com/bot.html)"
83.27.149.108 - - [01/Sep/2005:02:57:04 -0800] "GET /store/photos/smalljpegs/(147)1989-0166-00777.jpg HTTP/1.1" 200 26474 "http://photolab.elmer.uaf.edu/store/fairbanks.html" "Mozilla/4.0 (compatible; MSIE 6.0; Windows NT 5.1; SV1; Neostrada TP 6.1)"
83.27.149.108 - - [01/Sep/2005:02:57:04 -0800] "GET /store/photos/smalljpegs/(129)1989-0166-00652.jpg HTTP/1.1" 200 38623 "http://photolab.elmer.uaf.edu/store/fairbanks.html" "Mozilla/4.0 (compatible; MSIE 6.0; Windows NT 5.1; SV1; Neostrada TP 6.1)"
83.27.149.108 - - [01/Sep/2005:02:57:09 -0800] "GET /store/photos/smalljpegs/(153)1989-0166-00588.jpg HTTP/1.1" 200 37633 "http://photolab.elmer.uaf.edu/store/fairbanks.html" "Mozilla/4.0 (compatible; MSIE 6.0; Windows NT 5.1; SV1; Neostrada TP 6.1)"
68.142.249.156 - - [01/Sep/2005:02:57:10 -0800] "GET /gallery/photos/19581026/14/pages/1958-1026-01494.html HTTP/1.0" 200 4990 "-" "Mozilla/5.0 (compatible; Yahoo! Slurp; http://help.yahoo.com/help/us/ysearch/slurp)"
83.27.149.108 - - [01/Sep/2005:02:57:13 -0800] "GET /store/photos/smalljpegs/(154)1958-1026-00899.jpg HTTP/1.1" 200 29503 "http://photolab.elmer.uaf.edu/store/fairbanks.html" "Mozilla/4.0 (compatible; MSIE 6.0; Windows NT 5.1; SV1; Neostrada TP 6.1)"
83.27.149.108 - - [01/Sep/2005:02:57:16 -0800] "GET /store/photos/smalljpegs/(166)1989-0166-01150.jpg HTTP/1.1" 200 38536 "http://photolab.elmer.uaf.edu/store/fairbanks.html" "Mozilla/4.0 (compatible; MSIE 6.0; Windows NT 5.1; SV1; Neostrada TP 6.1)"
83.27.149.108 - - [01/Sep/2005:02:57:07 -0800] "GET /store/photos/largejpegs/(067)1989-0166-00462.jpg HTTP/1.1" 200 160085 "http://photolab.elmer.uaf.edu/store/fairbanks.html" "Mozilla/4.0 (compatible; MSIE 6.0; Windows NT 5.1; SV1; Neostrada TP 6.1)"
83.27.149.108 - - [01/Sep/2005:02:57:20 -0800] "GET /store/photos/smalljpegs/(167)1989-0166-01172.jpg HTTP/1.1" 200 30788 "http://photolab.elmer.uaf.edu/store/fairbanks.html" "Mozilla/4.0 (compatible; MSIE 6.0; Windows NT 5.1; SV1; Neostrada TP 6.1)"
83.27.149.108 - - [01/Sep/2005:02:57:22 -0800] "GET /store/photos/smalljpegs/(168)1989-0166-01191.jpg HTTP/1.1" 200 37439 "http://photolab.elmer.uaf.edu/store/fairbanks.html" "Mozilla/4.0 (compatible; MSIE 6.0; Windows NT 5.1; SV1; Neostrada TP 6.1)"
83.27.149.108 - - [01/Sep/2005:02:57:23 -0800] "GET /store/photos/smalljpegs/(169)1989-0166-01200.jpg HTTP/1.1" 200 28733 "http://photolab.elmer.uaf.edu/store/fairbanks.html" "Mozilla/4.0 (compatible; MSIE 6.0; Windows NT 5.1; SV1; Neostrada TP 6.1)"
83.27.149.108 - - [01/Sep/2005:02:57:27 -0800] "GET /index_files/bluebear.gif HTTP/1.1" 200 1263 "http://photolab.elmer.uaf.edu/store/fairbanks.html" "Mozilla/4.0 (compatible; MSIE 6.0; Windows NT 5.1; SV1; Neostrada TP 6.1)"
83.27.149.108 - - [01/Sep/2005:02:57:27 -0800] "GET /index_files/sitemap.gif HTTP/1.1" 200 1503 "http://photolab.elmer.uaf.edu/store/fairbanks.html" "Mozilla/4.0 (compatible; MSIE 6.0; Windows NT 5.1; SV1; Neostrada TP 6.1)"
83.27.149.108 - - [01/Sep/2005:02:57:25 -0800] "GET /store/photos/smalljpegs/(170)1989-0166-01143.jpg HTTP/1.1" 200 36327 "http://photolab.elmer.uaf.edu/store/fairbanks.html" "Mozilla/4.0 (compatible; MSIE 6.0; Windows NT 5.1; SV1; Neostrada TP 6.1)"
68.142.250.112 - - [01/Sep/2005:02:57:31 -0800] "GET /gallery/photos/19581026/14/pages/1958-1026-01434.html HTTP/1.0" 200 4988 "-" "Mozilla/5.0 (compatible; Yahoo! Slurp; http://help.yahoo.com/help/us/ysearch/slurp)"
68.142.251.198 - - [01/Sep/2005:02:57:47 -0800] "GET /gallery/photos/19581026/14/pages/1958-1026-01488.html HTTP/1.0" 200 4990 "-" "Mozilla/5.0 (compatible; Yahoo! Slurp; http://help.yahoo.com/help/us/ysearch/slurp)"
68.142.249.154 - - [01/Sep/2005:02:58:01 -0800] "GET /gallery/photos/19581026/14/pages/1958-1026-01487.html HTTP/1.0" 200 4990 "-" "Mozilla/5.0 (compatible; Yahoo! Slurp; http://help.yahoo.com/help/us/ysearch/slurp)"
68.142.251.186 - - [01/Sep/2005:02:58:41 -0800] "GET /gallery/20020087/2 HTTP/1.0" 404 314 "-" "Mozilla/5.0 (compatible; Yahoo! Slurp; http://help.yahoo.com/help/us/ysearch/slurp)"
217.212.224.148 - - [01/Sep/2005:02:58:52 -0800] "GET /gallery/20040084/1157-1288/pages/2004-0084-01276.html HTTP/1.0" 404 349 "-" "psbot/0.1 (+http://www.picsearch.com/bot.html)"
68.142.251.46 - - [01/Sep/2005:02:59:14 -0800] "GET /gallery/19950244/00/index_2.html HTTP/1.0" 404 328 "-" "Mozilla/5.0 (compatible; Yahoo! Slurp; http://help.yahoo.com/help/us/ysearch/slurp)"
68.142.250.168 - - [01/Sep/2005:03:00:21 -0800] "GET /gallery/photos/19581026/14/pages/1958-1026-01447.html HTTP/1.0" 200 4990 "-" "Mozilla/5.0 (compatible; Yahoo! Slurp; http://help.yahoo.com/help/us/ysearch/slurp)"
68.142.251.137 - - [01/Sep/2005:03:00:40 -0800] "GET /gallery/photos/19581026/14/pages/1958-1026-01495.html HTTP/1.0" 200 4990 "-" "Mozilla/5.0 (compatible; Yahoo! Slurp; http://help.yahoo.com/help/us/ysearch/slurp)"
217.212.224.148 - - [01/Sep/2005:03:00:40 -0800] "GET /gallery/20040084/1157-1288/pages/2004-0084-01277.html HTTP/1.0" 404 349 "-" "psbot/0.1 (+http://www.picsearch.com/bot.html)"
68.142.251.70 - - [01/Sep/2005:03:00:40 -0800] "GET /gallery/photos/19581026/14/pages/1958-1026-01491.html HTTP/1.0" 200 4990 "-" "Mozilla/5.0 (compatible; Yahoo! Slurp; http://help.yahoo.com/help/us/ysearch/slurp)"
68.142.249.12 - - [01/Sep/2005:03:01:07 -0800] "GET /gallery/photos/19581026/14/pages/1958-1026-01446.html HTTP/1.0" 200 4990 "-" "Mozilla/5.0 (compatible; Yahoo! Slurp; http://help.yahoo.com/help/us/ysearch/slurp)"
68.142.251.65 - - [01/Sep/2005:03:01:40 -0800] "GET /gallery/photos/19581026/14/pages/1958-1026-01485.html HTTP/1.0" 200 4990 "-" "Mozilla/5.0 (compatible; Yahoo! Slurp; http://help.yahoo.com/help/us/ysearch/slurp)"
68.142.251.149 - - [01/Sep/2005:03:02:00 -0800] "GET /robots.txt HTTP/1.0" 200 96 "-" "Mozilla/5.0 (compatible; Yahoo! Slurp; http://help.yahoo.com/help/us/ysearch/slurp)"
68.142.250.87 - - [01/Sep/2005:03:02:00 -0800] "GET /gallery/photos/19581026/14/pages/1958-1026-01469.html HTTP/1.0" 200 4990 "-" "Mozilla/5.0 (compatible; Yahoo! Slurp; http://help.yahoo.com/help/us/ysearch/slurp)"
68.142.250.63 - - [01/Sep/2005:03:02:06 -0800] "GET /gallery/photos/19581026/14/pages/1958-1026-01455.html HTTP/1.0" 200 4990 "-" "Mozilla/5.0 (compatible; Yahoo! Slurp; http://help.yahoo.com/help/us/ysearch/slurp)"
217.212.224.148 - - [01/Sep/2005:03:02:23 -0800] "GET /gallery/20040084/1157-1288/pages/2004-0084-01278.html HTTP/1.0" 404 349 "-" "psbot/0.1 (+http://www.picsearch.com/bot.html)"
68.142.249.121 - - [01/Sep/2005:03:02:40 -0800] "GET /gallery/photos/19581026/14/pages/1958-1026-01467.html HTTP/1.0" 200 4990 "-" "Mozilla/5.0 (compatible; Yahoo! Slurp; http://help.yahoo.com/help/us/ysearch/slurp)"
68.142.251.203 - - [01/Sep/2005:03:03:38 -0800] "GET /gallery/photos/19581026/14/pages/1958-1026-01449.html HTTP/1.0" 200 4990 "-" "Mozilla/5.0 (compatible; Yahoo! Slurp; http://help.yahoo.com/help/us/ysearch/slurp)"
217.212.224.148 - - [01/Sep/2005:03:04:14 -0800] "GET /gallery/20040084/1157-1288/pages/2004-0084-01279.html HTTP/1.0" 404 349 "-" "psbot/0.1 (+http://www.picsearch.com/bot.html)"
68.142.251.10 - - [01/Sep/2005:03:05:10 -0800] "GET /gallery/photos/19581026/14/pages/1958-1026-01468.html HTTP/1.0" 200 4990 "-" "Mozilla/5.0 (compatible; Yahoo! Slurp; http://help.yahoo.com/help/us/ysearch/slurp)"
65.214.44.171 - - [01/Sep/2005:03:05:57 -0800] "GET /gallery/19950244/00/pages/1995-0244-00032.html HTTP/1.0" 404 342 "-" "Mozilla/2.0 (compatible; Ask Jeeves/Teoma; +http://sp.ask.com/docs/about/tech_crawling.html)"
217.212.224.148 - - [01/Sep/2005:03:06:02 -0800] "GET /gallery/20040084/1157-1288/pages/2004-0084-01280.html HTTP/1.0" 404 349 "-" "psbot/0.1 (+http://www.picsearch.com/bot.html)"
68.142.251.116 - - [01/Sep/2005:03:06:08 -0800] "GET /gallery/photos/19581026/14/pages/1958-1026-01438.html HTTP/1.0" 200 4990 "-" "Mozilla/5.0 (compatible; Yahoo! Slurp; http://help.yahoo.com/help/us/ysearch/slurp)"
68.142.251.146 - - [01/Sep/2005:03:06:19 -0800] "GET /gallery/photos/19581026/14/pages/1958-1026-01474.html HTTP/1.0" 200 4990 "-" "Mozilla/5.0 (compatible; Yahoo! Slurp; http://help.yahoo.com/help/us/ysearch/slurp)"
68.142.250.120 - - [01/Sep/2005:03:07:10 -0800] "GET /gallery/photos/19581026/14/pages/1958-1026-01486.html HTTP/1.0" 200 4990 "-" "Mozilla/5.0 (compatible; Yahoo! Slurp; http://help.yahoo.com/help/us/ysearch/slurp)"
68.142.249.26 - - [01/Sep/2005:03:07:42 -0800] "GET /gallery/photos/19581026/14/pages/1958-1026-01441.html HTTP/1.0" 200 4990 "-" "Mozilla/5.0 (compatible; Yahoo! Slurp; http://help.yahoo.com/help/us/ysearch/slurp)"
217.212.224.148 - - [01/Sep/2005:03:07:52 -0800] "GET /gallery/20040084/1157-1288/pages/2004-0084-01281.html HTTP/1.0" 404 349 "-" "psbot/0.1 (+http://www.picsearch.com/bot.html)"
68.142.251.99 - - [01/Sep/2005:03:08:01 -0800] "GET /gallery/photos/19581026/14/pages/1958-1026-01439.html HTTP/1.0" 200 4990 "-" "Mozilla/5.0 (compatible; Yahoo! Slurp; http://help.yahoo.com/help/us/ysearch/slurp)"
68.142.249.31 - - [01/Sep/2005:03:08:05 -0800] "GET /gallery/photos/19581026/14/pages/1958-1026-01450.html HTTP/1.0" 200 4990 "-" "Mozilla/5.0 (compatible; Yahoo! Slurp; http://help.yahoo.com/help/us/ysearch/slurp)"
68.142.251.209 - - [01/Sep/2005:03:08:22 -0800] "GET /gallery/photos/19581026/14/pages/1958-1026-01461.html HTTP/1.0" 200 4990 "-" "Mozilla/5.0 (compatible; Yahoo! Slurp; http://help.yahoo.com/help/us/ysearch/slurp)"
68.142.251.29 - - [01/Sep/2005:03:08:33 -0800] "GET /gallery/photos/19581026/14/pages/1958-1026-01433.html HTTP/1.0" 200 4988 "-" "Mozilla/5.0 (compatible; Yahoo! Slurp; http://help.yahoo.com/help/us/ysearch/slurp)"
68.142.249.189 - - [01/Sep/2005:03:08:54 -0800] "GET /gallery/photos/19581026/14/pages/1958-1026-01472.html HTTP/1.0" 200 4990 "-" "Mozilla/5.0 (compatible; Yahoo! Slurp; http://help.yahoo.com/help/us/ysearch/slurp)"
68.142.251.105 - - [01/Sep/2005:03:09:08 -0800] "GET /gallery/photos/19581026/14/pages/1958-1026-01471.html HTTP/1.0" 200 4990 "-" "Mozilla/5.0 (compatible; Yahoo! Slurp; http://help.yahoo.com/help/us/ysearch/slurp)"
217.212.224.148 - - [01/Sep/2005:03:09:40 -0800] "GET /gallery/20040084/1157-1288/pages/2004-0084-01282.html HTTP/1.0" 404 349 "-" "psbot/0.1 (+http://www.picsearch.com/bot.html)"
68.142.249.159 - - [01/Sep/2005:03:11:19 -0800] "GET /gallery/photos/19581026/14/pages/1958-1026-01440.html HTTP/1.0" 200 4990 "-" "Mozilla/5.0 (compatible; Yahoo! Slurp; http://help.yahoo.com/help/us/ysearch/slurp)"
217.212.224.148 - - [01/Sep/2005:03:11:25 -0800] "GET /gallery/20040084/1157-1288/pages/2004-0084-01283.html HTTP/1.0" 404 349 "-" "psbot/0.1 (+http://www.picsearch.com/bot.html)"
68.142.251.66 - - [01/Sep/2005:03:11:25 -0800] "GET /gallery/photos/19581026/14/pages/1958-1026-01462.html HTTP/1.0" 200 4990 "-" "Mozilla/5.0 (compatible; Yahoo! Slurp; http://help.yahoo.com/help/us/ysearch/slurp)"
68.142.250.36 - - [01/Sep/2005:03:11:29 -0800] "GET /gallery/photos/19581026/14/pages/1958-1026-01423.html HTTP/1.0" 200 4831 "-" "Mozilla/5.0 (compatible; Yahoo! Slurp; http://help.yahoo.com/help/us/ysearch/slurp)"
68.142.251.69 - - [01/Sep/2005:03:12:28 -0800] "GET /gallery/photos/20040085 HTTP/1.0" 301 360 "-" "Mozilla/5.0 (compatible; Yahoo! Slurp; http://help.yahoo.com/help/us/ysearch/slurp)"
68.142.251.69 - - [01/Sep/2005:03:12:29 -0800] "GET /gallery/photos/20040085/ HTTP/1.0" 200 9086 "-" "Mozilla/5.0 (compatible; Yahoo! Slurp; http://help.yahoo.com/help/us/ysearch/slurp)"
68.142.251.163 - - [01/Sep/2005:03:12:38 -0800] "GET /gallery/photos/19581026/14/pages/1958-1026-01480.html HTTP/1.0" 200 4990 "-" "Mozilla/5.0 (compatible; Yahoo! Slurp; http://help.yahoo.com/help/us/ysearch/slurp)"
207.46.98.84 - - [01/Sep/2005:03:13:06 -0800] "GET /robots.txt HTTP/1.0" 200 96 "-" "msnbot/1.0 (+http://search.msn.com/msnbot.htm)"
207.46.98.84 - - [01/Sep/2005:03:13:06 -0800] "GET /gallery/photos/19660054/02/index.html HTTP/1.0" 200 7108 "-" "msnbot/1.0 (+http://search.msn.com/msnbot.htm)"
217.212.224.148 - - [01/Sep/2005:03:13:08 -0800] "GET /gallery/20040084/1157-1288/pages/2004-0084-01284.html HTTP/1.0" 404 349 "-" "psbot/0.1 (+http://www.picsearch.com/bot.html)"
68.142.251.69 - - [01/Sep/2005:03:13:30 -0800] "GET /gallery/photos/19890166/13/pages/1989-0166-01083_postcard.html HTTP/1.0" 304 - "-" "Mozilla/5.0 (compatible; Yahoo! Slurp; http://help.yahoo.com/help/us/ysearch/slurp)"
68.142.250.155 - - [01/Sep/2005:03:13:30 -0800] "GET /gallery/20030129/2 HTTP/1.0" 404 314 "-" "Mozilla/5.0 (compatible; Yahoo! Slurp; http://help.yahoo.com/help/us/ysearch/slurp)"
207.46.98.84 - - [01/Sep/2005:03:14:35 -0800] "GET /gallery/photos/19660054/01/index.html HTTP/1.0" 200 7098 "-" "msnbot/1.0 (+http://search.msn.com/msnbot.htm)"
68.142.250.167 - - [01/Sep/2005:03:14:44 -0800] "GET /gallery/photos/19581026/14/pages/1958-1026-01454.html HTTP/1.0" 200 4990 "-" "Mozilla/5.0 (compatible; Yahoo! Slurp; http://help.yahoo.com/help/us/ysearch/slurp)"
217.212.224.148 - - [01/Sep/2005:03:14:52 -0800] "GET /gallery/19790093/album/pages/1979-0093-00257.html HTTP/1.0" 404 345 "-" "psbot/0.1 (+http://www.picsearch.com/bot.html)"
207.46.98.84 - - [01/Sep/2005:03:14:55 -0800] "GET /gallery/photos/19950244/11/index_2.html HTTP/1.0" 200 7231 "-" "msnbot/1.0 (+http://search.msn.com/msnbot.htm)"
65.214.44.171 - - [01/Sep/2005:03:15:23 -0800] "GET /gallery/19680069/25/pages/1968-0069-02593.html HTTP/1.0" 404 342 "-" "Mozilla/2.0 (compatible; Ask Jeeves/Teoma; +http://sp.ask.com/docs/about/tech_crawling.html)"
68.142.249.109 - - [01/Sep/2005:03:15:38 -0800] "GET /gallery/photos/19581026/14/pages/1958-1026-01442.html HTTP/1.0" 200 4990 "-" "Mozilla/5.0 (compatible; Yahoo! Slurp; http://help.yahoo.com/help/us/ysearch/slurp)"
207.46.98.84 - - [01/Sep/2005:03:16:35 -0800] "GET /gallery/photos/19581026/22/pages/1958-1026-02285.html HTTP/1.0" 200 6186 "-" "msnbot/1.0 (+http://search.msn.com/msnbot.htm)"
217.212.224.148 - - [01/Sep/2005:03:16:39 -0800] "GET /gallery/19790093/album/pages/1979-0093-00258.html HTTP/1.0" 404 345 "-" "psbot/0.1 (+http://www.picsearch.com/bot.html)"
207.46.98.84 - - [01/Sep/2005:03:16:50 -0800] "GET /gallery/photos/19581026/22/pages/1958-1026-02294.html HTTP/1.0" 200 6186 "-" "msnbot/1.0 (+http://search.msn.com/msnbot.htm)"
207.46.98.84 - - [01/Sep/2005:03:17:40 -0800] "GET /gallery/photos/19581026/22/pages/1958-1026-02288.html HTTP/1.0" 200 6186 "-" "msnbot/1.0 (+http://search.msn.com/msnbot.htm)"
207.46.98.84 - - [01/Sep/2005:03:17:46 -0800] "GET /gallery/photos/19581026/22/pages/1958-1026-02292.html HTTP/1.0" 200 6186 "-" "msnbot/1.0 (+http://search.msn.com/msnbot.htm)"
207.46.98.84 - - [01/Sep/2005:03:17:49 -0800] "GET /gallery/photos/19581026/22/pages/1958-1026-02290.html HTTP/1.0" 200 6186 "-" "msnbot/1.0 (+http://search.msn.com/msnbot.htm)"
207.46.98.84 - - [01/Sep/2005:03:17:52 -0800] "GET /gallery/photos/19581026/22/pages/1958-1026-02286.html HTTP/1.0" 200 6186 "-" "msnbot/1.0 (+http://search.msn.com/msnbot.htm)"
217.212.224.148 - - [01/Sep/2005:03:18:15 -0800] "GET /gallery/19790093/album/pages/1979-0093-00259.html HTTP/1.0" 404 345 "-" "psbot/0.1 (+http://www.picsearch.com/bot.html)"
68.142.250.194 - - [01/Sep/2005:03:18:47 -0800] "GET /gallery/photos/19581026/14/pages/1958-1026-01465.html HTTP/1.0" 200 4990 "-" "Mozilla/5.0 (compatible; Yahoo! Slurp; http://help.yahoo.com/help/us/ysearch/slurp)"
207.46.98.84 - - [01/Sep/2005:03:18:54 -0800] "GET /gallery/photos/19581026/22/pages/1958-1026-02287.html HTTP/1.0" 200 6186 "-" "msnbot/1.0 (+http://search.msn.com/msnbot.htm)"
207.46.98.84 - - [01/Sep/2005:03:18:56 -0800] "GET /gallery/photos/19581026/22/pages/1958-1026-02284.html HTTP/1.0" 200 6186 "-" "msnbot/1.0 (+http://search.msn.com/msnbot.htm)"
207.46.98.84 - - [01/Sep/2005:03:18:58 -0800] "GET /gallery/photos/19581026/22/pages/1958-1026-02212.html HTTP/1.0" 200 6186 "-" "msnbot/1.0 (+http://search.msn.com/msnbot.htm)"
207.46.98.84 - - [01/Sep/2005:03:19:00 -0800] "GET /gallery/photos/19581026/22/pages/1958-1026-02223.html HTTP/1.0" 200 6186 "-" "msnbot/1.0 (+http://search.msn.com/msnbot.htm)"
207.46.98.84 - - [01/Sep/2005:03:19:01 -0800] "GET /gallery/photos/19581026/22/pages/1958-1026-02221.html HTTP/1.0" 200 6186 "-" "msnbot/1.0 (+http://search.msn.com/msnbot.htm)"
207.46.98.84 - - [01/Sep/2005:03:19:02 -0800] "GET /gallery/photos/19581026/22/pages/1958-1026-02214.html HTTP/1.0" 200 6186 "-" "msnbot/1.0 (+http://search.msn.com/msnbot.htm)"
207.46.98.84 - - [01/Sep/2005:03:19:04 -0800] "GET /gallery/photos/19581026/22/pages/1958-1026-02216.html HTTP/1.0" 200 6186 "-" "msnbot/1.0 (+http://search.msn.com/msnbot.htm)"
207.46.98.84 - - [01/Sep/2005:03:19:05 -0800] "GET /gallery/photos/19581026/22/pages/1958-1026-02218.html HTTP/1.0" 200 6186 "-" "msnbot/1.0 (+http://search.msn.com/msnbot.htm)"
207.46.98.84 - - [01/Sep/2005:03:19:06 -0800] "GET /gallery/photos/19581026/22/pages/1958-1026-02282.html HTTP/1.0" 200 6186 "-" "msnbot/1.0 (+http://search.msn.com/msnbot.htm)"
217.212.224.148 - - [01/Sep/2005:03:19:59 -0800] "GET /gallery/19790093/album/pages/1979-0093-00260.html HTTP/1.0" 404 345 "-" "psbot/0.1 (+http://www.picsearch.com/bot.html)"
207.46.98.84 - - [01/Sep/2005:03:20:13 -0800] "GET /gallery/photos/19581026/22/pages/1958-1026-02280.html HTTP/1.0" 200 6186 "-" "msnbot/1.0 (+http://search.msn.com/msnbot.htm)"
68.142.250.194 - - [01/Sep/2005:03:21:20 -0800] "GET /gallery/photos/19581026/14/pages/1958-1026-01436.html HTTP/1.0" 200 4990 "-" "Mozilla/5.0 (compatible; Yahoo! Slurp; http://help.yahoo.com/help/us/ysearch/slurp)"
207.46.98.84 - - [01/Sep/2005:03:21:35 -0800] "GET /gallery/photos/19940096/0/pages/1994-0096-00018.html HTTP/1.0" 200 1903 "-" "msnbot/1.0 (+http://search.msn.com/msnbot.htm)"
217.212.224.148 - - [01/Sep/2005:03:21:45 -0800] "GET /gallery/20030137/pages/2003-0137-00060.html HTTP/1.0" 404 339 "-" "psbot/0.1 (+http://www.picsearch.com/bot.html)"
162.83.19.157 - - [01/Sep/2005:03:22:26 -0800] "GET /index_files/store.css HTTP/1.1" 200 2756 "http://photolab.elmer.uaf.edu/store/fairbanks.html" "Mozilla/5.0 (Windows; U; Windows NT 5.1; en-US; rv:1.7.5) Gecko/20041107 Firefox/1.0"
162.83.19.157 - - [01/Sep/2005:03:22:25 -0800] "GET /store/fairbanks.html HTTP/1.1" 200 29518 "http://images.google.com/imgres?imgurl=http://photolab.elmer.uaf.edu/store/photos/largejpegs/(029)1989-0166-00230.jpg&imgrefurl=http://photolab.elmer.uaf.edu/store/fairbanks.html&h=787&w=1000&sz=192&tbnid=RtGA-pp3140J:&tbnh=117&tbnw=149&hl=en&start=181&prev=/images%3Fq%3Dfox%2Bstore%26start%3D180%26svnum%3D10%26hl%3Den%26lr%3D%26client%3Dfirefox-a%26rls%3Dorg.mozilla:en-US:official_s%26sa%3DN" "Mozilla/5.0 (Windows; U; Windows NT 5.1; en-US; rv:1.7.5) Gecko/20041107 Firefox/1.0"
162.83.19.157 - - [01/Sep/2005:03:22:26 -0800] "GET /index_files/titlebrown.jpg HTTP/1.1" 200 5451 "http://photolab.elmer.uaf.edu/store/fairbanks.html" "Mozilla/5.0 (Windows; U; Windows NT 5.1; en-US; rv:1.7.5) Gecko/20041107 Firefox/1.0"
162.83.19.157 - - [01/Sep/2005:03:22:27 -0800] "GET /index_files/aprbrown.jpg HTTP/1.1" 200 5509 "http://photolab.elmer.uaf.edu/store/fairbanks.html" "Mozilla/5.0 (Windows; U; Windows NT 5.1; en-US; rv:1.7.5) Gecko/20041107 Firefox/1.0"
162.83.19.157 - - [01/Sep/2005:03:22:26 -0800] "GET /store/photos/largejpegs/(029)1989-0166-00230.jpg HTTP/1.1" 200 196439 "http://images.google.com/imgres?imgurl=http://photolab.elmer.uaf.edu/store/photos/largejpegs/(029)1989-0166-00230.jpg&imgrefurl=http://photolab.elmer.uaf.edu/store/fairbanks.html&h=787&w=1000&sz=192&tbnid=RtGA-pp3140J:&tbnh=117&tbnw=149&hl=en&prev=/images%3Fq%3Dfox%2Bstore%26start%3D180%26svnum%3D10%26hl%3Den%26lr%3D%26client%3Dfirefox-a%26rls%3Dorg.mozilla:en-US:official_s%26sa%3DN&frame=small" "Mozilla/5.0 (Windows; U; Windows NT 5.1; en-US; rv:1.7.5) Gecko/20041107 Firefox/1.0"
162.83.19.157 - - [01/Sep/2005:03:22:31 -0800] "GET /store/fairbanks.html HTTP/1.1" 206 13134 "http://images.google.com/imgres?imgurl=http://photolab.elmer.uaf.edu/store/photos/largejpegs/(029)1989-0166-00230.jpg&imgrefurl=http://photolab.elmer.uaf.edu/store/fairbanks.html&h=787&w=1000&sz=192&tbnid=RtGA-pp3140J:&tbnh=117&tbnw=149&hl=en&start=181&prev=/images%3Fq%3Dfox%2Bstore%26start%3D180%26svnum%3D10%26hl%3Den%26lr%3D%26client%3Dfirefox-a%26rls%3Dorg.mozilla:en-US:official_s%26sa%3DN" "Mozilla/5.0 (Windows; U; Windows NT 5.1; en-US; rv:1.7.5) Gecko/20041107 Firefox/1.0"
162.83.19.157 - - [01/Sep/2005:03:22:32 -0800] "GET /index_files/store.css HTTP/1.1" 200 2756 "http://photolab.elmer.uaf.edu/store/fairbanks.html" "Mozilla/5.0 (Windows; U; Windows NT 5.1; en-US; rv:1.7.5) Gecko/20041107 Firefox/1.0"
162.83.19.157 - - [01/Sep/2005:03:22:32 -0800] "GET /index_files/aprbrown.jpg HTTP/1.1" 206 1413 "http://photolab.elmer.uaf.edu/store/fairbanks.html" "Mozilla/5.0 (Windows; U; Windows NT 5.1; en-US; rv:1.7.5) Gecko/20041107 Firefox/1.0"
162.83.19.157 - - [01/Sep/2005:03:22:32 -0800] "GET /index_files/storetitle.gif HTTP/1.1" 200 14535 "http://photolab.elmer.uaf.edu/store/fairbanks.html" "Mozilla/5.0 (Windows; U; Windows NT 5.1; en-US; rv:1.7.5) Gecko/20041107 Firefox/1.0"
162.83.19.157 - - [01/Sep/2005:03:22:32 -0800] "GET /index_files/menubar.gif HTTP/1.1" 200 2913 "http://photolab.elmer.uaf.edu/store/fairbanks.html" "Mozilla/5.0 (Windows; U; Windows NT 5.1; en-US; rv:1.7.5) Gecko/20041107 Firefox/1.0"
207.46.98.84 - - [01/Sep/2005:03:22:54 -0800] "GET /gallery/photos/20040145/1/index_5.htm HTTP/1.0" 200 7213 "-" "msnbot/1.0 (+http://search.msn.com/msnbot.htm)"
217.212.224.148 - - [01/Sep/2005:03:23:33 -0800] "GET /gallery/20040084/1157-1288/pages/2004-0084-01285.html HTTP/1.0" 404 349 "-" "psbot/0.1 (+http://www.picsearch.com/bot.html)"
68.142.250.103 - - [01/Sep/2005:03:23:49 -0800] "GET /gallery/photos/19581026/14/pages/1958-1026-01493.html HTTP/1.0" 200 4990 "-" "Mozilla/5.0 (compatible; Yahoo! Slurp; http://help.yahoo.com/help/us/ysearch/slurp)"
65.214.44.171 - - [01/Sep/2005:03:24:48 -0800] "GET /gallery/19950244/04/pages/1995-0244-00447.html HTTP/1.0" 404 342 "-" "Mozilla/2.0 (compatible; Ask Jeeves/Teoma; +http://sp.ask.com/docs/about/tech_crawling.html)"
217.212.224.148 - - [01/Sep/2005:03:25:23 -0800] "GET /gallery/20040084/1157-1288/pages/2004-0084-01199.html HTTP/1.0" 404 349 "-" "psbot/0.1 (+http://www.picsearch.com/bot.html)"
221.142.121.118 - - [01/Sep/2005:03:26:15 -0800] "GET /gallery/maps/mapg3300.html HTTP/1.1" 200 21856 "http://www.worldmapfinder.com/Map_Detail.php?MAP=541&FN=G3300%20%5B1822%5D%20F55.jpg&MW=1200&MH=959&FS=374&FT=jpg&WO=0&CE=4&CO=0&CI=0&IT=0&LC=2&PG=1&CS=iso-8859-1&FU=http://photolab.elmer.uaf.edu/gallery/maps/G3300/large/G3300%20%5B1822%5D%20F55.jpg&SU=http://photolab.elmer.uaf.edu/gallery/maps/mapg3300.html" "Mozilla/4.0 (compatible; MSIE 6.0; Windows NT 5.1)"
221.142.121.118 - - [01/Sep/2005:03:26:16 -0800] "GET /index_files/title.jpg HTTP/1.1" 200 5438 "http://photolab.elmer.uaf.edu/gallery/maps/mapg3300.html" "Mozilla/4.0 (compatible; MSIE 6.0; Windows NT 5.1)"
221.142.121.118 - - [01/Sep/2005:03:26:16 -0800] "GET /index_files/empty.gif HTTP/1.1" 200 45 "http://photolab.elmer.uaf.edu/gallery/maps/mapg3300.html" "Mozilla/4.0 (compatible; MSIE 6.0; Windows NT 5.1)"
221.142.121.118 - - [01/Sep/2005:03:26:16 -0800] "GET /index_files/lib.css HTTP/1.1" 200 2634 "http://photolab.elmer.uaf.edu/gallery/maps/mapg3300.html" "Mozilla/4.0 (compatible; MSIE 6.0; Windows NT 5.1)"
221.142.121.118 - - [01/Sep/2005:03:26:16 -0800] "GET /index_files/small.jpg HTTP/1.1" 200 2294 "http://photolab.elmer.uaf.edu/gallery/maps/mapg3300.html" "Mozilla/4.0 (compatible; MSIE 6.0; Windows NT 5.1)"
221.142.121.118 - - [01/Sep/2005:03:26:16 -0800] "GET /index_files/apr.jpg HTTP/1.1" 200 6015 "http://photolab.elmer.uaf.edu/gallery/maps/mapg3300.html" "Mozilla/4.0 (compatible; MSIE 6.0; Windows NT 5.1)"
221.142.121.118 - - [01/Sep/2005:03:26:17 -0800] "GET /index_files/small_002.jpg HTTP/1.1" 200 1351 "http://photolab.elmer.uaf.edu/gallery/maps/mapg3300.html" "Mozilla/4.0 (compatible; MSIE 6.0; Windows NT 5.1)"
221.142.121.118 - - [01/Sep/2005:03:26:17 -0800] "GET /index_files/small.dps.jpg HTTP/1.1" 200 5830 "http://photolab.elmer.uaf.edu/gallery/maps/mapg3300.html" "Mozilla/4.0 (compatible; MSIE 6.0; Windows NT 5.1)"
221.142.121.118 - - [01/Sep/2005:03:26:17 -0800] "GET /index_files/small_003.jpg HTTP/1.1" 200 1521 "http://photolab.elmer.uaf.edu/gallery/maps/mapg3300.html" "Mozilla/4.0 (compatible; MSIE 6.0; Windows NT 5.1)"
221.142.121.118 - - [01/Sep/2005:03:26:17 -0800] "GET /gallery/maps/G3300/small/G3300%20%5B1590%5D%20P67.jpg HTTP/1.1" 200 14993 "http://photolab.elmer.uaf.edu/gallery/maps/mapg3300.html" "Mozilla/4.0 (compatible; MSIE 6.0; Windows NT 5.1)"
221.142.121.118 - - [01/Sep/2005:03:26:17 -0800] "GET /gallery/maps/G3300/small/G3300%20%5B1740_%5D.jpg HTTP/1.1" 200 20134 "http://photolab.elmer.uaf.edu/gallery/maps/mapg3300.html" "Mozilla/4.0 (compatible; MSIE 6.0; Windows NT 5.1)"
221.142.121.118 - - [01/Sep/2005:03:26:18 -0800] "GET /gallery/maps/G3300/small/G3300%20%5B1625%5D%20E47.jpg HTTP/1.1" 200 17451 "http://photolab.elmer.uaf.edu/gallery/maps/mapg3300.html" "Mozilla/4.0 (compatible; MSIE 6.0; Windows NT 5.1)"
221.142.121.118 - - [01/Sep/2005:03:26:18 -0800] "GET /gallery/maps/G3300/small/G3300%201755%20B431.jpg HTTP/1.1" 200 14901 "http://photolab.elmer.uaf.edu/gallery/maps/mapg3300.html" "Mozilla/4.0 (compatible; MSIE 6.0; Windows NT 5.1)"
221.142.121.118 - - [01/Sep/2005:03:26:18 -0800] "GET /gallery/maps/G3300/small/G3300%201772%20R62.jpg HTTP/1.1" 200 15425 "http://photolab.elmer.uaf.edu/gallery/maps/mapg3300.html" "Mozilla/4.0 (compatible; MSIE 6.0; Windows NT 5.1)"
221.142.121.118 - - [01/Sep/2005:03:26:19 -0800] "GET /gallery/maps/G3300/small/G3300%201774%20D861.jpg HTTP/1.1" 200 14984 "http://photolab.elmer.uaf.edu/gallery/maps/mapg3300.html" "Mozilla/4.0 (compatible; MSIE 6.0; Windows NT 5.1)"
221.142.121.118 - - [01/Sep/2005:03:26:19 -0800] "GET /gallery/maps/G3300/small/G3300%201775%20R621.jpg HTTP/1.1" 200 14889 "http://photolab.elmer.uaf.edu/gallery/maps/mapg3300.html" "Mozilla/4.0 (compatible; MSIE 6.0; Windows NT 5.1)"
221.142.121.118 - - [01/Sep/2005:03:26:19 -0800] "GET /gallery/maps/G3300/small/G3300%20%5B1779%5D%20C662.jpg HTTP/1.1" 200 15796 "http://photolab.elmer.uaf.edu/gallery/maps/mapg3300.html" "Mozilla/4.0 (compatible; MSIE 6.0; Windows NT 5.1)"
221.142.121.118 - - [01/Sep/2005:03:26:20 -0800] "GET /gallery/maps/G3300/small/G3300%20%5B1780_%5D%20C66a.jpg HTTP/1.1" 200 14727 "http://photolab.elmer.uaf.edu/gallery/maps/mapg3300.html" "Mozilla/4.0 (compatible; MSIE 6.0; Windows NT 5.1)"
221.142.121.118 - - [01/Sep/2005:03:26:20 -0800] "GET /gallery/maps/G3300/small/G3300%20%5B1780%5D%20C66.jpg HTTP/1.1" 200 17169 "http://photolab.elmer.uaf.edu/gallery/maps/mapg3300.html" "Mozilla/4.0 (compatible; MSIE 6.0; Windows NT 5.1)"
221.142.121.118 - - [01/Sep/2005:03:26:20 -0800] "GET /gallery/maps/G3300/small/G3300%201783%20R62.jpg HTTP/1.1" 200 15342 "http://photolab.elmer.uaf.edu/gallery/maps/mapg3300.html" "Mozilla/4.0 (compatible; MSIE 6.0; Windows NT 5.1)"
221.142.121.118 - - [01/Sep/2005:03:26:20 -0800] "GET /gallery/maps/G3300/small/G3300%20%5B1786_%5D%20B691.jpg HTTP/1.1" 200 16623 "http://photolab.elmer.uaf.edu/gallery/maps/mapg3300.html" "Mozilla/4.0 (compatible; MSIE 6.0; Windows NT 5.1)"
221.142.121.118 - - [01/Sep/2005:03:26:21 -0800] "GET /gallery/maps/G3300/small/G3300%20%5B1787%5D%20B66.jpg HTTP/1.1" 200 14342 "http://photolab.elmer.uaf.edu/gallery/maps/mapg3300.html" "Mozilla/4.0 (compatible; MSIE 6.0; Windows NT 5.1)"
221.142.121.118 - - [01/Sep/2005:03:26:21 -0800] "GET /gallery/maps/G3300/small/G3300%201797%20N43.jpg HTTP/1.1" 200 15960 "http://photolab.elmer.uaf.edu/gallery/maps/mapg3300.html" "Mozilla/4.0 (compatible; MSIE 6.0; Windows NT 5.1)"
221.142.121.118 - - [01/Sep/2005:03:26:21 -0800] "GET /gallery/maps/G3300/small/G3300%20%5B1822%5D%20F55.jpg HTTP/1.1" 200 16603 "http://photolab.elmer.uaf.edu/gallery/maps/mapg3300.html" "Mozilla/4.0 (compatible; MSIE 6.0; Windows NT 5.1)"
221.142.121.118 - - [01/Sep/2005:03:26:22 -0800] "GET /gallery/maps/G3300/small/G3300%201841%20S75.jpg HTTP/1.1" 200 17336 "http://photolab.elmer.uaf.edu/gallery/maps/mapg3300.html" "Mozilla/4.0 (compatible; MSIE 6.0; Windows NT 5.1)"
221.142.121.118 - - [01/Sep/2005:03:26:22 -0800] "GET /gallery/maps/G3300/small/G3300%20%5B1848_%5D%20C61.jpg HTTP/1.1" 200 16536 "http://photolab.elmer.uaf.edu/gallery/maps/mapg3300.html" "Mozilla/4.0 (compatible; MSIE 6.0; Windows NT 5.1)"
221.142.121.118 - - [01/Sep/2005:03:26:22 -0800] "GET /gallery/maps/G3300/small/G3300%201849%20R321.jpg HTTP/1.1" 200 15980 "http://photolab.elmer.uaf.edu/gallery/maps/mapg3300.html" "Mozilla/4.0 (compatible; MSIE 6.0; Windows NT 5.1)"
221.142.121.118 - - [01/Sep/2005:03:26:23 -0800] "GET /gallery/maps/G3300/large/G3300%20%5B1779%5D%20C662.jpg HTTP/1.1" 200 273284 "http://photolab.elmer.uaf.edu/gallery/maps/mapg3300.html" "Mozilla/4.0 (compatible; MSIE 6.0; Windows NT 5.1)"
68.142.250.32 - - [01/Sep/2005:03:26:47 -0800] "GET /gallery/photos/19581026/14/pages/1958-1026-01460.html HTTP/1.0" 200 4990 "-" "Mozilla/5.0 (compatible; Yahoo! Slurp; http://help.yahoo.com/help/us/ysearch/slurp)"
217.212.224.148 - - [01/Sep/2005:03:27:09 -0800] "GET /gallery/20040084/1157-1288/pages/2004-0084-01200.html HTTP/1.0" 404 349 "-" "psbot/0.1 (+http://www.picsearch.com/bot.html)"
68.142.249.124 - - [01/Sep/2005:03:28:46 -0800] "GET /gallery/maps/mapg3290.html HTTP/1.0" 200 15540 "-" "Mozilla/5.0 (compatible; Yahoo! Slurp; http://help.yahoo.com/help/us/ysearch/slurp)"
217.212.224.148 - - [01/Sep/2005:03:29:00 -0800] "GET /gallery/20040084/1157-1288/pages/2004-0084-01201.html HTTP/1.0" 404 349 "-" "psbot/0.1 (+http://www.picsearch.com/bot.html)"
210.179.205.243 - - [01/Sep/2005:03:29:01 -0800] "GET /index_files/lib.css HTTP/1.1" 200 2634 "http://photolab.elmer.uaf.edu/gallery/maps/mapg3300.html" "Mozilla/4.0 (compatible; MSIE 6.0; Windows 98)"
210.179.205.243 - - [01/Sep/2005:03:29:00 -0800] "GET /gallery/maps/mapg3300.html HTTP/1.1" 200 21856 "http://www.worldmapfinder.com/Map_Detail.php?MAP=549&FN=G3300%20%5B1780%5D%20C66.jpg&MW=1200&MH=896&FS=242&FT=jpg&WO=0&CE=4&CO=0&CI=0&IT=0&LC=2&PG=1&CS=iso-8859-1&FU=http://photolab.elmer.uaf.edu/gallery/maps/G3300/large/G3300%20%5B1780%5D%20C66.jpg&SU=http://photolab.elmer.uaf.edu/gallery/maps/mapg3300.html" "Mozilla/4.0 (compatible; MSIE 6.0; Windows 98)"
210.179.205.243 - - [01/Sep/2005:03:29:01 -0800] "GET /index_files/title.jpg HTTP/1.1" 200 5438 "http://photolab.elmer.uaf.edu/gallery/maps/mapg3300.html" "Mozilla/4.0 (compatible; MSIE 6.0; Windows 98)"
210.179.205.243 - - [01/Sep/2005:03:29:01 -0800] "GET /index_files/empty.gif HTTP/1.1" 200 45 "http://photolab.elmer.uaf.edu/gallery/maps/mapg3300.html" "Mozilla/4.0 (compatible; MSIE 6.0; Windows 98)"
210.179.205.243 - - [01/Sep/2005:03:29:01 -0800] "GET /index_files/apr.jpg HTTP/1.1" 200 6015 "http://photolab.elmer.uaf.edu/gallery/maps/mapg3300.html" "Mozilla/4.0 (compatible; MSIE 6.0; Windows 98)"
210.179.205.243 - - [01/Sep/2005:03:29:02 -0800] "GET /index_files/small.jpg HTTP/1.1" 200 2294 "http://photolab.elmer.uaf.edu/gallery/maps/mapg3300.html" "Mozilla/4.0 (compatible; MSIE 6.0; Windows 98)"
210.179.205.243 - - [01/Sep/2005:03:29:02 -0800] "GET /index_files/small.dps.jpg HTTP/1.1" 200 5830 "http://photolab.elmer.uaf.edu/gallery/maps/mapg3300.html" "Mozilla/4.0 (compatible; MSIE 6.0; Windows 98)"
210.179.205.243 - - [01/Sep/2005:03:29:02 -0800] "GET /index_files/small_002.jpg HTTP/1.1" 200 1351 "http://photolab.elmer.uaf.edu/gallery/maps/mapg3300.html" "Mozilla/4.0 (compatible; MSIE 6.0; Windows 98)"
210.179.205.243 - - [01/Sep/2005:03:29:02 -0800] "GET /index_files/small_003.jpg HTTP/1.1" 200 1521 "http://photolab.elmer.uaf.edu/gallery/maps/mapg3300.html" "Mozilla/4.0 (compatible; MSIE 6.0; Windows 98)"
210.179.205.243 - - [01/Sep/2005:03:29:02 -0800] "GET /gallery/maps/G3300/small/G3300%20%5B1590%5D%20P67.jpg HTTP/1.1" 200 14993 "http://photolab.elmer.uaf.edu/gallery/maps/mapg3300.html" "Mozilla/4.0 (compatible; MSIE 6.0; Windows 98)"
210.179.205.243 - - [01/Sep/2005:03:29:02 -0800] "GET /gallery/maps/G3300/small/G3300%20%5B1625%5D%20E47.jpg HTTP/1.1" 200 17451 "http://photolab.elmer.uaf.edu/gallery/maps/mapg3300.html" "Mozilla/4.0 (compatible; MSIE 6.0; Windows 98)"
210.179.205.243 - - [01/Sep/2005:03:29:03 -0800] "GET /gallery/maps/G3300/small/G3300%201755%20B431.jpg HTTP/1.1" 200 14901 "http://photolab.elmer.uaf.edu/gallery/maps/mapg3300.html" "Mozilla/4.0 (compatible; MSIE 6.0; Windows 98)"
210.179.205.243 - - [01/Sep/2005:03:29:03 -0800] "GET /gallery/maps/G3300/small/G3300%20%5B1740_%5D.jpg HTTP/1.1" 200 20134 "http://photolab.elmer.uaf.edu/gallery/maps/mapg3300.html" "Mozilla/4.0 (compatible; MSIE 6.0; Windows 98)"
210.179.205.243 - - [01/Sep/2005:03:29:04 -0800] "GET /gallery/maps/G3300/small/G3300%201772%20R62.jpg HTTP/1.1" 200 15425 "http://photolab.elmer.uaf.edu/gallery/maps/mapg3300.html" "Mozilla/4.0 (compatible; MSIE 6.0; Windows 98)"
210.179.205.243 - - [01/Sep/2005:03:29:05 -0800] "GET /gallery/maps/G3300/small/G3300%201775%20R621.jpg HTTP/1.1" 200 14889 "http://photolab.elmer.uaf.edu/gallery/maps/mapg3300.html" "Mozilla/4.0 (compatible; MSIE 6.0; Windows 98)"
210.179.205.243 - - [01/Sep/2005:03:29:04 -0800] "GET /gallery/maps/G3300/small/G3300%201774%20D861.jpg HTTP/1.1" 200 14984 "http://photolab.elmer.uaf.edu/gallery/maps/mapg3300.html" "Mozilla/4.0 (compatible; MSIE 6.0; Windows 98)"
210.179.205.243 - - [01/Sep/2005:03:29:05 -0800] "GET /gallery/maps/G3300/small/G3300%20%5B1779%5D%20C662.jpg HTTP/1.1" 200 15796 "http://photolab.elmer.uaf.edu/gallery/maps/mapg3300.html" "Mozilla/4.0 (compatible; MSIE 6.0; Windows 98)"
210.179.205.243 - - [01/Sep/2005:03:29:06 -0800] "GET /gallery/maps/G3300/small/G3300%20%5B1780_%5D%20C66a.jpg HTTP/1.1" 200 14727 "http://photolab.elmer.uaf.edu/gallery/maps/mapg3300.html" "Mozilla/4.0 (compatible; MSIE 6.0; Windows 98)"
210.179.205.243 - - [01/Sep/2005:03:29:06 -0800] "GET /gallery/maps/G3300/small/G3300%20%5B1780%5D%20C66.jpg HTTP/1.1" 200 17169 "http://photolab.elmer.uaf.edu/gallery/maps/mapg3300.html" "Mozilla/4.0 (compatible; MSIE 6.0; Windows 98)"
210.179.205.243 - - [01/Sep/2005:03:29:07 -0800] "GET /gallery/maps/G3300/small/G3300%201783%20R62.jpg HTTP/1.1" 200 15342 "http://photolab.elmer.uaf.edu/gallery/maps/mapg3300.html" "Mozilla/4.0 (compatible; MSIE 6.0; Windows 98)"
210.179.205.243 - - [01/Sep/2005:03:29:07 -0800] "GET /gallery/maps/G3300/small/G3300%20%5B1786_%5D%20B691.jpg HTTP/1.1" 200 16623 "http://photolab.elmer.uaf.edu/gallery/maps/mapg3300.html" "Mozilla/4.0 (compatible; MSIE 6.0; Windows 98)"
210.179.205.243 - - [01/Sep/2005:03:29:08 -0800] "GET /gallery/maps/G3300/small/G3300%20%5B1787%5D%20B66.jpg HTTP/1.1" 200 14342 "http://photolab.elmer.uaf.edu/gallery/maps/mapg3300.html" "Mozilla/4.0 (compatible; MSIE 6.0; Windows 98)"
210.179.205.243 - - [01/Sep/2005:03:29:08 -0800] "GET /gallery/maps/G3300/small/G3300%201797%20N43.jpg HTTP/1.1" 200 15960 "http://photolab.elmer.uaf.edu/gallery/maps/mapg3300.html" "Mozilla/4.0 (compatible; MSIE 6.0; Windows 98)"
210.179.205.243 - - [01/Sep/2005:03:29:08 -0800] "GET /gallery/maps/G3300/small/G3300%20%5B1822%5D%20F55.jpg HTTP/1.1" 200 16603 "http://photolab.elmer.uaf.edu/gallery/maps/mapg3300.html" "Mozilla/4.0 (compatible; MSIE 6.0; Windows 98)"
210.179.205.243 - - [01/Sep/2005:03:29:09 -0800] "GET /gallery/maps/G3300/small/G3300%201841%20S75.jpg HTTP/1.1" 200 17336 "http://photolab.elmer.uaf.edu/gallery/maps/mapg3300.html" "Mozilla/4.0 (compatible; MSIE 6.0; Windows 98)"
210.179.205.243 - - [01/Sep/2005:03:29:10 -0800] "GET /gallery/maps/G3300/small/G3300%20%5B1848_%5D%20C61.jpg HTTP/1.1" 200 16536 "http://photolab.elmer.uaf.edu/gallery/maps/mapg3300.html" "Mozilla/4.0 (compatible; MSIE 6.0; Windows 98)"
210.179.205.243 - - [01/Sep/2005:03:29:10 -0800] "GET /gallery/maps/G3300/small/G3300%201849%20R321.jpg HTTP/1.1" 200 15980 "http://photolab.elmer.uaf.edu/gallery/maps/mapg3300.html" "Mozilla/4.0 (compatible; MSIE 6.0; Windows 98)"
210.179.205.243 - - [01/Sep/2005:03:29:10 -0800] "GET /gallery/maps/G3300/small/G3300%20%5B184-_%5D%20L681.jpg HTTP/1.1" 200 15119 "http://photolab.elmer.uaf.edu/gallery/maps/mapg3300.html" "Mozilla/4.0 (compatible; MSIE 6.0; Windows 98)"
210.179.205.243 - - [01/Sep/2005:03:29:11 -0800] "GET /gallery/maps/G3300/small/G3300%20%5B1851%5D%20R36.jpg HTTP/1.1" 200 16233 "http://photolab.elmer.uaf.edu/gallery/maps/mapg3300.html" "Mozilla/4.0 (compatible; MSIE 6.0; Windows 98)"
210.179.205.243 - - [01/Sep/2005:03:29:11 -0800] "GET /gallery/maps/G3300/small/G3321%20P5%201852%20G73.jpg HTTP/1.1" 200 14278 "http://photolab.elmer.uaf.edu/gallery/maps/mapg3300.html" "Mozilla/4.0 (compatible; MSIE 6.0; Windows 98)"
210.179.205.243 - - [01/Sep/2005:03:29:12 -0800] "GET /gallery/maps/G3300/small/G3300%20%5B1854_%5D%20B36.jpg HTTP/1.1" 200 14541 "http://photolab.elmer.uaf.edu/gallery/maps/mapg3300.html" "Mozilla/4.0 (compatible; MSIE 6.0; Windows 98)"
210.179.205.243 - - [01/Sep/2005:03:29:12 -0800] "GET /gallery/maps/G3300/small/G3300%201855%20C64.jpg HTTP/1.1" 200 16222 "http://photolab.elmer.uaf.edu/gallery/maps/mapg3300.html" "Mozilla/4.0 (compatible; MSIE 6.0; Windows 98)"
210.179.205.243 - - [01/Sep/2005:03:29:13 -0800] "GET /gallery/maps/G3300/small/G3300%20%5B1855_%5D%20C641.jpg HTTP/1.1" 200 17024 "http://photolab.elmer.uaf.edu/gallery/maps/mapg3300.html" "Mozilla/4.0 (compatible; MSIE 6.0; Windows 98)"
210.179.205.243 - - [01/Sep/2005:03:29:14 -0800] "GET /index_files/bar.gif HTTP/1.1" 200 342 "http://photolab.elmer.uaf.edu/gallery/maps/mapg3300.html" "Mozilla/4.0 (compatible; MSIE 6.0; Windows 98)"
210.179.205.243 - - [01/Sep/2005:03:29:13 -0800] "GET /gallery/maps/G3300/small/G3300%20%5B1857_%5D%20B36.jpg HTTP/1.1" 200 15604 "http://photolab.elmer.uaf.edu/gallery/maps/mapg3300.html" "Mozilla/4.0 (compatible; MSIE 6.0; Windows 98)"
210.179.205.243 - - [01/Sep/2005:03:29:14 -0800] "GET /gallery/maps/G3300/small/G3300%20%5B1858%5D%20B361.jpg HTTP/1.1" 200 14683 "http://photolab.elmer.uaf.edu/gallery/maps/mapg3300.html" "Mozilla/4.0 (compatible; MSIE 6.0; Windows 98)"
210.179.205.243 - - [01/Sep/2005:03:29:15 -0800] "GET /gallery/maps/G3300/small/G3300%20%5B1862_%5D%20B36.jpg HTTP/1.1" 200 14330 "http://photolab.elmer.uaf.edu/gallery/maps/mapg3300.html" "Mozilla/4.0 (compatible; MSIE 6.0; Windows 98)"
210.179.205.243 - - [01/Sep/2005:03:29:15 -0800] "GET /gallery/maps/G3300/small/G3300%20%5B1868%5D%20C671.jpg HTTP/1.1" 200 15494 "http://photolab.elmer.uaf.edu/gallery/maps/mapg3300.html" "Mozilla/4.0 (compatible; MSIE 6.0; Windows 98)"
210.179.205.243 - - [01/Sep/2005:03:29:15 -0800] "GET /gallery/maps/G3300/small/G3300%20%5B1864%5D%20J61.jpg HTTP/1.1" 200 15913 "http://photolab.elmer.uaf.edu/gallery/maps/mapg3300.html" "Mozilla/4.0 (compatible; MSIE 6.0; Windows 98)"
210.179.205.243 - - [01/Sep/2005:03:29:16 -0800] "GET /gallery/maps/G3300/small/G3312%20Y81%20%5B1898_%5D%20D5.jpg HTTP/1.1" 200 16571 "http://photolab.elmer.uaf.edu/gallery/maps/mapg3300.html" "Mozilla/4.0 (compatible; MSIE 6.0; Windows 98)"
210.179.205.243 - - [01/Sep/2005:03:29:16 -0800] "GET /gallery/maps/G3300/small/G3300%201872%20W51.jpg HTTP/1.1" 200 17525 "http://photolab.elmer.uaf.edu/gallery/maps/mapg3300.html" "Mozilla/4.0 (compatible; MSIE 6.0; Windows 98)"
68.142.249.204 - - [01/Sep/2005:03:30:13 -0800] "GET /Public/Bill/ HTTP/1.0" 404 308 "-" "Mozilla/5.0 (compatible; Yahoo! Slurp; http://help.yahoo.com/help/us/ysearch/slurp)"
217.212.224.148 - - [01/Sep/2005:03:30:55 -0800] "GET /gallery/20040084/1157-1288/pages/2004-0084-01202.html HTTP/1.0" 404 349 "-" "psbot/0.1 (+http://www.picsearch.com/bot.html)"
217.212.224.148 - - [01/Sep/2005:03:32:44 -0800] "GET /gallery/20040084/1157-1288/pages/2004-0084-01203.html HTTP/1.0" 404 349 "-" "psbot/0.1 (+http://www.picsearch.com/bot.html)"
65.214.44.171 - - [01/Sep/2005:03:34:13 -0800] "GET /gallery/19950244/10/pages/1995-0244-01032.html HTTP/1.0" 404 342 "-" "Mozilla/2.0 (compatible; Ask Jeeves/Teoma; +http://sp.ask.com/docs/about/tech_crawling.html)"
217.212.224.148 - - [01/Sep/2005:03:34:40 -0800] "GET /gallery/20040084/1157-1288/pages/2004-0084-01204.html HTTP/1.0" 404 349 "-" "psbot/0.1 (+http://www.picsearch.com/bot.html)"
211.203.39.131 - - [01/Sep/2005:03:34:58 -0800] "GET /index_files/empty.gif HTTP/1.1" 200 45 "http://photolab.elmer.uaf.edu/gallery/maps/mapg3300.html" "Mozilla/4.0 (compatible; MSIE 6.0; Windows NT 5.1; SV1; .NET CLR 1.1.4322)"
211.203.39.131 - - [01/Sep/2005:03:34:58 -0800] "GET /index_files/lib.css HTTP/1.1" 200 2634 "http://photolab.elmer.uaf.edu/gallery/maps/mapg3300.html" "Mozilla/4.0 (compatible; MSIE 6.0; Windows NT 5.1; SV1; .NET CLR 1.1.4322)"
211.203.39.131 - - [01/Sep/2005:03:34:57 -0800] "GET /gallery/maps/mapg3300.html HTTP/1.1" 200 21856 "http://www.worldmapfinder.com/Map_Detail.php?MAP=549&FN=G3300%20%5B1780%5D%20C66.jpg&MW=1200&MH=896&FS=242&FT=jpg&WO=0&CE=4&CO=0&CI=0&IT=0&LC=2&PG=1&CS=iso-8859-1&FU=http://photolab.elmer.uaf.edu/gallery/maps/G3300/large/G3300%20%5B1780%5D%20C66.jpg&SU=http://photolab.elmer.uaf.edu/gallery/maps/mapg3300.html" "Mozilla/4.0 (compatible; MSIE 6.0; Windows NT 5.1; SV1; .NET CLR 1.1.4322)"
211.203.39.131 - - [01/Sep/2005:03:34:58 -0800] "GET /index_files/title.jpg HTTP/1.1" 200 5438 "http://photolab.elmer.uaf.edu/gallery/maps/mapg3300.html" "Mozilla/4.0 (compatible; MSIE 6.0; Windows NT 5.1; SV1; .NET CLR 1.1.4322)"
211.203.39.131 - - [01/Sep/2005:03:34:58 -0800] "GET /index_files/small_002.jpg HTTP/1.1" 200 1351 "http://photolab.elmer.uaf.edu/gallery/maps/mapg3300.html" "Mozilla/4.0 (compatible; MSIE 6.0; Windows NT 5.1; SV1; .NET CLR 1.1.4322)"
211.203.39.131 - - [01/Sep/2005:03:34:58 -0800] "GET /index_files/apr.jpg HTTP/1.1" 200 6015 "http://photolab.elmer.uaf.edu/gallery/maps/mapg3300.html" "Mozilla/4.0 (compatible; MSIE 6.0; Windows NT 5.1; SV1; .NET CLR 1.1.4322)"
211.203.39.131 - - [01/Sep/2005:03:34:58 -0800] "GET /index_files/small.jpg HTTP/1.1" 200 2294 "http://photolab.elmer.uaf.edu/gallery/maps/mapg3300.html" "Mozilla/4.0 (compatible; MSIE 6.0; Windows NT 5.1; SV1; .NET CLR 1.1.4322)"
211.203.39.131 - - [01/Sep/2005:03:34:58 -0800] "GET /index_files/small.dps.jpg HTTP/1.1" 200 5830 "http://photolab.elmer.uaf.edu/gallery/maps/mapg3300.html" "Mozilla/4.0 (compatible; MSIE 6.0; Windows NT 5.1; SV1; .NET CLR 1.1.4322)"
211.203.39.131 - - [01/Sep/2005:03:34:58 -0800] "GET /index_files/small_003.jpg HTTP/1.1" 200 1521 "http://photolab.elmer.uaf.edu/gallery/maps/mapg3300.html" "Mozilla/4.0 (compatible; MSIE 6.0; Windows NT 5.1; SV1; .NET CLR 1.1.4322)"
211.203.39.131 - - [01/Sep/2005:03:34:58 -0800] "GET /gallery/maps/G3300/small/G3300%201772%20R62.jpg HTTP/1.1" 200 15425 "http://photolab.elmer.uaf.edu/gallery/maps/mapg3300.html" "Mozilla/4.0 (compatible; MSIE 6.0; Windows NT 5.1; SV1; .NET CLR 1.1.4322)"
211.203.39.131 - - [01/Sep/2005:03:34:58 -0800] "GET /gallery/maps/G3300/small/G3300%20%5B1625%5D%20E47.jpg HTTP/1.1" 200 17451 "http://photolab.elmer.uaf.edu/gallery/maps/mapg3300.html" "Mozilla/4.0 (compatible; MSIE 6.0; Windows NT 5.1; SV1; .NET CLR 1.1.4322)"
211.203.39.131 - - [01/Sep/2005:03:34:58 -0800] "GET /gallery/maps/G3300/small/G3300%20%5B1590%5D%20P67.jpg HTTP/1.1" 200 14993 "http://photolab.elmer.uaf.edu/gallery/maps/mapg3300.html" "Mozilla/4.0 (compatible; MSIE 6.0; Windows NT 5.1; SV1; .NET CLR 1.1.4322)"
211.203.39.131 - - [01/Sep/2005:03:34:58 -0800] "GET /gallery/maps/G3300/small/G3300%20%5B1740_%5D.jpg HTTP/1.1" 200 20134 "http://photolab.elmer.uaf.edu/gallery/maps/mapg3300.html" "Mozilla/4.0 (compatible; MSIE 6.0; Windows NT 5.1; SV1; .NET CLR 1.1.4322)"
211.203.39.131 - - [01/Sep/2005:03:34:58 -0800] "GET /gallery/maps/G3300/small/G3300%201755%20B431.jpg HTTP/1.1" 200 14901 "http://photolab.elmer.uaf.edu/gallery/maps/mapg3300.html" "Mozilla/4.0 (compatible; MSIE 6.0; Windows NT 5.1; SV1; .NET CLR 1.1.4322)"
211.203.39.131 - - [01/Sep/2005:03:34:58 -0800] "GET /gallery/maps/G3300/small/G3300%201775%20R621.jpg HTTP/1.1" 200 14889 "http://photolab.elmer.uaf.edu/gallery/maps/mapg3300.html" "Mozilla/4.0 (compatible; MSIE 6.0; Windows NT 5.1; SV1; .NET CLR 1.1.4322)"
211.203.39.131 - - [01/Sep/2005:03:34:58 -0800] "GET /gallery/maps/G3300/small/G3300%201774%20D861.jpg HTTP/1.1" 200 14984 "http://photolab.elmer.uaf.edu/gallery/maps/mapg3300.html" "Mozilla/4.0 (compatible; MSIE 6.0; Windows NT 5.1; SV1; .NET CLR 1.1.4322)"
211.203.39.131 - - [01/Sep/2005:03:34:58 -0800] "GET /gallery/maps/G3300/small/G3300%20%5B1854_%5D%20B36.jpg HTTP/1.1" 200 14541 "http://photolab.elmer.uaf.edu/gallery/maps/mapg3300.html" "Mozilla/4.0 (compatible; MSIE 6.0; Windows NT 5.1; SV1; .NET CLR 1.1.4322)"
211.203.39.131 - - [01/Sep/2005:03:34:58 -0800] "GET /gallery/maps/G3300/small/G3300%20%5B1780%5D%20C66.jpg HTTP/1.1" 200 17169 "http://photolab.elmer.uaf.edu/gallery/maps/mapg3300.html" "Mozilla/4.0 (compatible; MSIE 6.0; Windows NT 5.1; SV1; .NET CLR 1.1.4322)"
211.203.39.131 - - [01/Sep/2005:03:34:58 -0800] "GET /gallery/maps/G3300/small/G3300%201849%20R321.jpg HTTP/1.1" 200 15980 "http://photolab.elmer.uaf.edu/gallery/maps/mapg3300.html" "Mozilla/4.0 (compatible; MSIE 6.0; Windows NT 5.1; SV1; .NET CLR 1.1.4322)"
211.203.39.131 - - [01/Sep/2005:03:34:58 -0800] "GET /gallery/maps/G3300/small/G3300%20%5B1787%5D%20B66.jpg HTTP/1.1" 200 14342 "http://photolab.elmer.uaf.edu/gallery/maps/mapg3300.html" "Mozilla/4.0 (compatible; MSIE 6.0; Windows NT 5.1; SV1; .NET CLR 1.1.4322)"
211.203.39.131 - - [01/Sep/2005:03:34:58 -0800] "GET /gallery/maps/G3300/small/G3300%201783%20R62.jpg HTTP/1.1" 200 15342 "http://photolab.elmer.uaf.edu/gallery/maps/mapg3300.html" "Mozilla/4.0 (compatible; MSIE 6.0; Windows NT 5.1; SV1; .NET CLR 1.1.4322)"
211.203.39.131 - - [01/Sep/2005:03:34:58 -0800] "GET /gallery/maps/G3300/small/G3300%20%5B1786_%5D%20B691.jpg HTTP/1.1" 200 16623 "http://photolab.elmer.uaf.edu/gallery/maps/mapg3300.html" "Mozilla/4.0 (compatible; MSIE 6.0; Windows NT 5.1; SV1; .NET CLR 1.1.4322)"
