207.46.98.84 - - [01/Sep/2005:00:00:19 -0800] "GET /gallery/photos/20020015/6/index.html HTTP/1.0" 200 7161 "-" "msnbot/1.0 (+http://search.msn.com/msnbot.htm)"
68.142.249.108 - - [01/Sep/2005:00:00:26 -0800] "GET /gallery/photos/19581026/20/pages/1958-1026-02071.html HTTP/1.0" 200 4416 "-" "Mozilla/5.0 (compatible; Yahoo! Slurp; http://help.yahoo.com/help/us/ysearch/slurp)"
217.212.224.148 - - [01/Sep/2005:00:01:38 -0800] "GET /gallery/20040084/1157-1288/pages/2004-0084-01191.html HTTP/1.0" 404 349 "-" "psbot/0.1 (+http://www.picsearch.com/bot.html)"
68.142.251.44 - - [01/Sep/2005:00:02:07 -0800] "GET /gallery/photos/19700058/1/pages/1970-0058-00108.html HTTP/1.0" 200 1703 "-" "Mozilla/5.0 (compatible; Yahoo! Slurp; http://help.yahoo.com/help/us/ysearch/slurp)"
207.46.98.84 - - [01/Sep/2005:00:02:23 -0800] "GET /gallery/photos/20040145/1/index_3.htm HTTP/1.0" 200 7211 "-" "msnbot/1.0 (+http://search.msn.com/msnbot.htm)"
66.249.64.10 - - [01/Sep/2005:00:02:36 -0800] "GET /gallery/ HTTP/1.0" 304 - "-" "Googlebot/2.1 (+http://www.google.com/bot.html)"
68.142.250.82 - - [01/Sep/2005:00:03:26 -0800] "GET /gallery/photos/19690092/6/pages/1969-0092-00611.html HTTP/1.0" 200 1763 "-" "Mozilla/5.0 (compatible; Yahoo! Slurp; http://help.yahoo.com/help/us/ysearch/slurp)"
68.142.250.43 - - [01/Sep/2005:00:03:28 -0800] "GET /gallery/photos/19970213/pages/1997-0213-00014.html HTTP/1.0" 200 1889 "-" "Mozilla/5.0 (compatible; Yahoo! Slurp; http://help.yahoo.com/help/us/ysearch/slurp)"
217.212.224.148 - - [01/Sep/2005:00:03:41 -0800] "GET /gallery/20040084/1157-1288/pages/2004-0084-01192.html HTTP/1.0" 404 349 "-" "psbot/0.1 (+http://www.picsearch.com/bot.html)"
207.46.98.84 - - [01/Sep/2005:00:03:46 -0800] "GET /gallery/photos/19880041/0/index_2.htm HTTP/1.0" 200 7200 "-" "msnbot/1.0 (+http://search.msn.com/msnbot.htm)"
68.142.249.96 - - [01/Sep/2005:00:05:13 -0800] "GET /gallery/photos/20040162/pages/2004-0162-00012.html HTTP/1.0" 304 - "-" "Mozilla/5.0 (compatible; Yahoo! Slurp; http://help.yahoo.com/help/us/ysearch/slurp)"
217.212.224.148 - - [01/Sep/2005:00:05:49 -0800] "GET /gallery/20040084/1157-1288/pages/2004-0084-01194.html HTTP/1.0" 404 349 "-" "psbot/0.1 (+http://www.picsearch.com/bot.html)"
207.46.98.84 - - [01/Sep/2005:00:06:19 -0800] "GET /gallery/photos/19950244/00/index.html HTTP/1.0" 200 7078 "-" "msnbot/1.0 (+http://search.msn.com/msnbot.htm)"
65.214.44.171 - - [01/Sep/2005:00:06:27 -0800] "GET /gallery/19690092/4/pages/1969-0092-00478.html HTTP/1.0" 404 341 "-" "Mozilla/2.0 (compatible; Ask Jeeves/Teoma; +http://sp.ask.com/docs/about/tech_crawling.html)"
68.142.250.85 - - [01/Sep/2005:00:06:41 -0800] "GET /gallery/photos/19890166/07/pages/1989-0166-00718_neg%20nitrate.html HTTP/1.0" 304 - "-" "Mozilla/5.0 (compatible; Yahoo! Slurp; http://help.yahoo.com/help/us/ysearch/slurp)"
68.142.249.164 - - [01/Sep/2005:00:06:56 -0800] "GET /gallery/photos/19581026/20/pages/1958-1026-02082.html HTTP/1.0" 200 4416 "-" "Mozilla/5.0 (compatible; Yahoo! Slurp; http://help.yahoo.com/help/us/ysearch/slurp)"
207.46.98.84 - - [01/Sep/2005:00:07:34 -0800] "GET /gallery/photos/19890199/1/index.html HTTP/1.0" 200 7069 "-" "msnbot/1.0 (+http://search.msn.com/msnbot.htm)"
217.212.224.148 - - [01/Sep/2005:00:07:55 -0800] "GET /gallery/20040084/1157-1288/pages/2004-0084-01195.html HTTP/1.0" 404 349 "-" "psbot/0.1 (+http://www.picsearch.com/bot.html)"
68.142.250.196 - - [01/Sep/2005:00:09:38 -0800] "GET /gallery/photos/19581026/20/pages/1958-1026-02057.html HTTP/1.0" 200 4416 "-" "Mozilla/5.0 (compatible; Yahoo! Slurp; http://help.yahoo.com/help/us/ysearch/slurp)"
68.142.250.26 - - [01/Sep/2005:00:09:50 -0800] "GET /gallery/photos/19581026/20/pages/1958-1026-02055.html HTTP/1.0" 200 4416 "-" "Mozilla/5.0 (compatible; Yahoo! Slurp; http://help.yahoo.com/help/us/ysearch/slurp)"
217.212.224.148 - - [01/Sep/2005:00:10:05 -0800] "GET /gallery/20040084/1157-1288/pages/2004-0084-01196.html HTTP/1.0" 404 349 "-" "psbot/0.1 (+http://www.picsearch.com/bot.html)"
217.212.224.148 - - [01/Sep/2005:00:12:17 -0800] "GET /gallery/20040084/1157-1288/pages/2004-0084-01197.html HTTP/1.0" 404 349 "-" "psbot/0.1 (+http://www.picsearch.com/bot.html)"
217.212.224.148 - - [01/Sep/2005:00:14:23 -0800] "GET /gallery/20040084/1157-1288/pages/2004-0084-01198.html HTTP/1.0" 404 349 "-" "psbot/0.1 (+http://www.picsearch.com/bot.html)"
65.214.44.171 - - [01/Sep/2005:00:15:49 -0800] "GET /gallery/19950244/00/pages/1995-0244-00024.html HTTP/1.0" 404 342 "-" "Mozilla/2.0 (compatible; Ask Jeeves/Teoma; +http://sp.ask.com/docs/about/tech_crawling.html)"
68.142.249.134 - - [01/Sep/2005:00:16:07 -0800] "GET /gallery/photos/19890166/13/pages/1989-0166-01051_postcard.html HTTP/1.0" 304 - "-" "Mozilla/5.0 (compatible; Yahoo! Slurp; http://help.yahoo.com/help/us/ysearch/slurp)"
217.212.224.148 - - [01/Sep/2005:00:16:34 -0800] "GET /gallery/20030137/pages/2003-0137-00067.html HTTP/1.0" 404 339 "-" "psbot/0.1 (+http://www.picsearch.com/bot.html)"
64.124.85.71 - - [01/Sep/2005:00:16:48 -0800] "GET /robots.txt HTTP/1.1" 200 96 "-" "Mozilla/5.0 (compatible; BecomeBot/2.3; MSIE 6.0 compatible; +http://www.become.com/site_owners.html)"
68.142.249.93 - - [01/Sep/2005:00:16:50 -0800] "GET /gallery/photos/19700058/1/pages/1970-0058-00111.html HTTP/1.0" 200 1703 "-" "Mozilla/5.0 (compatible; Yahoo! Slurp; http://help.yahoo.com/help/us/ysearch/slurp)"
68.142.251.196 - - [01/Sep/2005:00:17:03 -0800] "GET /gallery/photos/20030120/0 HTTP/1.0" 301 362 "-" "Mozilla/5.0 (compatible; Yahoo! Slurp; http://help.yahoo.com/help/us/ysearch/slurp)"
68.142.251.196 - - [01/Sep/2005:00:17:04 -0800] "GET /gallery/photos/20030120/0/ HTTP/1.0" 200 6809 "-" "Mozilla/5.0 (compatible; Yahoo! Slurp; http://help.yahoo.com/help/us/ysearch/slurp)"
66.249.64.15 - - [01/Sep/2005:00:18:28 -0800] "GET /gallery/ HTTP/1.0" 304 - "-" "Googlebot/2.1 (+http://www.google.com/bot.html)"
217.212.224.148 - - [01/Sep/2005:00:18:43 -0800] "GET /gallery/19850072/pages/1985-0072-00012.html HTTP/1.0" 404 339 "-" "psbot/0.1 (+http://www.picsearch.com/bot.html)"
64.124.85.71 - - [01/Sep/2005:00:19:54 -0800] "GET /paper.html HTTP/1.1" 200 7592 "http://photolab.elmer.uaf.edu/digprint.html" "Mozilla/5.0 (compatible; BecomeBot/2.3; MSIE 6.0 compatible; +http://www.become.com/site_owners.html)"
217.212.224.148 - - [01/Sep/2005:00:20:52 -0800] "GET /gallery/19990204/pages/1999-0204-00005.html HTTP/1.0" 404 339 "-" "psbot/0.1 (+http://www.picsearch.com/bot.html)"
68.142.250.142 - - [01/Sep/2005:00:22:35 -0800] "GET /gallery/photos/19581026/20/pages/1958-1026-02088.html HTTP/1.0" 200 4416 "-" "Mozilla/5.0 (compatible; Yahoo! Slurp; http://help.yahoo.com/help/us/ysearch/slurp)"
217.212.224.148 - - [01/Sep/2005:00:23:00 -0800] "GET /gallery/19990204/pages/1999-0204-00006.html HTTP/1.0" 404 339 "-" "psbot/0.1 (+http://www.picsearch.com/bot.html)"
68.142.250.115 - - [01/Sep/2005:00:24:04 -0800] "GET /gallery/photos/20030183/pages/2003-0183-00005.html HTTP/1.0" 200 1868 "-" "Mozilla/5.0 (compatible; Yahoo! Slurp; http://help.yahoo.com/help/us/ysearch/slurp)"
217.212.224.148 - - [01/Sep/2005:00:25:08 -0800] "GET /gallery/19640074/pages/1964-0074-00113.html HTTP/1.0" 404 339 "-" "psbot/0.1 (+http://www.picsearch.com/bot.html)"
65.214.44.171 - - [01/Sep/2005:00:25:13 -0800] "GET /gallery/19950244/00/pages/1995-0244-00007.html HTTP/1.0" 404 342 "-" "Mozilla/2.0 (compatible; Ask Jeeves/Teoma; +http://sp.ask.com/docs/about/tech_crawling.html)"
217.212.224.148 - - [01/Sep/2005:00:27:20 -0800] "GET /gallery/20010147/pages/2001-0147-00009.html HTTP/1.0" 404 339 "-" "psbot/0.1 (+http://www.picsearch.com/bot.html)"
68.142.249.106 - - [01/Sep/2005:00:29:26 -0800] "GET /gallery/photos/19690092/9 HTTP/1.0" 301 362 "-" "Mozilla/5.0 (compatible; Yahoo! Slurp; http://help.yahoo.com/help/us/ysearch/slurp)"
68.142.249.106 - - [01/Sep/2005:00:29:27 -0800] "GET /gallery/photos/19690092/9/ HTTP/1.0" 200 7103 "-" "Mozilla/5.0 (compatible; Yahoo! Slurp; http://help.yahoo.com/help/us/ysearch/slurp)"
68.142.249.106 - - [01/Sep/2005:00:29:31 -0800] "GET /gallery/photos/19910046/05 HTTP/1.0" 301 363 "-" "Mozilla/5.0 (compatible; Yahoo! Slurp; http://help.yahoo.com/help/us/ysearch/slurp)"
217.212.224.148 - - [01/Sep/2005:00:29:31 -0800] "GET /gallery/20010164/pages/2001-0164-00007.html HTTP/1.0" 404 339 "-" "psbot/0.1 (+http://www.picsearch.com/bot.html)"
68.142.249.106 - - [01/Sep/2005:00:29:31 -0800] "GET /gallery/photos/19910046/05/ HTTP/1.0" 200 7098 "-" "Mozilla/5.0 (compatible; Yahoo! Slurp; http://help.yahoo.com/help/us/ysearch/slurp)"
68.142.249.11 - - [01/Sep/2005:00:31:37 -0800] "GET /gallery/photos/19900043/11/pages/1990-0043-01104.html HTTP/1.0" 200 1764 "-" "Mozilla/5.0 (compatible; Yahoo! Slurp; http://help.yahoo.com/help/us/ysearch/slurp)"
217.212.224.148 - - [01/Sep/2005:00:31:43 -0800] "GET /gallery/20020032/pages/2002-0032-00012.html HTTP/1.0" 404 339 "-" "psbot/0.1 (+http://www.picsearch.com/bot.html)"
207.46.98.84 - - [01/Sep/2005:00:33:52 -0800] "GET /gallery/photos/19900043/08/index_3.html HTTP/1.0" 200 7250 "-" "msnbot/1.0 (+http://search.msn.com/msnbot.htm)"
217.212.224.148 - - [01/Sep/2005:00:33:55 -0800] "GET /gallery/20020093/pages/2002-0093-00050.html HTTP/1.0" 404 339 "-" "psbot/0.1 (+http://www.picsearch.com/bot.html)"
207.46.98.84 - - [01/Sep/2005:00:34:01 -0800] "GET /gallery/photos/20020087/6/index.html HTTP/1.0" 200 7105 "-" "msnbot/1.0 (+http://search.msn.com/msnbot.htm)"
65.214.44.171 - - [01/Sep/2005:00:34:51 -0800] "GET /gallery/19940070/4/pages/1994-0070-00414.html HTTP/1.0" 404 341 "-" "Mozilla/2.0 (compatible; Ask Jeeves/Teoma; +http://sp.ask.com/docs/about/tech_crawling.html)"
207.46.98.84 - - [01/Sep/2005:00:35:07 -0800] "GET /gallery/photos/19940096/0/pages/1994-0096-00021.html HTTP/1.0" 200 1903 "-" "msnbot/1.0 (+http://search.msn.com/msnbot.htm)"
207.46.98.84 - - [01/Sep/2005:00:35:16 -0800] "GET /gallery/photos/19880041/0/index.htm HTTP/1.0" 200 7049 "-" "msnbot/1.0 (+http://search.msn.com/msnbot.htm)"
207.46.98.84 - - [01/Sep/2005:00:35:21 -0800] "GET /gallery/photos/20020015/5/index.html HTTP/1.0" 200 7161 "-" "msnbot/1.0 (+http://search.msn.com/msnbot.htm)"
207.46.98.84 - - [01/Sep/2005:00:35:26 -0800] "GET /gallery/photos/19910046/06/pages/1991-0046-00611.html HTTP/1.0" 200 1758 "-" "msnbot/1.0 (+http://search.msn.com/msnbot.htm)"
68.142.250.175 - - [01/Sep/2005:00:35:48 -0800] "GET /gallery/photos/19910046/05/pages/1991-0046-00500.html HTTP/1.0" 200 1601 "-" "Mozilla/5.0 (compatible; Yahoo! Slurp; http://help.yahoo.com/help/us/ysearch/slurp)"
217.212.224.148 - - [01/Sep/2005:00:35:56 -0800] "GET /gallery/20000197/pages/2000-0197-00078.html HTTP/1.0" 404 339 "-" "psbot/0.1 (+http://www.picsearch.com/bot.html)"
68.142.249.134 - - [01/Sep/2005:00:36:48 -0800] "GET /gallery/photos/19890166/06/pages/1989-0166-00625_neg%20nitrate.html HTTP/1.0" 304 - "-" "Mozilla/5.0 (compatible; Yahoo! Slurp; http://help.yahoo.com/help/us/ysearch/slurp)"
68.142.250.130 - - [01/Sep/2005:00:36:59 -0800] "GET /gallery/photos/19800068/0 HTTP/1.0" 301 362 "-" "Mozilla/5.0 (compatible; Yahoo! Slurp; http://help.yahoo.com/help/us/ysearch/slurp)"
68.142.250.130 - - [01/Sep/2005:00:36:59 -0800] "GET /gallery/photos/19800068/0/ HTTP/1.0" 200 6798 "-" "Mozilla/5.0 (compatible; Yahoo! Slurp; http://help.yahoo.com/help/us/ysearch/slurp)"
195.115.178.65 - - [01/Sep/2005:00:37:07 -0800] "GET /gallery/maps/mapg3270a.html HTTP/1.1" 200 16035 "http://images.google.fr/imgres?imgurl=http://photolab.elmer.uaf.edu/gallery/maps/G3200/large/G3270%2520%255B1779%255D%2520V38.jpg&imgrefurl=http://photolab.elmer.uaf.edu/gallery/maps/mapg3270a.html&h=1072&w=1200&sz=286&tbnid=uveeF9lNOg0J:&tbnh=134&tbnw=150&hl=fr&start=9&prev=/images%3Fq%3Dcarte%2Barctic%26imgsz%3Dxxlarge%26svnum%3D10%26hl%3Dfr%26lr%3D%26sa%3DG" "Mozilla/5.0 (Macintosh; U; PPC Mac OS X Mach-O; fr-FR; rv:1.7.5) Gecko/20041108 Firefox/1.0"
195.115.178.65 - - [01/Sep/2005:00:37:08 -0800] "GET /index_files/lib.css HTTP/1.1" 200 2634 "http://photolab.elmer.uaf.edu/gallery/maps/mapg3270a.html" "Mozilla/5.0 (Macintosh; U; PPC Mac OS X Mach-O; fr-FR; rv:1.7.5) Gecko/20041108 Firefox/1.0"
195.115.178.65 - - [01/Sep/2005:00:37:09 -0800] "GET /index_files/title.jpg HTTP/1.1" 200 5438 "http://photolab.elmer.uaf.edu/gallery/maps/mapg3270a.html" "Mozilla/5.0 (Macintosh; U; PPC Mac OS X Mach-O; fr-FR; rv:1.7.5) Gecko/20041108 Firefox/1.0"
195.115.178.65 - - [01/Sep/2005:00:37:09 -0800] "GET /index_files/apr.jpg HTTP/1.1" 200 6015 "http://photolab.elmer.uaf.edu/gallery/maps/mapg3270a.html" "Mozilla/5.0 (Macintosh; U; PPC Mac OS X Mach-O; fr-FR; rv:1.7.5) Gecko/20041108 Firefox/1.0"
195.115.178.65 - - [01/Sep/2005:00:37:10 -0800] "GET /index_files/empty.gif HTTP/1.1" 200 45 "http://photolab.elmer.uaf.edu/gallery/maps/mapg3270a.html" "Mozilla/5.0 (Macintosh; U; PPC Mac OS X Mach-O; fr-FR; rv:1.7.5) Gecko/20041108 Firefox/1.0"
195.115.178.65 - - [01/Sep/2005:00:37:10 -0800] "GET /index_files/small.dps.jpg HTTP/1.1" 200 5830 "http://photolab.elmer.uaf.edu/gallery/maps/mapg3270a.html" "Mozilla/5.0 (Macintosh; U; PPC Mac OS X Mach-O; fr-FR; rv:1.7.5) Gecko/20041108 Firefox/1.0"
195.115.178.65 - - [01/Sep/2005:00:37:10 -0800] "GET /index_files/small.jpg HTTP/1.1" 200 2294 "http://photolab.elmer.uaf.edu/gallery/maps/mapg3270a.html" "Mozilla/5.0 (Macintosh; U; PPC Mac OS X Mach-O; fr-FR; rv:1.7.5) Gecko/20041108 Firefox/1.0"
195.115.178.65 - - [01/Sep/2005:00:37:10 -0800] "GET /index_files/small_002.jpg HTTP/1.1" 200 1351 "http://photolab.elmer.uaf.edu/gallery/maps/mapg3270a.html" "Mozilla/5.0 (Macintosh; U; PPC Mac OS X Mach-O; fr-FR; rv:1.7.5) Gecko/20041108 Firefox/1.0"
195.115.178.65 - - [01/Sep/2005:00:37:11 -0800] "GET /index_files/small_003.jpg HTTP/1.1" 200 1521 "http://photolab.elmer.uaf.edu/gallery/maps/mapg3270a.html" "Mozilla/5.0 (Macintosh; U; PPC Mac OS X Mach-O; fr-FR; rv:1.7.5) Gecko/20041108 Firefox/1.0"
195.115.178.65 - - [01/Sep/2005:00:37:11 -0800] "GET /gallery/maps/G3200/small/G3270%20%5B1600_%5D%20B87.jpg HTTP/1.1" 200 17323 "http://photolab.elmer.uaf.edu/gallery/maps/mapg3270a.html" "Mozilla/5.0 (Macintosh; U; PPC Mac OS X Mach-O; fr-FR; rv:1.7.5) Gecko/20041108 Firefox/1.0"
195.115.178.65 - - [01/Sep/2005:00:37:11 -0800] "GET /gallery/maps/G3200/small/G3271%20S12%20%5B1601%5D%20B79.jpg HTTP/1.1" 200 19484 "http://photolab.elmer.uaf.edu/gallery/maps/mapg3270a.html" "Mozilla/5.0 (Macintosh; U; PPC Mac OS X Mach-O; fr-FR; rv:1.7.5) Gecko/20041108 Firefox/1.0"
195.115.178.65 - - [01/Sep/2005:00:37:12 -0800] "GET /gallery/maps/G3200/small/G3270%20%5B1613_%5D.jpg HTTP/1.1" 200 14983 "http://photolab.elmer.uaf.edu/gallery/maps/mapg3270a.html" "Mozilla/5.0 (Macintosh; U; PPC Mac OS X Mach-O; fr-FR; rv:1.7.5) Gecko/20041108 Firefox/1.0"
195.115.178.65 - - [01/Sep/2005:00:37:12 -0800] "GET /gallery/maps/G3200/small/G3270%201634%20M4.jpg HTTP/1.1" 200 15633 "http://photolab.elmer.uaf.edu/gallery/maps/mapg3270a.html" "Mozilla/5.0 (Macintosh; U; PPC Mac OS X Mach-O; fr-FR; rv:1.7.5) Gecko/20041108 Firefox/1.0"
195.115.178.65 - - [01/Sep/2005:00:37:13 -0800] "GET /gallery/maps/G3200/small/G3270%20%5B1645_%5D%20B551.jpg HTTP/1.1" 200 17323 "http://photolab.elmer.uaf.edu/gallery/maps/mapg3270a.html" "Mozilla/5.0 (Macintosh; U; PPC Mac OS X Mach-O; fr-FR; rv:1.7.5) Gecko/20041108 Firefox/1.0"
195.115.178.65 - - [01/Sep/2005:00:37:13 -0800] "GET /gallery/maps/G3200/small/G3270%20%5B1662%5D%20B551.jpg HTTP/1.1" 200 18257 "http://photolab.elmer.uaf.edu/gallery/maps/mapg3270a.html" "Mozilla/5.0 (Macintosh; U; PPC Mac OS X Mach-O; fr-FR; rv:1.7.5) Gecko/20041108 Firefox/1.0"
195.115.178.65 - - [01/Sep/2005:00:37:14 -0800] "GET /gallery/maps/G3200/small/G3270%20%5B1667_%5D%20B52.jpg HTTP/1.1" 200 17909 "http://photolab.elmer.uaf.edu/gallery/maps/mapg3270a.html" "Mozilla/5.0 (Macintosh; U; PPC Mac OS X Mach-O; fr-FR; rv:1.7.5) Gecko/20041108 Firefox/1.0"
195.115.178.65 - - [01/Sep/2005:00:37:15 -0800] "GET /gallery/maps/G3200/small/G3270%20%5B1693%5D%20M665.jpg HTTP/1.1" 200 14538 "http://photolab.elmer.uaf.edu/gallery/maps/mapg3270a.html" "Mozilla/5.0 (Macintosh; U; PPC Mac OS X Mach-O; fr-FR; rv:1.7.5) Gecko/20041108 Firefox/1.0"
195.115.178.65 - - [01/Sep/2005:00:37:15 -0800] "GET /index_files/bar.gif HTTP/1.1" 200 342 "http://photolab.elmer.uaf.edu/gallery/maps/mapg3270a.html" "Mozilla/5.0 (Macintosh; U; PPC Mac OS X Mach-O; fr-FR; rv:1.7.5) Gecko/20041108 Firefox/1.0"
195.115.178.65 - - [01/Sep/2005:00:37:15 -0800] "GET /gallery/maps/G3200/large/G3270%20%5B1613_%5D.jpg HTTP/1.1" 200 380862 "http://photolab.elmer.uaf.edu/gallery/maps/mapg3270a.html" "Mozilla/5.0 (Macintosh; U; PPC Mac OS X Mach-O; fr-FR; rv:1.7.5) Gecko/20041108 Firefox/1.0"
195.115.178.65 - - [01/Sep/2005:00:37:36 -0800] "GET /gallery/maps/G3200/small/G3270%20%5B1667_%5D%20B52.jpg HTTP/1.1" 206 4161 "http://photolab.elmer.uaf.edu/gallery/maps/mapg3270a.html" "Mozilla/5.0 (Macintosh; U; PPC Mac OS X Mach-O; fr-FR; rv:1.7.5) Gecko/20041108 Firefox/1.0"
195.115.178.65 - - [01/Sep/2005:00:37:36 -0800] "GET /gallery/maps/G3200/small/G3270%20%5B1693%5D%20M665.jpg HTTP/1.1" 206 6346 "http://photolab.elmer.uaf.edu/gallery/maps/mapg3270a.html" "Mozilla/5.0 (Macintosh; U; PPC Mac OS X Mach-O; fr-FR; rv:1.7.5) Gecko/20041108 Firefox/1.0"
195.115.178.65 - - [01/Sep/2005:00:37:37 -0800] "GET /gallery/maps/G3200/small/G3270%20%5B1698_%5D%20C68.jpg HTTP/1.1" 200 13328 "http://photolab.elmer.uaf.edu/gallery/maps/mapg3270a.html" "Mozilla/5.0 (Macintosh; U; PPC Mac OS X Mach-O; fr-FR; rv:1.7.5) Gecko/20041108 Firefox/1.0"
195.115.178.65 - - [01/Sep/2005:00:37:37 -0800] "GET /gallery/maps/G3200/small/G3270%20%5B1696_%5D%20C68.jpg HTTP/1.1" 200 16389 "http://photolab.elmer.uaf.edu/gallery/maps/mapg3270a.html" "Mozilla/5.0 (Macintosh; U; PPC Mac OS X Mach-O; fr-FR; rv:1.7.5) Gecko/20041108 Firefox/1.0"
195.115.178.65 - - [01/Sep/2005:00:37:38 -0800] "GET /gallery/maps/G3200/small/G3270%20%5B1720%5D%20B692.jpg HTTP/1.1" 200 17085 "http://photolab.elmer.uaf.edu/gallery/maps/mapg3270a.html" "Mozilla/5.0 (Macintosh; U; PPC Mac OS X Mach-O; fr-FR; rv:1.7.5) Gecko/20041108 Firefox/1.0"
195.115.178.65 - - [01/Sep/2005:00:37:38 -0800] "GET /gallery/maps/G3200/small/G3270%20%5B1720%5D%20B692a.jpg HTTP/1.1" 200 17098 "http://photolab.elmer.uaf.edu/gallery/maps/mapg3270a.html" "Mozilla/5.0 (Macintosh; U; PPC Mac OS X Mach-O; fr-FR; rv:1.7.5) Gecko/20041108 Firefox/1.0"
195.115.178.65 - - [01/Sep/2005:00:37:39 -0800] "GET /gallery/maps/G3200/small/G3270%20%5B1734_%5D.jpg HTTP/1.1" 200 16227 "http://photolab.elmer.uaf.edu/gallery/maps/mapg3270a.html" "Mozilla/5.0 (Macintosh; U; PPC Mac OS X Mach-O; fr-FR; rv:1.7.5) Gecko/20041108 Firefox/1.0"
195.115.178.65 - - [01/Sep/2005:00:37:39 -0800] "GET /gallery/maps/G3200/small/G3270%20%5B1734_%5D%20D87.jpg HTTP/1.1" 200 15709 "http://photolab.elmer.uaf.edu/gallery/maps/mapg3270a.html" "Mozilla/5.0 (Macintosh; U; PPC Mac OS X Mach-O; fr-FR; rv:1.7.5) Gecko/20041108 Firefox/1.0"
195.115.178.65 - - [01/Sep/2005:00:37:40 -0800] "GET /gallery/maps/G3200/small/G3270%201735%20T5.jpg HTTP/1.1" 200 15292 "http://photolab.elmer.uaf.edu/gallery/maps/mapg3270a.html" "Mozilla/5.0 (Macintosh; U; PPC Mac OS X Mach-O; fr-FR; rv:1.7.5) Gecko/20041108 Firefox/1.0"
195.115.178.65 - - [01/Sep/2005:00:37:40 -0800] "GET /gallery/maps/G3200/small/G3270%20%5B1736%5D%20B692.jpg HTTP/1.1" 200 16560 "http://photolab.elmer.uaf.edu/gallery/maps/mapg3270a.html" "Mozilla/5.0 (Macintosh; U; PPC Mac OS X Mach-O; fr-FR; rv:1.7.5) Gecko/20041108 Firefox/1.0"
195.115.178.65 - - [01/Sep/2005:00:37:41 -0800] "GET /gallery/maps/G3200/small/G3270%20%5B1747_%5D.jpg HTTP/1.1" 200 17753 "http://photolab.elmer.uaf.edu/gallery/maps/mapg3270a.html" "Mozilla/5.0 (Macintosh; U; PPC Mac OS X Mach-O; fr-FR; rv:1.7.5) Gecko/20041108 Firefox/1.0"
195.115.178.65 - - [01/Sep/2005:00:37:41 -0800] "GET /gallery/maps/G3200/small/G3270%20%5B1747%5D%20I55.jpg HTTP/1.1" 200 16563 "http://photolab.elmer.uaf.edu/gallery/maps/mapg3270a.html" "Mozilla/5.0 (Macintosh; U; PPC Mac OS X Mach-O; fr-FR; rv:1.7.5) Gecko/20041108 Firefox/1.0"
195.115.178.65 - - [01/Sep/2005:00:37:42 -0800] "GET /gallery/maps/G3200/small/G3270%201754%20G4.jpg HTTP/1.1" 200 17083 "http://photolab.elmer.uaf.edu/gallery/maps/mapg3270a.html" "Mozilla/5.0 (Macintosh; U; PPC Mac OS X Mach-O; fr-FR; rv:1.7.5) Gecko/20041108 Firefox/1.0"
195.115.178.65 - - [01/Sep/2005:00:37:43 -0800] "GET /gallery/maps/G3200/small/G3270%20%5B1770_%5D%20G52.jpg HTTP/1.1" 200 17617 "http://photolab.elmer.uaf.edu/gallery/maps/mapg3270a.html" "Mozilla/5.0 (Macintosh; U; PPC Mac OS X Mach-O; fr-FR; rv:1.7.5) Gecko/20041108 Firefox/1.0"
195.115.178.65 - - [01/Sep/2005:00:37:43 -0800] "GET /gallery/maps/G3200/small/G3270%20%5B1779%5D%20V38.jpg HTTP/1.1" 200 16953 "http://photolab.elmer.uaf.edu/gallery/maps/mapg3270a.html" "Mozilla/5.0 (Macintosh; U; PPC Mac OS X Mach-O; fr-FR; rv:1.7.5) Gecko/20041108 Firefox/1.0"
195.115.178.65 - - [01/Sep/2005:00:37:44 -0800] "GET /gallery/maps/G3200/small/G3270%20%5B1794%5D.jpg HTTP/1.1" 200 19199 "http://photolab.elmer.uaf.edu/gallery/maps/mapg3270a.html" "Mozilla/5.0 (Macintosh; U; PPC Mac OS X Mach-O; fr-FR; rv:1.7.5) Gecko/20041108 Firefox/1.0"
195.115.178.65 - - [01/Sep/2005:00:37:45 -0800] "GET /index_files/bluebear.gif HTTP/1.1" 200 1263 "http://photolab.elmer.uaf.edu/gallery/maps/mapg3270a.html" "Mozilla/5.0 (Macintosh; U; PPC Mac OS X Mach-O; fr-FR; rv:1.7.5) Gecko/20041108 Firefox/1.0"
195.115.178.65 - - [01/Sep/2005:00:37:45 -0800] "GET /gallery/maps/G3200/small/G3270%201797%20K41.jpg HTTP/1.1" 200 14053 "http://photolab.elmer.uaf.edu/gallery/maps/mapg3270a.html" "Mozilla/5.0 (Macintosh; U; PPC Mac OS X Mach-O; fr-FR; rv:1.7.5) Gecko/20041108 Firefox/1.0"
195.115.178.65 - - [01/Sep/2005:00:37:45 -0800] "GET /index_files/sitemap.gif HTTP/1.1" 200 1503 "http://photolab.elmer.uaf.edu/gallery/maps/mapg3270a.html" "Mozilla/5.0 (Macintosh; U; PPC Mac OS X Mach-O; fr-FR; rv:1.7.5) Gecko/20041108 Firefox/1.0"
217.212.224.148 - - [01/Sep/2005:00:38:02 -0800] "GET /gallery/20010164/pages/2001-0164-00079.html HTTP/1.0" 404 339 "-" "psbot/0.1 (+http://www.picsearch.com/bot.html)"
195.115.178.65 - - [01/Sep/2005:00:38:07 -0800] "GET /gallery/maps/G3200/large/G3270%201797%20K41.jpg HTTP/1.1" 200 172787 "http://photolab.elmer.uaf.edu/gallery/maps/mapg3270a.html" "Mozilla/5.0 (Macintosh; U; PPC Mac OS X Mach-O; fr-FR; rv:1.7.5) Gecko/20041108 Firefox/1.0"
207.46.98.84 - - [01/Sep/2005:00:38:36 -0800] "GET /gallery/photos/19890199/1/pages/1989-0199-00148.html HTTP/1.0" 200 1878 "-" "msnbot/1.0 (+http://search.msn.com/msnbot.htm)"
195.115.178.65 - - [01/Sep/2005:00:38:36 -0800] "GET /gallery/maps/G3200/large/G3270%20%5B1696_%5D%20C68.jpg HTTP/1.1" 200 246784 "http://photolab.elmer.uaf.edu/gallery/maps/mapg3270a.html" "Mozilla/5.0 (Macintosh; U; PPC Mac OS X Mach-O; fr-FR; rv:1.7.5) Gecko/20041108 Firefox/1.0"
68.142.249.111 - - [01/Sep/2005:00:38:54 -0800] "GET /gallery/photos/19640042/3/pages/1964-0042-00306.htm HTTP/1.0" 200 1881 "-" "Mozilla/5.0 (compatible; Yahoo! Slurp; http://help.yahoo.com/help/us/ysearch/slurp)"
68.142.250.148 - - [01/Sep/2005:00:39:58 -0800] "GET /gallery/photos/19910046/06/pages/1991-0046-00603.html HTTP/1.0" 200 1758 "-" "Mozilla/5.0 (compatible; Yahoo! Slurp; http://help.yahoo.com/help/us/ysearch/slurp)"
217.212.224.148 - - [01/Sep/2005:00:40:12 -0800] "GET /gallery/20040084/1157-1288/index_5.html HTTP/1.0" 404 335 "-" "psbot/0.1 (+http://www.picsearch.com/bot.html)"
68.142.251.133 - - [01/Sep/2005:00:40:37 -0800] "GET /gallery/photos/19800068/0/pages/1980-0068-00009.html HTTP/1.0" 200 1857 "-" "Mozilla/5.0 (compatible; Yahoo! Slurp; http://help.yahoo.com/help/us/ysearch/slurp)"
68.142.251.76 - - [01/Sep/2005:00:40:46 -0800] "GET /gallery/photos/19910046/05/pages/1991-0046-00505.html HTTP/1.0" 200 1758 "-" "Mozilla/5.0 (compatible; Yahoo! Slurp; http://help.yahoo.com/help/us/ysearch/slurp)"
217.212.224.148 - - [01/Sep/2005:00:42:14 -0800] "GET /gallery/19700011/pages/1970-0011-00021.html HTTP/1.0" 404 339 "-" "psbot/0.1 (+http://www.picsearch.com/bot.html)"
68.142.251.20 - - [01/Sep/2005:00:43:25 -0800] "GET /gallery/photos/20030120/0/pages/2003-0120-00006.html HTTP/1.0" 200 1868 "-" "Mozilla/5.0 (compatible; Yahoo! Slurp; http://help.yahoo.com/help/us/ysearch/slurp)"
68.142.251.35 - - [01/Sep/2005:00:44:02 -0800] "GET /gallery/photos/19690092/9/pages/1969-0092-00900.html HTTP/1.0" 200 1606 "-" "Mozilla/5.0 (compatible; Yahoo! Slurp; http://help.yahoo.com/help/us/ysearch/slurp)"
65.214.44.171 - - [01/Sep/2005:00:44:13 -0800] "GET /gallery/19690092/9/pages/1969-0092-00925.html HTTP/1.0" 404 341 "-" "Mozilla/2.0 (compatible; Ask Jeeves/Teoma; +http://sp.ask.com/docs/about/tech_crawling.html)"
207.46.98.84 - - [01/Sep/2005:00:44:18 -0800] "GET /gallery/photos/19900043/08/index_2.html HTTP/1.0" 200 7248 "-" "msnbot/1.0 (+http://search.msn.com/msnbot.htm)"
217.212.224.148 - - [01/Sep/2005:00:44:23 -0800] "GET /gallery/20040093/pages/2004-0093-00025.html HTTP/1.0" 404 339 "-" "psbot/0.1 (+http://www.picsearch.com/bot.html)"
68.142.251.149 - - [01/Sep/2005:00:44:29 -0800] "GET /gallery/photos/19890166/06/pages/1989-0166-00603_neg%20nitrate.html HTTP/1.0" 304 - "-" "Mozilla/5.0 (compatible; Yahoo! Slurp; http://help.yahoo.com/help/us/ysearch/slurp)"
68.142.251.149 - - [01/Sep/2005:00:44:31 -0800] "GET /gallery/photos/20040145/6 HTTP/1.0" 301 362 "-" "Mozilla/5.0 (compatible; Yahoo! Slurp; http://help.yahoo.com/help/us/ysearch/slurp)"
68.142.251.149 - - [01/Sep/2005:00:44:32 -0800] "GET /gallery/photos/20040145/6/ HTTP/1.0" 200 7060 "-" "Mozilla/5.0 (compatible; Yahoo! Slurp; http://help.yahoo.com/help/us/ysearch/slurp)"
207.46.98.84 - - [01/Sep/2005:00:44:34 -0800] "GET /gallery/photos/20030024/0/index_2.html HTTP/1.0" 200 7242 "-" "msnbot/1.0 (+http://search.msn.com/msnbot.htm)"
85.101.71.22 - - [01/Sep/2005:00:44:55 -0800] "GET /index_files/store.css HTTP/1.1" 200 2756 "http://photolab.elmer.uaf.edu/store/people.html" "Mozilla/4.0 (compatible; MSIE 6.0; Windows NT 5.1; SV1; .NET CLR 2.0.40607)"
85.101.71.22 - - [01/Sep/2005:00:44:56 -0800] "GET /index_files/titlebrown.jpg HTTP/1.1" 200 5451 "http://photolab.elmer.uaf.edu/store/people.html" "Mozilla/4.0 (compatible; MSIE 6.0; Windows NT 5.1; SV1; .NET CLR 2.0.40607)"
85.101.71.22 - - [01/Sep/2005:00:44:54 -0800] "GET /store/people.html HTTP/1.1" 200 21075 "http://images.google.com.tr/imgres?imgurl=http://photolab.elmer.uaf.edu/store/photos/largejpegs/(105)1989-0166-00522a.jpg&imgrefurl=http://photolab.elmer.uaf.edu/store/people.html&h=692&w=1000&sz=100&tbnid=mRifvhDN3-gJ:&tbnh=103&tbnw=149&hl=tr&start=4&prev=/images%3Fq%3Dold%2Bwoman%26svnum%3D10%26hl%3Dtr%26lr%3D" "Mozilla/4.0 (compatible; MSIE 6.0; Windows NT 5.1; SV1; .NET CLR 2.0.40607)"
85.101.71.22 - - [01/Sep/2005:00:44:56 -0800] "GET /index_files/aprbrown.jpg HTTP/1.1" 200 5509 "http://photolab.elmer.uaf.edu/store/people.html" "Mozilla/4.0 (compatible; MSIE 6.0; Windows NT 5.1; SV1; .NET CLR 2.0.40607)"
85.101.71.22 - - [01/Sep/2005:00:44:57 -0800] "GET /index_files/menubar.gif HTTP/1.1" 200 2913 "http://photolab.elmer.uaf.edu/store/people.html" "Mozilla/4.0 (compatible; MSIE 6.0; Windows NT 5.1; SV1; .NET CLR 2.0.40607)"
85.101.71.22 - - [01/Sep/2005:00:44:57 -0800] "GET /index_files/storetitle.gif HTTP/1.1" 200 14535 "http://photolab.elmer.uaf.edu/store/people.html" "Mozilla/4.0 (compatible; MSIE 6.0; Windows NT 5.1; SV1; .NET CLR 2.0.40607)"
85.101.71.22 - - [01/Sep/2005:00:44:59 -0800] "GET /store/photos/smalljpegs/(009)1975-0146-00003.jpg HTTP/1.1" 200 35453 "http://photolab.elmer.uaf.edu/store/people.html" "Mozilla/4.0 (compatible; MSIE 6.0; Windows NT 5.1; SV1; .NET CLR 2.0.40607)"
85.101.71.22 - - [01/Sep/2005:00:44:56 -0800] "GET /store/photos/smalljpegs/(007)1972-0071-03234.jpg HTTP/1.1" 200 32052 "http://photolab.elmer.uaf.edu/store/people.html" "Mozilla/4.0 (compatible; MSIE 6.0; Windows NT 5.1; SV1; .NET CLR 2.0.40607)"
85.101.71.22 - - [01/Sep/2005:00:45:03 -0800] "GET /store/photos/smalljpegs/(012)1989-0166-00375.jpg HTTP/1.1" 200 41883 "http://photolab.elmer.uaf.edu/store/people.html" "Mozilla/4.0 (compatible; MSIE 6.0; Windows NT 5.1; SV1; .NET CLR 2.0.40607)"
85.101.71.22 - - [01/Sep/2005:00:45:07 -0800] "GET /store/photos/smalljpegs/(024)1972-0116-00334.jpg HTTP/1.1" 200 29908 "http://photolab.elmer.uaf.edu/store/people.html" "Mozilla/4.0 (compatible; MSIE 6.0; Windows NT 5.1; SV1; .NET CLR 2.0.40607)"
85.101.71.22 - - [01/Sep/2005:00:45:10 -0800] "GET /store/photos/smalljpegs/(026)1997-0165-00010.jpg HTTP/1.1" 200 26695 "http://photolab.elmer.uaf.edu/store/people.html" "Mozilla/4.0 (compatible; MSIE 6.0; Windows NT 5.1; SV1; .NET CLR 2.0.40607)"
85.101.71.22 - - [01/Sep/2005:00:45:13 -0800] "GET /store/photos/smalljpegs/(040)1958-1026-01700.jpg HTTP/1.1" 200 30523 "http://photolab.elmer.uaf.edu/store/people.html" "Mozilla/4.0 (compatible; MSIE 6.0; Windows NT 5.1; SV1; .NET CLR 2.0.40607)"
85.101.71.22 - - [01/Sep/2005:00:45:16 -0800] "GET /store/photos/smalljpegs/(069)1976-0092-00075.jpg HTTP/1.1" 200 25519 "http://photolab.elmer.uaf.edu/store/people.html" "Mozilla/4.0 (compatible; MSIE 6.0; Windows NT 5.1; SV1; .NET CLR 2.0.40607)"
68.142.251.149 - - [01/Sep/2005:00:45:21 -0800] "GET /gallery/photos/20040162/pages/2004-0162-00005.html HTTP/1.0" 304 - "-" "Mozilla/5.0 (compatible; Yahoo! Slurp; http://help.yahoo.com/help/us/ysearch/slurp)"
85.101.71.22 - - [01/Sep/2005:00:45:15 -0800] "GET /store/photos/smalljpegs/(055)1966-0054-00104.jpg HTTP/1.1" 200 35929 "http://photolab.elmer.uaf.edu/store/people.html" "Mozilla/4.0 (compatible; MSIE 6.0; Windows NT 5.1; SV1; .NET CLR 2.0.40607)"
85.101.71.22 - - [01/Sep/2005:00:45:19 -0800] "GET /store/photos/smalljpegs/(074)1968-0012-00009.jpg HTTP/1.1" 200 36819 "http://photolab.elmer.uaf.edu/store/people.html" "Mozilla/4.0 (compatible; MSIE 6.0; Windows NT 5.1; SV1; .NET CLR 2.0.40607)"
85.101.71.22 - - [01/Sep/2005:00:45:22 -0800] "GET /store/photos/smalljpegs/(090)1972-0071-02759.jpg HTTP/1.1" 200 35919 "http://photolab.elmer.uaf.edu/store/people.html" "Mozilla/4.0 (compatible; MSIE 6.0; Windows NT 5.1; SV1; .NET CLR 2.0.40607)"
85.101.71.22 - - [01/Sep/2005:00:45:26 -0800] "GET /store/photos/smalljpegs/(083)1989-0166-00380.jpg HTTP/1.1" 200 32119 "http://photolab.elmer.uaf.edu/store/people.html" "Mozilla/4.0 (compatible; MSIE 6.0; Windows NT 5.1; SV1; .NET CLR 2.0.40607)"
85.101.71.22 - - [01/Sep/2005:00:45:30 -0800] "GET /store/photos/smalljpegs/(101)1995-0244-01044.jpg HTTP/1.1" 200 33660 "http://photolab.elmer.uaf.edu/store/people.html" "Mozilla/4.0 (compatible; MSIE 6.0; Windows NT 5.1; SV1; .NET CLR 2.0.40607)"
85.101.71.22 - - [01/Sep/2005:00:45:29 -0800] "GET /store/photos/smalljpegs/(073)2000-0176-00106a.jpg HTTP/1.1" 200 39020 "http://photolab.elmer.uaf.edu/store/people.html" "Mozilla/4.0 (compatible; MSIE 6.0; Windows NT 5.1; SV1; .NET CLR 2.0.40607)"
85.101.71.22 - - [01/Sep/2005:00:45:33 -0800] "GET /store/photos/smalljpegs/(102)1972-0071-00804.jpg HTTP/1.1" 200 33600 "http://photolab.elmer.uaf.edu/store/people.html" "Mozilla/4.0 (compatible; MSIE 6.0; Windows NT 5.1; SV1; .NET CLR 2.0.40607)"
85.101.71.22 - - [01/Sep/2005:00:45:36 -0800] "GET /store/photos/smalljpegs/(103)1972-0071-02925.jpg HTTP/1.1" 200 30024 "http://photolab.elmer.uaf.edu/store/people.html" "Mozilla/4.0 (compatible; MSIE 6.0; Windows NT 5.1; SV1; .NET CLR 2.0.40607)"
85.101.71.22 - - [01/Sep/2005:00:45:36 -0800] "GET /store/photos/smalljpegs/(104)1958-1026-02106.jpg HTTP/1.1" 200 34617 "http://photolab.elmer.uaf.edu/store/people.html" "Mozilla/4.0 (compatible; MSIE 6.0; Windows NT 5.1; SV1; .NET CLR 2.0.40607)"
68.142.250.175 - - [01/Sep/2005:00:45:37 -0800] "GET /gallery/photos/19890166/07/pages/1989-0166-00711_neg%20nitrate.html HTTP/1.0" 304 - "-" "Mozilla/5.0 (compatible; Yahoo! Slurp; http://help.yahoo.com/help/us/ysearch/slurp)"
68.142.249.175 - - [01/Sep/2005:00:45:47 -0800] "GET /gallery/photos/19800068/0/pages/1980-0068-00008.html HTTP/1.0" 200 1857 "-" "Mozilla/5.0 (compatible; Yahoo! Slurp; http://help.yahoo.com/help/us/ysearch/slurp)"
85.101.71.22 - - [01/Sep/2005:00:45:37 -0800] "GET /store/photos/largejpegs/(105)1989-0166-00522a.jpg HTTP/1.1" 200 101451 "http://images.google.com.tr/imgres?imgurl=http://photolab.elmer.uaf.edu/store/photos/largejpegs/(105)1989-0166-00522a.jpg&imgrefurl=http://photolab.elmer.uaf.edu/store/people.html&h=692&w=1000&sz=100&tbnid=mRifvhDN3-gJ:&tbnh=103&tbnw=149&hl=tr&prev=/images%3Fq%3Dold%2Bwoman%26svnum%3D10%26hl%3Dtr%26lr%3D&frame=small" "Mozilla/4.0 (compatible; MSIE 6.0; Windows NT 5.1; SV1; .NET CLR 2.0.40607)"
217.212.224.148 - - [01/Sep/2005:00:48:26 -0800] "GET /gallery/20030183/pages/2003-0183-00010.html HTTP/1.0" 404 339 "-" "psbot/0.1 (+http://www.picsearch.com/bot.html)"
217.212.224.148 - - [01/Sep/2005:00:50:25 -0800] "GET /gallery/20040085/pages/2004-0085-00035.html HTTP/1.0" 404 339 "-" "psbot/0.1 (+http://www.picsearch.com/bot.html)"
212.64.224.250 - - [01/Sep/2005:00:52:16 -0800] "GET /index_files/empty.gif HTTP/1.1" 200 45 "http://photolab.elmer.uaf.edu/gallery/maps/mapg3200.html" "Mozilla/4.0 (compatible; MSIE 6.0; Windows NT 5.1; .NET CLR 1.1.4322)"
212.64.224.250 - - [01/Sep/2005:00:52:16 -0800] "GET /index_files/dps.ico HTTP/1.1" 200 318 "http://photolab.elmer.uaf.edu/gallery/maps/mapg3200.html" "Mozilla/4.0 (compatible; MSIE 6.0; Windows NT 5.1; .NET CLR 1.1.4322)"
212.64.224.250 - - [01/Sep/2005:00:52:16 -0800] "GET /gallery/maps/mapg3200.html HTTP/1.1" 200 17141 "http://images.google.de/imgres?imgurl=http://photolab.elmer.uaf.edu/gallery/maps/G3200/large/G3200%25201755%2520B43.jpg&imgrefurl=http://photolab.elmer.uaf.edu/gallery/maps/mapg3200.html&h=812&w=1200&sz=212&tbnid=AqkPyBDAS2wJ:&tbnh=101&tbnw=150&hl=en&start=44&prev=/images%3Fq%3D1755%26start%3D40%26svnum%3D10%26hl%3Den%26lr%3D%26sa%3DN" "Mozilla/4.0 (compatible; MSIE 6.0; Windows NT 5.1; .NET CLR 1.1.4322)"
212.64.224.250 - - [01/Sep/2005:00:52:16 -0800] "GET /index_files/title.jpg HTTP/1.1" 200 5438 "http://photolab.elmer.uaf.edu/gallery/maps/mapg3200.html" "Mozilla/4.0 (compatible; MSIE 6.0; Windows NT 5.1; .NET CLR 1.1.4322)"
212.64.224.250 - - [01/Sep/2005:00:52:16 -0800] "GET /index_files/bar.gif HTTP/1.1" 200 342 "http://photolab.elmer.uaf.edu/gallery/maps/mapg3200.html" "Mozilla/4.0 (compatible; MSIE 6.0; Windows NT 5.1; .NET CLR 1.1.4322)"
212.64.224.250 - - [01/Sep/2005:00:52:16 -0800] "GET /index_files/apr.jpg HTTP/1.1" 200 6015 "http://photolab.elmer.uaf.edu/gallery/maps/mapg3200.html" "Mozilla/4.0 (compatible; MSIE 6.0; Windows NT 5.1; .NET CLR 1.1.4322)"
212.64.224.250 - - [01/Sep/2005:00:52:16 -0800] "GET /index_files/lib.css HTTP/1.1" 200 2634 "http://photolab.elmer.uaf.edu/gallery/maps/mapg3200.html" "Mozilla/4.0 (compatible; MSIE 6.0; Windows NT 5.1; .NET CLR 1.1.4322)"
212.64.224.250 - - [01/Sep/2005:00:52:16 -0800] "GET /index_files/small.dps.jpg HTTP/1.1" 200 5830 "http://photolab.elmer.uaf.edu/gallery/maps/mapg3200.html" "Mozilla/4.0 (compatible; MSIE 6.0; Windows NT 5.1; .NET CLR 1.1.4322)"
212.64.224.250 - - [01/Sep/2005:00:52:16 -0800] "GET /index_files/small.jpg HTTP/1.1" 200 2294 "http://photolab.elmer.uaf.edu/gallery/maps/mapg3200.html" "Mozilla/4.0 (compatible; MSIE 6.0; Windows NT 5.1; .NET CLR 1.1.4322)"
212.64.224.250 - - [01/Sep/2005:00:52:17 -0800] "GET /gallery/maps/G3200/small/G3200%201827%20M3%20v4%20no5.jpg HTTP/1.1" 200 13417 "http://photolab.elmer.uaf.edu/gallery/maps/mapg3200.html" "Mozilla/4.0 (compatible; MSIE 6.0; Windows NT 5.1; .NET CLR 1.1.4322)"
212.64.224.250 - - [01/Sep/2005:00:52:17 -0800] "GET /gallery/maps/G3200/small/G3200%201827%20M3%20v2%20no39.jpg HTTP/1.1" 200 13883 "http://photolab.elmer.uaf.edu/gallery/maps/mapg3200.html" "Mozilla/4.0 (compatible; MSIE 6.0; Windows NT 5.1; .NET CLR 1.1.4322)"
212.64.224.250 - - [01/Sep/2005:00:52:17 -0800] "GET /index_files/small_002.jpg HTTP/1.1" 200 1351 "http://photolab.elmer.uaf.edu/gallery/maps/mapg3200.html" "Mozilla/4.0 (compatible; MSIE 6.0; Windows NT 5.1; .NET CLR 1.1.4322)"
212.64.224.250 - - [01/Sep/2005:00:52:17 -0800] "GET /index_files/small_003.jpg HTTP/1.1" 200 1521 "http://photolab.elmer.uaf.edu/gallery/maps/mapg3200.html" "Mozilla/4.0 (compatible; MSIE 6.0; Windows NT 5.1; .NET CLR 1.1.4322)"
212.64.224.250 - - [01/Sep/2005:00:52:17 -0800] "GET /gallery/maps/G3200/small/G3200%201755%20B43.jpg HTTP/1.1" 200 14396 "http://photolab.elmer.uaf.edu/gallery/maps/mapg3200.html" "Mozilla/4.0 (compatible; MSIE 6.0; Windows NT 5.1; .NET CLR 1.1.4322)"
212.64.224.250 - - [01/Sep/2005:00:52:17 -0800] "GET /gallery/maps/G3200/small/G3200%20%5B1562_%5D%20V34.jpg HTTP/1.1" 200 15334 "http://photolab.elmer.uaf.edu/gallery/maps/mapg3200.html" "Mozilla/4.0 (compatible; MSIE 6.0; Windows NT 5.1; .NET CLR 1.1.4322)"
212.64.224.250 - - [01/Sep/2005:00:52:17 -0800] "GET /gallery/maps/G3200/small/G3200%20%5B1652_%5D%20V571.jpg HTTP/1.1" 200 16733 "http://photolab.elmer.uaf.edu/gallery/maps/mapg3200.html" "Mozilla/4.0 (compatible; MSIE 6.0; Windows NT 5.1; .NET CLR 1.1.4322)"
212.64.224.250 - - [01/Sep/2005:00:52:17 -0800] "GET /gallery/maps/G3200/small/G3200%20%5B1670%5D.jpg HTTP/1.1" 200 17392 "http://photolab.elmer.uaf.edu/gallery/maps/mapg3200.html" "Mozilla/4.0 (compatible; MSIE 6.0; Windows NT 5.1; .NET CLR 1.1.4322)"
212.64.224.250 - - [01/Sep/2005:00:52:17 -0800] "GET /gallery/maps/G3200/small/G3200%20%5B1700%5D.jpg HTTP/1.1" 200 18077 "http://photolab.elmer.uaf.edu/gallery/maps/mapg3200.html" "Mozilla/4.0 (compatible; MSIE 6.0; Windows NT 5.1; .NET CLR 1.1.4322)"
212.64.224.250 - - [01/Sep/2005:00:52:17 -0800] "GET /gallery/maps/G3200/small/G3200%201752%20R62.jpg HTTP/1.1" 200 14597 "http://photolab.elmer.uaf.edu/gallery/maps/mapg3200.html" "Mozilla/4.0 (compatible; MSIE 6.0; Windows NT 5.1; .NET CLR 1.1.4322)"
217.212.224.148 - - [01/Sep/2005:00:52:22 -0800] "GET /gallery/20040085/pages/2004-0085-00036.html HTTP/1.0" 404 339 "-" "psbot/0.1 (+http://www.picsearch.com/bot.html)"
212.64.224.250 - - [01/Sep/2005:00:52:17 -0800] "GET /gallery/maps/G3200/small/G3200%20%5B1790%5D%20B65.jpg HTTP/1.1" 200 14544 "http://photolab.elmer.uaf.edu/gallery/maps/mapg3200.html" "Mozilla/4.0 (compatible; MSIE 6.0; Windows NT 5.1; .NET CLR 1.1.4322)"
212.64.224.250 - - [01/Sep/2005:00:52:17 -0800] "GET /gallery/maps/G3200/small/G3200%20%5B1788%5D.jpg HTTP/1.1" 200 13885 "http://photolab.elmer.uaf.edu/gallery/maps/mapg3200.html" "Mozilla/4.0 (compatible; MSIE 6.0; Windows NT 5.1; .NET CLR 1.1.4322)"
212.64.224.250 - - [01/Sep/2005:00:52:17 -0800] "GET /gallery/maps/G3200/small/G3200%20%5B1774%5D%20S29.jpg HTTP/1.1" 200 14083 "http://photolab.elmer.uaf.edu/gallery/maps/mapg3200.html" "Mozilla/4.0 (compatible; MSIE 6.0; Windows NT 5.1; .NET CLR 1.1.4322)"
212.64.224.250 - - [01/Sep/2005:00:52:17 -0800] "GET /gallery/maps/G3200/small/G3200%201783%20B68.jpg HTTP/1.1" 200 15727 "http://photolab.elmer.uaf.edu/gallery/maps/mapg3200.html" "Mozilla/4.0 (compatible; MSIE 6.0; Windows NT 5.1; .NET CLR 1.1.4322)"
212.64.224.250 - - [01/Sep/2005:00:52:17 -0800] "GET /gallery/maps/G3200/small/G3200%20%5B1798%5D%20R622.jpg HTTP/1.1" 200 13822 "http://photolab.elmer.uaf.edu/gallery/maps/mapg3200.html" "Mozilla/4.0 (compatible; MSIE 6.0; Windows NT 5.1; .NET CLR 1.1.4322)"
212.64.224.250 - - [01/Sep/2005:00:52:17 -0800] "GET /gallery/maps/G3200/small/G3200%20%5B1814%5D.jpg HTTP/1.1" 200 15377 "http://photolab.elmer.uaf.edu/gallery/maps/mapg3200.html" "Mozilla/4.0 (compatible; MSIE 6.0; Windows NT 5.1; .NET CLR 1.1.4322)"
212.64.224.250 - - [01/Sep/2005:00:52:17 -0800] "GET /gallery/maps/G3200/small/G3200%201827%20M3%20v2%20no20.jpg HTTP/1.1" 200 14004 "http://photolab.elmer.uaf.edu/gallery/maps/mapg3200.html" "Mozilla/4.0 (compatible; MSIE 6.0; Windows NT 5.1; .NET CLR 1.1.4322)"
212.64.224.250 - - [01/Sep/2005:00:52:17 -0800] "GET /gallery/maps/G3200/small/G3200%20%5B1824%5D%20W95.jpg HTTP/1.1" 200 14196 "http://photolab.elmer.uaf.edu/gallery/maps/mapg3200.html" "Mozilla/4.0 (compatible; MSIE 6.0; Windows NT 5.1; .NET CLR 1.1.4322)"
212.64.224.250 - - [01/Sep/2005:00:52:17 -0800] "GET /index_files/bluebear.gif HTTP/1.1" 200 1263 "http://photolab.elmer.uaf.edu/gallery/maps/mapg3200.html" "Mozilla/4.0 (compatible; MSIE 6.0; Windows NT 5.1; .NET CLR 1.1.4322)"
212.64.224.250 - - [01/Sep/2005:00:52:17 -0800] "GET /index_files/sitemap.gif HTTP/1.1" 200 1503 "http://photolab.elmer.uaf.edu/gallery/maps/mapg3200.html" "Mozilla/4.0 (compatible; MSIE 6.0; Windows NT 5.1; .NET CLR 1.1.4322)"
212.64.224.250 - - [01/Sep/2005:00:52:17 -0800] "GET /gallery/maps/G3200/small/G3200%201827%20M3%20v2%20no38.jpg HTTP/1.1" 200 13806 "http://photolab.elmer.uaf.edu/gallery/maps/mapg3200.html" "Mozilla/4.0 (compatible; MSIE 6.0; Windows NT 5.1; .NET CLR 1.1.4322)"
212.64.224.250 - - [01/Sep/2005:00:52:17 -0800] "GET /gallery/maps/G3200/small/G3200%201827%20M3%20v4%20no14.jpg HTTP/1.1" 200 14422 "http://photolab.elmer.uaf.edu/gallery/maps/mapg3200.html" "Mozilla/4.0 (compatible; MSIE 6.0; Windows NT 5.1; .NET CLR 1.1.4322)"
212.64.224.250 - - [01/Sep/2005:00:52:17 -0800] "GET /gallery/maps/G3200/small/G3200%201827%20M3%20v4%20no13%20c3.jpg HTTP/1.1" 200 15049 "http://photolab.elmer.uaf.edu/gallery/maps/mapg3200.html" "Mozilla/4.0 (compatible; MSIE 6.0; Windows NT 5.1; .NET CLR 1.1.4322)"
212.64.224.250 - - [01/Sep/2005:00:52:17 -0800] "GET /gallery/maps/G3200/small/G3200%201827%20M3%20v4%20no21.jpg HTTP/1.1" 200 13818 "http://photolab.elmer.uaf.edu/gallery/maps/mapg3200.html" "Mozilla/4.0 (compatible; MSIE 6.0; Windows NT 5.1; .NET CLR 1.1.4322)"
212.64.224.250 - - [01/Sep/2005:00:52:17 -0800] "GET /gallery/maps/G3200/small/G3200%201827%20M3%20v4%20no23.jpg HTTP/1.1" 200 14394 "http://photolab.elmer.uaf.edu/gallery/maps/mapg3200.html" "Mozilla/4.0 (compatible; MSIE 6.0; Windows NT 5.1; .NET CLR 1.1.4322)"
212.64.224.250 - - [01/Sep/2005:00:52:17 -0800] "GET /gallery/maps/G3200/small/G3200%201827%20M3%20v4%20no22.jpg HTTP/1.1" 200 14150 "http://photolab.elmer.uaf.edu/gallery/maps/mapg3200.html" "Mozilla/4.0 (compatible; MSIE 6.0; Windows NT 5.1; .NET CLR 1.1.4322)"
212.64.224.250 - - [01/Sep/2005:00:52:17 -0800] "GET /gallery/maps/G3200/small/G3200%201827%20M3%20v4%20no30.jpg HTTP/1.1" 200 13615 "http://photolab.elmer.uaf.edu/gallery/maps/mapg3200.html" "Mozilla/4.0 (compatible; MSIE 6.0; Windows NT 5.1; .NET CLR 1.1.4322)"
212.64.224.250 - - [01/Sep/2005:00:52:17 -0800] "GET /gallery/maps/G3200/small/G3200%20%5B1828%5D%20B67.jpg HTTP/1.1" 200 14879 "http://photolab.elmer.uaf.edu/gallery/maps/mapg3200.html" "Mozilla/4.0 (compatible; MSIE 6.0; Windows NT 5.1; .NET CLR 1.1.4322)"
212.64.224.250 - - [01/Sep/2005:00:52:17 -0800] "GET /gallery/maps/G3200/small/G3200%201882%20P461.jpg HTTP/1.1" 200 14665 "http://photolab.elmer.uaf.edu/gallery/maps/mapg3200.html" "Mozilla/4.0 (compatible; MSIE 6.0; Windows NT 5.1; .NET CLR 1.1.4322)"
212.64.224.250 - - [01/Sep/2005:00:52:57 -0800] "GET /gallery/maps/G3200/large/G3200%201755%20B43.jpg HTTP/1.1" 200 216395 "http://photolab.elmer.uaf.edu/gallery/maps/mapg3200.html" "Mozilla/4.0 (compatible; MSIE 6.0; Windows NT 5.1; .NET CLR 1.1.4322)"
212.64.224.250 - - [01/Sep/2005:00:53:09 -0800] "GET /gallery/maps/G3200/large/G3200%20%5B1700%5D.jpg HTTP/1.1" 200 306989 "http://photolab.elmer.uaf.edu/gallery/maps/mapg3200.html" "Mozilla/4.0 (compatible; MSIE 6.0; Windows NT 5.1; .NET CLR 1.1.4322)"
65.214.44.171 - - [01/Sep/2005:00:53:34 -0800] "GET /gallery/19950244/00/pages/1995-0244-00025.html HTTP/1.0" 404 342 "-" "Mozilla/2.0 (compatible; Ask Jeeves/Teoma; +http://sp.ask.com/docs/about/tech_crawling.html)"
212.64.224.250 - - [01/Sep/2005:00:53:27 -0800] "GET /gallery/maps/G3200/large/G3200%20%5B1562_%5D%20V34.jpg HTTP/1.1" 200 338950 "http://photolab.elmer.uaf.edu/gallery/maps/mapg3200.html" "Mozilla/4.0 (compatible; MSIE 6.0; Windows NT 5.1; .NET CLR 1.1.4322)"
217.212.224.148 - - [01/Sep/2005:00:54:30 -0800] "GET /gallery/20020164/pages/2002-0164-00082.html HTTP/1.0" 404 339 "-" "psbot/0.1 (+http://www.picsearch.com/bot.html)"
68.142.249.84 - - [01/Sep/2005:00:54:41 -0800] "GET /gallery/photos/19910046/05/index_2.html HTTP/1.0" 200 7242 "-" "Mozilla/5.0 (compatible; Yahoo! Slurp; http://help.yahoo.com/help/us/ysearch/slurp)"
217.212.224.148 - - [01/Sep/2005:00:56:34 -0800] "GET /gallery/20030137/pages/2003-0137-00081.html HTTP/1.0" 404 339 "-" "psbot/0.1 (+http://www.picsearch.com/bot.html)"
68.142.251.149 - - [01/Sep/2005:00:57:01 -0800] "GET /robots.txt HTTP/1.0" 200 96 "-" "Mozilla/5.0 (compatible; Yahoo! Slurp; http://help.yahoo.com/help/us/ysearch/slurp)"
68.142.251.57 - - [01/Sep/2005:00:57:01 -0800] "GET /gallery/photos/20030137 HTTP/1.0" 301 360 "-" "Mozilla/5.0 (compatible; Yahoo! Slurp; http://help.yahoo.com/help/us/ysearch/slurp)"
68.142.251.57 - - [01/Sep/2005:00:57:02 -0800] "GET /gallery/photos/20030137/ HTTP/1.0" 200 7109 "-" "Mozilla/5.0 (compatible; Yahoo! Slurp; http://help.yahoo.com/help/us/ysearch/slurp)"
68.142.251.57 - - [01/Sep/2005:00:57:19 -0800] "GET /gallery/photos/19940096/0 HTTP/1.0" 301 362 "-" "Mozilla/5.0 (compatible; Yahoo! Slurp; http://help.yahoo.com/help/us/ysearch/slurp)"
68.142.251.57 - - [01/Sep/2005:00:57:20 -0800] "GET /gallery/photos/19940096/0/ HTTP/1.0" 200 9096 "-" "Mozilla/5.0 (compatible; Yahoo! Slurp; http://help.yahoo.com/help/us/ysearch/slurp)"
217.212.224.148 - - [01/Sep/2005:00:58:46 -0800] "GET /gallery/19790093/album/pages/1979-0093-00294.html HTTP/1.0" 404 345 "-" "psbot/0.1 (+http://www.picsearch.com/bot.html)"
217.212.224.148 - - [01/Sep/2005:01:00:50 -0800] "GET /gallery/19850072/pages/1985-0072-00021.html HTTP/1.0" 404 339 "-" "psbot/0.1 (+http://www.picsearch.com/bot.html)"
68.142.249.53 - - [01/Sep/2005:01:01:30 -0800] "GET /gallery/photos/19910046/05/pages/1991-0046-00502.html HTTP/1.0" 200 1758 "-" "Mozilla/5.0 (compatible; Yahoo! Slurp; http://help.yahoo.com/help/us/ysearch/slurp)"
217.212.224.148 - - [01/Sep/2005:01:02:55 -0800] "GET /gallery/19850072/pages/1985-0072-00022.html HTTP/1.0" 404 339 "-" "psbot/0.1 (+http://www.picsearch.com/bot.html)"
65.214.44.171 - - [01/Sep/2005:01:02:57 -0800] "GET /gallery/20020087/4/pages/2002-0087-00431.html HTTP/1.0" 404 341 "-" "Mozilla/2.0 (compatible; Ask Jeeves/Teoma; +http://sp.ask.com/docs/about/tech_crawling.html)"
217.212.224.148 - - [01/Sep/2005:01:05:00 -0800] "GET /gallery/20040026/pages/2004-0026-00075.html HTTP/1.0" 404 339 "-" "psbot/0.1 (+http://www.picsearch.com/bot.html)"
68.142.251.164 - - [01/Sep/2005:01:05:39 -0800] "GET /gallery/photos/19900043/08 HTTP/1.0" 301 363 "-" "Mozilla/5.0 (compatible; Yahoo! Slurp; http://help.yahoo.com/help/us/ysearch/slurp)"
68.142.251.164 - - [01/Sep/2005:01:05:39 -0800] "GET /gallery/photos/19900043/08/ HTTP/1.0" 200 7104 "-" "Mozilla/5.0 (compatible; Yahoo! Slurp; http://help.yahoo.com/help/us/ysearch/slurp)"
68.142.249.171 - - [01/Sep/2005:01:06:00 -0800] "GET /gallery/photos/19890166/00/pages/1989-0166-00016_print.html HTTP/1.0" 304 - "-" "Mozilla/5.0 (compatible; Yahoo! Slurp; http://help.yahoo.com/help/us/ysearch/slurp)"
207.46.98.84 - - [01/Sep/2005:01:06:23 -0800] "GET /gallery/photos/19700058/2/index_2.html HTTP/1.0" 200 7241 "-" "msnbot/1.0 (+http://search.msn.com/msnbot.htm)"
68.142.251.164 - - [01/Sep/2005:01:06:40 -0800] "GET /gallery/photos/19890166/00/pages/1989-0166-00011_print.html HTTP/1.0" 304 - "-" "Mozilla/5.0 (compatible; Yahoo! Slurp; http://help.yahoo.com/help/us/ysearch/slurp)"
68.142.250.203 - - [01/Sep/2005:01:06:45 -0800] "GET /gallery/photos/19950190/pages/1995-0190-00002.html HTTP/1.0" 304 - "-" "Mozilla/5.0 (compatible; Yahoo! Slurp; http://help.yahoo.com/help/us/ysearch/slurp)"
217.212.224.148 - - [01/Sep/2005:01:07:04 -0800] "GET /gallery/19740130/pages/1974-0130-00089.html HTTP/1.0" 404 339 "-" "psbot/0.1 (+http://www.picsearch.com/bot.html)"
68.142.250.97 - - [01/Sep/2005:01:08:11 -0800] "GET /gallery/photos/19581026/20/pages/1958-1026-02073.html HTTP/1.0" 200 4416 "-" "Mozilla/5.0 (compatible; Yahoo! Slurp; http://help.yahoo.com/help/us/ysearch/slurp)"
217.212.224.148 - - [01/Sep/2005:01:09:12 -0800] "GET /gallery/20000197/pages/2000-0197-00021.html HTTP/1.0" 404 339 "-" "psbot/0.1 (+http://www.picsearch.com/bot.html)"
217.212.224.148 - - [01/Sep/2005:01:11:11 -0800] "GET /gallery/19850072/pages/1985-0072-00086.html HTTP/1.0" 404 339 "-" "psbot/0.1 (+http://www.picsearch.com/bot.html)"
68.142.250.78 - - [01/Sep/2005:01:11:26 -0800] "GET /gallery/photos/19910046/05/pages/1991-0046-00517.html HTTP/1.0" 200 1760 "-" "Mozilla/5.0 (compatible; Yahoo! Slurp; http://help.yahoo.com/help/us/ysearch/slurp)"
68.142.251.19 - - [01/Sep/2005:01:11:48 -0800] "GET /gallery/photos/20030120/0/pages/2003-0120-00007.html HTTP/1.0" 200 1868 "-" "Mozilla/5.0 (compatible; Yahoo! Slurp; http://help.yahoo.com/help/us/ysearch/slurp)"
65.214.44.171 - - [01/Sep/2005:01:12:22 -0800] "GET /gallery/19690092/7/pages/1969-0092-00764.html HTTP/1.0" 404 341 "-" "Mozilla/2.0 (compatible; Ask Jeeves/Teoma; +http://sp.ask.com/docs/about/tech_crawling.html)"
217.212.224.148 - - [01/Sep/2005:01:13:16 -0800] "GET /gallery/20010164/pages/2001-0164-00023.html HTTP/1.0" 404 339 "-" "psbot/0.1 (+http://www.picsearch.com/bot.html)"
68.142.249.202 - - [01/Sep/2005:01:14:56 -0800] "GET /gallery/photos/19640042/2 HTTP/1.0" 301 362 "-" "Mozilla/5.0 (compatible; Yahoo! Slurp; http://help.yahoo.com/help/us/ysearch/slurp)"
68.142.249.202 - - [01/Sep/2005:01:14:56 -0800] "GET /gallery/photos/19640042/2/ HTTP/1.0" 200 7054 "-" "Mozilla/5.0 (compatible; Yahoo! Slurp; http://help.yahoo.com/help/us/ysearch/slurp)"
217.212.224.148 - - [01/Sep/2005:01:15:14 -0800] "GET /gallery/20020032/pages/2002-0032-00023.html HTTP/1.0" 404 339 "-" "psbot/0.1 (+http://www.picsearch.com/bot.html)"
207.46.98.84 - - [01/Sep/2005:01:16:59 -0800] "GET /gallery/photos/19660054/01/index_2.html HTTP/1.0" 200 7242 "-" "msnbot/1.0 (+http://search.msn.com/msnbot.htm)"
