220.72.102.159 - - [01/Sep/2005:04:06:06 -0800] "GET /gallery/maps/G3300/small/G3300%201755%20B431.jpg HTTP/1.1" 200 14901 "http://photolab.elmer.uaf.edu/gallery/maps/mapg3300.html" "Mozilla/4.0 (compatible; MSIE 6.0; Windows NT 5.1; SV1)"
220.72.102.159 - - [01/Sep/2005:04:06:06 -0800] "GET /gallery/maps/G3300/small/G3300%201774%20D861.jpg HTTP/1.1" 200 14984 "http://photolab.elmer.uaf.edu/gallery/maps/mapg3300.html" "Mozilla/4.0 (compatible; MSIE 6.0; Windows NT 5.1; SV1)"
220.72.102.159 - - [01/Sep/2005:04:06:06 -0800] "GET /gallery/maps/G3300/small/G3300%201775%20R621.jpg HTTP/1.1" 200 14889 "http://photolab.elmer.uaf.edu/gallery/maps/mapg3300.html" "Mozilla/4.0 (compatible; MSIE 6.0; Windows NT 5.1; SV1)"
220.72.102.159 - - [01/Sep/2005:04:06:07 -0800] "GET /gallery/maps/G3300/small/G3300%20%5B1779%5D%20C662.jpg HTTP/1.1" 200 15796 "http://photolab.elmer.uaf.edu/gallery/maps/mapg3300.html" "Mozilla/4.0 (compatible; MSIE 6.0; Windows NT 5.1; SV1)"
220.72.102.159 - - [01/Sep/2005:04:06:07 -0800] "GET /gallery/maps/G3300/small/G3300%20%5B1780%5D%20C66.jpg HTTP/1.1" 200 17169 "http://photolab.elmer.uaf.edu/gallery/maps/mapg3300.html" "Mozilla/4.0 (compatible; MSIE 6.0; Windows NT 5.1; SV1)"
220.72.102.159 - - [01/Sep/2005:04:06:07 -0800] "GET /gallery/maps/G3300/small/G3300%201783%20R62.jpg HTTP/1.1" 200 15342 "http://photolab.elmer.uaf.edu/gallery/maps/mapg3300.html" "Mozilla/4.0 (compatible; MSIE 6.0; Windows NT 5.1; SV1)"
220.72.102.159 - - [01/Sep/2005:04:06:08 -0800] "GET /gallery/maps/G3300/small/G3300%20%5B1780_%5D%20C66a.jpg HTTP/1.1" 200 14727 "http://photolab.elmer.uaf.edu/gallery/maps/mapg3300.html" "Mozilla/4.0 (compatible; MSIE 6.0; Windows NT 5.1; SV1)"
220.72.102.159 - - [01/Sep/2005:04:06:08 -0800] "GET /gallery/maps/G3300/small/G3300%20%5B1786_%5D%20B691.jpg HTTP/1.1" 200 16623 "http://photolab.elmer.uaf.edu/gallery/maps/mapg3300.html" "Mozilla/4.0 (compatible; MSIE 6.0; Windows NT 5.1; SV1)"
220.72.102.159 - - [01/Sep/2005:04:06:08 -0800] "GET /gallery/maps/G3300/small/G3300%20%5B1787%5D%20B66.jpg HTTP/1.1" 200 14342 "http://photolab.elmer.uaf.edu/gallery/maps/mapg3300.html" "Mozilla/4.0 (compatible; MSIE 6.0; Windows NT 5.1; SV1)"
220.72.102.159 - - [01/Sep/2005:04:06:09 -0800] "GET /gallery/maps/G3300/small/G3300%201797%20N43.jpg HTTP/1.1" 200 15960 "http://photolab.elmer.uaf.edu/gallery/maps/mapg3300.html" "Mozilla/4.0 (compatible; MSIE 6.0; Windows NT 5.1; SV1)"
220.72.102.159 - - [01/Sep/2005:04:06:09 -0800] "GET /gallery/maps/G3300/small/G3300%20%5B1822%5D%20F55.jpg HTTP/1.1" 200 16603 "http://photolab.elmer.uaf.edu/gallery/maps/mapg3300.html" "Mozilla/4.0 (compatible; MSIE 6.0; Windows NT 5.1; SV1)"
220.72.102.159 - - [01/Sep/2005:04:06:09 -0800] "GET /gallery/maps/G3300/small/G3300%201841%20S75.jpg HTTP/1.1" 200 17336 "http://photolab.elmer.uaf.edu/gallery/maps/mapg3300.html" "Mozilla/4.0 (compatible; MSIE 6.0; Windows NT 5.1; SV1)"
220.72.102.159 - - [01/Sep/2005:04:06:10 -0800] "GET /gallery/maps/G3300/small/G3300%20%5B1848_%5D%20C61.jpg HTTP/1.1" 200 16536 "http://photolab.elmer.uaf.edu/gallery/maps/mapg3300.html" "Mozilla/4.0 (compatible; MSIE 6.0; Windows NT 5.1; SV1)"
220.72.102.159 - - [01/Sep/2005:04:06:10 -0800] "GET /gallery/maps/G3300/small/G3300%201849%20R321.jpg HTTP/1.1" 200 15980 "http://photolab.elmer.uaf.edu/gallery/maps/mapg3300.html" "Mozilla/4.0 (compatible; MSIE 6.0; Windows NT 5.1; SV1)"
217.212.224.148 - - [01/Sep/2005:04:07:39 -0800] "GET /gallery/19990204/pages/1999-0204-00009.html HTTP/1.0" 404 339 "-" "psbot/0.1 (+http://www.picsearch.com/bot.html)"
207.46.98.84 - - [01/Sep/2005:04:08:01 -0800] "GET /gallery/photos/19810192/index_2.html HTTP/1.0" 200 9235 "-" "msnbot/1.0 (+http://search.msn.com/msnbot.htm)"
217.212.224.148 - - [01/Sep/2005:04:09:38 -0800] "GET /gallery/20000197/pages/2000-0197-00005.html HTTP/1.0" 404 339 "-" "psbot/0.1 (+http://www.picsearch.com/bot.html)"
80.42.187.216 - - [01/Sep/2005:04:09:58 -0800] "GET /index_files/store.css HTTP/1.1" 200 2756 "http://photolab.elmer.uaf.edu/store/people.html" "Mozilla/4.0 (compatible; MSIE 6.0; Windows NT 5.1; SV1; Virgin 3.00)"
80.42.187.216 - - [01/Sep/2005:04:09:58 -0800] "GET /store/people.html HTTP/1.1" 200 21075 "-" "Mozilla/4.0 (compatible; MSIE 6.0; Windows NT 5.1; SV1; Virgin 3.00)"
80.42.187.216 - - [01/Sep/2005:04:09:59 -0800] "GET /index_files/titlebrown.jpg HTTP/1.1" 200 5451 "http://photolab.elmer.uaf.edu/store/people.html" "Mozilla/4.0 (compatible; MSIE 6.0; Windows NT 5.1; SV1; Virgin 3.00)"
80.42.187.216 - - [01/Sep/2005:04:09:59 -0800] "GET /index_files/aprbrown.jpg HTTP/1.1" 200 5509 "http://photolab.elmer.uaf.edu/store/people.html" "Mozilla/4.0 (compatible; MSIE 6.0; Windows NT 5.1; SV1; Virgin 3.00)"
80.42.187.216 - - [01/Sep/2005:04:10:00 -0800] "GET /index_files/menubar.gif HTTP/1.1" 200 2913 "http://photolab.elmer.uaf.edu/store/people.html" "Mozilla/4.0 (compatible; MSIE 6.0; Windows NT 5.1; SV1; Virgin 3.00)"
80.42.187.216 - - [01/Sep/2005:04:09:59 -0800] "GET /index_files/storetitle.gif HTTP/1.1" 200 14535 "http://photolab.elmer.uaf.edu/store/people.html" "Mozilla/4.0 (compatible; MSIE 6.0; Windows NT 5.1; SV1; Virgin 3.00)"
80.42.187.216 - - [01/Sep/2005:04:10:00 -0800] "GET /store/photos/smalljpegs/(009)1975-0146-00003.jpg HTTP/1.1" 200 35453 "http://photolab.elmer.uaf.edu/store/people.html" "Mozilla/4.0 (compatible; MSIE 6.0; Windows NT 5.1; SV1; Virgin 3.00)"
80.42.187.216 - - [01/Sep/2005:04:10:00 -0800] "GET /store/photos/smalljpegs/(007)1972-0071-03234.jpg HTTP/1.1" 200 32052 "http://photolab.elmer.uaf.edu/store/people.html" "Mozilla/4.0 (compatible; MSIE 6.0; Windows NT 5.1; SV1; Virgin 3.00)"
80.42.187.216 - - [01/Sep/2005:04:10:01 -0800] "GET /store/photos/smalljpegs/(024)1972-0116-00334.jpg HTTP/1.1" 200 29908 "http://photolab.elmer.uaf.edu/store/people.html" "Mozilla/4.0 (compatible; MSIE 6.0; Windows NT 5.1; SV1; Virgin 3.00)"
80.42.187.216 - - [01/Sep/2005:04:10:01 -0800] "GET /store/photos/smalljpegs/(012)1989-0166-00375.jpg HTTP/1.1" 200 41883 "http://photolab.elmer.uaf.edu/store/people.html" "Mozilla/4.0 (compatible; MSIE 6.0; Windows NT 5.1; SV1; Virgin 3.00)"
80.42.187.216 - - [01/Sep/2005:04:10:02 -0800] "GET /store/photos/smalljpegs/(026)1997-0165-00010.jpg HTTP/1.1" 200 26695 "http://photolab.elmer.uaf.edu/store/people.html" "Mozilla/4.0 (compatible; MSIE 6.0; Windows NT 5.1; SV1; Virgin 3.00)"
80.42.187.216 - - [01/Sep/2005:04:10:03 -0800] "GET /store/photos/largejpegs/(105)1989-0166-00522a.jpg HTTP/1.1" 200 101451 "-" "Mozilla/4.0 (compatible; MSIE 6.0; Windows NT 5.1; SV1; Virgin 3.00)"
68.142.251.149 - - [01/Sep/2005:04:10:18 -0800] "GET /robots.txt HTTP/1.0" 200 96 "-" "Mozilla/5.0 (compatible; Yahoo! Slurp; http://help.yahoo.com/help/us/ysearch/slurp)"
68.142.249.97 - - [01/Sep/2005:04:10:18 -0800] "GET /gallery/photos/20020087/5 HTTP/1.0" 301 362 "-" "Mozilla/5.0 (compatible; Yahoo! Slurp; http://help.yahoo.com/help/us/ysearch/slurp)"
68.142.249.97 - - [01/Sep/2005:04:10:19 -0800] "GET /gallery/photos/20020087/5/ HTTP/1.0" 200 7105 "-" "Mozilla/5.0 (compatible; Yahoo! Slurp; http://help.yahoo.com/help/us/ysearch/slurp)"
207.46.98.84 - - [01/Sep/2005:04:11:04 -0800] "GET /gallery/photos/19810192/index.html HTTP/1.0" 200 9083 "-" "msnbot/1.0 (+http://search.msn.com/msnbot.htm)"
217.212.224.148 - - [01/Sep/2005:04:11:41 -0800] "GET /gallery/20010147/pages/2001-0147-00010.html HTTP/1.0" 404 339 "-" "psbot/0.1 (+http://www.picsearch.com/bot.html)"
65.214.44.171 - - [01/Sep/2005:04:12:03 -0800] "GET /gallery/20020087/0/pages/2002-0087-00081.html HTTP/1.0" 404 341 "-" "Mozilla/2.0 (compatible; Ask Jeeves/Teoma; +http://sp.ask.com/docs/about/tech_crawling.html)"
207.46.98.84 - - [01/Sep/2005:04:13:12 -0800] "GET /gallery/photos/19950244/05/index_3.html HTTP/1.0" 200 7233 "-" "msnbot/1.0 (+http://search.msn.com/msnbot.htm)"
207.46.98.84 - - [01/Sep/2005:04:13:24 -0800] "GET /gallery/photos/19581026/21/pages/1958-1026-02176.html HTTP/1.0" 200 5892 "-" "msnbot/1.0 (+http://search.msn.com/msnbot.htm)"
217.212.224.148 - - [01/Sep/2005:04:13:40 -0800] "GET /gallery/20010164/pages/2001-0164-00008.html HTTP/1.0" 404 339 "-" "psbot/0.1 (+http://www.picsearch.com/bot.html)"
207.46.98.84 - - [01/Sep/2005:04:14:37 -0800] "GET /gallery/photos/19581026/21/pages/1958-1026-02118.html HTTP/1.0" 200 5892 "-" "msnbot/1.0 (+http://search.msn.com/msnbot.htm)"
207.46.98.84 - - [01/Sep/2005:04:14:52 -0800] "GET /gallery/photos/19581026/21/pages/1958-1026-02192.html HTTP/1.0" 200 5892 "-" "msnbot/1.0 (+http://search.msn.com/msnbot.htm)"
217.212.224.148 - - [01/Sep/2005:04:15:38 -0800] "GET /gallery/19850072/pages/1985-0072-00149.html HTTP/1.0" 404 339 "-" "psbot/0.1 (+http://www.picsearch.com/bot.html)"
217.212.224.148 - - [01/Sep/2005:04:17:37 -0800] "GET /gallery/20020093/pages/2002-0093-00051.html HTTP/1.0" 404 339 "-" "psbot/0.1 (+http://www.picsearch.com/bot.html)"
217.212.224.148 - - [01/Sep/2005:04:19:39 -0800] "GET /gallery/20000197/pages/2000-0197-00079.html HTTP/1.0" 404 339 "-" "psbot/0.1 (+http://www.picsearch.com/bot.html)"
65.214.44.171 - - [01/Sep/2005:04:21:31 -0800] "GET /gallery/19690092/0/pages/1969-0092-00013.html HTTP/1.0" 404 341 "-" "Mozilla/2.0 (compatible; Ask Jeeves/Teoma; +http://sp.ask.com/docs/about/tech_crawling.html)"
68.142.249.104 - - [01/Sep/2005:04:21:40 -0800] "GET /gallery/photos/19890107/pages/1989-0107-00008.html HTTP/1.0" 304 - "-" "Mozilla/5.0 (compatible; Yahoo! Slurp; http://help.yahoo.com/help/us/ysearch/slurp)"
217.212.224.148 - - [01/Sep/2005:04:21:43 -0800] "GET /gallery/20010164/pages/2001-0164-00080.html HTTP/1.0" 404 339 "-" "psbot/0.1 (+http://www.picsearch.com/bot.html)"
217.212.224.148 - - [01/Sep/2005:04:23:49 -0800] "GET /gallery/20040084/1157-1288/pages/2004-0084-01205.html HTTP/1.0" 404 349 "-" "psbot/0.1 (+http://www.picsearch.com/bot.html)"
217.116.36.63 - - [01/Sep/2005:04:23:49 -0800] "GET /store/photos/largejpegs/(040)1958-1026-01700.jpg HTTP/1.1" 200 138785 "http://images.google.co.hu/imgres?imgurl=http://photolab.elmer.uaf.edu/store/photos/largejpegs/(040)1958-1026-01700.jpg&imgrefurl=http://photolab.elmer.uaf.edu/store/people.html&h=1000&w=762&sz=136&tbnid=muofWG5zZScJ:&tbnh=149&tbnw=113&hl=hu&prev=/images%3Fq%3Deskimo%2B%26start%3D20%26svnum%3D10%26hl%3Dhu%26lr%3D%26sa%3DN&frame=small" "Mozilla/4.0 (compatible; MSIE 6.0; Windows NT 5.1; SV1)"
217.116.36.63 - - [01/Sep/2005:04:24:15 -0800] "GET /store/photos/largejpegs/(040)1958-1026-01700.jpg HTTP/1.1" 304 - "-" "Mozilla/4.0 (compatible; MSIE 6.0; Windows NT 5.1; SV1)"
217.116.36.63 - - [01/Sep/2005:04:24:15 -0800] "GET /store/photos/largejpegs/(040)1958-1026-01700.jpg HTTP/1.1" 304 - "-" "Mozilla/4.0 (compatible; MSIE 6.0; Windows NT 5.1; SV1)"
217.212.224.148 - - [01/Sep/2005:04:25:40 -0800] "GET /gallery/19700011/pages/1970-0011-00022.html HTTP/1.0" 404 339 "-" "psbot/0.1 (+http://www.picsearch.com/bot.html)"
206.82.16.35 - - [01/Sep/2005:04:26:16 -0800] "GET /index_files/lib.css HTTP/1.0" 200 2634 "http://photolab.elmer.uaf.edu/gallery/maps/mapg3270b.html" "Mozilla/4.0 (compatible; MSIE 6.0; Windows NT 5.1; SV1; .NET CLR 1.1.4322)"
206.82.16.35 - - [01/Sep/2005:04:26:16 -0800] "GET /index_files/empty.gif HTTP/1.0" 200 45 "http://photolab.elmer.uaf.edu/gallery/maps/mapg3270b.html" "Mozilla/4.0 (compatible; MSIE 6.0; Windows NT 5.1; SV1; .NET CLR 1.1.4322)"
206.82.16.35 - - [01/Sep/2005:04:26:15 -0800] "GET /gallery/maps/mapg3270b.html HTTP/1.0" 200 23936 "http://images.google.com/imgres?imgurl=http://photolab.elmer.uaf.edu/gallery/maps/G3200/large/G3270%2520%255B1821%255D%2520N61.jpg&imgrefurl=http://photolab.elmer.uaf.edu/gallery/maps/mapg3270b.html&h=1359&w=1200&sz=298&tbnid=B2cmxM4MkLAJ:&tbnh=150&tbnw=132&hl=en&start=22&prev=/images%3Fq%3DMap%2Bof%2Bthe%2BNorth%2BPole%26start%3D20%26svnum%3D10%26hl%3Den%26lr%3D%26safe%3Dactive%26sa%3DN" "Mozilla/4.0 (compatible; MSIE 6.0; Windows NT 5.1; SV1; .NET CLR 1.1.4322)"
206.82.16.35 - - [01/Sep/2005:04:26:16 -0800] "GET /index_files/title.jpg HTTP/1.0" 200 5438 "http://photolab.elmer.uaf.edu/gallery/maps/mapg3270b.html" "Mozilla/4.0 (compatible; MSIE 6.0; Windows NT 5.1; SV1; .NET CLR 1.1.4322)"
206.82.16.35 - - [01/Sep/2005:04:26:16 -0800] "GET /index_files/apr.jpg HTTP/1.0" 200 6015 "http://photolab.elmer.uaf.edu/gallery/maps/mapg3270b.html" "Mozilla/4.0 (compatible; MSIE 6.0; Windows NT 5.1; SV1; .NET CLR 1.1.4322)"
206.82.16.35 - - [01/Sep/2005:04:26:16 -0800] "GET /index_files/small.dps.jpg HTTP/1.0" 200 5830 "http://photolab.elmer.uaf.edu/gallery/maps/mapg3270b.html" "Mozilla/4.0 (compatible; MSIE 6.0; Windows NT 5.1; SV1; .NET CLR 1.1.4322)"
206.82.16.35 - - [01/Sep/2005:04:26:16 -0800] "GET /index_files/small.jpg HTTP/1.0" 200 2294 "http://photolab.elmer.uaf.edu/gallery/maps/mapg3270b.html" "Mozilla/4.0 (compatible; MSIE 6.0; Windows NT 5.1; SV1; .NET CLR 1.1.4322)"
206.82.16.35 - - [01/Sep/2005:04:26:16 -0800] "GET /index_files/small_002.jpg HTTP/1.0" 200 1351 "http://photolab.elmer.uaf.edu/gallery/maps/mapg3270b.html" "Mozilla/4.0 (compatible; MSIE 6.0; Windows NT 5.1; SV1; .NET CLR 1.1.4322)"
206.82.16.35 - - [01/Sep/2005:04:26:16 -0800] "GET /index_files/small_003.jpg HTTP/1.0" 200 1521 "http://photolab.elmer.uaf.edu/gallery/maps/mapg3270b.html" "Mozilla/4.0 (compatible; MSIE 6.0; Windows NT 5.1; SV1; .NET CLR 1.1.4322)"
206.82.16.35 - - [01/Sep/2005:04:26:16 -0800] "GET /gallery/maps/G3200/small/G3270%20%5B1800%5D%20C382.jpg HTTP/1.0" 200 14087 "http://photolab.elmer.uaf.edu/gallery/maps/mapg3270b.html" "Mozilla/4.0 (compatible; MSIE 6.0; Windows NT 5.1; SV1; .NET CLR 1.1.4322)"
206.82.16.35 - - [01/Sep/2005:04:26:16 -0800] "GET /gallery/maps/G3200/small/G3270%201807%20W52.jpg HTTP/1.0" 200 15982 "http://photolab.elmer.uaf.edu/gallery/maps/mapg3270b.html" "Mozilla/4.0 (compatible; MSIE 6.0; Windows NT 5.1; SV1; .NET CLR 1.1.4322)"
206.82.16.35 - - [01/Sep/2005:04:26:16 -0800] "GET /gallery/maps/G3200/small/G3270%201808%20L61.jpg HTTP/1.0" 200 16953 "http://photolab.elmer.uaf.edu/gallery/maps/mapg3270b.html" "Mozilla/4.0 (compatible; MSIE 6.0; Windows NT 5.1; SV1; .NET CLR 1.1.4322)"
206.82.16.35 - - [01/Sep/2005:04:26:17 -0800] "GET /gallery/maps/G3200/small/G3270%20%5B1814%5D.jpg HTTP/1.0" 200 17692 "http://photolab.elmer.uaf.edu/gallery/maps/mapg3270b.html" "Mozilla/4.0 (compatible; MSIE 6.0; Windows NT 5.1; SV1; .NET CLR 1.1.4322)"
206.82.16.35 - - [01/Sep/2005:04:26:17 -0800] "GET /gallery/maps/G3200/small/G3270%20%5B1814%5D%20a.jpg HTTP/1.0" 200 14887 "http://photolab.elmer.uaf.edu/gallery/maps/mapg3270b.html" "Mozilla/4.0 (compatible; MSIE 6.0; Windows NT 5.1; SV1; .NET CLR 1.1.4322)"
206.82.16.35 - - [01/Sep/2005:04:26:17 -0800] "GET /index_files/bar.gif HTTP/1.0" 200 342 "http://photolab.elmer.uaf.edu/gallery/maps/mapg3270b.html" "Mozilla/4.0 (compatible; MSIE 6.0; Windows NT 5.1; SV1; .NET CLR 1.1.4322)"
206.82.16.35 - - [01/Sep/2005:04:26:17 -0800] "GET /gallery/maps/G3200/large/G3270%20%5B1821%5D%20N61.jpg HTTP/1.0" 200 304699 "http://images.google.com/imgres?imgurl=http://photolab.elmer.uaf.edu/gallery/maps/G3200/large/G3270%2520%255B1821%255D%2520N61.jpg&imgrefurl=http://photolab.elmer.uaf.edu/gallery/maps/mapg3270b.html&h=1359&w=1200&sz=298&tbnid=B2cmxM4MkLAJ:&tbnh=150&tbnw=132&hl=en&prev=/images%3Fq%3DMap%2Bof%2Bthe%2BNorth%2BPole%26start%3D20%26svnum%3D10%26hl%3Den%26lr%3D%26safe%3Dactive%26sa%3DN&frame=small" "Mozilla/4.0 (compatible; MSIE 6.0; Windows NT 5.1; SV1; .NET CLR 1.1.4322)"
217.212.224.148 - - [01/Sep/2005:04:27:40 -0800] "GET /gallery/20040093/pages/2004-0093-00026.html HTTP/1.0" 404 339 "-" "psbot/0.1 (+http://www.picsearch.com/bot.html)"
203.238.228.204 - - [01/Sep/2005:04:28:42 -0800] "GET /index_files/lib.css HTTP/1.1" 200 2634 "http://photolab.elmer.uaf.edu/gallery/maps/mapg3300.html" "Mozilla/4.0 (compatible; MSIE 6.0; Windows NT 5.1; SV1)"
203.238.228.204 - - [01/Sep/2005:04:28:42 -0800] "GET /index_files/title.jpg HTTP/1.1" 200 5438 "http://photolab.elmer.uaf.edu/gallery/maps/mapg3300.html" "Mozilla/4.0 (compatible; MSIE 6.0; Windows NT 5.1; SV1)"
203.238.228.204 - - [01/Sep/2005:04:28:38 -0800] "GET /gallery/maps/mapg3300.html HTTP/1.1" 200 21856 "http://www.worldmapfinder.com/Map_Detail.php?MAP=541&FN=G3300%20%5B1822%5D%20F55.jpg&MW=1200&MH=959&FS=374&FT=jpg&WO=0&CE=4&CO=0&CI=0&IT=0&LC=2&PG=1&CS=iso-8859-1&FU=http://photolab.elmer.uaf.edu/gallery/maps/G3300/large/G3300%20%5B1822%5D%20F55.jpg&SU=http://photolab.elmer.uaf.edu/gallery/maps/mapg3300.html" "Mozilla/4.0 (compatible; MSIE 6.0; Windows NT 5.1; SV1)"
203.238.228.204 - - [01/Sep/2005:04:28:42 -0800] "GET /index_files/empty.gif HTTP/1.1" 200 45 "http://photolab.elmer.uaf.edu/gallery/maps/mapg3300.html" "Mozilla/4.0 (compatible; MSIE 6.0; Windows NT 5.1; SV1)"
203.238.228.204 - - [01/Sep/2005:04:28:42 -0800] "GET /index_files/apr.jpg HTTP/1.1" 200 6015 "http://photolab.elmer.uaf.edu/gallery/maps/mapg3300.html" "Mozilla/4.0 (compatible; MSIE 6.0; Windows NT 5.1; SV1)"
203.238.228.204 - - [01/Sep/2005:04:28:42 -0800] "GET /index_files/small.dps.jpg HTTP/1.1" 200 5830 "http://photolab.elmer.uaf.edu/gallery/maps/mapg3300.html" "Mozilla/4.0 (compatible; MSIE 6.0; Windows NT 5.1; SV1)"
203.238.228.204 - - [01/Sep/2005:04:28:43 -0800] "GET /index_files/small.jpg HTTP/1.1" 200 2294 "http://photolab.elmer.uaf.edu/gallery/maps/mapg3300.html" "Mozilla/4.0 (compatible; MSIE 6.0; Windows NT 5.1; SV1)"
203.238.228.204 - - [01/Sep/2005:04:28:43 -0800] "GET /index_files/small_002.jpg HTTP/1.1" 200 1351 "http://photolab.elmer.uaf.edu/gallery/maps/mapg3300.html" "Mozilla/4.0 (compatible; MSIE 6.0; Windows NT 5.1; SV1)"
203.238.228.204 - - [01/Sep/2005:04:28:43 -0800] "GET /gallery/maps/G3300/small/G3300%20%5B1590%5D%20P67.jpg HTTP/1.1" 200 14993 "http://photolab.elmer.uaf.edu/gallery/maps/mapg3300.html" "Mozilla/4.0 (compatible; MSIE 6.0; Windows NT 5.1; SV1)"
203.238.228.204 - - [01/Sep/2005:04:28:43 -0800] "GET /index_files/small_003.jpg HTTP/1.1" 200 1521 "http://photolab.elmer.uaf.edu/gallery/maps/mapg3300.html" "Mozilla/4.0 (compatible; MSIE 6.0; Windows NT 5.1; SV1)"
203.238.228.204 - - [01/Sep/2005:04:28:43 -0800] "GET /gallery/maps/G3300/small/G3300%20%5B1625%5D%20E47.jpg HTTP/1.1" 200 17451 "http://photolab.elmer.uaf.edu/gallery/maps/mapg3300.html" "Mozilla/4.0 (compatible; MSIE 6.0; Windows NT 5.1; SV1)"
203.238.228.204 - - [01/Sep/2005:04:28:44 -0800] "GET /gallery/maps/G3300/small/G3300%20%5B1740_%5D.jpg HTTP/1.1" 200 20134 "http://photolab.elmer.uaf.edu/gallery/maps/mapg3300.html" "Mozilla/4.0 (compatible; MSIE 6.0; Windows NT 5.1; SV1)"
203.238.228.204 - - [01/Sep/2005:04:28:44 -0800] "GET /gallery/maps/G3300/small/G3300%201755%20B431.jpg HTTP/1.1" 200 14901 "http://photolab.elmer.uaf.edu/gallery/maps/mapg3300.html" "Mozilla/4.0 (compatible; MSIE 6.0; Windows NT 5.1; SV1)"
203.238.228.204 - - [01/Sep/2005:04:28:45 -0800] "GET /gallery/maps/G3300/small/G3300%201772%20R62.jpg HTTP/1.1" 200 15425 "http://photolab.elmer.uaf.edu/gallery/maps/mapg3300.html" "Mozilla/4.0 (compatible; MSIE 6.0; Windows NT 5.1; SV1)"
203.238.228.204 - - [01/Sep/2005:04:28:45 -0800] "GET /gallery/maps/G3300/small/G3300%201774%20D861.jpg HTTP/1.1" 200 14984 "http://photolab.elmer.uaf.edu/gallery/maps/mapg3300.html" "Mozilla/4.0 (compatible; MSIE 6.0; Windows NT 5.1; SV1)"
203.238.228.204 - - [01/Sep/2005:04:28:45 -0800] "GET /gallery/maps/G3300/small/G3300%201775%20R621.jpg HTTP/1.1" 200 14889 "http://photolab.elmer.uaf.edu/gallery/maps/mapg3300.html" "Mozilla/4.0 (compatible; MSIE 6.0; Windows NT 5.1; SV1)"
203.238.228.204 - - [01/Sep/2005:04:28:46 -0800] "GET /gallery/maps/G3300/small/G3300%20%5B1780%5D%20C66.jpg HTTP/1.1" 200 17169 "http://photolab.elmer.uaf.edu/gallery/maps/mapg3300.html" "Mozilla/4.0 (compatible; MSIE 6.0; Windows NT 5.1; SV1)"
203.238.228.204 - - [01/Sep/2005:04:28:47 -0800] "GET /gallery/maps/G3300/small/G3300%20%5B1780_%5D%20C66a.jpg HTTP/1.1" 200 14727 "http://photolab.elmer.uaf.edu/gallery/maps/mapg3300.html" "Mozilla/4.0 (compatible; MSIE 6.0; Windows NT 5.1; SV1)"
203.238.228.204 - - [01/Sep/2005:04:28:46 -0800] "GET /gallery/maps/G3300/small/G3300%20%5B1779%5D%20C662.jpg HTTP/1.1" 200 15796 "http://photolab.elmer.uaf.edu/gallery/maps/mapg3300.html" "Mozilla/4.0 (compatible; MSIE 6.0; Windows NT 5.1; SV1)"
203.238.228.204 - - [01/Sep/2005:04:28:48 -0800] "GET /gallery/maps/G3300/small/G3300%201783%20R62.jpg HTTP/1.1" 200 15342 "http://photolab.elmer.uaf.edu/gallery/maps/mapg3300.html" "Mozilla/4.0 (compatible; MSIE 6.0; Windows NT 5.1; SV1)"
203.238.228.204 - - [01/Sep/2005:04:28:48 -0800] "GET /gallery/maps/G3300/small/G3300%20%5B1786_%5D%20B691.jpg HTTP/1.1" 200 16623 "http://photolab.elmer.uaf.edu/gallery/maps/mapg3300.html" "Mozilla/4.0 (compatible; MSIE 6.0; Windows NT 5.1; SV1)"
203.238.228.204 - - [01/Sep/2005:04:28:48 -0800] "GET /gallery/maps/G3300/small/G3300%20%5B1787%5D%20B66.jpg HTTP/1.1" 200 14342 "http://photolab.elmer.uaf.edu/gallery/maps/mapg3300.html" "Mozilla/4.0 (compatible; MSIE 6.0; Windows NT 5.1; SV1)"
203.238.228.204 - - [01/Sep/2005:04:28:49 -0800] "GET /gallery/maps/G3300/small/G3300%201797%20N43.jpg HTTP/1.1" 200 15960 "http://photolab.elmer.uaf.edu/gallery/maps/mapg3300.html" "Mozilla/4.0 (compatible; MSIE 6.0; Windows NT 5.1; SV1)"
203.238.228.204 - - [01/Sep/2005:04:28:49 -0800] "GET /gallery/maps/G3300/small/G3300%20%5B1822%5D%20F55.jpg HTTP/1.1" 200 16603 "http://photolab.elmer.uaf.edu/gallery/maps/mapg3300.html" "Mozilla/4.0 (compatible; MSIE 6.0; Windows NT 5.1; SV1)"
203.238.228.204 - - [01/Sep/2005:04:28:49 -0800] "GET /gallery/maps/G3300/small/G3300%201841%20S75.jpg HTTP/1.1" 200 17336 "http://photolab.elmer.uaf.edu/gallery/maps/mapg3300.html" "Mozilla/4.0 (compatible; MSIE 6.0; Windows NT 5.1; SV1)"
203.238.228.204 - - [01/Sep/2005:04:28:50 -0800] "GET /gallery/maps/G3300/small/G3300%20%5B1848_%5D%20C61.jpg HTTP/1.1" 200 16536 "http://photolab.elmer.uaf.edu/gallery/maps/mapg3300.html" "Mozilla/4.0 (compatible; MSIE 6.0; Windows NT 5.1; SV1)"
203.238.228.204 - - [01/Sep/2005:04:28:50 -0800] "GET /gallery/maps/G3300/small/G3300%201849%20R321.jpg HTTP/1.1" 200 15980 "http://photolab.elmer.uaf.edu/gallery/maps/mapg3300.html" "Mozilla/4.0 (compatible; MSIE 6.0; Windows NT 5.1; SV1)"
203.238.228.204 - - [01/Sep/2005:04:28:51 -0800] "GET /index_files/bar.gif HTTP/1.1" 200 342 "http://photolab.elmer.uaf.edu/gallery/maps/mapg3300.html" "Mozilla/4.0 (compatible; MSIE 6.0; Windows NT 5.1; SV1)"
203.238.228.204 - - [01/Sep/2005:04:28:50 -0800] "GET /gallery/maps/G3300/small/G3300%20%5B184-_%5D%20L681.jpg HTTP/1.1" 200 15119 "http://photolab.elmer.uaf.edu/gallery/maps/mapg3300.html" "Mozilla/4.0 (compatible; MSIE 6.0; Windows NT 5.1; SV1)"
203.238.228.204 - - [01/Sep/2005:04:28:51 -0800] "GET /gallery/maps/G3300/small/G3300%20%5B1851%5D%20R36.jpg HTTP/1.1" 200 16233 "http://photolab.elmer.uaf.edu/gallery/maps/mapg3300.html" "Mozilla/4.0 (compatible; MSIE 6.0; Windows NT 5.1; SV1)"
203.238.228.204 - - [01/Sep/2005:04:28:57 -0800] "GET /gallery/maps/mapg3300.html HTTP/1.1" 304 - "http://www.worldmapfinder.com/Map_Detail.php?MAP=549&FN=G3300%20%5B1780%5D%20C66.jpg&MW=1200&MH=896&FS=242&FT=jpg&WO=0&CE=4&CO=0&CI=0&IT=0&LC=2&PG=1&CS=iso-8859-1&FU=http://photolab.elmer.uaf.edu/gallery/maps/G3300/large/G3300%20%5B1780%5D%20C66.jpg&SU=http://photolab.elmer.uaf.edu/gallery/maps/mapg3300.html" "Mozilla/4.0 (compatible; MSIE 6.0; Windows NT 5.1; SV1)"
203.238.228.204 - - [01/Sep/2005:04:28:58 -0800] "GET /index_files/lib.css HTTP/1.1" 304 - "http://photolab.elmer.uaf.edu/gallery/maps/mapg3300.html" "Mozilla/4.0 (compatible; MSIE 6.0; Windows NT 5.1; SV1)"
203.238.228.204 - - [01/Sep/2005:04:28:58 -0800] "GET /index_files/title.jpg HTTP/1.1" 304 - "http://photolab.elmer.uaf.edu/gallery/maps/mapg3300.html" "Mozilla/4.0 (compatible; MSIE 6.0; Windows NT 5.1; SV1)"
203.238.228.204 - - [01/Sep/2005:04:28:58 -0800] "GET /index_files/apr.jpg HTTP/1.1" 304 - "http://photolab.elmer.uaf.edu/gallery/maps/mapg3300.html" "Mozilla/4.0 (compatible; MSIE 6.0; Windows NT 5.1; SV1)"
203.238.228.204 - - [01/Sep/2005:04:28:58 -0800] "GET /index_files/empty.gif HTTP/1.1" 304 - "http://photolab.elmer.uaf.edu/gallery/maps/mapg3300.html" "Mozilla/4.0 (compatible; MSIE 6.0; Windows NT 5.1; SV1)"
203.238.228.204 - - [01/Sep/2005:04:28:58 -0800] "GET /index_files/small.dps.jpg HTTP/1.1" 304 - "http://photolab.elmer.uaf.edu/gallery/maps/mapg3300.html" "Mozilla/4.0 (compatible; MSIE 6.0; Windows NT 5.1; SV1)"
203.238.228.204 - - [01/Sep/2005:04:28:58 -0800] "GET /index_files/small.jpg HTTP/1.1" 304 - "http://photolab.elmer.uaf.edu/gallery/maps/mapg3300.html" "Mozilla/4.0 (compatible; MSIE 6.0; Windows NT 5.1; SV1)"
203.238.228.204 - - [01/Sep/2005:04:28:58 -0800] "GET /index_files/small_002.jpg HTTP/1.1" 304 - "http://photolab.elmer.uaf.edu/gallery/maps/mapg3300.html" "Mozilla/4.0 (compatible; MSIE 6.0; Windows NT 5.1; SV1)"
203.238.228.204 - - [01/Sep/2005:04:28:59 -0800] "GET /index_files/small_003.jpg HTTP/1.1" 304 - "http://photolab.elmer.uaf.edu/gallery/maps/mapg3300.html" "Mozilla/4.0 (compatible; MSIE 6.0; Windows NT 5.1; SV1)"
203.238.228.204 - - [01/Sep/2005:04:28:59 -0800] "GET /gallery/maps/G3300/small/G3300%20%5B1590%5D%20P67.jpg HTTP/1.1" 304 - "http://photolab.elmer.uaf.edu/gallery/maps/mapg3300.html" "Mozilla/4.0 (compatible; MSIE 6.0; Windows NT 5.1; SV1)"
203.238.228.204 - - [01/Sep/2005:04:28:59 -0800] "GET /gallery/maps/G3300/small/G3300%20%5B1740_%5D.jpg HTTP/1.1" 304 - "http://photolab.elmer.uaf.edu/gallery/maps/mapg3300.html" "Mozilla/4.0 (compatible; MSIE 6.0; Windows NT 5.1; SV1)"
203.238.228.204 - - [01/Sep/2005:04:28:59 -0800] "GET /gallery/maps/G3300/small/G3300%20%5B1625%5D%20E47.jpg HTTP/1.1" 304 - "http://photolab.elmer.uaf.edu/gallery/maps/mapg3300.html" "Mozilla/4.0 (compatible; MSIE 6.0; Windows NT 5.1; SV1)"
203.238.228.204 - - [01/Sep/2005:04:28:59 -0800] "GET /gallery/maps/G3300/small/G3300%201772%20R62.jpg HTTP/1.1" 304 - "http://photolab.elmer.uaf.edu/gallery/maps/mapg3300.html" "Mozilla/4.0 (compatible; MSIE 6.0; Windows NT 5.1; SV1)"
203.238.228.204 - - [01/Sep/2005:04:28:59 -0800] "GET /gallery/maps/G3300/small/G3300%201755%20B431.jpg HTTP/1.1" 304 - "http://photolab.elmer.uaf.edu/gallery/maps/mapg3300.html" "Mozilla/4.0 (compatible; MSIE 6.0; Windows NT 5.1; SV1)"
203.238.228.204 - - [01/Sep/2005:04:28:59 -0800] "GET /gallery/maps/G3300/small/G3300%201775%20R621.jpg HTTP/1.1" 304 - "http://photolab.elmer.uaf.edu/gallery/maps/mapg3300.html" "Mozilla/4.0 (compatible; MSIE 6.0; Windows NT 5.1; SV1)"
203.238.228.204 - - [01/Sep/2005:04:28:59 -0800] "GET /gallery/maps/G3300/small/G3300%201774%20D861.jpg HTTP/1.1" 304 - "http://photolab.elmer.uaf.edu/gallery/maps/mapg3300.html" "Mozilla/4.0 (compatible; MSIE 6.0; Windows NT 5.1; SV1)"
203.238.228.204 - - [01/Sep/2005:04:29:00 -0800] "GET /gallery/maps/G3300/small/G3300%20%5B1780%5D%20C66.jpg HTTP/1.1" 304 - "http://photolab.elmer.uaf.edu/gallery/maps/mapg3300.html" "Mozilla/4.0 (compatible; MSIE 6.0; Windows NT 5.1; SV1)"
203.238.228.204 - - [01/Sep/2005:04:29:00 -0800] "GET /gallery/maps/G3300/small/G3300%20%5B1779%5D%20C662.jpg HTTP/1.1" 304 - "http://photolab.elmer.uaf.edu/gallery/maps/mapg3300.html" "Mozilla/4.0 (compatible; MSIE 6.0; Windows NT 5.1; SV1)"
203.238.228.204 - - [01/Sep/2005:04:29:00 -0800] "GET /gallery/maps/G3300/small/G3300%20%5B1780_%5D%20C66a.jpg HTTP/1.1" 304 - "http://photolab.elmer.uaf.edu/gallery/maps/mapg3300.html" "Mozilla/4.0 (compatible; MSIE 6.0; Windows NT 5.1; SV1)"
203.238.228.204 - - [01/Sep/2005:04:29:00 -0800] "GET /gallery/maps/G3300/small/G3300%201783%20R62.jpg HTTP/1.1" 304 - "http://photolab.elmer.uaf.edu/gallery/maps/mapg3300.html" "Mozilla/4.0 (compatible; MSIE 6.0; Windows NT 5.1; SV1)"
203.238.228.204 - - [01/Sep/2005:04:29:00 -0800] "GET /gallery/maps/G3300/small/G3300%20%5B1786_%5D%20B691.jpg HTTP/1.1" 304 - "http://photolab.elmer.uaf.edu/gallery/maps/mapg3300.html" "Mozilla/4.0 (compatible; MSIE 6.0; Windows NT 5.1; SV1)"
203.238.228.204 - - [01/Sep/2005:04:29:00 -0800] "GET /gallery/maps/G3300/small/G3300%20%5B1787%5D%20B66.jpg HTTP/1.1" 304 - "http://photolab.elmer.uaf.edu/gallery/maps/mapg3300.html" "Mozilla/4.0 (compatible; MSIE 6.0; Windows NT 5.1; SV1)"
203.238.228.204 - - [01/Sep/2005:04:29:01 -0800] "GET /gallery/maps/G3300/small/G3300%201797%20N43.jpg HTTP/1.1" 304 - "http://photolab.elmer.uaf.edu/gallery/maps/mapg3300.html" "Mozilla/4.0 (compatible; MSIE 6.0; Windows NT 5.1; SV1)"
203.238.228.204 - - [01/Sep/2005:04:29:01 -0800] "GET /gallery/maps/G3300/small/G3300%20%5B1822%5D%20F55.jpg HTTP/1.1" 304 - "http://photolab.elmer.uaf.edu/gallery/maps/mapg3300.html" "Mozilla/4.0 (compatible; MSIE 6.0; Windows NT 5.1; SV1)"
203.238.228.204 - - [01/Sep/2005:04:29:01 -0800] "GET /gallery/maps/G3300/small/G3300%201841%20S75.jpg HTTP/1.1" 304 - "http://photolab.elmer.uaf.edu/gallery/maps/mapg3300.html" "Mozilla/4.0 (compatible; MSIE 6.0; Windows NT 5.1; SV1)"
203.238.228.204 - - [01/Sep/2005:04:29:01 -0800] "GET /gallery/maps/G3300/small/G3300%201849%20R321.jpg HTTP/1.1" 304 - "http://photolab.elmer.uaf.edu/gallery/maps/mapg3300.html" "Mozilla/4.0 (compatible; MSIE 6.0; Windows NT 5.1; SV1)"
203.238.228.204 - - [01/Sep/2005:04:29:01 -0800] "GET /index_files/bar.gif HTTP/1.1" 304 - "http://photolab.elmer.uaf.edu/gallery/maps/mapg3300.html" "Mozilla/4.0 (compatible; MSIE 6.0; Windows NT 5.1; SV1)"
203.238.228.204 - - [01/Sep/2005:04:29:02 -0800] "GET /gallery/maps/G3300/small/G3300%20%5B1848_%5D%20C61.jpg HTTP/1.1" 304 - "http://photolab.elmer.uaf.edu/gallery/maps/mapg3300.html" "Mozilla/4.0 (compatible; MSIE 6.0; Windows NT 5.1; SV1)"
203.238.228.204 - - [01/Sep/2005:04:29:02 -0800] "GET /gallery/maps/G3300/small/G3300%20%5B184-_%5D%20L681.jpg HTTP/1.1" 206 5467 "http://photolab.elmer.uaf.edu/gallery/maps/mapg3300.html" "Mozilla/4.0 (compatible; MSIE 6.0; Windows NT 5.1; SV1)"
217.212.224.148 - - [01/Sep/2005:04:29:35 -0800] "GET /gallery/19700011/pages/1970-0011-00028.html HTTP/1.0" 404 339 "-" "psbot/0.1 (+http://www.picsearch.com/bot.html)"
65.214.44.171 - - [01/Sep/2005:04:31:02 -0800] "GET /gallery/19950244/06/pages/1995-0244-00649.html HTTP/1.0" 404 342 "-" "Mozilla/2.0 (compatible; Ask Jeeves/Teoma; +http://sp.ask.com/docs/about/tech_crawling.html)"
217.212.224.148 - - [01/Sep/2005:04:31:38 -0800] "GET /gallery/20020032/pages/2002-0032-00074.html HTTP/1.0" 404 339 "-" "psbot/0.1 (+http://www.picsearch.com/bot.html)"
68.142.250.41 - - [01/Sep/2005:04:31:47 -0800] "GET /gallery/photos/19581026/14/pages/1958-1026-01478.html HTTP/1.0" 200 4990 "-" "Mozilla/5.0 (compatible; Yahoo! Slurp; http://help.yahoo.com/help/us/ysearch/slurp)"
68.142.251.52 - - [01/Sep/2005:04:32:24 -0800] "GET /gallery/photos/20040084/1157-1288/pages/2004-0084-01169.html HTTP/1.0" 200 1898 "-" "Mozilla/5.0 (compatible; Yahoo! Slurp; http://help.yahoo.com/help/us/ysearch/slurp)"
217.212.224.148 - - [01/Sep/2005:04:33:37 -0800] "GET /gallery/20020134/pages/2002-0134-00074.html HTTP/1.0" 404 339 "-" "psbot/0.1 (+http://www.picsearch.com/bot.html)"
217.212.224.148 - - [01/Sep/2005:04:35:30 -0800] "GET /gallery/20040085/pages/2004-0085-00037.html HTTP/1.0" 404 339 "-" "psbot/0.1 (+http://www.picsearch.com/bot.html)"
207.46.98.84 - - [01/Sep/2005:04:36:48 -0800] "GET /gallery/photos/19990293/0/index_2.html HTTP/1.0" 200 7250 "-" "msnbot/1.0 (+http://search.msn.com/msnbot.htm)"
68.142.249.192 - - [01/Sep/2005:04:37:10 -0800] "GET /gallery/photos/20030120/1 HTTP/1.0" 301 362 "-" "Mozilla/5.0 (compatible; Yahoo! Slurp; http://help.yahoo.com/help/us/ysearch/slurp)"
68.142.249.192 - - [01/Sep/2005:04:37:11 -0800] "GET /gallery/photos/20030120/1/ HTTP/1.0" 200 6809 "-" "Mozilla/5.0 (compatible; Yahoo! Slurp; http://help.yahoo.com/help/us/ysearch/slurp)"
68.142.249.192 - - [01/Sep/2005:04:37:12 -0800] "GET /gallery/photos/19900043/10 HTTP/1.0" 301 363 "-" "Mozilla/5.0 (compatible; Yahoo! Slurp; http://help.yahoo.com/help/us/ysearch/slurp)"
68.142.249.192 - - [01/Sep/2005:04:37:12 -0800] "GET /gallery/photos/19900043/10/ HTTP/1.0" 200 7104 "-" "Mozilla/5.0 (compatible; Yahoo! Slurp; http://help.yahoo.com/help/us/ysearch/slurp)"
217.212.224.148 - - [01/Sep/2005:04:37:37 -0800] "GET /gallery/20040026/pages/2004-0026-00010.html HTTP/1.0" 404 339 "-" "psbot/0.1 (+http://www.picsearch.com/bot.html)"
68.142.250.67 - - [01/Sep/2005:04:38:22 -0800] "GET /gallery/photos/20040066/0/pages/2004-0066-00008.html HTTP/1.0" 304 - "-" "Mozilla/5.0 (compatible; Yahoo! Slurp; http://help.yahoo.com/help/us/ysearch/slurp)"
217.212.224.148 - - [01/Sep/2005:04:39:35 -0800] "GET /gallery/20020164/pages/2002-0164-00083.html HTTP/1.0" 404 339 "-" "psbot/0.1 (+http://www.picsearch.com/bot.html)"
65.214.44.171 - - [01/Sep/2005:04:40:36 -0800] "GET /gallery/20020087/2/pages/2002-0087-00200.html HTTP/1.0" 404 341 "-" "Mozilla/2.0 (compatible; Ask Jeeves/Teoma; +http://sp.ask.com/docs/about/tech_crawling.html)"
68.142.249.45 - - [01/Sep/2005:04:40:47 -0800] "GET /gallery/photos/19890107/pages/1989-0107-00002.html HTTP/1.0" 304 - "-" "Mozilla/5.0 (compatible; Yahoo! Slurp; http://help.yahoo.com/help/us/ysearch/slurp)"
68.142.249.38 - - [01/Sep/2005:04:40:54 -0800] "GET /gallery/photos/19890166/01/pages/1989-0166-00130_print.html HTTP/1.0" 304 - "-" "Mozilla/5.0 (compatible; Yahoo! Slurp; http://help.yahoo.com/help/us/ysearch/slurp)"
207.46.98.84 - - [01/Sep/2005:04:41:30 -0800] "GET /gallery/photos/19660054/01/index_3.html HTTP/1.0" 200 7244 "-" "msnbot/1.0 (+http://search.msn.com/msnbot.htm)"
68.142.250.122 - - [01/Sep/2005:04:41:33 -0800] "GET /gallery/photos/19890166/13/ HTTP/1.0" 304 - "-" "Mozilla/5.0 (compatible; Yahoo! Slurp; http://help.yahoo.com/help/us/ysearch/slurp)"
217.212.224.148 - - [01/Sep/2005:04:41:37 -0800] "GET /gallery/20030137/pages/2003-0137-00082.html HTTP/1.0" 404 339 "-" "psbot/0.1 (+http://www.picsearch.com/bot.html)"
68.142.250.164 - - [01/Sep/2005:04:42:09 -0800] "GET /gallery/photos/19890166/05/pages/1989-0166-00507_neg%20nitrate.html HTTP/1.0" 304 - "-" "Mozilla/5.0 (compatible; Yahoo! Slurp; http://help.yahoo.com/help/us/ysearch/slurp)"
68.142.250.122 - - [01/Sep/2005:04:42:14 -0800] "GET /gallery/photos/19750084/00/pages/1975-0084-00019.html HTTP/1.0" 304 - "-" "Mozilla/5.0 (compatible; Yahoo! Slurp; http://help.yahoo.com/help/us/ysearch/slurp)"
207.46.98.84 - - [01/Sep/2005:04:42:23 -0800] "GET /gallery/photos/20030109/3/index.html HTTP/1.0" 200 7094 "-" "msnbot/1.0 (+http://search.msn.com/msnbot.htm)"
207.46.98.84 - - [01/Sep/2005:04:43:19 -0800] "GET /gallery/photos/20020032/index_2.html HTTP/1.0" 200 7228 "-" "msnbot/1.0 (+http://search.msn.com/msnbot.htm)"
207.46.98.84 - - [01/Sep/2005:04:43:27 -0800] "GET /gallery/photos/20040008/index.html HTTP/1.0" 200 6203 "-" "msnbot/1.0 (+http://search.msn.com/msnbot.htm)"
217.212.224.148 - - [01/Sep/2005:04:43:34 -0800] "GET /gallery/20040084/1157-1288/pages/2004-0084-01287.html HTTP/1.0" 404 349 "-" "psbot/0.1 (+http://www.picsearch.com/bot.html)"
207.46.98.84 - - [01/Sep/2005:04:44:10 -0800] "GET /gallery/photos/20020087/6/index_2.html HTTP/1.0" 200 3115 "-" "msnbot/1.0 (+http://search.msn.com/msnbot.htm)"
207.46.98.84 - - [01/Sep/2005:04:44:16 -0800] "GET /gallery/photos/19581026/22/pages/1958-1026-02273.html HTTP/1.0" 200 6186 "-" "msnbot/1.0 (+http://search.msn.com/msnbot.htm)"
207.46.98.84 - - [01/Sep/2005:04:44:20 -0800] "GET /gallery/photos/19581026/22/pages/1958-1026-02279.html HTTP/1.0" 200 6186 "-" "msnbot/1.0 (+http://search.msn.com/msnbot.htm)"
207.46.98.84 - - [01/Sep/2005:04:44:24 -0800] "GET /gallery/photos/19581026/22/pages/1958-1026-02277.html HTTP/1.0" 200 6186 "-" "msnbot/1.0 (+http://search.msn.com/msnbot.htm)"
207.46.98.84 - - [01/Sep/2005:04:45:15 -0800] "GET /gallery/photos/19581026/22/pages/1958-1026-02275.html HTTP/1.0" 200 6186 "-" "msnbot/1.0 (+http://search.msn.com/msnbot.htm)"
207.46.98.84 - - [01/Sep/2005:04:45:21 -0800] "GET /gallery/photos/19581026/22/pages/1958-1026-02269.html HTTP/1.0" 200 6186 "-" "msnbot/1.0 (+http://search.msn.com/msnbot.htm)"
207.46.98.84 - - [01/Sep/2005:04:45:25 -0800] "GET /gallery/photos/19581026/22/pages/1958-1026-02231.html HTTP/1.0" 200 6186 "-" "msnbot/1.0 (+http://search.msn.com/msnbot.htm)"
207.46.98.84 - - [01/Sep/2005:04:45:31 -0800] "GET /gallery/photos/19581026/22/pages/1958-1026-02233.html HTTP/1.0" 200 6186 "-" "msnbot/1.0 (+http://search.msn.com/msnbot.htm)"
217.212.224.148 - - [01/Sep/2005:04:45:34 -0800] "GET /gallery/19850072/pages/1985-0072-00023.html HTTP/1.0" 404 339 "-" "psbot/0.1 (+http://www.picsearch.com/bot.html)"
222.233.44.238 - - [01/Sep/2005:04:45:40 -0800] "GET /index_files/lib.css HTTP/1.1" 200 2634 "http://photolab.elmer.uaf.edu/gallery/maps/mapg3300.html" "Mozilla/4.0 (compatible; MSIE 6.0; Windows NT 5.1; SV1)"
222.233.44.238 - - [01/Sep/2005:04:45:40 -0800] "GET /gallery/maps/mapg3300.html HTTP/1.1" 200 21856 "http://www.worldmapfinder.com/Map_Detail.php?MAP=541&FN=G3300%20%5B1822%5D%20F55.jpg&MW=1200&MH=959&FS=374&FT=jpg&WO=0&CE=4&CO=0&CI=0&IT=0&LC=2&PG=1&CS=iso-8859-1&FU=http://photolab.elmer.uaf.edu/gallery/maps/G3300/large/G3300%20%5B1822%5D%20F55.jpg&SU=http://photolab.elmer.uaf.edu/gallery/maps/mapg3300.html" "Mozilla/4.0 (compatible; MSIE 6.0; Windows NT 5.1; SV1)"
222.233.44.238 - - [01/Sep/2005:04:45:40 -0800] "GET /index_files/title.jpg HTTP/1.1" 200 5438 "http://photolab.elmer.uaf.edu/gallery/maps/mapg3300.html" "Mozilla/4.0 (compatible; MSIE 6.0; Windows NT 5.1; SV1)"
222.233.44.238 - - [01/Sep/2005:04:45:41 -0800] "GET /index_files/empty.gif HTTP/1.1" 200 45 "http://photolab.elmer.uaf.edu/gallery/maps/mapg3300.html" "Mozilla/4.0 (compatible; MSIE 6.0; Windows NT 5.1; SV1)"
222.233.44.238 - - [01/Sep/2005:04:45:41 -0800] "GET /index_files/apr.jpg HTTP/1.1" 200 6015 "http://photolab.elmer.uaf.edu/gallery/maps/mapg3300.html" "Mozilla/4.0 (compatible; MSIE 6.0; Windows NT 5.1; SV1)"
222.233.44.238 - - [01/Sep/2005:04:45:41 -0800] "GET /index_files/small.dps.jpg HTTP/1.1" 200 5830 "http://photolab.elmer.uaf.edu/gallery/maps/mapg3300.html" "Mozilla/4.0 (compatible; MSIE 6.0; Windows NT 5.1; SV1)"
222.233.44.238 - - [01/Sep/2005:04:45:41 -0800] "GET /index_files/small.jpg HTTP/1.1" 200 2294 "http://photolab.elmer.uaf.edu/gallery/maps/mapg3300.html" "Mozilla/4.0 (compatible; MSIE 6.0; Windows NT 5.1; SV1)"
222.233.44.238 - - [01/Sep/2005:04:45:41 -0800] "GET /index_files/small_003.jpg HTTP/1.1" 200 1521 "http://photolab.elmer.uaf.edu/gallery/maps/mapg3300.html" "Mozilla/4.0 (compatible; MSIE 6.0; Windows NT 5.1; SV1)"
222.233.44.238 - - [01/Sep/2005:04:45:41 -0800] "GET /index_files/small_002.jpg HTTP/1.1" 200 1351 "http://photolab.elmer.uaf.edu/gallery/maps/mapg3300.html" "Mozilla/4.0 (compatible; MSIE 6.0; Windows NT 5.1; SV1)"
222.233.44.238 - - [01/Sep/2005:04:45:41 -0800] "GET /gallery/maps/G3300/small/G3300%20%5B1590%5D%20P67.jpg HTTP/1.1" 200 14993 "http://photolab.elmer.uaf.edu/gallery/maps/mapg3300.html" "Mozilla/4.0 (compatible; MSIE 6.0; Windows NT 5.1; SV1)"
222.233.44.238 - - [01/Sep/2005:04:45:41 -0800] "GET /gallery/maps/G3300/small/G3300%20%5B1625%5D%20E47.jpg HTTP/1.1" 200 17451 "http://photolab.elmer.uaf.edu/gallery/maps/mapg3300.html" "Mozilla/4.0 (compatible; MSIE 6.0; Windows NT 5.1; SV1)"
222.233.44.238 - - [01/Sep/2005:04:45:42 -0800] "GET /gallery/maps/G3300/small/G3300%201755%20B431.jpg HTTP/1.1" 200 14901 "http://photolab.elmer.uaf.edu/gallery/maps/mapg3300.html" "Mozilla/4.0 (compatible; MSIE 6.0; Windows NT 5.1; SV1)"
222.233.44.238 - - [01/Sep/2005:04:45:42 -0800] "GET /gallery/maps/G3300/small/G3300%20%5B1740_%5D.jpg HTTP/1.1" 200 20134 "http://photolab.elmer.uaf.edu/gallery/maps/mapg3300.html" "Mozilla/4.0 (compatible; MSIE 6.0; Windows NT 5.1; SV1)"
222.233.44.238 - - [01/Sep/2005:04:45:43 -0800] "GET /gallery/maps/G3300/small/G3300%201772%20R62.jpg HTTP/1.1" 200 15425 "http://photolab.elmer.uaf.edu/gallery/maps/mapg3300.html" "Mozilla/4.0 (compatible; MSIE 6.0; Windows NT 5.1; SV1)"
222.233.44.238 - - [01/Sep/2005:04:45:43 -0800] "GET /gallery/maps/G3300/small/G3300%201774%20D861.jpg HTTP/1.1" 200 14984 "http://photolab.elmer.uaf.edu/gallery/maps/mapg3300.html" "Mozilla/4.0 (compatible; MSIE 6.0; Windows NT 5.1; SV1)"
222.233.44.238 - - [01/Sep/2005:04:45:43 -0800] "GET /gallery/maps/G3300/small/G3300%20%5B1779%5D%20C662.jpg HTTP/1.1" 200 15796 "http://photolab.elmer.uaf.edu/gallery/maps/mapg3300.html" "Mozilla/4.0 (compatible; MSIE 6.0; Windows NT 5.1; SV1)"
222.233.44.238 - - [01/Sep/2005:04:45:43 -0800] "GET /gallery/maps/G3300/small/G3300%201775%20R621.jpg HTTP/1.1" 200 14889 "http://photolab.elmer.uaf.edu/gallery/maps/mapg3300.html" "Mozilla/4.0 (compatible; MSIE 6.0; Windows NT 5.1; SV1)"
222.233.44.238 - - [01/Sep/2005:04:45:44 -0800] "GET /gallery/maps/G3300/small/G3300%20%5B1780_%5D%20C66a.jpg HTTP/1.1" 200 14727 "http://photolab.elmer.uaf.edu/gallery/maps/mapg3300.html" "Mozilla/4.0 (compatible; MSIE 6.0; Windows NT 5.1; SV1)"
222.233.44.238 - - [01/Sep/2005:04:45:44 -0800] "GET /gallery/maps/G3300/small/G3300%20%5B1780%5D%20C66.jpg HTTP/1.1" 200 17169 "http://photolab.elmer.uaf.edu/gallery/maps/mapg3300.html" "Mozilla/4.0 (compatible; MSIE 6.0; Windows NT 5.1; SV1)"
68.142.249.109 - - [01/Sep/2005:04:46:00 -0800] "GET /gallery/photos/20050010/0 HTTP/1.0" 301 362 "-" "Mozilla/5.0 (compatible; Yahoo! Slurp; http://help.yahoo.com/help/us/ysearch/slurp)"
68.142.249.109 - - [01/Sep/2005:04:46:01 -0800] "GET /gallery/photos/20050010/0/ HTTP/1.0" 200 7051 "-" "Mozilla/5.0 (compatible; Yahoo! Slurp; http://help.yahoo.com/help/us/ysearch/slurp)"
207.46.98.84 - - [01/Sep/2005:04:46:15 -0800] "GET /gallery/photos/19581026/21/pages/1958-1026-02186.html HTTP/1.0" 200 5891 "-" "msnbot/1.0 (+http://search.msn.com/msnbot.htm)"
207.46.98.84 - - [01/Sep/2005:04:46:17 -0800] "GET /gallery/photos/19581026/21/pages/1958-1026-02188.html HTTP/1.0" 200 5891 "-" "msnbot/1.0 (+http://search.msn.com/msnbot.htm)"
207.46.98.84 - - [01/Sep/2005:04:46:19 -0800] "GET /gallery/photos/19581026/21/pages/1958-1026-02184.html HTTP/1.0" 200 5892 "-" "msnbot/1.0 (+http://search.msn.com/msnbot.htm)"
207.46.98.84 - - [01/Sep/2005:04:46:21 -0800] "GET /gallery/photos/19581026/21/pages/1958-1026-02182.html HTTP/1.0" 200 5892 "-" "msnbot/1.0 (+http://search.msn.com/msnbot.htm)"
207.46.98.84 - - [01/Sep/2005:04:46:22 -0800] "GET /gallery/photos/19581026/21/pages/1958-1026-02177.html HTTP/1.0" 200 5892 "-" "msnbot/1.0 (+http://search.msn.com/msnbot.htm)"
207.46.98.84 - - [01/Sep/2005:04:46:24 -0800] "GET /gallery/photos/19581026/21/pages/1958-1026-02123.html HTTP/1.0" 200 5892 "-" "msnbot/1.0 (+http://search.msn.com/msnbot.htm)"
207.46.98.84 - - [01/Sep/2005:04:46:25 -0800] "GET /gallery/photos/19581026/21/pages/1958-1026-02127.html HTTP/1.0" 200 5892 "-" "msnbot/1.0 (+http://search.msn.com/msnbot.htm)"
207.46.98.84 - - [01/Sep/2005:04:46:27 -0800] "GET /gallery/photos/19581026/21/pages/1958-1026-02154.html HTTP/1.0" 200 5892 "-" "msnbot/1.0 (+http://search.msn.com/msnbot.htm)"
217.212.224.148 - - [01/Sep/2005:04:47:32 -0800] "GET /gallery/19850072/pages/1985-0072-00024.html HTTP/1.0" 404 339 "-" "psbot/0.1 (+http://www.picsearch.com/bot.html)"
207.46.98.84 - - [01/Sep/2005:04:47:35 -0800] "GET /gallery/photos/19581026/21/pages/1958-1026-02131.html HTTP/1.0" 200 5892 "-" "msnbot/1.0 (+http://search.msn.com/msnbot.htm)"
207.46.98.84 - - [01/Sep/2005:04:47:59 -0800] "GET /gallery/photos/19581026/21/pages/1958-1026-02129.html HTTP/1.0" 200 5892 "-" "msnbot/1.0 (+http://search.msn.com/msnbot.htm)"
207.46.98.84 - - [01/Sep/2005:04:48:04 -0800] "GET /gallery/photos/20040145/1/pages/2004-0145-00161.htm HTTP/1.0" 200 1890 "-" "msnbot/1.0 (+http://search.msn.com/msnbot.htm)"
217.212.224.148 - - [01/Sep/2005:04:49:30 -0800] "GET /gallery/19880051/pages/1988-0051-00012.html HTTP/1.0" 404 339 "-" "psbot/0.1 (+http://www.picsearch.com/bot.html)"
65.214.44.171 - - [01/Sep/2005:04:50:18 -0800] "GET /gallery/19950244/13/pages/1995-0244-01300.html HTTP/1.0" 404 342 "-" "Mozilla/2.0 (compatible; Ask Jeeves/Teoma; +http://sp.ask.com/docs/about/tech_crawling.html)"
217.212.224.148 - - [01/Sep/2005:04:51:36 -0800] "GET /gallery/19990204/pages/1999-0204-00016.html HTTP/1.0" 404 339 "-" "psbot/0.1 (+http://www.picsearch.com/bot.html)"
62.3.32.53 - - [01/Sep/2005:04:52:38 -0800] "GET /store/people.html HTTP/1.1" 200 21075 "http://images.google.com.sa/imgres?imgurl=http://photolab.elmer.uaf.edu/store/photos/largejpegs/(105)1989-0166-00522a.jpg&imgrefurl=http://photolab.elmer.uaf.edu/store/people.html&h=692&w=1000&sz=100&tbnid=mRifvhDN3-gJ:&tbnh=103&tbnw=149&hl=ar&start=4&prev=/images%3Fq%3Dold%2Bwoman%26svnum%3D10%26hl%3Dar%26lr%3D" "Mozilla/4.0 (compatible; MSIE 6.0; Windows NT 5.1; FunWebProducts; SV1)"
62.3.32.52 - - [01/Sep/2005:04:52:42 -0800] "GET /store/photos/largejpegs/(105)1989-0166-00522a.jpg HTTP/1.1" 200 101451 "http://images.google.com.sa/imgres?imgurl=http://photolab.elmer.uaf.edu/store/photos/largejpegs/(105)1989-0166-00522a.jpg&imgrefurl=http://photolab.elmer.uaf.edu/store/people.html&h=692&w=1000&sz=100&tbnid=mRifvhDN3-gJ:&tbnh=103&tbnw=149&hl=ar&prev=/images%3Fq%3Dold%2Bwoman%26svnum%3D10%26hl%3Dar%26lr%3D&frame=small" "Mozilla/4.0 (compatible; MSIE 6.0; Windows NT 5.1; FunWebProducts; SV1)"
68.142.251.40 - - [01/Sep/2005:04:53:22 -0800] "GET /gallery/photos/19890166/13/pages/1989-0166-01059_postcard.html HTTP/1.0" 304 - "-" "Mozilla/5.0 (compatible; Yahoo! Slurp; http://help.yahoo.com/help/us/ysearch/slurp)"
217.212.224.148 - - [01/Sep/2005:04:53:36 -0800] "GET /gallery/20000197/pages/2000-0197-00022.html HTTP/1.0" 404 339 "-" "psbot/0.1 (+http://www.picsearch.com/bot.html)"
62.3.32.52 - - [01/Sep/2005:04:53:45 -0800] "GET /index_files/titlebrown.jpg HTTP/1.1" 304 - "-" "Mozilla/4.0 (compatible;)"
62.3.32.54 - - [01/Sep/2005:04:54:20 -0800] "GET /index_files/store.css HTTP/1.1" 304 - "-" "Mozilla/4.0 (compatible;)"
66.194.6.76 - - [01/Sep/2005:04:54:34 -0800] "GET / HTTP/1.1" 200 8830 "-" "Mozilla/5.0 (compatible; Konqueror/3.1-rc1; i686 Linux; 20020817)"
217.212.224.148 - - [01/Sep/2005:04:55:32 -0800] "GET /gallery/20010147/pages/2001-0147-00020.html HTTP/1.0" 404 339 "-" "psbot/0.1 (+http://www.picsearch.com/bot.html)"
207.46.98.84 - - [01/Sep/2005:04:55:39 -0800] "GET /gallery/photos/20040145/1/pages/2004-0145-00163.htm HTTP/1.0" 200 1890 "-" "msnbot/1.0 (+http://search.msn.com/msnbot.htm)"
207.46.98.84 - - [01/Sep/2005:04:55:50 -0800] "GET /gallery/photos/20040145/1/pages/2004-0145-00167.htm HTTP/1.0" 200 1890 "-" "msnbot/1.0 (+http://search.msn.com/msnbot.htm)"
207.46.98.84 - - [01/Sep/2005:04:56:45 -0800] "GET /gallery/photos/20040145/1/pages/2004-0145-00170.htm HTTP/1.0" 200 1890 "-" "msnbot/1.0 (+http://search.msn.com/msnbot.htm)"
207.46.98.84 - - [01/Sep/2005:04:56:50 -0800] "GET /gallery/photos/20040145/1/pages/2004-0145-00164.htm HTTP/1.0" 200 1890 "-" "msnbot/1.0 (+http://search.msn.com/msnbot.htm)"
84.104.211.90 - - [01/Sep/2005:04:57:56 -0800] "GET /store/people.html HTTP/1.1" 200 21075 "http://images.google.com/imgres?imgurl=http://photolab.elmer.uaf.edu/store/photos/largejpegs/(040)1958-1026-01700.jpg&imgrefurl=http://photolab.elmer.uaf.edu/store/people.html&h=1000&w=762&sz=136&tbnid=muofWG5zZScJ:&tbnh=149&tbnw=113&hl=nl&start=35&prev=/images%3Fq%3Deskimo%26start%3D20%26svnum%3D10%26hl%3Dnl%26lr%3D%26safe%3Doff%26sa%3DN" "Mozilla/4.0 (compatible; MSIE 6.0; Windows NT 5.1; SV1; .NET CLR 1.1.4322)"
84.104.211.90 - - [01/Sep/2005:04:57:56 -0800] "GET /index_files/store.css HTTP/1.1" 200 2756 "http://photolab.elmer.uaf.edu/store/people.html" "Mozilla/4.0 (compatible; MSIE 6.0; Windows NT 5.1; SV1; .NET CLR 1.1.4322)"
84.104.211.90 - - [01/Sep/2005:04:57:57 -0800] "GET /store/photos/largejpegs/(040)1958-1026-01700.jpg HTTP/1.1" 200 138785 "http://images.google.com/imgres?imgurl=http://photolab.elmer.uaf.edu/store/photos/largejpegs/(040)1958-1026-01700.jpg&imgrefurl=http://photolab.elmer.uaf.edu/store/people.html&h=1000&w=762&sz=136&tbnid=muofWG5zZScJ:&tbnh=149&tbnw=113&hl=nl&prev=/images%3Fq%3Deskimo%26start%3D20%26svnum%3D10%26hl%3Dnl%26lr%3D%26safe%3Doff%26sa%3DN&frame=small" "Mozilla/4.0 (compatible; MSIE 6.0; Windows NT 5.1; SV1; .NET CLR 1.1.4322)"
84.104.211.90 - - [01/Sep/2005:04:58:10 -0800] "GET /store/people.html HTTP/1.1" 206 595 "http://images.google.com/imgres?imgurl=http://photolab.elmer.uaf.edu/store/photos/largejpegs/(040)1958-1026-01700.jpg&imgrefurl=http://photolab.elmer.uaf.edu/store/people.html&h=1000&w=762&sz=136&tbnid=muofWG5zZScJ:&tbnh=149&tbnw=113&hl=nl&start=35&prev=/images%3Fq%3Deskimo%26start%3D20%26svnum%3D10%26hl%3Dnl%26lr%3D%26safe%3Doff%26sa%3DN" "Mozilla/4.0 (compatible; MSIE 6.0; Windows NT 5.1; SV1; .NET CLR 1.1.4322)"
84.104.211.90 - - [01/Sep/2005:04:58:11 -0800] "GET /index_files/store.css HTTP/1.1" 200 2756 "http://photolab.elmer.uaf.edu/store/people.html" "Mozilla/4.0 (compatible; MSIE 6.0; Windows NT 5.1; SV1; .NET CLR 1.1.4322)"
84.104.211.90 - - [01/Sep/2005:04:58:11 -0800] "GET /index_files/aprbrown.jpg HTTP/1.1" 200 5509 "http://photolab.elmer.uaf.edu/store/people.html" "Mozilla/4.0 (compatible; MSIE 6.0; Windows NT 5.1; SV1; .NET CLR 1.1.4322)"
84.104.211.90 - - [01/Sep/2005:04:58:11 -0800] "GET /index_files/titlebrown.jpg HTTP/1.1" 200 5451 "http://photolab.elmer.uaf.edu/store/people.html" "Mozilla/4.0 (compatible; MSIE 6.0; Windows NT 5.1; SV1; .NET CLR 1.1.4322)"
84.104.211.90 - - [01/Sep/2005:04:58:11 -0800] "GET /index_files/storetitle.gif HTTP/1.1" 200 14535 "http://photolab.elmer.uaf.edu/store/people.html" "Mozilla/4.0 (compatible; MSIE 6.0; Windows NT 5.1; SV1; .NET CLR 1.1.4322)"
217.212.224.148 - - [01/Sep/2005:04:59:38 -0800] "GET /gallery/20020032/pages/2002-0032-00024.html HTTP/1.0" 404 339 "-" "psbot/0.1 (+http://www.picsearch.com/bot.html)"
65.214.44.171 - - [01/Sep/2005:04:59:54 -0800] "GET /gallery/19690092/9/pages/1969-0092-00902.html HTTP/1.0" 404 341 "-" "Mozilla/2.0 (compatible; Ask Jeeves/Teoma; +http://sp.ask.com/docs/about/tech_crawling.html)"
