68.142.249.37 - - [01/Sep/2005:04:59:56 -0800] "GET /gallery/photos/19890166/13/pages/1989-0166-01082_postcard.html HTTP/1.0" 304 - "-" "Mozilla/5.0 (compatible; Yahoo! Slurp; http://help.yahoo.com/help/us/ysearch/slurp)"
217.212.224.148 - - [01/Sep/2005:05:01:37 -0800] "GET /gallery/20040093/pages/2004-0093-00042.html HTTP/1.0" 404 339 "-" "psbot/0.1 (+http://www.picsearch.com/bot.html)"
68.142.250.65 - - [01/Sep/2005:05:02:20 -0800] "GET /gallery/19940096/1/index_2.html HTTP/1.0" 404 327 "-" "Mozilla/5.0 (compatible; Yahoo! Slurp; http://help.yahoo.com/help/us/ysearch/slurp)"
80.188.246.127 - - [01/Sep/2005:05:03:15 -0800] "GET /store/people.html HTTP/1.1" 200 21075 "http://images.google.com/imgres?imgurl=http://photolab.elmer.uaf.edu/store/photos/largejpegs/(040)1958-1026-01700.jpg&imgrefurl=http://photolab.elmer.uaf.edu/store/people.html&h=1000&w=762&sz=136&tbnid=muofWG5zZScJ:&tbnh=149&tbnw=113&hl=cs&start=36&prev=/images%3Fq%3Deskimo%26start%3D20%26svnum%3D10%26hl%3Dcs%26lr%3D%26sa%3DN" "Mozilla/4.0 (compatible; MSIE 6.0; Windows NT 5.1; .NET CLR 1.1.4322)"
80.188.246.127 - - [01/Sep/2005:05:03:16 -0800] "GET /store/photos/largejpegs/(040)1958-1026-01700.jpg HTTP/1.1" 200 138785 "http://images.google.com/imgres?imgurl=http://photolab.elmer.uaf.edu/store/photos/largejpegs/(040)1958-1026-01700.jpg&imgrefurl=http://photolab.elmer.uaf.edu/store/people.html&h=1000&w=762&sz=136&tbnid=muofWG5zZScJ:&tbnh=149&tbnw=113&hl=cs&prev=/images%3Fq%3Deskimo%26start%3D20%26svnum%3D10%26hl%3Dcs%26lr%3D%26sa%3DN&frame=small" "Mozilla/4.0 (compatible; MSIE 6.0; Windows NT 5.1; .NET CLR 1.1.4322)"
80.188.246.127 - - [01/Sep/2005:05:03:32 -0800] "GET /index_files/store.css HTTP/1.1" 200 2756 "http://photolab.elmer.uaf.edu/store/people.html" "Mozilla/4.0 (compatible; MSIE 6.0; Windows NT 5.1; .NET CLR 1.1.4322)"
80.188.246.127 - - [01/Sep/2005:05:03:32 -0800] "GET /store/people.html HTTP/1.1" 200 21075 "http://images.google.com/imgres?imgurl=http://photolab.elmer.uaf.edu/store/photos/largejpegs/(040)1958-1026-01700.jpg&imgrefurl=http://photolab.elmer.uaf.edu/store/people.html&h=1000&w=762&sz=136&tbnid=muofWG5zZScJ:&tbnh=149&tbnw=113&hl=cs&start=36&prev=/images%3Fq%3Deskimo%26start%3D20%26svnum%3D10%26hl%3Dcs%26lr%3D%26sa%3DN" "Mozilla/4.0 (compatible; MSIE 6.0; Windows NT 5.1; .NET CLR 1.1.4322)"
80.188.246.127 - - [01/Sep/2005:05:03:33 -0800] "GET /index_files/aprbrown.jpg HTTP/1.1" 200 5509 "http://photolab.elmer.uaf.edu/store/people.html" "Mozilla/4.0 (compatible; MSIE 6.0; Windows NT 5.1; .NET CLR 1.1.4322)"
80.188.246.127 - - [01/Sep/2005:05:03:33 -0800] "GET /index_files/titlebrown.jpg HTTP/1.1" 200 5451 "http://photolab.elmer.uaf.edu/store/people.html" "Mozilla/4.0 (compatible; MSIE 6.0; Windows NT 5.1; .NET CLR 1.1.4322)"
80.188.246.127 - - [01/Sep/2005:05:03:36 -0800] "GET /index_files/titlebrown.jpg HTTP/1.1" 200 5451 "http://photolab.elmer.uaf.edu/store/people.html" "Mozilla/4.0 (compatible; MSIE 6.0; Windows NT 5.1; .NET CLR 1.1.4322)"
80.188.246.127 - - [01/Sep/2005:05:03:36 -0800] "GET /index_files/aprbrown.jpg HTTP/1.1" 200 5509 "http://photolab.elmer.uaf.edu/store/people.html" "Mozilla/4.0 (compatible; MSIE 6.0; Windows NT 5.1; .NET CLR 1.1.4322)"
80.188.246.127 - - [01/Sep/2005:05:03:36 -0800] "GET /index_files/menubar.gif HTTP/1.1" 200 2913 "http://photolab.elmer.uaf.edu/store/people.html" "Mozilla/4.0 (compatible; MSIE 6.0; Windows NT 5.1; .NET CLR 1.1.4322)"
80.188.246.127 - - [01/Sep/2005:05:03:37 -0800] "GET /store/photos/smalljpegs/(007)1972-0071-03234.jpg HTTP/1.1" 200 32052 "http://photolab.elmer.uaf.edu/store/people.html" "Mozilla/4.0 (compatible; MSIE 6.0; Windows NT 5.1; .NET CLR 1.1.4322)"
80.188.246.127 - - [01/Sep/2005:05:03:38 -0800] "GET /index_files/storetitle.gif HTTP/1.1" 200 14535 "http://photolab.elmer.uaf.edu/store/people.html" "Mozilla/4.0 (compatible; MSIE 6.0; Windows NT 5.1; .NET CLR 1.1.4322)"
80.188.246.127 - - [01/Sep/2005:05:03:36 -0800] "GET /store/photos/smalljpegs/(009)1975-0146-00003.jpg HTTP/1.1" 200 35453 "http://photolab.elmer.uaf.edu/store/people.html" "Mozilla/4.0 (compatible; MSIE 6.0; Windows NT 5.1; .NET CLR 1.1.4322)"
80.188.246.127 - - [01/Sep/2005:05:03:38 -0800] "GET /store/photos/smalljpegs/(024)1972-0116-00334.jpg HTTP/1.1" 200 29908 "http://photolab.elmer.uaf.edu/store/people.html" "Mozilla/4.0 (compatible; MSIE 6.0; Windows NT 5.1; .NET CLR 1.1.4322)"
80.188.246.127 - - [01/Sep/2005:05:03:38 -0800] "GET /store/photos/smalljpegs/(012)1989-0166-00375.jpg HTTP/1.1" 200 41883 "http://photolab.elmer.uaf.edu/store/people.html" "Mozilla/4.0 (compatible; MSIE 6.0; Windows NT 5.1; .NET CLR 1.1.4322)"
80.188.246.127 - - [01/Sep/2005:05:03:40 -0800] "GET /store/photos/smalljpegs/(026)1997-0165-00010.jpg HTTP/1.1" 200 26695 "http://photolab.elmer.uaf.edu/store/people.html" "Mozilla/4.0 (compatible; MSIE 6.0; Windows NT 5.1; .NET CLR 1.1.4322)"
80.188.246.127 - - [01/Sep/2005:05:03:40 -0800] "GET /store/photos/smalljpegs/(040)1958-1026-01700.jpg HTTP/1.1" 200 30523 "http://photolab.elmer.uaf.edu/store/people.html" "Mozilla/4.0 (compatible; MSIE 6.0; Windows NT 5.1; .NET CLR 1.1.4322)"
80.188.246.127 - - [01/Sep/2005:05:03:41 -0800] "GET /store/photos/smalljpegs/(055)1966-0054-00104.jpg HTTP/1.1" 200 35929 "http://photolab.elmer.uaf.edu/store/people.html" "Mozilla/4.0 (compatible; MSIE 6.0; Windows NT 5.1; .NET CLR 1.1.4322)"
80.188.246.127 - - [01/Sep/2005:05:03:41 -0800] "GET /store/photos/smalljpegs/(073)2000-0176-00106a.jpg HTTP/1.1" 200 39020 "http://photolab.elmer.uaf.edu/store/people.html" "Mozilla/4.0 (compatible; MSIE 6.0; Windows NT 5.1; .NET CLR 1.1.4322)"
80.188.246.127 - - [01/Sep/2005:05:03:42 -0800] "GET /store/photos/smalljpegs/(069)1976-0092-00075.jpg HTTP/1.1" 200 25519 "http://photolab.elmer.uaf.edu/store/people.html" "Mozilla/4.0 (compatible; MSIE 6.0; Windows NT 5.1; .NET CLR 1.1.4322)"
217.212.224.148 - - [01/Sep/2005:05:03:44 -0800] "GET /gallery/20020134/pages/2002-0134-00023.html HTTP/1.0" 404 339 "-" "psbot/0.1 (+http://www.picsearch.com/bot.html)"
80.188.246.127 - - [01/Sep/2005:05:03:43 -0800] "GET /store/photos/smalljpegs/(074)1968-0012-00009.jpg HTTP/1.1" 200 36819 "http://photolab.elmer.uaf.edu/store/people.html" "Mozilla/4.0 (compatible; MSIE 6.0; Windows NT 5.1; .NET CLR 1.1.4322)"
80.188.246.127 - - [01/Sep/2005:05:03:43 -0800] "GET /store/photos/smalljpegs/(083)1989-0166-00380.jpg HTTP/1.1" 200 32119 "http://photolab.elmer.uaf.edu/store/people.html" "Mozilla/4.0 (compatible; MSIE 6.0; Windows NT 5.1; .NET CLR 1.1.4322)"
80.188.246.127 - - [01/Sep/2005:05:03:45 -0800] "GET /store/photos/smalljpegs/(101)1995-0244-01044.jpg HTTP/1.1" 200 33660 "http://photolab.elmer.uaf.edu/store/people.html" "Mozilla/4.0 (compatible; MSIE 6.0; Windows NT 5.1; .NET CLR 1.1.4322)"
80.188.246.127 - - [01/Sep/2005:05:03:45 -0800] "GET /store/photos/smalljpegs/(102)1972-0071-00804.jpg HTTP/1.1" 200 33600 "http://photolab.elmer.uaf.edu/store/people.html" "Mozilla/4.0 (compatible; MSIE 6.0; Windows NT 5.1; .NET CLR 1.1.4322)"
80.188.246.127 - - [01/Sep/2005:05:03:46 -0800] "GET /store/photos/smalljpegs/(106)1972-0071-03229.jpg HTTP/1.1" 200 38182 "http://photolab.elmer.uaf.edu/store/people.html" "Mozilla/4.0 (compatible; MSIE 6.0; Windows NT 5.1; .NET CLR 1.1.4322)"
80.188.246.127 - - [01/Sep/2005:05:03:46 -0800] "GET /store/photos/smalljpegs/(090)1972-0071-02759.jpg HTTP/1.1" 200 35919 "http://photolab.elmer.uaf.edu/store/people.html" "Mozilla/4.0 (compatible; MSIE 6.0; Windows NT 5.1; .NET CLR 1.1.4322)"
80.188.246.127 - - [01/Sep/2005:05:03:48 -0800] "GET /store/photos/smalljpegs/(105)1989-0166-00522a.jpg HTTP/1.1" 200 25417 "http://photolab.elmer.uaf.edu/store/people.html" "Mozilla/4.0 (compatible; MSIE 6.0; Windows NT 5.1; .NET CLR 1.1.4322)"
80.188.246.127 - - [01/Sep/2005:05:03:48 -0800] "GET /store/photos/smalljpegs/(104)1958-1026-02106.jpg HTTP/1.1" 200 34617 "http://photolab.elmer.uaf.edu/store/people.html" "Mozilla/4.0 (compatible; MSIE 6.0; Windows NT 5.1; .NET CLR 1.1.4322)"
80.188.246.127 - - [01/Sep/2005:05:03:49 -0800] "GET /store/photos/smalljpegs/(103)1972-0071-02925.jpg HTTP/1.1" 200 30024 "http://photolab.elmer.uaf.edu/store/people.html" "Mozilla/4.0 (compatible; MSIE 6.0; Windows NT 5.1; .NET CLR 1.1.4322)"
80.188.246.127 - - [01/Sep/2005:05:03:50 -0800] "GET /store/photos/smalljpegs/(107)1958-1026-02271.jpg HTTP/1.1" 200 34747 "http://photolab.elmer.uaf.edu/store/people.html" "Mozilla/4.0 (compatible; MSIE 6.0; Windows NT 5.1; .NET CLR 1.1.4322)"
80.188.246.127 - - [01/Sep/2005:05:03:51 -0800] "GET /store/photos/smalljpegs/(112)1958-1026-01589.jpg HTTP/1.1" 200 31936 "http://photolab.elmer.uaf.edu/store/people.html" "Mozilla/4.0 (compatible; MSIE 6.0; Windows NT 5.1; .NET CLR 1.1.4322)"
80.188.246.127 - - [01/Sep/2005:05:03:50 -0800] "GET /store/photos/smalljpegs/(110)1958-1026-01591.jpg HTTP/1.1" 200 38244 "http://photolab.elmer.uaf.edu/store/people.html" "Mozilla/4.0 (compatible; MSIE 6.0; Windows NT 5.1; .NET CLR 1.1.4322)"
80.188.246.127 - - [01/Sep/2005:05:03:52 -0800] "GET /store/photos/largejpegs/(055)1966-0054-00104.jpg HTTP/1.1" 200 160368 "http://photolab.elmer.uaf.edu/store/people.html" "Mozilla/4.0 (compatible; MSIE 6.0; Windows NT 5.1; .NET CLR 1.1.4322)"
80.188.246.127 - - [01/Sep/2005:05:04:07 -0800] "GET /store/photos/smalljpegs/(110)1958-1026-01591.jpg HTTP/1.1" 200 38244 "http://photolab.elmer.uaf.edu/store/people.html" "Mozilla/4.0 (compatible; MSIE 6.0; Windows NT 5.1; .NET CLR 1.1.4322)"
80.188.246.127 - - [01/Sep/2005:05:04:08 -0800] "GET /store/photos/smalljpegs/(112)1958-1026-01589.jpg HTTP/1.1" 200 31936 "http://photolab.elmer.uaf.edu/store/people.html" "Mozilla/4.0 (compatible; MSIE 6.0; Windows NT 5.1; .NET CLR 1.1.4322)"
80.188.246.127 - - [01/Sep/2005:05:04:09 -0800] "GET /store/photos/smalljpegs/(150)1972-0071-00102.jpg HTTP/1.1" 200 31506 "http://photolab.elmer.uaf.edu/store/people.html" "Mozilla/4.0 (compatible; MSIE 6.0; Windows NT 5.1; .NET CLR 1.1.4322)"
80.188.246.127 - - [01/Sep/2005:05:04:10 -0800] "GET /store/photos/smalljpegs/(151)1989-0166-00382.jpg HTTP/1.1" 200 30137 "http://photolab.elmer.uaf.edu/store/people.html" "Mozilla/4.0 (compatible; MSIE 6.0; Windows NT 5.1; .NET CLR 1.1.4322)"
80.188.246.127 - - [01/Sep/2005:05:04:11 -0800] "GET /index_files/bluebear.gif HTTP/1.1" 200 1263 "http://photolab.elmer.uaf.edu/store/people.html" "Mozilla/4.0 (compatible; MSIE 6.0; Windows NT 5.1; .NET CLR 1.1.4322)"
80.188.246.127 - - [01/Sep/2005:05:04:12 -0800] "GET /index_files/sitemap.gif HTTP/1.1" 200 1503 "http://photolab.elmer.uaf.edu/store/people.html" "Mozilla/4.0 (compatible; MSIE 6.0; Windows NT 5.1; .NET CLR 1.1.4322)"
80.188.246.127 - - [01/Sep/2005:05:04:11 -0800] "GET /store/photos/smalljpegs/(172)1989-0166-01182.jpg HTTP/1.1" 200 30897 "http://photolab.elmer.uaf.edu/store/people.html" "Mozilla/4.0 (compatible; MSIE 6.0; Windows NT 5.1; .NET CLR 1.1.4322)"
80.188.246.127 - - [01/Sep/2005:05:04:12 -0800] "GET /store/photos/smalljpegs/(139)1958-1026-02130.jpg HTTP/1.1" 200 37323 "http://photolab.elmer.uaf.edu/store/people.html" "Mozilla/4.0 (compatible; MSIE 6.0; Windows NT 5.1; .NET CLR 1.1.4322)"
80.188.246.127 - - [01/Sep/2005:05:04:12 -0800] "GET /store/photos/smalljpegs/(119)1968-0069-02524.jpg HTTP/1.1" 200 31385 "http://photolab.elmer.uaf.edu/store/people.html" "Mozilla/4.0 (compatible; MSIE 6.0; Windows NT 5.1; .NET CLR 1.1.4322)"
80.188.246.127 - - [01/Sep/2005:05:04:13 -0800] "GET /store/photos/smalljpegs/(145)1972-0071-02415.jpg HTTP/1.1" 200 25683 "http://photolab.elmer.uaf.edu/store/people.html" "Mozilla/4.0 (compatible; MSIE 6.0; Windows NT 5.1; .NET CLR 1.1.4322)"
80.188.246.127 - - [01/Sep/2005:05:04:13 -0800] "GET /store/photos/smalljpegs/(141)1972-0071-00099.jpg HTTP/1.1" 200 38687 "http://photolab.elmer.uaf.edu/store/people.html" "Mozilla/4.0 (compatible; MSIE 6.0; Windows NT 5.1; .NET CLR 1.1.4322)"
80.188.246.127 - - [01/Sep/2005:05:04:27 -0800] "GET /store/photos/largejpegs/(145)1972-0071-02415.jpg HTTP/1.1" 200 90836 "http://photolab.elmer.uaf.edu/store/people.html" "Mozilla/4.0 (compatible; MSIE 6.0; Windows NT 5.1; .NET CLR 1.1.4322)"
80.188.246.127 - - [01/Sep/2005:05:04:36 -0800] "GET /store/photos/largejpegs/(141)1972-0071-00099.jpg HTTP/1.1" 200 151367 "http://photolab.elmer.uaf.edu/store/people.html" "Mozilla/4.0 (compatible; MSIE 6.0; Windows NT 5.1; .NET CLR 1.1.4322)"
80.188.246.127 - - [01/Sep/2005:05:04:43 -0800] "GET /store/photos/largejpegs/(139)1958-1026-02130.jpg HTTP/1.1" 200 182394 "http://photolab.elmer.uaf.edu/store/people.html" "Mozilla/4.0 (compatible; MSIE 6.0; Windows NT 5.1; .NET CLR 1.1.4322)"
217.212.224.148 - - [01/Sep/2005:05:05:46 -0800] "GET /gallery/20020155/pages/2002-0155-00024.html HTTP/1.0" 404 339 "-" "psbot/0.1 (+http://www.picsearch.com/bot.html)"
68.142.250.155 - - [01/Sep/2005:05:05:56 -0800] "GET /gallery/19581026/14/index_7.html HTTP/1.0" 404 328 "-" "Mozilla/5.0 (compatible; Yahoo! Slurp; http://help.yahoo.com/help/us/ysearch/slurp)"
217.212.224.148 - - [01/Sep/2005:05:07:46 -0800] "GET /gallery/20040084/1157-1288/pages/2004-0084-01221.html HTTP/1.0" 404 349 "-" "psbot/0.1 (+http://www.picsearch.com/bot.html)"
65.214.44.171 - - [01/Sep/2005:05:09:27 -0800] "GET /gallery/20020087/1/pages/2002-0087-00194.html HTTP/1.0" 404 341 "-" "Mozilla/2.0 (compatible; Ask Jeeves/Teoma; +http://sp.ask.com/docs/about/tech_crawling.html)"
217.212.224.148 - - [01/Sep/2005:05:09:41 -0800] "GET /gallery/20020164/pages/2002-0164-00020.html HTTP/1.0" 404 339 "-" "psbot/0.1 (+http://www.picsearch.com/bot.html)"
68.142.251.149 - - [01/Sep/2005:05:11:09 -0800] "GET /robots.txt HTTP/1.0" 200 96 "-" "Mozilla/5.0 (compatible; Yahoo! Slurp; http://help.yahoo.com/help/us/ysearch/slurp)"
68.142.251.177 - - [01/Sep/2005:05:11:10 -0800] "GET /gallery/photos/19870175/pages/1987-0175-00314.html HTTP/1.0" 304 - "-" "Mozilla/5.0 (compatible; Yahoo! Slurp; http://help.yahoo.com/help/us/ysearch/slurp)"
68.142.251.177 - - [01/Sep/2005:05:11:29 -0800] "GET /gallery/photos/19890166/05/pages/1989-0166-00508_neg%20nitrate.html HTTP/1.0" 304 - "-" "Mozilla/5.0 (compatible; Yahoo! Slurp; http://help.yahoo.com/help/us/ysearch/slurp)"
68.142.249.95 - - [01/Sep/2005:05:11:31 -0800] "GET /gallery/photos/19940070/4 HTTP/1.0" 301 362 "-" "Mozilla/5.0 (compatible; Yahoo! Slurp; http://help.yahoo.com/help/us/ysearch/slurp)"
68.142.249.95 - - [01/Sep/2005:05:11:32 -0800] "GET /gallery/photos/19940070/4/ HTTP/1.0" 200 7093 "-" "Mozilla/5.0 (compatible; Yahoo! Slurp; http://help.yahoo.com/help/us/ysearch/slurp)"
217.212.224.148 - - [01/Sep/2005:05:11:34 -0800] "GET /gallery/20020032/pages/2002-0032-00095.html HTTP/1.0" 404 339 "-" "psbot/0.1 (+http://www.picsearch.com/bot.html)"
193.36.79.207 - - [01/Sep/2005:05:11:38 -0800] "GET /index_files/store.css HTTP/1.1" 200 2756 "http://photolab.elmer.uaf.edu/store/people.html" "Mozilla/4.0 (compatible; MSIE 6.0; Windows NT 5.1; .NET CLR 1.0.3705)"
193.36.79.211 - - [01/Sep/2005:05:11:38 -0800] "GET /store/people.html HTTP/1.1" 200 21075 "http://images.google.co.uk/imgres?imgurl=http://photolab.elmer.uaf.edu/store/photos/largejpegs/(105)1989-0166-00522a.jpg&imgrefurl=http://photolab.elmer.uaf.edu/store/people.html&h=692&w=1000&sz=100&tbnid=mRifvhDN3-gJ:&tbnh=103&tbnw=149&hl=en&start=4&prev=/images%3Fq%3Dold%2Bwoman%26svnum%3D10%26hl%3Den%26lr%3D" "Mozilla/4.0 (compatible; MSIE 6.0; Windows NT 5.1; .NET CLR 1.0.3705)"
193.36.79.206 - - [01/Sep/2005:05:11:38 -0800] "GET /index_files/aprbrown.jpg HTTP/1.1" 200 5509 "http://photolab.elmer.uaf.edu/store/people.html" "Mozilla/4.0 (compatible; MSIE 6.0; Windows NT 5.1; .NET CLR 1.0.3705)"
193.36.79.212 - - [01/Sep/2005:05:11:38 -0800] "GET /index_files/titlebrown.jpg HTTP/1.1" 200 5451 "http://photolab.elmer.uaf.edu/store/people.html" "Mozilla/4.0 (compatible; MSIE 6.0; Windows NT 5.1; .NET CLR 1.0.3705)"
193.36.79.207 - - [01/Sep/2005:05:11:39 -0800] "GET /store/photos/largejpegs/(105)1989-0166-00522a.jpg HTTP/1.1" 200 101451 "http://images.google.co.uk/imgres?imgurl=http://photolab.elmer.uaf.edu/store/photos/largejpegs/(105)1989-0166-00522a.jpg&imgrefurl=http://photolab.elmer.uaf.edu/store/people.html&h=692&w=1000&sz=100&tbnid=mRifvhDN3-gJ:&tbnh=103&tbnw=149&hl=en&prev=/images%3Fq%3Dold%2Bwoman%26svnum%3D10%26hl%3Den%26lr%3D&frame=small" "Mozilla/4.0 (compatible; MSIE 6.0; Windows NT 5.1; .NET CLR 1.0.3705)"
193.36.79.212 - - [01/Sep/2005:05:11:48 -0800] "GET /index_files/titlebrown.jpg HTTP/1.1" 200 5451 "http://photolab.elmer.uaf.edu/store/people.html" "Mozilla/4.0 (compatible; MSIE 6.0; Windows NT 5.1; .NET CLR 1.0.3705)"
193.36.79.206 - - [01/Sep/2005:05:11:48 -0800] "GET /index_files/menubar.gif HTTP/1.1" 200 2913 "http://photolab.elmer.uaf.edu/store/people.html" "Mozilla/4.0 (compatible; MSIE 6.0; Windows NT 5.1; .NET CLR 1.0.3705)"
193.36.79.211 - - [01/Sep/2005:05:11:48 -0800] "GET /index_files/storetitle.gif HTTP/1.1" 200 14535 "http://photolab.elmer.uaf.edu/store/people.html" "Mozilla/4.0 (compatible; MSIE 6.0; Windows NT 5.1; .NET CLR 1.0.3705)"
193.36.79.207 - - [01/Sep/2005:05:11:48 -0800] "GET /store/photos/smalljpegs/(007)1972-0071-03234.jpg HTTP/1.1" 200 32052 "http://photolab.elmer.uaf.edu/store/people.html" "Mozilla/4.0 (compatible; MSIE 6.0; Windows NT 5.1; .NET CLR 1.0.3705)"
193.36.79.212 - - [01/Sep/2005:05:11:49 -0800] "GET /store/photos/smalljpegs/(024)1972-0116-00334.jpg HTTP/1.1" 200 29908 "http://photolab.elmer.uaf.edu/store/people.html" "Mozilla/4.0 (compatible; MSIE 6.0; Windows NT 5.1; .NET CLR 1.0.3705)"
193.36.79.207 - - [01/Sep/2005:05:11:49 -0800] "GET /store/photos/smalljpegs/(012)1989-0166-00375.jpg HTTP/1.1" 200 41883 "http://photolab.elmer.uaf.edu/store/people.html" "Mozilla/4.0 (compatible; MSIE 6.0; Windows NT 5.1; .NET CLR 1.0.3705)"
193.36.79.211 - - [01/Sep/2005:05:11:50 -0800] "GET /store/photos/smalljpegs/(069)1976-0092-00075.jpg HTTP/1.1" 200 25519 "http://photolab.elmer.uaf.edu/store/people.html" "Mozilla/4.0 (compatible; MSIE 6.0; Windows NT 5.1; .NET CLR 1.0.3705)"
217.212.224.148 - - [01/Sep/2005:05:13:36 -0800] "GET /gallery/20020032/pages/2002-0032-00096.html HTTP/1.0" 404 339 "-" "psbot/0.1 (+http://www.picsearch.com/bot.html)"
193.36.79.211 - - [01/Sep/2005:05:11:49 -0800] "GET /store/photos/smalljpegs/(009)1975-0146-00003.jpg HTTP/1.1" 200 35453 "http://photolab.elmer.uaf.edu/store/people.html" "Mozilla/4.0 (compatible; MSIE 6.0; Windows NT 5.1; .NET CLR 1.0.3705)"
193.36.79.207 - - [01/Sep/2005:05:11:51 -0800] "GET /store/photos/smalljpegs/(055)1966-0054-00104.jpg HTTP/1.1" 200 35929 "http://photolab.elmer.uaf.edu/store/people.html" "Mozilla/4.0 (compatible; MSIE 6.0; Windows NT 5.1; .NET CLR 1.0.3705)"
207.46.98.84 - - [01/Sep/2005:05:15:28 -0800] "GET /gallery/photos/19940070/0/pages/1994-0070-00002.html HTTP/1.0" 200 6000 "-" "msnbot/1.0 (+http://search.msn.com/msnbot.htm)"
217.212.224.148 - - [01/Sep/2005:05:15:34 -0800] "GET /gallery/20020134/pages/2002-0134-00093.html HTTP/1.0" 404 339 "-" "psbot/0.1 (+http://www.picsearch.com/bot.html)"
207.46.98.84 - - [01/Sep/2005:05:17:22 -0800] "GET /gallery/photos/19581026/22/pages/1958-1026-02274.html HTTP/1.0" 200 6186 "-" "msnbot/1.0 (+http://search.msn.com/msnbot.htm)"
217.212.224.148 - - [01/Sep/2005:05:17:36 -0800] "GET /gallery/20030183/pages/2003-0183-00024.html HTTP/1.0" 404 339 "-" "psbot/0.1 (+http://www.picsearch.com/bot.html)"
65.214.44.171 - - [01/Sep/2005:05:18:57 -0800] "GET /gallery/20020087/4/pages/2002-0087-00446.html HTTP/1.0" 404 341 "-" "Mozilla/2.0 (compatible; Ask Jeeves/Teoma; +http://sp.ask.com/docs/about/tech_crawling.html)"
207.46.98.84 - - [01/Sep/2005:05:19:07 -0800] "GET /gallery/photos/19581026/22/pages/1958-1026-02272.html HTTP/1.0" 200 6186 "-" "msnbot/1.0 (+http://search.msn.com/msnbot.htm)"
207.46.98.84 - - [01/Sep/2005:05:19:23 -0800] "GET /gallery/photos/19581026/22/pages/1958-1026-02278.html HTTP/1.0" 200 6186 "-" "msnbot/1.0 (+http://search.msn.com/msnbot.htm)"
217.212.224.148 - - [01/Sep/2005:05:19:34 -0800] "GET /gallery/20040026/pages/2004-0026-00022.html HTTP/1.0" 404 339 "-" "psbot/0.1 (+http://www.picsearch.com/bot.html)"
61.84.36.155 - - [01/Sep/2005:05:20:10 -0800] "GET /index_files/empty.gif HTTP/1.1" 200 45 "http://photolab.elmer.uaf.edu/gallery/maps/mapg3300.html" "Mozilla/4.0 (compatible; MSIE 6.0; Windows NT 5.1; SV1)"
61.84.36.155 - - [01/Sep/2005:05:20:09 -0800] "GET /gallery/maps/mapg3300.html HTTP/1.1" 200 21856 "http://www.worldmapfinder.com/Map_Detail.php?MAP=541&FN=G3300%20%5B1822%5D%20F55.jpg&MW=1200&MH=959&FS=374&FT=jpg&WO=0&CE=4&CO=0&CI=0&IT=0&LC=2&PG=1&CS=iso-8859-1&FU=http://photolab.elmer.uaf.edu/gallery/maps/G3300/large/G3300%20%5B1822%5D%20F55.jpg&SU=http://photolab.elmer.uaf.edu/gallery/maps/mapg3300.html" "Mozilla/4.0 (compatible; MSIE 6.0; Windows NT 5.1; SV1)"
61.84.36.155 - - [01/Sep/2005:05:20:09 -0800] "GET /index_files/lib.css HTTP/1.1" 200 2634 "http://photolab.elmer.uaf.edu/gallery/maps/mapg3300.html" "Mozilla/4.0 (compatible; MSIE 6.0; Windows NT 5.1; SV1)"
61.84.36.155 - - [01/Sep/2005:05:20:09 -0800] "GET /index_files/title.jpg HTTP/1.1" 200 5438 "http://photolab.elmer.uaf.edu/gallery/maps/mapg3300.html" "Mozilla/4.0 (compatible; MSIE 6.0; Windows NT 5.1; SV1)"
61.84.36.155 - - [01/Sep/2005:05:20:09 -0800] "GET /index_files/apr.jpg HTTP/1.1" 200 6015 "http://photolab.elmer.uaf.edu/gallery/maps/mapg3300.html" "Mozilla/4.0 (compatible; MSIE 6.0; Windows NT 5.1; SV1)"
61.84.36.155 - - [01/Sep/2005:05:20:10 -0800] "GET /index_files/small_002.jpg HTTP/1.1" 200 1351 "http://photolab.elmer.uaf.edu/gallery/maps/mapg3300.html" "Mozilla/4.0 (compatible; MSIE 6.0; Windows NT 5.1; SV1)"
61.84.36.155 - - [01/Sep/2005:05:20:10 -0800] "GET /index_files/small.dps.jpg HTTP/1.1" 200 5830 "http://photolab.elmer.uaf.edu/gallery/maps/mapg3300.html" "Mozilla/4.0 (compatible; MSIE 6.0; Windows NT 5.1; SV1)"
61.84.36.155 - - [01/Sep/2005:05:20:10 -0800] "GET /index_files/small.jpg HTTP/1.1" 200 2294 "http://photolab.elmer.uaf.edu/gallery/maps/mapg3300.html" "Mozilla/4.0 (compatible; MSIE 6.0; Windows NT 5.1; SV1)"
61.84.36.155 - - [01/Sep/2005:05:20:10 -0800] "GET /index_files/small_003.jpg HTTP/1.1" 200 1521 "http://photolab.elmer.uaf.edu/gallery/maps/mapg3300.html" "Mozilla/4.0 (compatible; MSIE 6.0; Windows NT 5.1; SV1)"
61.84.36.155 - - [01/Sep/2005:05:20:10 -0800] "GET /gallery/maps/G3300/small/G3300%20%5B1740_%5D.jpg HTTP/1.1" 200 20134 "http://photolab.elmer.uaf.edu/gallery/maps/mapg3300.html" "Mozilla/4.0 (compatible; MSIE 6.0; Windows NT 5.1; SV1)"
61.84.36.155 - - [01/Sep/2005:05:20:10 -0800] "GET /gallery/maps/G3300/small/G3300%201755%20B431.jpg HTTP/1.1" 200 14901 "http://photolab.elmer.uaf.edu/gallery/maps/mapg3300.html" "Mozilla/4.0 (compatible; MSIE 6.0; Windows NT 5.1; SV1)"
61.84.36.155 - - [01/Sep/2005:05:20:10 -0800] "GET /gallery/maps/G3300/small/G3300%20%5B1590%5D%20P67.jpg HTTP/1.1" 200 14993 "http://photolab.elmer.uaf.edu/gallery/maps/mapg3300.html" "Mozilla/4.0 (compatible; MSIE 6.0; Windows NT 5.1; SV1)"
61.84.36.155 - - [01/Sep/2005:05:20:10 -0800] "GET /gallery/maps/G3300/small/G3300%20%5B1625%5D%20E47.jpg HTTP/1.1" 200 17451 "http://photolab.elmer.uaf.edu/gallery/maps/mapg3300.html" "Mozilla/4.0 (compatible; MSIE 6.0; Windows NT 5.1; SV1)"
61.84.36.155 - - [01/Sep/2005:05:20:10 -0800] "GET /gallery/maps/G3300/small/G3300%20%5B1822%5D%20F55.jpg HTTP/1.1" 200 16603 "http://photolab.elmer.uaf.edu/gallery/maps/mapg3300.html" "Mozilla/4.0 (compatible; MSIE 6.0; Windows NT 5.1; SV1)"
61.84.36.155 - - [01/Sep/2005:05:20:10 -0800] "GET /gallery/maps/G3300/small/G3300%201841%20S75.jpg HTTP/1.1" 200 17336 "http://photolab.elmer.uaf.edu/gallery/maps/mapg3300.html" "Mozilla/4.0 (compatible; MSIE 6.0; Windows NT 5.1; SV1)"
61.84.36.155 - - [01/Sep/2005:05:20:10 -0800] "GET /gallery/maps/G3300/small/G3300%20%5B1848_%5D%20C61.jpg HTTP/1.1" 200 16536 "http://photolab.elmer.uaf.edu/gallery/maps/mapg3300.html" "Mozilla/4.0 (compatible; MSIE 6.0; Windows NT 5.1; SV1)"
61.84.36.155 - - [01/Sep/2005:05:20:10 -0800] "GET /index_files/bluebear.gif HTTP/1.1" 200 1263 "http://photolab.elmer.uaf.edu/gallery/maps/mapg3300.html" "Mozilla/4.0 (compatible; MSIE 6.0; Windows NT 5.1; SV1)"
61.84.36.155 - - [01/Sep/2005:05:20:10 -0800] "GET /gallery/maps/G3300/small/G3300%201772%20R62.jpg HTTP/1.1" 200 15425 "http://photolab.elmer.uaf.edu/gallery/maps/mapg3300.html" "Mozilla/4.0 (compatible; MSIE 6.0; Windows NT 5.1; SV1)"
61.84.36.155 - - [01/Sep/2005:05:20:10 -0800] "GET /gallery/maps/G3300/small/G3300%20%5B1780%5D%20C66.jpg HTTP/1.1" 200 17169 "http://photolab.elmer.uaf.edu/gallery/maps/mapg3300.html" "Mozilla/4.0 (compatible; MSIE 6.0; Windows NT 5.1; SV1)"
61.84.36.155 - - [01/Sep/2005:05:20:10 -0800] "GET /gallery/maps/G3300/small/G3300%201775%20R621.jpg HTTP/1.1" 200 14889 "http://photolab.elmer.uaf.edu/gallery/maps/mapg3300.html" "Mozilla/4.0 (compatible; MSIE 6.0; Windows NT 5.1; SV1)"
61.84.36.155 - - [01/Sep/2005:05:20:10 -0800] "GET /gallery/maps/G3300/small/G3300%20%5B1779%5D%20C662.jpg HTTP/1.1" 200 15796 "http://photolab.elmer.uaf.edu/gallery/maps/mapg3300.html" "Mozilla/4.0 (compatible; MSIE 6.0; Windows NT 5.1; SV1)"
61.84.36.155 - - [01/Sep/2005:05:20:10 -0800] "GET /gallery/maps/G3300/small/G3300%201783%20R62.jpg HTTP/1.1" 200 15342 "http://photolab.elmer.uaf.edu/gallery/maps/mapg3300.html" "Mozilla/4.0 (compatible; MSIE 6.0; Windows NT 5.1; SV1)"
61.84.36.155 - - [01/Sep/2005:05:20:10 -0800] "GET /gallery/maps/G3300/small/G3300%20%5B1786_%5D%20B691.jpg HTTP/1.1" 200 16623 "http://photolab.elmer.uaf.edu/gallery/maps/mapg3300.html" "Mozilla/4.0 (compatible; MSIE 6.0; Windows NT 5.1; SV1)"
61.84.36.155 - - [01/Sep/2005:05:20:10 -0800] "GET /gallery/maps/G3300/small/G3300%20%5B1787%5D%20B66.jpg HTTP/1.1" 200 14342 "http://photolab.elmer.uaf.edu/gallery/maps/mapg3300.html" "Mozilla/4.0 (compatible; MSIE 6.0; Windows NT 5.1; SV1)"
61.84.36.155 - - [01/Sep/2005:05:20:10 -0800] "GET /gallery/maps/G3300/small/G3300%201797%20N43.jpg HTTP/1.1" 200 15960 "http://photolab.elmer.uaf.edu/gallery/maps/mapg3300.html" "Mozilla/4.0 (compatible; MSIE 6.0; Windows NT 5.1; SV1)"
61.84.36.155 - - [01/Sep/2005:05:20:10 -0800] "GET /gallery/maps/G3300/small/G3300%201849%20R321.jpg HTTP/1.1" 200 15980 "http://photolab.elmer.uaf.edu/gallery/maps/mapg3300.html" "Mozilla/4.0 (compatible; MSIE 6.0; Windows NT 5.1; SV1)"
61.84.36.155 - - [01/Sep/2005:05:20:10 -0800] "GET /index_files/sitemap.gif HTTP/1.1" 200 1503 "http://photolab.elmer.uaf.edu/gallery/maps/mapg3300.html" "Mozilla/4.0 (compatible; MSIE 6.0; Windows NT 5.1; SV1)"
61.84.36.155 - - [01/Sep/2005:05:20:10 -0800] "GET /gallery/maps/G3300/small/G3300%20%5B1851%5D%20R36.jpg HTTP/1.1" 200 16233 "http://photolab.elmer.uaf.edu/gallery/maps/mapg3300.html" "Mozilla/4.0 (compatible; MSIE 6.0; Windows NT 5.1; SV1)"
61.84.36.155 - - [01/Sep/2005:05:20:10 -0800] "GET /gallery/maps/G3300/small/G3300%20%5B184-_%5D%20L681.jpg HTTP/1.1" 200 15119 "http://photolab.elmer.uaf.edu/gallery/maps/mapg3300.html" "Mozilla/4.0 (compatible; MSIE 6.0; Windows NT 5.1; SV1)"
61.84.36.155 - - [01/Sep/2005:05:20:10 -0800] "GET /gallery/maps/G3300/small/G3300%201774%20D861.jpg HTTP/1.1" 200 14984 "http://photolab.elmer.uaf.edu/gallery/maps/mapg3300.html" "Mozilla/4.0 (compatible; MSIE 6.0; Windows NT 5.1; SV1)"
61.84.36.155 - - [01/Sep/2005:05:20:10 -0800] "GET /gallery/maps/G3300/small/G3300%20%5B1780_%5D%20C66a.jpg HTTP/1.1" 200 14727 "http://photolab.elmer.uaf.edu/gallery/maps/mapg3300.html" "Mozilla/4.0 (compatible; MSIE 6.0; Windows NT 5.1; SV1)"
61.84.36.155 - - [01/Sep/2005:05:20:10 -0800] "GET /gallery/maps/G3300/small/G3300%20%5B1854_%5D%20B36.jpg HTTP/1.1" 200 14541 "http://photolab.elmer.uaf.edu/gallery/maps/mapg3300.html" "Mozilla/4.0 (compatible; MSIE 6.0; Windows NT 5.1; SV1)"
61.84.36.155 - - [01/Sep/2005:05:20:10 -0800] "GET /gallery/maps/G3300/small/G3321%20P5%201852%20G73.jpg HTTP/1.1" 200 14278 "http://photolab.elmer.uaf.edu/gallery/maps/mapg3300.html" "Mozilla/4.0 (compatible; MSIE 6.0; Windows NT 5.1; SV1)"
61.84.36.155 - - [01/Sep/2005:05:20:10 -0800] "GET /gallery/maps/G3300/small/G3300%20%5B1855_%5D%20C641.jpg HTTP/1.1" 200 17024 "http://photolab.elmer.uaf.edu/gallery/maps/mapg3300.html" "Mozilla/4.0 (compatible; MSIE 6.0; Windows NT 5.1; SV1)"
61.84.36.155 - - [01/Sep/2005:05:20:10 -0800] "GET /index_files/bar.gif HTTP/1.1" 200 342 "http://photolab.elmer.uaf.edu/gallery/maps/mapg3300.html" "Mozilla/4.0 (compatible; MSIE 6.0; Windows NT 5.1; SV1)"
61.84.36.155 - - [01/Sep/2005:05:20:10 -0800] "GET /gallery/maps/G3300/small/G3300%20%5B1857_%5D%20B36.jpg HTTP/1.1" 200 15604 "http://photolab.elmer.uaf.edu/gallery/maps/mapg3300.html" "Mozilla/4.0 (compatible; MSIE 6.0; Windows NT 5.1; SV1)"
61.84.36.155 - - [01/Sep/2005:05:20:10 -0800] "GET /gallery/maps/G3300/small/G3300%201855%20C64.jpg HTTP/1.1" 200 16222 "http://photolab.elmer.uaf.edu/gallery/maps/mapg3300.html" "Mozilla/4.0 (compatible; MSIE 6.0; Windows NT 5.1; SV1)"
61.84.36.155 - - [01/Sep/2005:05:20:10 -0800] "GET /gallery/maps/G3300/small/G3300%20%5B1862_%5D%20B36.jpg HTTP/1.1" 200 14330 "http://photolab.elmer.uaf.edu/gallery/maps/mapg3300.html" "Mozilla/4.0 (compatible; MSIE 6.0; Windows NT 5.1; SV1)"
61.84.36.155 - - [01/Sep/2005:05:20:10 -0800] "GET /gallery/maps/G3300/small/G3300%20%5B1858%5D%20B361.jpg HTTP/1.1" 200 14683 "http://photolab.elmer.uaf.edu/gallery/maps/mapg3300.html" "Mozilla/4.0 (compatible; MSIE 6.0; Windows NT 5.1; SV1)"
61.84.36.155 - - [01/Sep/2005:05:20:10 -0800] "GET /gallery/maps/G3300/small/G3300%20%5B1868%5D%20C671.jpg HTTP/1.1" 200 15494 "http://photolab.elmer.uaf.edu/gallery/maps/mapg3300.html" "Mozilla/4.0 (compatible; MSIE 6.0; Windows NT 5.1; SV1)"
61.84.36.155 - - [01/Sep/2005:05:20:10 -0800] "GET /gallery/maps/G3300/small/G3300%20%5B1864%5D%20J61.jpg HTTP/1.1" 200 15913 "http://photolab.elmer.uaf.edu/gallery/maps/mapg3300.html" "Mozilla/4.0 (compatible; MSIE 6.0; Windows NT 5.1; SV1)"
61.84.36.155 - - [01/Sep/2005:05:20:10 -0800] "GET /gallery/maps/G3300/small/G3300%201872%20W51.jpg HTTP/1.1" 200 17525 "http://photolab.elmer.uaf.edu/gallery/maps/mapg3300.html" "Mozilla/4.0 (compatible; MSIE 6.0; Windows NT 5.1; SV1)"
61.84.36.155 - - [01/Sep/2005:05:20:10 -0800] "GET /gallery/maps/G3300/small/G3312%20Y81%20%5B1898_%5D%20D5.jpg HTTP/1.1" 200 16571 "http://photolab.elmer.uaf.edu/gallery/maps/mapg3300.html" "Mozilla/4.0 (compatible; MSIE 6.0; Windows NT 5.1; SV1)"
68.142.250.159 - - [01/Sep/2005:05:20:31 -0800] "GET /gallery/photos/19690092/5/pages/1969-0092-00504.html HTTP/1.0" 200 1763 "-" "Mozilla/5.0 (compatible; Yahoo! Slurp; http://help.yahoo.com/help/us/ysearch/slurp)"
207.46.98.84 - - [01/Sep/2005:05:21:34 -0800] "GET /gallery/photos/19581026/22/pages/1958-1026-02253.html HTTP/1.0" 200 6186 "-" "msnbot/1.0 (+http://search.msn.com/msnbot.htm)"
217.212.224.148 - - [01/Sep/2005:05:21:36 -0800] "GET /gallery/20040026/pages/2004-0026-00023.html HTTP/1.0" 404 339 "-" "psbot/0.1 (+http://www.picsearch.com/bot.html)"
207.46.98.84 - - [01/Sep/2005:05:21:55 -0800] "GET /gallery/photos/19581026/22/pages/1958-1026-02262.html HTTP/1.0" 200 6186 "-" "msnbot/1.0 (+http://search.msn.com/msnbot.htm)"
217.212.224.148 - - [01/Sep/2005:05:23:39 -0800] "GET /gallery/19740130/pages/1974-0130-00030.html HTTP/1.0" 404 339 "-" "psbot/0.1 (+http://www.picsearch.com/bot.html)"
195.194.196.37 - - [01/Sep/2005:05:23:52 -0800] "GET /index_files/store.css HTTP/1.1" 200 2756 "http://photolab.elmer.uaf.edu/store/people.html" "Mozilla/4.0 (compatible; MSIE 6.0; Windows NT 5.1)"
195.194.196.37 - - [01/Sep/2005:05:23:51 -0800] "GET /store/people.html HTTP/1.1" 200 21075 "http://images.google.co.uk/imgres?imgurl=http://photolab.elmer.uaf.edu/store/photos/largejpegs/(105)1989-0166-00522a.jpg&imgrefurl=http://photolab.elmer.uaf.edu/store/people.html&h=692&w=1000&sz=100&tbnid=mRifvhDN3-gJ:&tbnh=103&tbnw=149&hl=en&start=4&prev=/images%3Fq%3Dold%2Bwoman%26svnum%3D10%26hl%3Den%26lr%3D" "Mozilla/4.0 (compatible; MSIE 6.0; Windows NT 5.1)"
195.194.196.37 - - [01/Sep/2005:05:23:52 -0800] "GET /index_files/titlebrown.jpg HTTP/1.1" 200 5451 "http://photolab.elmer.uaf.edu/store/people.html" "Mozilla/4.0 (compatible; MSIE 6.0; Windows NT 5.1)"
195.194.196.37 - - [01/Sep/2005:05:23:52 -0800] "GET /index_files/aprbrown.jpg HTTP/1.1" 200 5509 "http://photolab.elmer.uaf.edu/store/people.html" "Mozilla/4.0 (compatible; MSIE 6.0; Windows NT 5.1)"
195.194.196.37 - - [01/Sep/2005:05:23:52 -0800] "GET /index_files/menubar.gif HTTP/1.1" 200 2913 "http://photolab.elmer.uaf.edu/store/people.html" "Mozilla/4.0 (compatible; MSIE 6.0; Windows NT 5.1)"
195.194.196.37 - - [01/Sep/2005:05:23:52 -0800] "GET /index_files/storetitle.gif HTTP/1.1" 200 14535 "http://photolab.elmer.uaf.edu/store/people.html" "Mozilla/4.0 (compatible; MSIE 6.0; Windows NT 5.1)"
195.194.196.37 - - [01/Sep/2005:05:23:53 -0800] "GET /store/photos/smalljpegs/(009)1975-0146-00003.jpg HTTP/1.1" 200 35453 "http://photolab.elmer.uaf.edu/store/people.html" "Mozilla/4.0 (compatible; MSIE 6.0; Windows NT 5.1)"
195.194.196.37 - - [01/Sep/2005:05:23:53 -0800] "GET /store/photos/largejpegs/(105)1989-0166-00522a.jpg HTTP/1.1" 200 101451 "http://images.google.co.uk/imgres?imgurl=http://photolab.elmer.uaf.edu/store/photos/largejpegs/(105)1989-0166-00522a.jpg&imgrefurl=http://photolab.elmer.uaf.edu/store/people.html&h=692&w=1000&sz=100&tbnid=mRifvhDN3-gJ:&tbnh=103&tbnw=149&hl=en&prev=/images%3Fq%3Dold%2Bwoman%26svnum%3D10%26hl%3Den%26lr%3D&frame=small" "Mozilla/4.0 (compatible; MSIE 6.0; Windows NT 5.1)"
195.194.196.37 - - [01/Sep/2005:05:24:34 -0800] "GET /store/photos/smalljpegs/(007)1972-0071-03234.jpg HTTP/1.1" 200 32052 "http://photolab.elmer.uaf.edu/store/people.html" "Mozilla/4.0 (compatible; MSIE 6.0; Windows NT 5.1)"
195.194.196.37 - - [01/Sep/2005:05:24:34 -0800] "GET /store/photos/smalljpegs/(012)1989-0166-00375.jpg HTTP/1.1" 200 41883 "http://photolab.elmer.uaf.edu/store/people.html" "Mozilla/4.0 (compatible; MSIE 6.0; Windows NT 5.1)"
195.194.196.37 - - [01/Sep/2005:05:24:34 -0800] "GET /store/photos/smalljpegs/(026)1997-0165-00010.jpg HTTP/1.1" 200 26695 "http://photolab.elmer.uaf.edu/store/people.html" "Mozilla/4.0 (compatible; MSIE 6.0; Windows NT 5.1)"
195.194.196.37 - - [01/Sep/2005:05:24:34 -0800] "GET /store/photos/smalljpegs/(024)1972-0116-00334.jpg HTTP/1.1" 200 29908 "http://photolab.elmer.uaf.edu/store/people.html" "Mozilla/4.0 (compatible; MSIE 6.0; Windows NT 5.1)"
217.212.224.148 - - [01/Sep/2005:05:25:38 -0800] "GET /gallery/20040084/1157-1288/pages/2004-0084-01288.html HTTP/1.0" 404 349 "-" "psbot/0.1 (+http://www.picsearch.com/bot.html)"
217.212.224.148 - - [01/Sep/2005:05:27:36 -0800] "GET /gallery/20040026/pages/2004-0026-00096.html HTTP/1.0" 404 339 "-" "psbot/0.1 (+http://www.picsearch.com/bot.html)"
65.214.44.171 - - [01/Sep/2005:05:28:27 -0800] "GET /gallery/19940070/3/pages/1994-0070-00326.html HTTP/1.0" 404 341 "-" "Mozilla/2.0 (compatible; Ask Jeeves/Teoma; +http://sp.ask.com/docs/about/tech_crawling.html)"
68.142.249.208 - - [01/Sep/2005:05:28:39 -0800] "GET /gallery/photos/20030163 HTTP/1.0" 301 360 "-" "Mozilla/5.0 (compatible; Yahoo! Slurp; http://help.yahoo.com/help/us/ysearch/slurp)"
68.142.249.208 - - [01/Sep/2005:05:28:40 -0800] "GET /gallery/photos/20030163/ HTTP/1.0" 200 6860 "-" "Mozilla/5.0 (compatible; Yahoo! Slurp; http://help.yahoo.com/help/us/ysearch/slurp)"
68.142.249.208 - - [01/Sep/2005:05:28:41 -0800] "GET /gallery/photos/19950244/09 HTTP/1.0" 301 363 "-" "Mozilla/5.0 (compatible; Yahoo! Slurp; http://help.yahoo.com/help/us/ysearch/slurp)"
68.142.249.208 - - [01/Sep/2005:05:28:42 -0800] "GET /gallery/photos/19950244/09/ HTTP/1.0" 200 7079 "-" "Mozilla/5.0 (compatible; Yahoo! Slurp; http://help.yahoo.com/help/us/ysearch/slurp)"
217.212.224.148 - - [01/Sep/2005:05:29:33 -0800] "GET /gallery/19850072/pages/1985-0072-00025.html HTTP/1.0" 404 339 "-" "psbot/0.1 (+http://www.picsearch.com/bot.html)"
207.46.98.84 - - [01/Sep/2005:05:30:32 -0800] "GET /gallery/photos/19581026/22/pages/1958-1026-02224.html HTTP/1.0" 200 6186 "-" "msnbot/1.0 (+http://search.msn.com/msnbot.htm)"
207.46.98.84 - - [01/Sep/2005:05:30:46 -0800] "GET /gallery/photos/19581026/22/pages/1958-1026-02232.html HTTP/1.0" 200 6186 "-" "msnbot/1.0 (+http://search.msn.com/msnbot.htm)"
207.46.98.84 - - [01/Sep/2005:05:30:59 -0800] "GET /gallery/photos/19581026/22/pages/1958-1026-02226.html HTTP/1.0" 200 6186 "-" "msnbot/1.0 (+http://search.msn.com/msnbot.htm)"
217.212.224.148 - - [01/Sep/2005:05:31:34 -0800] "GET /gallery/19850072/pages/1985-0072-00026.html HTTP/1.0" 404 339 "-" "psbot/0.1 (+http://www.picsearch.com/bot.html)"
207.46.98.84 - - [01/Sep/2005:05:31:36 -0800] "GET /gallery/photos/19581026/22/pages/1958-1026-02238.html HTTP/1.0" 200 6186 "-" "msnbot/1.0 (+http://search.msn.com/msnbot.htm)"
198.86.93.249 - - [01/Sep/2005:05:32:18 -0800] "GET /index_files/store.css HTTP/1.1" 200 2756 "http://photolab.elmer.uaf.edu/store/people.html" "Mozilla/4.0 (compatible; MSIE 6.0; Windows NT 5.0)"
198.86.93.249 - - [01/Sep/2005:05:32:18 -0800] "GET /store/people.html HTTP/1.1" 200 21075 "http://images.google.com/imgres?imgurl=http://photolab.elmer.uaf.edu/store/photos/largejpegs/(083)1989-0166-00380.jpg&imgrefurl=http://photolab.elmer.uaf.edu/store/people.html&h=1000&w=755&sz=139&tbnid=t4toWEdZw2kJ:&tbnh=149&tbnw=112&hl=en&start=5&prev=/images%3Fq%3Deskimo%2Bmother%26svnum%3D10%26hl%3Den%26lr%3D%26safe%3Dactive" "Mozilla/4.0 (compatible; MSIE 6.0; Windows NT 5.0)"
198.86.93.249 - - [01/Sep/2005:05:32:18 -0800] "GET /index_files/titlebrown.jpg HTTP/1.1" 200 5451 "http://photolab.elmer.uaf.edu/store/people.html" "Mozilla/4.0 (compatible; MSIE 6.0; Windows NT 5.0)"
198.86.93.249 - - [01/Sep/2005:05:32:19 -0800] "GET /index_files/aprbrown.jpg HTTP/1.1" 200 5509 "http://photolab.elmer.uaf.edu/store/people.html" "Mozilla/4.0 (compatible; MSIE 6.0; Windows NT 5.0)"
65.199.61.18 - - [01/Sep/2005:05:32:19 -0800] "GET /index_files/store.css HTTP/1.1" 200 2756 "http://photolab.elmer.uaf.edu/store/mining.html" "Mozilla/4.0 (compatible; MSIE 6.0; Windows NT 5.0)"
65.199.61.18 - - [01/Sep/2005:05:32:18 -0800] "GET /store/mining.html HTTP/1.1" 200 16945 "http://images.google.com/imgres?imgurl=http://photolab.elmer.uaf.edu/store/photos/largejpegs/(133)1989-0166-00004.jpg&imgrefurl=http://photolab.elmer.uaf.edu/store/mining.html&h=793&w=1000&sz=158&tbnid=XoJM4B9pZ4QJ:&tbnh=118&tbnw=149&hl=en&start=9&prev=/images%3Fq%3DTom%2BCummings%2B%26svnum%3D10%26hl%3Den%26lr%3D" "Mozilla/4.0 (compatible; MSIE 6.0; Windows NT 5.0)"
65.199.61.18 - - [01/Sep/2005:05:32:19 -0800] "GET /index_files/aprbrown.jpg HTTP/1.1" 200 5509 "http://photolab.elmer.uaf.edu/store/mining.html" "Mozilla/4.0 (compatible; MSIE 6.0; Windows NT 5.0)"
65.199.61.18 - - [01/Sep/2005:05:32:19 -0800] "GET /index_files/titlebrown.jpg HTTP/1.1" 200 5451 "http://photolab.elmer.uaf.edu/store/mining.html" "Mozilla/4.0 (compatible; MSIE 6.0; Windows NT 5.0)"
65.199.61.18 - - [01/Sep/2005:05:32:19 -0800] "GET /index_files/storetitle.gif HTTP/1.1" 200 14535 "http://photolab.elmer.uaf.edu/store/mining.html" "Mozilla/4.0 (compatible; MSIE 6.0; Windows NT 5.0)"
65.199.61.18 - - [01/Sep/2005:05:32:19 -0800] "GET /index_files/menubar.gif HTTP/1.1" 200 2913 "http://photolab.elmer.uaf.edu/store/mining.html" "Mozilla/4.0 (compatible; MSIE 6.0; Windows NT 5.0)"
65.199.61.18 - - [01/Sep/2005:05:32:20 -0800] "GET /store/photos/smalljpegs/(005)1958-1026-01479.jpg HTTP/1.1" 200 40549 "http://photolab.elmer.uaf.edu/store/mining.html" "Mozilla/4.0 (compatible; MSIE 6.0; Windows NT 5.0)"
65.199.61.18 - - [01/Sep/2005:05:32:20 -0800] "GET /store/photos/smalljpegs/(001)1958-1026-01101.jpg HTTP/1.1" 200 26793 "http://photolab.elmer.uaf.edu/store/mining.html" "Mozilla/4.0 (compatible; MSIE 6.0; Windows NT 5.0)"
198.86.93.249 - - [01/Sep/2005:05:32:19 -0800] "GET /store/photos/largejpegs/(083)1989-0166-00380.jpg HTTP/1.1" 200 141524 "http://images.google.com/imgres?imgurl=http://photolab.elmer.uaf.edu/store/photos/largejpegs/(083)1989-0166-00380.jpg&imgrefurl=http://photolab.elmer.uaf.edu/store/people.html&h=1000&w=755&sz=139&tbnid=t4toWEdZw2kJ:&tbnh=149&tbnw=112&hl=en&prev=/images%3Fq%3Deskimo%2Bmother%26svnum%3D10%26hl%3Den%26lr%3D%26safe%3Dactive&frame=small" "Mozilla/4.0 (compatible; MSIE 6.0; Windows NT 5.0)"
65.199.61.18 - - [01/Sep/2005:05:32:20 -0800] "GET /store/photos/largejpegs/(133)1989-0166-00004.jpg HTTP/1.1" 200 161201 "http://images.google.com/imgres?imgurl=http://photolab.elmer.uaf.edu/store/photos/largejpegs/(133)1989-0166-00004.jpg&imgrefurl=http://photolab.elmer.uaf.edu/store/mining.html&h=793&w=1000&sz=158&tbnid=XoJM4B9pZ4QJ:&tbnh=118&tbnw=149&hl=en&prev=/images%3Fq%3DTom%2BCummings%2B%26svnum%3D10%26hl%3Den%26lr%3D&frame=small" "Mozilla/4.0 (compatible; MSIE 6.0; Windows NT 5.0)"
65.199.61.18 - - [01/Sep/2005:05:32:26 -0800] "GET /store/photos/smalljpegs/(005)1958-1026-01479.jpg HTTP/1.1" 206 32357 "http://photolab.elmer.uaf.edu/store/mining.html" "Mozilla/4.0 (compatible; MSIE 6.0; Windows NT 5.0)"
65.199.61.18 - - [01/Sep/2005:05:32:26 -0800] "GET /store/photos/smalljpegs/(001)1958-1026-01101.jpg HTTP/1.1" 200 26793 "http://photolab.elmer.uaf.edu/store/mining.html" "Mozilla/4.0 (compatible; MSIE 6.0; Windows NT 5.0)"
198.86.93.249 - - [01/Sep/2005:05:32:28 -0800] "GET /index_files/titlebrown.jpg HTTP/1.1" 206 1355 "http://photolab.elmer.uaf.edu/store/people.html" "Mozilla/4.0 (compatible; MSIE 6.0; Windows NT 5.0)"
198.86.93.249 - - [01/Sep/2005:05:32:28 -0800] "GET /index_files/aprbrown.jpg HTTP/1.1" 200 5509 "http://photolab.elmer.uaf.edu/store/people.html" "Mozilla/4.0 (compatible; MSIE 6.0; Windows NT 5.0)"
198.86.93.249 - - [01/Sep/2005:05:32:29 -0800] "GET /index_files/menubar.gif HTTP/1.1" 200 2913 "http://photolab.elmer.uaf.edu/store/people.html" "Mozilla/4.0 (compatible; MSIE 6.0; Windows NT 5.0)"
198.86.93.249 - - [01/Sep/2005:05:32:28 -0800] "GET /index_files/storetitle.gif HTTP/1.1" 200 14535 "http://photolab.elmer.uaf.edu/store/people.html" "Mozilla/4.0 (compatible; MSIE 6.0; Windows NT 5.0)"
198.86.93.249 - - [01/Sep/2005:05:32:29 -0800] "GET /store/photos/smalljpegs/(007)1972-0071-03234.jpg HTTP/1.1" 200 32052 "http://photolab.elmer.uaf.edu/store/people.html" "Mozilla/4.0 (compatible; MSIE 6.0; Windows NT 5.0)"
198.86.93.249 - - [01/Sep/2005:05:32:29 -0800] "GET /store/photos/smalljpegs/(009)1975-0146-00003.jpg HTTP/1.1" 200 35453 "http://photolab.elmer.uaf.edu/store/people.html" "Mozilla/4.0 (compatible; MSIE 6.0; Windows NT 5.0)"
198.86.93.249 - - [01/Sep/2005:05:32:29 -0800] "GET /store/photos/smalljpegs/(012)1989-0166-00375.jpg HTTP/1.1" 200 41883 "http://photolab.elmer.uaf.edu/store/people.html" "Mozilla/4.0 (compatible; MSIE 6.0; Windows NT 5.0)"
198.86.93.249 - - [01/Sep/2005:05:32:29 -0800] "GET /store/photos/smalljpegs/(024)1972-0116-00334.jpg HTTP/1.1" 200 29908 "http://photolab.elmer.uaf.edu/store/people.html" "Mozilla/4.0 (compatible; MSIE 6.0; Windows NT 5.0)"
217.212.224.148 - - [01/Sep/2005:05:33:32 -0800] "GET /gallery/19740130/pages/1974-0130-00104.html HTTP/1.0" 404 339 "-" "psbot/0.1 (+http://www.picsearch.com/bot.html)"
207.46.98.84 - - [01/Sep/2005:05:33:45 -0800] "GET /gallery/photos/19581026/22/pages/1958-1026-02257.html HTTP/1.0" 200 6186 "-" "msnbot/1.0 (+http://search.msn.com/msnbot.htm)"
207.46.98.84 - - [01/Sep/2005:05:33:52 -0800] "GET /gallery/photos/19581026/22/pages/1958-1026-02270.html HTTP/1.0" 200 6186 "-" "msnbot/1.0 (+http://search.msn.com/msnbot.htm)"
207.46.98.84 - - [01/Sep/2005:05:33:57 -0800] "GET /gallery/photos/19581026/22/pages/1958-1026-02241.html HTTP/1.0" 200 6186 "-" "msnbot/1.0 (+http://search.msn.com/msnbot.htm)"
207.46.98.84 - - [01/Sep/2005:05:34:09 -0800] "GET /gallery/photos/19581026/22/pages/1958-1026-02234.html HTTP/1.0" 200 6186 "-" "msnbot/1.0 (+http://search.msn.com/msnbot.htm)"
200.161.73.234 - - [01/Sep/2005:05:34:46 -0800] "GET /store/people.html HTTP/1.1" 200 21075 "http://images.google.com.br/imgres?imgurl=http://photolab.elmer.uaf.edu/store/photos/largejpegs/(040)1958-1026-01700.jpg&imgrefurl=http://photolab.elmer.uaf.edu/store/people.html&h=1000&w=762&sz=136&tbnid=muofWG5zZScJ:&tbnh=149&tbnw=113&hl=pt-BR&start=36&prev=/images%3Fq%3Deskimo%26start%3D20%26svnum%3D10%26hl%3Dpt-BR%26lr%3D%26sa%3DN" "Mozilla/4.0 (compatible; MSIE 6.0; Windows 98; .NET CLR 1.1.4322)"
200.161.73.234 - - [01/Sep/2005:05:34:47 -0800] "GET /index_files/store.css HTTP/1.1" 200 2756 "http://photolab.elmer.uaf.edu/store/people.html" "Mozilla/4.0 (compatible; MSIE 6.0; Windows 98; .NET CLR 1.1.4322)"
200.161.73.234 - - [01/Sep/2005:05:34:47 -0800] "GET /index_files/titlebrown.jpg HTTP/1.1" 200 5451 "http://photolab.elmer.uaf.edu/store/people.html" "Mozilla/4.0 (compatible; MSIE 6.0; Windows 98; .NET CLR 1.1.4322)"
200.161.73.234 - - [01/Sep/2005:05:34:53 -0800] "GET /index_files/aprbrown.jpg HTTP/1.1" 200 5509 "http://photolab.elmer.uaf.edu/store/people.html" "Mozilla/4.0 (compatible; MSIE 6.0; Windows 98; .NET CLR 1.1.4322)"
200.161.73.234 - - [01/Sep/2005:05:34:53 -0800] "GET /index_files/menubar.gif HTTP/1.1" 200 2913 "http://photolab.elmer.uaf.edu/store/people.html" "Mozilla/4.0 (compatible; MSIE 6.0; Windows 98; .NET CLR 1.1.4322)"
200.161.73.234 - - [01/Sep/2005:05:34:53 -0800] "GET /index_files/storetitle.gif HTTP/1.1" 200 14535 "http://photolab.elmer.uaf.edu/store/people.html" "Mozilla/4.0 (compatible; MSIE 6.0; Windows 98; .NET CLR 1.1.4322)"
200.161.73.234 - - [01/Sep/2005:05:34:54 -0800] "GET /store/photos/smalljpegs/(012)1989-0166-00375.jpg HTTP/1.1" 200 41883 "http://photolab.elmer.uaf.edu/store/people.html" "Mozilla/4.0 (compatible; MSIE 6.0; Windows 98; .NET CLR 1.1.4322)"
200.161.73.234 - - [01/Sep/2005:05:34:56 -0800] "GET /store/photos/smalljpegs/(040)1958-1026-01700.jpg HTTP/1.1" 200 30523 "http://photolab.elmer.uaf.edu/store/people.html" "Mozilla/4.0 (compatible; MSIE 6.0; Windows 98; .NET CLR 1.1.4322)"
207.46.98.84 - - [01/Sep/2005:05:35:00 -0800] "GET /gallery/photos/19581026/22/pages/1958-1026-02236.html HTTP/1.0" 200 6186 "-" "msnbot/1.0 (+http://search.msn.com/msnbot.htm)"
200.161.73.234 - - [01/Sep/2005:05:34:59 -0800] "GET /store/photos/smalljpegs/(007)1972-0071-03234.jpg HTTP/1.1" 200 32052 "http://photolab.elmer.uaf.edu/store/people.html" "Mozilla/4.0 (compatible; MSIE 6.0; Windows 98; .NET CLR 1.1.4322)"
200.161.73.234 - - [01/Sep/2005:05:35:01 -0800] "GET /store/photos/smalljpegs/(026)1997-0165-00010.jpg HTTP/1.1" 200 26695 "http://photolab.elmer.uaf.edu/store/people.html" "Mozilla/4.0 (compatible; MSIE 6.0; Windows 98; .NET CLR 1.1.4322)"
200.161.73.234 - - [01/Sep/2005:05:35:02 -0800] "GET /store/photos/smalljpegs/(009)1975-0146-00003.jpg HTTP/1.1" 200 35453 "http://photolab.elmer.uaf.edu/store/people.html" "Mozilla/4.0 (compatible; MSIE 6.0; Windows 98; .NET CLR 1.1.4322)"
200.161.73.234 - - [01/Sep/2005:05:35:02 -0800] "GET /store/photos/largejpegs/(040)1958-1026-01700.jpg HTTP/1.1" 200 138785 "http://images.google.com.br/imgres?imgurl=http://photolab.elmer.uaf.edu/store/photos/largejpegs/(040)1958-1026-01700.jpg&imgrefurl=http://photolab.elmer.uaf.edu/store/people.html&h=1000&w=762&sz=136&tbnid=muofWG5zZScJ:&tbnh=149&tbnw=113&hl=pt-BR&prev=/images%3Fq%3Deskimo%26start%3D20%26svnum%3D10%26hl%3Dpt-BR%26lr%3D%26sa%3DN&frame=small" "Mozilla/4.0 (compatible; MSIE 6.0; Windows 98; .NET CLR 1.1.4322)"
207.46.98.84 - - [01/Sep/2005:05:35:08 -0800] "GET /gallery/photos/19581026/22/pages/1958-1026-02243.html HTTP/1.0" 200 6186 "-" "msnbot/1.0 (+http://search.msn.com/msnbot.htm)"
200.161.73.234 - - [01/Sep/2005:05:35:03 -0800] "GET /store/photos/smalljpegs/(024)1972-0116-00334.jpg HTTP/1.1" 200 29908 "http://photolab.elmer.uaf.edu/store/people.html" "Mozilla/4.0 (compatible; MSIE 6.0; Windows 98; .NET CLR 1.1.4322)"
207.46.98.84 - - [01/Sep/2005:05:35:10 -0800] "GET /gallery/photos/19581026/22/pages/1958-1026-02259.html HTTP/1.0" 200 6186 "-" "msnbot/1.0 (+http://search.msn.com/msnbot.htm)"
207.46.98.84 - - [01/Sep/2005:05:35:12 -0800] "GET /gallery/photos/19581026/22/pages/1958-1026-02230.html HTTP/1.0" 200 6186 "-" "msnbot/1.0 (+http://search.msn.com/msnbot.htm)"
207.46.98.84 - - [01/Sep/2005:05:35:15 -0800] "GET /gallery/photos/19581026/22/pages/1958-1026-02260.html HTTP/1.0" 200 6186 "-" "msnbot/1.0 (+http://search.msn.com/msnbot.htm)"
207.46.98.84 - - [01/Sep/2005:05:35:18 -0800] "GET /gallery/photos/19581026/22/pages/1958-1026-02251.html HTTP/1.0" 200 6186 "-" "msnbot/1.0 (+http://search.msn.com/msnbot.htm)"
200.161.73.234 - - [01/Sep/2005:05:35:19 -0800] "GET /store/photos/smalljpegs/(009)1975-0146-00003.jpg HTTP/1.1" 200 35453 "http://photolab.elmer.uaf.edu/store/people.html" "Mozilla/4.0 (compatible; MSIE 6.0; Windows 98; .NET CLR 1.1.4322)"
200.161.73.234 - - [01/Sep/2005:05:35:19 -0800] "GET /store/photos/smalljpegs/(024)1972-0116-00334.jpg HTTP/1.1" 200 29908 "http://photolab.elmer.uaf.edu/store/people.html" "Mozilla/4.0 (compatible; MSIE 6.0; Windows 98; .NET CLR 1.1.4322)"
207.46.98.84 - - [01/Sep/2005:05:35:22 -0800] "GET /gallery/photos/19581026/22/pages/1958-1026-02255.html HTTP/1.0" 200 6186 "-" "msnbot/1.0 (+http://search.msn.com/msnbot.htm)"
217.212.224.148 - - [01/Sep/2005:05:35:29 -0800] "GET /gallery/19990204/pages/1999-0204-00035.html HTTP/1.0" 404 339 "-" "psbot/0.1 (+http://www.picsearch.com/bot.html)"
217.212.224.148 - - [01/Sep/2005:05:37:23 -0800] "GET /gallery/19850072/pages/1985-0072-00105.html HTTP/1.0" 404 339 "-" "psbot/0.1 (+http://www.picsearch.com/bot.html)"
65.214.44.171 - - [01/Sep/2005:05:37:57 -0800] "GET /gallery/19950244/14/pages/1995-0244-01450.html HTTP/1.0" 404 342 "-" "Mozilla/2.0 (compatible; Ask Jeeves/Teoma; +http://sp.ask.com/docs/about/tech_crawling.html)"
207.46.98.84 - - [01/Sep/2005:05:39:17 -0800] "GET /gallery/photos/0728/pages/728-023.html HTTP/1.0" 200 2678 "-" "msnbot/1.0 (+http://search.msn.com/msnbot.htm)"
217.212.224.148 - - [01/Sep/2005:05:39:19 -0800] "GET /gallery/20010147/pages/2001-0147-00035.html HTTP/1.0" 404 339 "-" "psbot/0.1 (+http://www.picsearch.com/bot.html)"
