194.83.70.237 - - [16/Aug/2005:04:44:01 -0800] "GET /gallery/maps/G3200/large/G3270%20%5B1821%5D%20N61.jpg HTTP/1.1" 200 304699 "http://images.google.co.uk/imgres?imgurl=http://photolab.elmer.uaf.edu/gallery/maps/G3200/large/G3270%2520%255B1821%255D%2520N61.jpg&imgrefurl=http://photolab.elmer.uaf.edu/gallery/maps/mapg3270b.html&h=1359&w=1200&sz=298&tbnid=B2cmxM4MkLAJ:&tbnh=150&tbnw=132&hl=en&prev=/images%3Fq%3Dnorth%2Bpole%2Bmaps%26start%3D40%26svnum%3D10%26hl%3Den%26lr%3D%26sa%3DN&frame=small" "Mozilla/4.0 (compatible; MSIE 6.0; Windows NT 5.1; SV1)"
66.249.65.202 - - [16/Aug/2005:04:44:14 -0800] "GET /gallery/photos/19690092/7/index_2.html HTTP/1.1" 200 7247 "-" "Mozilla/5.0 (compatible; Googlebot/2.1; +http://www.google.com/bot.html)"
66.249.65.202 - - [16/Aug/2005:04:44:15 -0800] "GET /gallery/photos/19940070/0/index_2.html HTTP/1.1" 200 7245 "-" "Mozilla/5.0 (compatible; Googlebot/2.1; +http://www.google.com/bot.html)"
66.249.65.202 - - [16/Aug/2005:04:44:18 -0800] "GET /gallery/photos/20020087/6/index_2.html HTTP/1.1" 200 3115 "-" "Mozilla/5.0 (compatible; Googlebot/2.1; +http://www.google.com/bot.html)"
66.249.65.202 - - [16/Aug/2005:04:44:23 -0800] "GET /gallery/photos/0728/pages/728-011.html HTTP/1.1" 200 2676 "-" "Mozilla/5.0 (compatible; Googlebot/2.1; +http://www.google.com/bot.html)"
66.249.65.202 - - [16/Aug/2005:04:44:24 -0800] "GET /gallery/photos/19940096/3/index_2.html HTTP/1.1" 200 9248 "-" "Mozilla/5.0 (compatible; Googlebot/2.1; +http://www.google.com/bot.html)"
66.249.65.202 - - [16/Aug/2005:04:44:25 -0800] "GET /gallery/photos/20020087/3/index_2.html HTTP/1.1" 200 7249 "-" "Mozilla/5.0 (compatible; Googlebot/2.1; +http://www.google.com/bot.html)"
194.83.70.237 - - [16/Aug/2005:04:44:26 -0800] "GET /index_files/empty.gif HTTP/1.1" 200 45 "http://photolab.elmer.uaf.edu/gallery/maps/mapg3270b.html" "Mozilla/4.0 (compatible; MSIE 6.0; Windows NT 5.1; SV1)"
194.83.70.237 - - [16/Aug/2005:04:44:26 -0800] "GET /index_files/small.dps.jpg HTTP/1.1" 200 5830 "http://photolab.elmer.uaf.edu/gallery/maps/mapg3270b.html" "Mozilla/4.0 (compatible; MSIE 6.0; Windows NT 5.1; SV1)"
194.83.70.237 - - [16/Aug/2005:04:44:27 -0800] "GET /index_files/small.jpg HTTP/1.1" 200 2294 "http://photolab.elmer.uaf.edu/gallery/maps/mapg3270b.html" "Mozilla/4.0 (compatible; MSIE 6.0; Windows NT 5.1; SV1)"
194.83.70.237 - - [16/Aug/2005:04:44:27 -0800] "GET /index_files/small_002.jpg HTTP/1.1" 200 1351 "http://photolab.elmer.uaf.edu/gallery/maps/mapg3270b.html" "Mozilla/4.0 (compatible; MSIE 6.0; Windows NT 5.1; SV1)"
194.83.70.237 - - [16/Aug/2005:04:44:29 -0800] "GET /index_files/small_003.jpg HTTP/1.1" 200 1521 "http://photolab.elmer.uaf.edu/gallery/maps/mapg3270b.html" "Mozilla/4.0 (compatible; MSIE 6.0; Windows NT 5.1; SV1)"
194.83.70.237 - - [16/Aug/2005:04:44:28 -0800] "GET /index_files/apr.jpg HTTP/1.1" 200 6015 "http://photolab.elmer.uaf.edu/gallery/maps/mapg3270b.html" "Mozilla/4.0 (compatible; MSIE 6.0; Windows NT 5.1; SV1)"
194.83.70.237 - - [16/Aug/2005:04:44:30 -0800] "GET /gallery/maps/G3200/small/G3270%20%5B1800%5D%20C382.jpg HTTP/1.1" 200 14087 "http://photolab.elmer.uaf.edu/gallery/maps/mapg3270b.html" "Mozilla/4.0 (compatible; MSIE 6.0; Windows NT 5.1; SV1)"
194.83.70.237 - - [16/Aug/2005:04:44:30 -0800] "GET /gallery/maps/G3200/small/G3270%201807%20W52.jpg HTTP/1.1" 200 15982 "http://photolab.elmer.uaf.edu/gallery/maps/mapg3270b.html" "Mozilla/4.0 (compatible; MSIE 6.0; Windows NT 5.1; SV1)"
194.83.70.237 - - [16/Aug/2005:04:44:31 -0800] "GET /gallery/maps/G3200/small/G3270%201808%20L61.jpg HTTP/1.1" 200 16953 "http://photolab.elmer.uaf.edu/gallery/maps/mapg3270b.html" "Mozilla/4.0 (compatible; MSIE 6.0; Windows NT 5.1; SV1)"
194.83.70.237 - - [16/Aug/2005:04:44:31 -0800] "GET /gallery/maps/G3200/small/G3270%20%5B1814%5D.jpg HTTP/1.1" 200 17692 "http://photolab.elmer.uaf.edu/gallery/maps/mapg3270b.html" "Mozilla/4.0 (compatible; MSIE 6.0; Windows NT 5.1; SV1)"
194.83.70.237 - - [16/Aug/2005:04:44:33 -0800] "GET /gallery/maps/G3200/small/G3270%201818%20G78.jpg HTTP/1.1" 200 14645 "http://photolab.elmer.uaf.edu/gallery/maps/mapg3270b.html" "Mozilla/4.0 (compatible; MSIE 6.0; Windows NT 5.1; SV1)"
194.83.70.237 - - [16/Aug/2005:04:44:33 -0800] "GET /gallery/maps/G3200/small/G3270%20%5B1814%5D%20a.jpg HTTP/1.1" 200 14887 "http://photolab.elmer.uaf.edu/gallery/maps/mapg3270b.html" "Mozilla/4.0 (compatible; MSIE 6.0; Windows NT 5.1; SV1)"
66.249.65.202 - - [16/Aug/2005:04:44:34 -0800] "GET /gallery/photos/19690092/6/index_2.html HTTP/1.1" 200 7247 "-" "Mozilla/5.0 (compatible; Googlebot/2.1; +http://www.google.com/bot.html)"
194.83.70.237 - - [16/Aug/2005:04:44:35 -0800] "GET /gallery/maps/G3200/small/G3270%201820%20S61.jpg HTTP/1.1" 200 15393 "http://photolab.elmer.uaf.edu/gallery/maps/mapg3270b.html" "Mozilla/4.0 (compatible; MSIE 6.0; Windows NT 5.1; SV1)"
194.83.70.237 - - [16/Aug/2005:04:44:34 -0800] "GET /gallery/maps/G3200/small/G3270%20%5B1821%5D%20N61.jpg HTTP/1.1" 200 16791 "http://photolab.elmer.uaf.edu/gallery/maps/mapg3270b.html" "Mozilla/4.0 (compatible; MSIE 6.0; Windows NT 5.1; SV1)"
194.83.70.237 - - [16/Aug/2005:04:44:36 -0800] "GET /index_files/bar.gif HTTP/1.1" 200 342 "http://photolab.elmer.uaf.edu/gallery/maps/mapg3270b.html" "Mozilla/4.0 (compatible; MSIE 6.0; Windows NT 5.1; SV1)"
194.83.70.237 - - [16/Aug/2005:04:44:36 -0800] "GET /gallery/maps/G3200/small/G3271%20S12%20%5B1822%5D%20F71.jpg HTTP/1.1" 200 12792 "http://photolab.elmer.uaf.edu/gallery/maps/mapg3270b.html" "Mozilla/4.0 (compatible; MSIE 6.0; Windows NT 5.1; SV1)"
66.249.65.202 - - [16/Aug/2005:04:44:37 -0800] "GET /gallery/photos/20020015/2/index_2.html HTTP/1.1" 200 7305 "-" "Mozilla/5.0 (compatible; Googlebot/2.1; +http://www.google.com/bot.html)"
194.83.70.237 - - [16/Aug/2005:04:44:37 -0800] "GET /gallery/maps/G3200/small/G3270%201831%20B34.jpg HTTP/1.1" 200 15474 "http://photolab.elmer.uaf.edu/gallery/maps/mapg3270b.html" "Mozilla/4.0 (compatible; MSIE 6.0; Windows NT 5.1; SV1)"
194.83.70.237 - - [16/Aug/2005:04:44:38 -0800] "GET /gallery/maps/G3200/small/G3270%20%5B1840_%5D%20M41.jpg HTTP/1.1" 200 15883 "http://photolab.elmer.uaf.edu/gallery/maps/mapg3270b.html" "Mozilla/4.0 (compatible; MSIE 6.0; Windows NT 5.1; SV1)"
194.83.70.237 - - [16/Aug/2005:04:44:39 -0800] "GET /gallery/maps/G3200/small/G3270%20%5B1849_%5D%20W941.jpg HTTP/1.1" 200 14266 "http://photolab.elmer.uaf.edu/gallery/maps/mapg3270b.html" "Mozilla/4.0 (compatible; MSIE 6.0; Windows NT 5.1; SV1)"
66.249.65.202 - - [16/Aug/2005:04:44:40 -0800] "GET /gallery/photos/19800068/0/index_2.html HTTP/1.1" 200 6950 "-" "Mozilla/5.0 (compatible; Googlebot/2.1; +http://www.google.com/bot.html)"
194.83.70.237 - - [16/Aug/2005:04:44:39 -0800] "GET /gallery/maps/G3200/small/G3270%20%5B1839_%5D%20P46.jpg HTTP/1.1" 200 17039 "http://photolab.elmer.uaf.edu/gallery/maps/mapg3270b.html" "Mozilla/4.0 (compatible; MSIE 6.0; Windows NT 5.1; SV1)"
194.83.70.237 - - [16/Aug/2005:04:44:40 -0800] "GET /gallery/maps/G3200/small/G3270%201831%20B341.jpg HTTP/1.1" 200 15259 "http://photolab.elmer.uaf.edu/gallery/maps/mapg3270b.html" "Mozilla/4.0 (compatible; MSIE 6.0; Windows NT 5.1; SV1)"
194.83.70.237 - - [16/Aug/2005:04:44:41 -0800] "GET /gallery/maps/G3200/small/G3270%20%5B1850_%5D%20K55.jpg HTTP/1.1" 200 14799 "http://photolab.elmer.uaf.edu/gallery/maps/mapg3270b.html" "Mozilla/4.0 (compatible; MSIE 6.0; Windows NT 5.1; SV1)"
194.83.70.237 - - [16/Aug/2005:04:44:42 -0800] "GET /gallery/maps/G3200/small/G3270%201851%20P6%20back.jpg HTTP/1.1" 200 12915 "http://photolab.elmer.uaf.edu/gallery/maps/mapg3270b.html" "Mozilla/4.0 (compatible; MSIE 6.0; Windows NT 5.1; SV1)"
66.249.65.202 - - [16/Aug/2005:04:44:42 -0800] "GET /gallery/photos/19700058/5/index_2.html HTTP/1.1" 200 7241 "-" "Mozilla/5.0 (compatible; Googlebot/2.1; +http://www.google.com/bot.html)"
194.83.70.237 - - [16/Aug/2005:04:44:42 -0800] "GET /gallery/maps/G3200/small/G3271%20S12%201851%20A76.jpg HTTP/1.1" 200 14076 "http://photolab.elmer.uaf.edu/gallery/maps/mapg3270b.html" "Mozilla/4.0 (compatible; MSIE 6.0; Windows NT 5.1; SV1)"
66.249.65.202 - - [16/Aug/2005:04:44:43 -0800] "GET /gallery/photos/20030120/1/index_2.html HTTP/1.1" 200 6961 "-" "Mozilla/5.0 (compatible; Googlebot/2.1; +http://www.google.com/bot.html)"
194.83.70.237 - - [16/Aug/2005:04:44:43 -0800] "GET /gallery/maps/G3200/small/G3270%201851%20P6%20front.jpg HTTP/1.1" 200 12798 "http://photolab.elmer.uaf.edu/gallery/maps/mapg3270b.html" "Mozilla/4.0 (compatible; MSIE 6.0; Windows NT 5.1; SV1)"
194.83.70.237 - - [16/Aug/2005:04:44:44 -0800] "GET /gallery/maps/G3200/small/G3270%201853%20P51.jpg HTTP/1.1" 200 16630 "http://photolab.elmer.uaf.edu/gallery/maps/mapg3270b.html" "Mozilla/4.0 (compatible; MSIE 6.0; Windows NT 5.1; SV1)"
194.83.70.237 - - [16/Aug/2005:04:44:45 -0800] "GET /gallery/maps/G3200/small/G3271%20S12%201853%20G78.jpg HTTP/1.1" 200 13619 "http://photolab.elmer.uaf.edu/gallery/maps/mapg3270b.html" "Mozilla/4.0 (compatible; MSIE 6.0; Windows NT 5.1; SV1)"
194.83.70.237 - - [16/Aug/2005:04:44:45 -0800] "GET /gallery/maps/G3200/small/G3270%20%5B1855%5D%20C641%20front.jpg HTTP/1.1" 200 16307 "http://photolab.elmer.uaf.edu/gallery/maps/mapg3270b.html" "Mozilla/4.0 (compatible; MSIE 6.0; Windows NT 5.1; SV1)"
66.249.65.202 - - [16/Aug/2005:04:44:46 -0800] "GET /gallery/photos/19940096/4/index_2.html HTTP/1.1" 200 9248 "-" "Mozilla/5.0 (compatible; Googlebot/2.1; +http://www.google.com/bot.html)"
194.83.70.237 - - [16/Aug/2005:04:44:46 -0800] "GET /gallery/maps/G3200/small/G3270%201856%20F81.jpg HTTP/1.1" 200 15778 "http://photolab.elmer.uaf.edu/gallery/maps/mapg3270b.html" "Mozilla/4.0 (compatible; MSIE 6.0; Windows NT 5.1; SV1)"
194.83.70.237 - - [16/Aug/2005:04:44:47 -0800] "GET /gallery/maps/G3200/small/G3271%20S12%20%5B1855%5D%20K36a.jpg HTTP/1.1" 200 13669 "http://photolab.elmer.uaf.edu/gallery/maps/mapg3270b.html" "Mozilla/4.0 (compatible; MSIE 6.0; Windows NT 5.1; SV1)"
194.83.70.237 - - [16/Aug/2005:04:44:48 -0800] "GET /gallery/maps/G3200/small/G3271%20S12%20%5B1855%5D%20K36.jpg HTTP/1.1" 200 13720 "http://photolab.elmer.uaf.edu/gallery/maps/mapg3270b.html" "Mozilla/4.0 (compatible; MSIE 6.0; Windows NT 5.1; SV1)"
194.83.70.237 - - [16/Aug/2005:04:44:48 -0800] "GET /gallery/maps/G3200/small/G3270%20%5B1855%5D%20C641%20back.jpg HTTP/1.1" 200 15668 "http://photolab.elmer.uaf.edu/gallery/maps/mapg3270b.html" "Mozilla/4.0 (compatible; MSIE 6.0; Windows NT 5.1; SV1)"
194.83.70.237 - - [16/Aug/2005:04:44:49 -0800] "GET /gallery/maps/G3200/small/G3270%201855%20C64.jpg HTTP/1.1" 200 17528 "http://photolab.elmer.uaf.edu/gallery/maps/mapg3270b.html" "Mozilla/4.0 (compatible; MSIE 6.0; Windows NT 5.1; SV1)"
194.83.70.237 - - [16/Aug/2005:04:44:50 -0800] "GET /gallery/maps/G3200/small/G3271%20S12%20%5B1856%5D%20A61.jpg HTTP/1.1" 200 16279 "http://photolab.elmer.uaf.edu/gallery/maps/mapg3270b.html" "Mozilla/4.0 (compatible; MSIE 6.0; Windows NT 5.1; SV1)"
194.83.70.237 - - [16/Aug/2005:04:44:51 -0800] "GET /gallery/maps/G3200/small/G3271%20S12%20%5B1859_%5D%20P5.jpg HTTP/1.1" 200 16737 "http://photolab.elmer.uaf.edu/gallery/maps/mapg3270b.html" "Mozilla/4.0 (compatible; MSIE 6.0; Windows NT 5.1; SV1)"
66.249.65.202 - - [16/Aug/2005:04:44:51 -0800] "GET /gallery/photos/19690092/5/index_2.html HTTP/1.1" 200 7247 "-" "Mozilla/5.0 (compatible; Googlebot/2.1; +http://www.google.com/bot.html)"
194.83.70.237 - - [16/Aug/2005:04:44:52 -0800] "GET /gallery/maps/G3200/small/G3271%20s12%20%5B1859_%5D%20W95.jpg HTTP/1.1" 200 14814 "http://photolab.elmer.uaf.edu/gallery/maps/mapg3270b.html" "Mozilla/4.0 (compatible; MSIE 6.0; Windows NT 5.1; SV1)"
66.249.65.202 - - [16/Aug/2005:04:44:52 -0800] "GET /gallery/photos/20030063/0/index_2.html HTTP/1.1" 200 7240 "-" "Mozilla/5.0 (compatible; Googlebot/2.1; +http://www.google.com/bot.html)"
194.83.70.237 - - [16/Aug/2005:04:44:53 -0800] "GET /gallery/maps/G3200/small/G3270%20%5B1860%5D%20B521.jpg HTTP/1.1" 200 14605 "http://photolab.elmer.uaf.edu/gallery/maps/mapg3270b.html" "Mozilla/4.0 (compatible; MSIE 6.0; Windows NT 5.1; SV1)"
66.249.65.202 - - [16/Aug/2005:04:44:53 -0800] "GET /gallery/photos/19940096/5/index_2.html HTTP/1.1" 200 9248 "-" "Mozilla/5.0 (compatible; Googlebot/2.1; +http://www.google.com/bot.html)"
194.83.70.237 - - [16/Aug/2005:04:44:54 -0800] "GET /gallery/maps/G3200/small/G3270%20%5B1864_%5D%20W41.jpg HTTP/1.1" 200 14874 "http://photolab.elmer.uaf.edu/gallery/maps/mapg3270b.html" "Mozilla/4.0 (compatible; MSIE 6.0; Windows NT 5.1; SV1)"
194.83.70.237 - - [16/Aug/2005:04:44:54 -0800] "GET /gallery/maps/G3200/small/G3270%201869%20P47.jpg HTTP/1.1" 200 17312 "http://photolab.elmer.uaf.edu/gallery/maps/mapg3270b.html" "Mozilla/4.0 (compatible; MSIE 6.0; Windows NT 5.1; SV1)"
66.249.65.202 - - [16/Aug/2005:04:44:55 -0800] "GET /gallery/photos/19690092/9/index_2.html HTTP/1.1" 200 7109 "-" "Mozilla/5.0 (compatible; Googlebot/2.1; +http://www.google.com/bot.html)"
194.83.70.237 - - [16/Aug/2005:04:44:55 -0800] "GET /gallery/maps/G3200/small/G3271%20S12%201867%20M37.jpg HTTP/1.1" 200 15243 "http://photolab.elmer.uaf.edu/gallery/maps/mapg3270b.html" "Mozilla/4.0 (compatible; MSIE 6.0; Windows NT 5.1; SV1)"
194.83.70.237 - - [16/Aug/2005:04:44:56 -0800] "GET /gallery/maps/G3200/small/G3270%20%5B1862_%5D%20F81.jpg HTTP/1.1" 200 16171 "http://photolab.elmer.uaf.edu/gallery/maps/mapg3270b.html" "Mozilla/4.0 (compatible; MSIE 6.0; Windows NT 5.1; SV1)"
194.83.70.237 - - [16/Aug/2005:04:44:57 -0800] "GET /gallery/maps/G3200/small/G3270%20%5B1874_%5D%20J661.jpg HTTP/1.1" 200 15740 "http://photolab.elmer.uaf.edu/gallery/maps/mapg3270b.html" "Mozilla/4.0 (compatible; MSIE 6.0; Windows NT 5.1; SV1)"
194.83.70.237 - - [16/Aug/2005:04:44:57 -0800] "GET /gallery/maps/G3200/small/G3270%201875%20P471.jpg HTTP/1.1" 200 16945 "http://photolab.elmer.uaf.edu/gallery/maps/mapg3270b.html" "Mozilla/4.0 (compatible; MSIE 6.0; Windows NT 5.1; SV1)"
194.83.70.237 - - [16/Aug/2005:04:44:58 -0800] "GET /gallery/maps/G3200/small/G3270%20%5B1878%5D%20G721.jpg HTTP/1.1" 200 16672 "http://photolab.elmer.uaf.edu/gallery/maps/mapg3270b.html" "Mozilla/4.0 (compatible; MSIE 6.0; Windows NT 5.1; SV1)"
194.83.70.237 - - [16/Aug/2005:04:44:59 -0800] "GET /gallery/maps/G3200/small/G3271%20S12%20%5B1881%5D%20C61.jpg HTTP/1.1" 200 13697 "http://photolab.elmer.uaf.edu/gallery/maps/mapg3270b.html" "Mozilla/4.0 (compatible; MSIE 6.0; Windows NT 5.1; SV1)"
194.83.70.237 - - [16/Aug/2005:04:45:00 -0800] "GET /gallery/maps/G3200/small/G3270%201882%20P461.jpg HTTP/1.1" 200 17724 "http://photolab.elmer.uaf.edu/gallery/maps/mapg3270b.html" "Mozilla/4.0 (compatible; MSIE 6.0; Windows NT 5.1; SV1)"
194.83.70.237 - - [16/Aug/2005:04:45:01 -0800] "GET /gallery/maps/G3200/small/G3271%20P5%201882%20U581.jpg HTTP/1.1" 200 15030 "http://photolab.elmer.uaf.edu/gallery/maps/mapg3270b.html" "Mozilla/4.0 (compatible; MSIE 6.0; Windows NT 5.1; SV1)"
66.249.65.202 - - [16/Aug/2005:04:45:02 -0800] "GET /gallery/photos/19900080/0/index_2.html HTTP/1.1" 200 7222 "-" "Mozilla/5.0 (compatible; Googlebot/2.1; +http://www.google.com/bot.html)"
194.83.70.237 - - [16/Aug/2005:04:45:02 -0800] "GET /gallery/maps/G3200/small/G3270%201889%20B71.jpg HTTP/1.1" 200 14345 "http://photolab.elmer.uaf.edu/gallery/maps/mapg3270b.html" "Mozilla/4.0 (compatible; MSIE 6.0; Windows NT 5.1; SV1)"
194.83.70.237 - - [16/Aug/2005:04:45:02 -0800] "GET /gallery/maps/G3200/small/G3270%20%5B1889%5D%20M371.jpg HTTP/1.1" 200 16507 "http://photolab.elmer.uaf.edu/gallery/maps/mapg3270b.html" "Mozilla/4.0 (compatible; MSIE 6.0; Windows NT 5.1; SV1)"
66.249.65.202 - - [16/Aug/2005:04:45:02 -0800] "GET /gallery/photos/0728/pages/728-004.html HTTP/1.1" 200 2675 "-" "Mozilla/5.0 (compatible; Googlebot/2.1; +http://www.google.com/bot.html)"
194.83.70.237 - - [16/Aug/2005:04:45:03 -0800] "GET /gallery/maps/G3200/small/G3270%20%5B1930_%5D%20S71.jpg HTTP/1.1" 200 15841 "http://photolab.elmer.uaf.edu/gallery/maps/mapg3270b.html" "Mozilla/4.0 (compatible; MSIE 6.0; Windows NT 5.1; SV1)"
194.83.70.237 - - [16/Aug/2005:04:45:04 -0800] "GET /index_files/bluebear.gif HTTP/1.1" 200 1263 "http://photolab.elmer.uaf.edu/gallery/maps/mapg3270b.html" "Mozilla/4.0 (compatible; MSIE 6.0; Windows NT 5.1; SV1)"
194.83.70.237 - - [16/Aug/2005:04:45:05 -0800] "GET /index_files/sitemap.gif HTTP/1.1" 200 1503 "http://photolab.elmer.uaf.edu/gallery/maps/mapg3270b.html" "Mozilla/4.0 (compatible; MSIE 6.0; Windows NT 5.1; SV1)"
66.249.65.202 - - [16/Aug/2005:04:45:05 -0800] "GET /gallery/photos/19940070/1/index_2.html HTTP/1.1" 200 7245 "-" "Mozilla/5.0 (compatible; Googlebot/2.1; +http://www.google.com/bot.html)"
66.249.65.202 - - [16/Aug/2005:04:45:06 -0800] "GET /gallery/photos/19990293/2/index_2.html HTTP/1.1" 200 7250 "-" "Mozilla/5.0 (compatible; Googlebot/2.1; +http://www.google.com/bot.html)"
66.249.65.202 - - [16/Aug/2005:04:45:07 -0800] "GET /gallery/photos/20030109/3/index_2.html HTTP/1.1" 200 7238 "-" "Mozilla/5.0 (compatible; Googlebot/2.1; +http://www.google.com/bot.html)"
66.249.65.202 - - [16/Aug/2005:04:45:10 -0800] "GET /gallery/photos/20030109/1/index_2.html HTTP/1.1" 200 7238 "-" "Mozilla/5.0 (compatible; Googlebot/2.1; +http://www.google.com/bot.html)"
66.249.65.202 - - [16/Aug/2005:04:45:11 -0800] "GET /gallery/photos/20030174/0/index_2.html HTTP/1.1" 200 7223 "-" "Mozilla/5.0 (compatible; Googlebot/2.1; +http://www.google.com/bot.html)"
66.249.65.202 - - [16/Aug/2005:04:45:14 -0800] "GET /gallery/photos/20030120/2/index_2.html HTTP/1.1" 200 6961 "-" "Mozilla/5.0 (compatible; Googlebot/2.1; +http://www.google.com/bot.html)"
66.249.65.202 - - [16/Aug/2005:04:45:20 -0800] "GET /gallery/photos/20010129/3/index_2.html HTTP/1.1" 200 7244 "-" "Mozilla/5.0 (compatible; Googlebot/2.1; +http://www.google.com/bot.html)"
82.235.118.155 - - [16/Aug/2005:04:45:20 -0800] "GET /store/photos/largejpegs/(074)1968-0012-00009.jpg HTTP/1.1" 200 163566 "-" "CydralSpider/1.9 (Cydral Web Image Search; http://www.cydral.com)"
66.249.65.202 - - [16/Aug/2005:04:45:25 -0800] "GET /gallery/photos/20030063/1/index_2.html HTTP/1.1" 200 7260 "-" "Mozilla/5.0 (compatible; Googlebot/2.1; +http://www.google.com/bot.html)"
66.249.65.202 - - [16/Aug/2005:04:45:28 -0800] "GET /gallery/photos/20030129/2/index_2.html HTTP/1.1" 200 7250 "-" "Mozilla/5.0 (compatible; Googlebot/2.1; +http://www.google.com/bot.html)"
66.249.65.202 - - [16/Aug/2005:04:45:33 -0800] "GET /gallery/photos/0728/pages/728-009.html HTTP/1.1" 200 2675 "-" "Mozilla/5.0 (compatible; Googlebot/2.1; +http://www.google.com/bot.html)"
66.249.65.202 - - [16/Aug/2005:04:45:34 -0800] "GET /gallery/photos/19690092/8/index_2.html HTTP/1.1" 200 7247 "-" "Mozilla/5.0 (compatible; Googlebot/2.1; +http://www.google.com/bot.html)"
66.249.65.202 - - [16/Aug/2005:04:45:39 -0800] "GET /gallery/photos/20010129/0/index_2.html HTTP/1.1" 200 7244 "-" "Mozilla/5.0 (compatible; Googlebot/2.1; +http://www.google.com/bot.html)"
66.249.65.202 - - [16/Aug/2005:04:45:40 -0800] "GET /gallery/photos/20020087/0/index_2.html HTTP/1.1" 200 7249 "-" "Mozilla/5.0 (compatible; Googlebot/2.1; +http://www.google.com/bot.html)"
66.249.65.202 - - [16/Aug/2005:04:45:45 -0800] "GET /gallery/photos/19700058/1/index_2.html HTTP/1.1" 200 7241 "-" "Mozilla/5.0 (compatible; Googlebot/2.1; +http://www.google.com/bot.html)"
66.249.65.202 - - [16/Aug/2005:04:45:45 -0800] "GET /gallery/photos/20040066/0/index_2.html HTTP/1.1" 200 7227 "-" "Mozilla/5.0 (compatible; Googlebot/2.1; +http://www.google.com/bot.html)"
66.249.65.202 - - [16/Aug/2005:04:45:46 -0800] "GET /gallery/photos/20020015/6/index_2.html HTTP/1.1" 200 7305 "-" "Mozilla/5.0 (compatible; Googlebot/2.1; +http://www.google.com/bot.html)"
66.249.65.202 - - [16/Aug/2005:04:45:47 -0800] "GET /gallery/photos/20030109/0/index_2.html HTTP/1.1" 200 7238 "-" "Mozilla/5.0 (compatible; Googlebot/2.1; +http://www.google.com/bot.html)"
66.249.65.202 - - [16/Aug/2005:04:45:52 -0800] "GET /gallery/photos/0728/pages/728-010.html HTTP/1.1" 200 2676 "-" "Mozilla/5.0 (compatible; Googlebot/2.1; +http://www.google.com/bot.html)"
66.249.65.202 - - [16/Aug/2005:04:45:53 -0800] "GET /gallery/photos/20020087/5/index_2.html HTTP/1.1" 200 7249 "-" "Mozilla/5.0 (compatible; Googlebot/2.1; +http://www.google.com/bot.html)"
66.249.65.202 - - [16/Aug/2005:04:45:58 -0800] "GET /gallery/photos/20010129/1/index_2.html HTTP/1.1" 200 7244 "-" "Mozilla/5.0 (compatible; Googlebot/2.1; +http://www.google.com/bot.html)"
66.249.65.202 - - [16/Aug/2005:04:45:59 -0800] "GET /gallery/photos/20020087/2/index_2.html HTTP/1.1" 200 7249 "-" "Mozilla/5.0 (compatible; Googlebot/2.1; +http://www.google.com/bot.html)"
66.249.65.202 - - [16/Aug/2005:04:46:03 -0800] "GET /gallery/photos/0728/pages/728-007.html HTTP/1.1" 200 2675 "-" "Mozilla/5.0 (compatible; Googlebot/2.1; +http://www.google.com/bot.html)"
66.249.65.202 - - [16/Aug/2005:04:46:10 -0800] "GET /gallery/photos/19940096/2/index_2.html HTTP/1.1" 200 9248 "-" "Mozilla/5.0 (compatible; Googlebot/2.1; +http://www.google.com/bot.html)"
66.249.65.202 - - [16/Aug/2005:04:46:13 -0800] "GET /gallery/photos/20030024/0/index_2.html HTTP/1.1" 200 7242 "-" "Mozilla/5.0 (compatible; Googlebot/2.1; +http://www.google.com/bot.html)"
66.249.65.202 - - [16/Aug/2005:04:46:22 -0800] "GET /gallery/photos/20040014/1/index_2.html HTTP/1.1" 200 6966 "-" "Mozilla/5.0 (compatible; Googlebot/2.1; +http://www.google.com/bot.html)"
66.249.65.202 - - [16/Aug/2005:04:46:27 -0800] "GET /gallery/photos/19940070/4/index_2.html HTTP/1.1" 200 7245 "-" "Mozilla/5.0 (compatible; Googlebot/2.1; +http://www.google.com/bot.html)"
66.249.65.202 - - [16/Aug/2005:04:46:30 -0800] "GET /gallery/photos/19800068/2/index_2.html HTTP/1.1" 200 6950 "-" "Mozilla/5.0 (compatible; Googlebot/2.1; +http://www.google.com/bot.html)"
66.249.65.202 - - [16/Aug/2005:04:46:31 -0800] "GET /gallery/photos/19581026/22/index_2.html HTTP/1.1" 200 7216 "-" "Mozilla/5.0 (compatible; Googlebot/2.1; +http://www.google.com/bot.html)"
66.249.65.202 - - [16/Aug/2005:04:46:36 -0800] "GET /gallery/photos/19890166/13/index_2.html HTTP/1.1" 200 12151 "-" "Mozilla/5.0 (compatible; Googlebot/2.1; +http://www.google.com/bot.html)"
66.249.65.202 - - [16/Aug/2005:04:46:36 -0800] "GET /gallery/photos/20030129/0/index_2.html HTTP/1.1" 200 7250 "-" "Mozilla/5.0 (compatible; Googlebot/2.1; +http://www.google.com/bot.html)"
207.46.98.84 - - [16/Aug/2005:04:46:40 -0800] "GET /gallery/photos/19990293/0/pages/1999-0293-00003.html HTTP/1.0" 200 1766 "-" "msnbot/1.0 (+http://search.msn.com/msnbot.htm)"
66.249.65.202 - - [16/Aug/2005:04:46:41 -0800] "GET /gallery/photos/19690092/0/index_2.html HTTP/1.1" 200 7247 "-" "Mozilla/5.0 (compatible; Googlebot/2.1; +http://www.google.com/bot.html)"
61.68.117.93 - - [16/Aug/2005:04:44:48 -0800] "GET /store/photos/largejpegs/(105)1989-0166-00522a.jpg HTTP/1.1" 200 101451 "http://spaces.msn.com/members/buckpal/" "Mozilla/4.0 (compatible; MSIE 6.0; Windows NT 5.0)"
66.249.65.202 - - [16/Aug/2005:04:46:42 -0800] "GET /gallery/photos/19890166/10/index_2.html HTTP/1.1" 200 11951 "-" "Mozilla/5.0 (compatible; Googlebot/2.1; +http://www.google.com/bot.html)"
66.249.65.202 - - [16/Aug/2005:04:46:45 -0800] "GET /gallery/photos/19900043/09/index_2.html HTTP/1.1" 200 7284 "-" "Mozilla/5.0 (compatible; Googlebot/2.1; +http://www.google.com/bot.html)"
66.249.65.202 - - [16/Aug/2005:04:46:46 -0800] "GET /gallery/photos/19900043/11/index_2.html HTTP/1.1" 200 7248 "-" "Mozilla/5.0 (compatible; Googlebot/2.1; +http://www.google.com/bot.html)"
66.249.65.202 - - [16/Aug/2005:04:46:50 -0800] "GET /gallery/photos/19950244/14/index_2.html HTTP/1.1" 200 7236 "-" "Mozilla/5.0 (compatible; Googlebot/2.1; +http://www.google.com/bot.html)"
66.249.65.202 - - [16/Aug/2005:04:46:53 -0800] "GET /gallery/photos/19581026/17/index_2.html HTTP/1.1" 200 6943 "-" "Mozilla/5.0 (compatible; Googlebot/2.1; +http://www.google.com/bot.html)"
66.249.65.202 - - [16/Aug/2005:04:46:54 -0800] "GET /gallery/photos/19890199/2/index_2.html HTTP/1.1" 200 7239 "-" "Mozilla/5.0 (compatible; Googlebot/2.1; +http://www.google.com/bot.html)"
66.249.65.202 - - [16/Aug/2005:04:46:59 -0800] "GET /gallery/photos/20040110/10/index_2.htm HTTP/1.1" 200 7210 "-" "Mozilla/5.0 (compatible; Googlebot/2.1; +http://www.google.com/bot.html)"
66.249.65.202 - - [16/Aug/2005:04:47:06 -0800] "GET /gallery/photos/20030174/2/index_2.html HTTP/1.1" 200 7223 "-" "Mozilla/5.0 (compatible; Googlebot/2.1; +http://www.google.com/bot.html)"
66.249.65.202 - - [16/Aug/2005:04:47:11 -0800] "GET /gallery/photos/19890166/07/index_2.html HTTP/1.1" 200 12606 "-" "Mozilla/5.0 (compatible; Googlebot/2.1; +http://www.google.com/bot.html)"
66.249.65.202 - - [16/Aug/2005:04:47:32 -0800] "GET /gallery/photos/20030040/2/index_2.html HTTP/1.1" 200 7251 "-" "Mozilla/5.0 (compatible; Googlebot/2.1; +http://www.google.com/bot.html)"
66.249.65.202 - - [16/Aug/2005:04:47:35 -0800] "GET /gallery/photos/19890166/14/index_2.html HTTP/1.1" 200 12151 "-" "Mozilla/5.0 (compatible; Googlebot/2.1; +http://www.google.com/bot.html)"
66.249.65.202 - - [16/Aug/2005:04:47:35 -0800] "GET /gallery/photos/20040014/0/index_2.html HTTP/1.1" 200 6956 "-" "Mozilla/5.0 (compatible; Googlebot/2.1; +http://www.google.com/bot.html)"
66.249.65.202 - - [16/Aug/2005:04:47:42 -0800] "GET /gallery/photos/19680069/26/index_2.html HTTP/1.1" 200 7251 "-" "Mozilla/5.0 (compatible; Googlebot/2.1; +http://www.google.com/bot.html)"
66.249.65.202 - - [16/Aug/2005:04:47:43 -0800] "GET /gallery/photos/19800068/3/index_2.html HTTP/1.1" 200 6950 "-" "Mozilla/5.0 (compatible; Googlebot/2.1; +http://www.google.com/bot.html)"
66.249.65.202 - - [16/Aug/2005:04:47:46 -0800] "GET /gallery/photos/19890166/00/index_2.html HTTP/1.1" 200 11923 "-" "Mozilla/5.0 (compatible; Googlebot/2.1; +http://www.google.com/bot.html)"
66.249.65.202 - - [16/Aug/2005:04:47:47 -0800] "GET /gallery/photos/0728/pages/728-003.html HTTP/1.1" 200 2675 "-" "Mozilla/5.0 (compatible; Googlebot/2.1; +http://www.google.com/bot.html)"
66.249.65.202 - - [16/Aug/2005:04:47:52 -0800] "GET /gallery/photos/0728/pages/728-005.html HTTP/1.1" 200 2675 "-" "Mozilla/5.0 (compatible; Googlebot/2.1; +http://www.google.com/bot.html)"
66.249.65.202 - - [16/Aug/2005:04:47:59 -0800] "GET /gallery/photos/19910046/04/index_2.html HTTP/1.1" 200 7242 "-" "Mozilla/5.0 (compatible; Googlebot/2.1; +http://www.google.com/bot.html)"
66.249.65.202 - - [16/Aug/2005:04:48:02 -0800] "GET /gallery/photos/19950244/16/index_2.html HTTP/1.1" 200 7232 "-" "Mozilla/5.0 (compatible; Googlebot/2.1; +http://www.google.com/bot.html)"
66.249.65.202 - - [16/Aug/2005:04:48:08 -0800] "GET /gallery/photos/19950244/01/index_2.html HTTP/1.1" 200 7231 "-" "Mozilla/5.0 (compatible; Googlebot/2.1; +http://www.google.com/bot.html)"
66.249.65.202 - - [16/Aug/2005:04:48:13 -0800] "GET /gallery/photos/19950244/07/index_2.html HTTP/1.1" 200 7231 "-" "Mozilla/5.0 (compatible; Googlebot/2.1; +http://www.google.com/bot.html)"
66.249.65.202 - - [16/Aug/2005:04:48:14 -0800] "GET /gallery/photos/19890166/12/index_2.html HTTP/1.1" 200 11951 "-" "Mozilla/5.0 (compatible; Googlebot/2.1; +http://www.google.com/bot.html)"
66.249.65.202 - - [16/Aug/2005:04:48:23 -0800] "GET /gallery/photos/19660054/02/index_2.html HTTP/1.1" 200 7252 "-" "Mozilla/5.0 (compatible; Googlebot/2.1; +http://www.google.com/bot.html)"
66.249.65.202 - - [16/Aug/2005:04:48:23 -0800] "GET /gallery/photos/19660054/01/index_2.html HTTP/1.1" 200 7242 "-" "Mozilla/5.0 (compatible; Googlebot/2.1; +http://www.google.com/bot.html)"
66.249.65.202 - - [16/Aug/2005:04:48:30 -0800] "GET /gallery/photos/19900043/10/index_2.html HTTP/1.1" 200 7248 "-" "Mozilla/5.0 (compatible; Googlebot/2.1; +http://www.google.com/bot.html)"
66.249.65.202 - - [16/Aug/2005:04:48:37 -0800] "GET /gallery/photos/19890166/04/index_2.html HTTP/1.1" 200 12345 "-" "Mozilla/5.0 (compatible; Googlebot/2.1; +http://www.google.com/bot.html)"
66.249.65.202 - - [16/Aug/2005:04:48:38 -0800] "GET /gallery/photos/19890166/02/index_2.html HTTP/1.1" 200 11901 "-" "Mozilla/5.0 (compatible; Googlebot/2.1; +http://www.google.com/bot.html)"
66.249.65.202 - - [16/Aug/2005:04:48:44 -0800] "GET /gallery/photos/19910046/07/index_2.html HTTP/1.1" 200 7242 "-" "Mozilla/5.0 (compatible; Googlebot/2.1; +http://www.google.com/bot.html)"
66.249.65.202 - - [16/Aug/2005:04:48:51 -0800] "GET /gallery/photos/19950244/13/index_2.html HTTP/1.1" 200 7230 "-" "Mozilla/5.0 (compatible; Googlebot/2.1; +http://www.google.com/bot.html)"
66.249.65.202 - - [16/Aug/2005:04:49:00 -0800] "GET /gallery/photos/19950244/06/index_2.html HTTP/1.1" 200 7231 "-" "Mozilla/5.0 (compatible; Googlebot/2.1; +http://www.google.com/bot.html)"
66.249.65.202 - - [16/Aug/2005:04:49:01 -0800] "GET /gallery/photos/19680069/25/index_2.html HTTP/1.1" 200 7251 "-" "Mozilla/5.0 (compatible; Googlebot/2.1; +http://www.google.com/bot.html)"
66.249.65.202 - - [16/Aug/2005:04:49:05 -0800] "GET /gallery/photos/19581026/14/index_2.html HTTP/1.1" 200 7217 "-" "Mozilla/5.0 (compatible; Googlebot/2.1; +http://www.google.com/bot.html)"
66.249.65.202 - - [16/Aug/2005:04:49:12 -0800] "GET /gallery/photos/19750084/01/index_2.html HTTP/1.1" 200 11233 "-" "Mozilla/5.0 (compatible; Googlebot/2.1; +http://www.google.com/bot.html)"
66.249.65.202 - - [16/Aug/2005:04:49:17 -0800] "GET /gallery/photos/19581026/21/index_2.html HTTP/1.1" 200 7218 "-" "Mozilla/5.0 (compatible; Googlebot/2.1; +http://www.google.com/bot.html)"
66.249.65.202 - - [16/Aug/2005:04:49:18 -0800] "GET /gallery/photos/19900043/08/index_2.html HTTP/1.1" 200 7248 "-" "Mozilla/5.0 (compatible; Googlebot/2.1; +http://www.google.com/bot.html)"
66.249.65.202 - - [16/Aug/2005:04:49:24 -0800] "GET /gallery/photos/19910046/05/index_2.html HTTP/1.1" 200 7242 "-" "Mozilla/5.0 (compatible; Googlebot/2.1; +http://www.google.com/bot.html)"
66.249.65.202 - - [16/Aug/2005:04:49:29 -0800] "GET /gallery/photos/19950244/08/index_2.html HTTP/1.1" 200 7232 "-" "Mozilla/5.0 (compatible; Googlebot/2.1; +http://www.google.com/bot.html)"
66.249.65.202 - - [16/Aug/2005:04:49:30 -0800] "GET /gallery/photos/19950244/10/index_2.html HTTP/1.1" 200 7231 "-" "Mozilla/5.0 (compatible; Googlebot/2.1; +http://www.google.com/bot.html)"
66.249.65.202 - - [16/Aug/2005:04:49:38 -0800] "GET /gallery/photos/19950244/04/index_2.html HTTP/1.1" 200 7226 "-" "Mozilla/5.0 (compatible; Googlebot/2.1; +http://www.google.com/bot.html)"
66.249.65.202 - - [16/Aug/2005:04:49:39 -0800] "GET /gallery/photos/19890166/03/index_2.html HTTP/1.1" 200 11851 "-" "Mozilla/5.0 (compatible; Googlebot/2.1; +http://www.google.com/bot.html)"
66.249.65.202 - - [16/Aug/2005:04:49:44 -0800] "GET /gallery/photos/19950244/11/index_2.html HTTP/1.1" 200 7231 "-" "Mozilla/5.0 (compatible; Googlebot/2.1; +http://www.google.com/bot.html)"
66.249.65.202 - - [16/Aug/2005:04:49:45 -0800] "GET /gallery/photos/19890166/09/index_2.html HTTP/1.1" 200 11946 "-" "Mozilla/5.0 (compatible; Googlebot/2.1; +http://www.google.com/bot.html)"
66.249.65.202 - - [16/Aug/2005:04:49:50 -0800] "GET /gallery/photos/19680069/27/index_2.html HTTP/1.1" 200 7251 "-" "Mozilla/5.0 (compatible; Googlebot/2.1; +http://www.google.com/bot.html)"
66.249.65.202 - - [16/Aug/2005:04:49:50 -0800] "GET /gallery/photos/19950244/12/index_2.html HTTP/1.1" 200 7231 "-" "Mozilla/5.0 (compatible; Googlebot/2.1; +http://www.google.com/bot.html)"
66.249.65.202 - - [16/Aug/2005:04:49:53 -0800] "GET /gallery/photos/19950244/05/index_2.html HTTP/1.1" 200 7231 "-" "Mozilla/5.0 (compatible; Googlebot/2.1; +http://www.google.com/bot.html)"
66.249.65.202 - - [16/Aug/2005:04:49:58 -0800] "GET /gallery/photos/19950244/02/index_2.html HTTP/1.1" 200 7231 "-" "Mozilla/5.0 (compatible; Googlebot/2.1; +http://www.google.com/bot.html)"
66.249.65.202 - - [16/Aug/2005:04:49:58 -0800] "GET /gallery/photos/19950244/09/index_2.html HTTP/1.1" 200 7232 "-" "Mozilla/5.0 (compatible; Googlebot/2.1; +http://www.google.com/bot.html)"
66.249.65.202 - - [16/Aug/2005:04:50:03 -0800] "GET /gallery/photos/19890166/01/index_2.html HTTP/1.1" 200 11908 "-" "Mozilla/5.0 (compatible; Googlebot/2.1; +http://www.google.com/bot.html)"
66.249.65.202 - - [16/Aug/2005:04:50:06 -0800] "GET /gallery/photos/19581026/20/index_2.html HTTP/1.1" 200 7217 "-" "Mozilla/5.0 (compatible; Googlebot/2.1; +http://www.google.com/bot.html)"
66.249.65.202 - - [16/Aug/2005:04:50:06 -0800] "GET /gallery/photos/19910046/08/index_2.html HTTP/1.1" 200 3786 "-" "Mozilla/5.0 (compatible; Googlebot/2.1; +http://www.google.com/bot.html)"
66.249.65.202 - - [16/Aug/2005:04:50:11 -0800] "GET /gallery/photos/19950244/03/index_2.html HTTP/1.1" 200 7229 "-" "Mozilla/5.0 (compatible; Googlebot/2.1; +http://www.google.com/bot.html)"
66.249.65.202 - - [16/Aug/2005:04:50:13 -0800] "GET /gallery/photos/19890166/08/index_2.html HTTP/1.1" 200 11951 "-" "Mozilla/5.0 (compatible; Googlebot/2.1; +http://www.google.com/bot.html)"
66.249.65.202 - - [16/Aug/2005:04:50:14 -0800] "GET /gallery/photos/19760091/pages/page02.html HTTP/1.1" 200 1697 "-" "Mozilla/5.0 (compatible; Googlebot/2.1; +http://www.google.com/bot.html)"
66.249.65.202 - - [16/Aug/2005:04:50:15 -0800] "GET /gallery/photos/19950244/15/index_2.html HTTP/1.1" 200 7232 "-" "Mozilla/5.0 (compatible; Googlebot/2.1; +http://www.google.com/bot.html)"
66.249.65.202 - - [16/Aug/2005:04:50:15 -0800] "GET /gallery/photos/19890166/06/index_2.html HTTP/1.1" 200 12596 "-" "Mozilla/5.0 (compatible; Googlebot/2.1; +http://www.google.com/bot.html)"
66.249.65.202 - - [16/Aug/2005:04:50:18 -0800] "GET /gallery/photos/19750084/00/index_2.html HTTP/1.1" 200 11233 "-" "Mozilla/5.0 (compatible; Googlebot/2.1; +http://www.google.com/bot.html)"
66.249.65.202 - - [16/Aug/2005:04:50:18 -0800] "GET /gallery/photos/19890166/11/index_2.html HTTP/1.1" 200 11951 "-" "Mozilla/5.0 (compatible; Googlebot/2.1; +http://www.google.com/bot.html)"
66.249.65.202 - - [16/Aug/2005:04:50:21 -0800] "GET /gallery/photos/19581026/16/index_2.html HTTP/1.1" 200 7218 "-" "Mozilla/5.0 (compatible; Googlebot/2.1; +http://www.google.com/bot.html)"
66.249.65.202 - - [16/Aug/2005:04:50:22 -0800] "GET /gallery/photos/19660054/00/index_2.html HTTP/1.1" 200 7242 "-" "Mozilla/5.0 (compatible; Googlebot/2.1; +http://www.google.com/bot.html)"
66.249.65.202 - - [16/Aug/2005:04:50:28 -0800] "GET /gallery/photos/19760091/pages/page05.html HTTP/1.1" 200 1697 "-" "Mozilla/5.0 (compatible; Googlebot/2.1; +http://www.google.com/bot.html)"
66.249.65.202 - - [16/Aug/2005:04:50:31 -0800] "GET /gallery/photos/19890166/05/index_2.html HTTP/1.1" 200 12571 "-" "Mozilla/5.0 (compatible; Googlebot/2.1; +http://www.google.com/bot.html)"
66.249.65.202 - - [16/Aug/2005:04:50:32 -0800] "GET /gallery/photos/19910046/06/index_2.html HTTP/1.1" 200 7242 "-" "Mozilla/5.0 (compatible; Googlebot/2.1; +http://www.google.com/bot.html)"
66.249.65.202 - - [16/Aug/2005:04:50:37 -0800] "GET /gallery/photos/19950244/00/index_2.html HTTP/1.1" 200 7230 "-" "Mozilla/5.0 (compatible; Googlebot/2.1; +http://www.google.com/bot.html)"
66.249.65.202 - - [16/Aug/2005:04:50:42 -0800] "GET /gallery/photos/19581026/15/index_2.html HTTP/1.1" 200 6948 "-" "Mozilla/5.0 (compatible; Googlebot/2.1; +http://www.google.com/bot.html)"
66.249.65.202 - - [16/Aug/2005:04:50:42 -0800] "GET /gallery/photos/19640033/butler/tour.html HTTP/1.1" 200 11630 "-" "Mozilla/5.0 (compatible; Googlebot/2.1; +http://www.google.com/bot.html)"
66.249.65.202 - - [16/Aug/2005:04:50:47 -0800] "GET /gallery/photos/20040109/pages/2004-0109-00007.htm HTTP/1.1" 200 1881 "-" "Mozilla/5.0 (compatible; Googlebot/2.1; +http://www.google.com/bot.html)"
66.249.65.202 - - [16/Aug/2005:04:50:48 -0800] "GET /gallery/photos/19850030/pages/1985-0030-00002.htm HTTP/1.1" 200 1872 "-" "Mozilla/5.0 (compatible; Googlebot/2.1; +http://www.google.com/bot.html)"
66.249.65.202 - - [16/Aug/2005:04:50:51 -0800] "GET /gallery/photos/19640033/butler/about.html HTTP/1.1" 200 10123 "-" "Mozilla/5.0 (compatible; Googlebot/2.1; +http://www.google.com/bot.html)"
66.249.65.202 - - [16/Aug/2005:04:50:53 -0800] "GET /gallery/photos/19850030/pages/1985-0030-00006.htm HTTP/1.1" 200 1872 "-" "Mozilla/5.0 (compatible; Googlebot/2.1; +http://www.google.com/bot.html)"
66.249.65.202 - - [16/Aug/2005:04:50:54 -0800] "GET /gallery/photos/19850030/pages/1985-0030-00012.htm HTTP/1.1" 200 1873 "-" "Mozilla/5.0 (compatible; Googlebot/2.1; +http://www.google.com/bot.html)"
66.249.65.202 - - [16/Aug/2005:04:51:00 -0800] "GET /gallery/photos/19760091/pages/page01.html HTTP/1.1" 200 1549 "-" "Mozilla/5.0 (compatible; Googlebot/2.1; +http://www.google.com/bot.html)"
66.249.65.202 - - [16/Aug/2005:04:51:01 -0800] "GET /gallery/photos/19650030/pages/1965-0030-00012.htm HTTP/1.1" 200 1887 "-" "Mozilla/5.0 (compatible; Googlebot/2.1; +http://www.google.com/bot.html)"
66.249.65.202 - - [16/Aug/2005:04:51:06 -0800] "GET /gallery/photos/19850030/pages/1985-0030-00010.htm HTTP/1.1" 200 1873 "-" "Mozilla/5.0 (compatible; Googlebot/2.1; +http://www.google.com/bot.html)"
66.249.65.202 - - [16/Aug/2005:04:51:09 -0800] "GET /gallery/photos/19760091/pages/page06.html HTTP/1.1" 200 1697 "-" "Mozilla/5.0 (compatible; Googlebot/2.1; +http://www.google.com/bot.html)"
66.249.65.202 - - [16/Aug/2005:04:51:10 -0800] "GET /gallery/photos/20040109/pages/2004-0109-00009.htm HTTP/1.1" 200 1881 "-" "Mozilla/5.0 (compatible; Googlebot/2.1; +http://www.google.com/bot.html)"
66.249.65.202 - - [16/Aug/2005:04:51:16 -0800] "GET /gallery/photos/19790093/album/index_2.html HTTP/1.1" 200 9237 "-" "Mozilla/5.0 (compatible; Googlebot/2.1; +http://www.google.com/bot.html)"
66.249.65.202 - - [16/Aug/2005:04:51:17 -0800] "GET /gallery/photos/19640033/butler/credits.html HTTP/1.1" 200 8168 "-" "Mozilla/5.0 (compatible; Googlebot/2.1; +http://www.google.com/bot.html)"
66.249.65.202 - - [16/Aug/2005:04:51:23 -0800] "GET /gallery/photos/19850030/pages/1985-0030-00004.htm HTTP/1.1" 200 1872 "-" "Mozilla/5.0 (compatible; Googlebot/2.1; +http://www.google.com/bot.html)"
66.249.65.202 - - [16/Aug/2005:04:51:28 -0800] "GET /gallery/photos/19650030/pages/1965-0030-00005.htm HTTP/1.1" 200 1886 "-" "Mozilla/5.0 (compatible; Googlebot/2.1; +http://www.google.com/bot.html)"
200.41.22.66 - - [16/Aug/2005:04:51:27 -0800] "GET /store/photos/largejpegs/(087)1958-1026-01659.jpg HTTP/1.1" 200 171803 "http://www.dicimijo.blogspot.com/" "Mozilla/4.0 (compatible; MSIE 6.0; Windows NT 5.1)"
66.249.65.202 - - [16/Aug/2005:04:51:32 -0800] "GET /gallery/photos/19850030/pages/1985-0030-00005.htm HTTP/1.1" 200 1872 "-" "Mozilla/5.0 (compatible; Googlebot/2.1; +http://www.google.com/bot.html)"
66.249.65.202 - - [16/Aug/2005:04:51:37 -0800] "GET /gallery/photos/19760091/pages/page03.html HTTP/1.1" 200 1697 "-" "Mozilla/5.0 (compatible; Googlebot/2.1; +http://www.google.com/bot.html)"
66.249.65.202 - - [16/Aug/2005:04:51:42 -0800] "GET /gallery/photos/20040109/pages/2004-0109-00006.htm HTTP/1.1" 200 1881 "-" "Mozilla/5.0 (compatible; Googlebot/2.1; +http://www.google.com/bot.html)"
66.249.65.202 - - [16/Aug/2005:04:51:42 -0800] "GET /gallery/photos/20040109/pages/2004-0109-00008.htm HTTP/1.1" 200 1881 "-" "Mozilla/5.0 (compatible; Googlebot/2.1; +http://www.google.com/bot.html)"
66.249.65.202 - - [16/Aug/2005:04:51:47 -0800] "GET /gallery/photos/20040066/pages/index_2.html HTTP/1.1" 200 5441 "-" "Mozilla/5.0 (compatible; Googlebot/2.1; +http://www.google.com/bot.html)"
66.249.65.202 - - [16/Aug/2005:04:51:47 -0800] "GET /gallery/photos/19850030/pages/1985-0030-00007.htm HTTP/1.1" 200 1872 "-" "Mozilla/5.0 (compatible; Googlebot/2.1; +http://www.google.com/bot.html)"
200.41.22.66 - - [16/Aug/2005:04:51:48 -0800] "GET /store/photos/largejpegs/(087)1958-1026-01659.jpg HTTP/1.1" 206 159515 "http://www.dicimijo.blogspot.com/" "Mozilla/4.0 (compatible; MSIE 6.0; Windows NT 5.1)"
66.249.65.202 - - [16/Aug/2005:04:51:52 -0800] "GET /gallery/photos/20040084/1157-1288/index_2.html HTTP/1.1" 200 9245 "-" "Mozilla/5.0 (compatible; Googlebot/2.1; +http://www.google.com/bot.html)"
66.249.65.202 - - [16/Aug/2005:04:51:53 -0800] "GET /gallery/photos/20040109/pages/2004-0109-00010.htm HTTP/1.1" 200 1882 "-" "Mozilla/5.0 (compatible; Googlebot/2.1; +http://www.google.com/bot.html)"
66.249.65.202 - - [16/Aug/2005:04:51:53 -0800] "GET /gallery/photos/19650030/pages/1965-0030-00001.htm HTTP/1.1" 200 1731 "-" "Mozilla/5.0 (compatible; Googlebot/2.1; +http://www.google.com/bot.html)"
66.249.65.202 - - [16/Aug/2005:04:51:54 -0800] "GET /gallery/photos/20040109/pages/2004-0109-00005.htm HTTP/1.1" 200 1881 "-" "Mozilla/5.0 (compatible; Googlebot/2.1; +http://www.google.com/bot.html)"
66.249.65.202 - - [16/Aug/2005:04:51:57 -0800] "GET /gallery/photos/19760091/pages/page04.html HTTP/1.1" 200 1697 "-" "Mozilla/5.0 (compatible; Googlebot/2.1; +http://www.google.com/bot.html)"
66.249.65.202 - - [16/Aug/2005:04:51:57 -0800] "GET /gallery/photos/19850030/pages/1985-0030-00009.htm HTTP/1.1" 200 1872 "-" "Mozilla/5.0 (compatible; Googlebot/2.1; +http://www.google.com/bot.html)"
66.249.65.202 - - [16/Aug/2005:04:52:00 -0800] "GET /gallery/photos/19650030/pages/1965-0030-00003.htm HTTP/1.1" 200 1886 "-" "Mozilla/5.0 (compatible; Googlebot/2.1; +http://www.google.com/bot.html)"
66.249.65.202 - - [16/Aug/2005:04:52:00 -0800] "GET /gallery/photos/20040109/pages/2004-0109-00012.htm HTTP/1.1" 200 1882 "-" "Mozilla/5.0 (compatible; Googlebot/2.1; +http://www.google.com/bot.html)"
66.249.65.202 - - [16/Aug/2005:04:52:05 -0800] "GET /gallery/photos/20040109/pages/2004-0109-00011.htm HTTP/1.1" 200 1882 "-" "Mozilla/5.0 (compatible; Googlebot/2.1; +http://www.google.com/bot.html)"
66.249.65.202 - - [16/Aug/2005:04:52:08 -0800] "GET /gallery/photos/19850030/pages/1985-0030-00003.htm HTTP/1.1" 200 1872 "-" "Mozilla/5.0 (compatible; Googlebot/2.1; +http://www.google.com/bot.html)"
66.249.65.202 - - [16/Aug/2005:04:52:08 -0800] "GET /gallery/photos/19850030/pages/1985-0030-00008.htm HTTP/1.1" 200 1872 "-" "Mozilla/5.0 (compatible; Googlebot/2.1; +http://www.google.com/bot.html)"
66.249.65.202 - - [16/Aug/2005:04:52:09 -0800] "GET /gallery/photos/19650030/pages/1965-0030-00009.htm HTTP/1.1" 200 1886 "-" "Mozilla/5.0 (compatible; Googlebot/2.1; +http://www.google.com/bot.html)"
66.249.65.202 - - [16/Aug/2005:04:52:09 -0800] "GET /gallery/photos/20040109/pages/2004-0109-00002.htm HTTP/1.1" 200 1881 "-" "Mozilla/5.0 (compatible; Googlebot/2.1; +http://www.google.com/bot.html)"
66.249.65.202 - - [16/Aug/2005:04:52:10 -0800] "GET /gallery/photos/19650030/pages/1965-0030-00002.htm HTTP/1.1" 200 1886 "-" "Mozilla/5.0 (compatible; Googlebot/2.1; +http://www.google.com/bot.html)"
66.249.65.202 - - [16/Aug/2005:04:52:13 -0800] "GET /gallery/photos/19850030/pages/1985-0030-00001.htm HTTP/1.1" 200 1717 "-" "Mozilla/5.0 (compatible; Googlebot/2.1; +http://www.google.com/bot.html)"
66.249.65.202 - - [16/Aug/2005:04:52:15 -0800] "GET /gallery/photos/20040109/pages/2004-0109-00004.htm HTTP/1.1" 200 1881 "-" "Mozilla/5.0 (compatible; Googlebot/2.1; +http://www.google.com/bot.html)"
66.249.65.202 - - [16/Aug/2005:04:52:16 -0800] "GET /gallery/photos/19850030/pages/1985-0030-00011.htm HTTP/1.1" 200 1873 "-" "Mozilla/5.0 (compatible; Googlebot/2.1; +http://www.google.com/bot.html)"
66.249.65.202 - - [16/Aug/2005:04:52:16 -0800] "GET /gallery/photos/20040109/pages/2004-0109-00001.htm HTTP/1.1" 200 1726 "-" "Mozilla/5.0 (compatible; Googlebot/2.1; +http://www.google.com/bot.html)"
66.249.65.202 - - [16/Aug/2005:04:52:17 -0800] "GET /gallery/photos/19650030/pages/1965-0030-00010.htm HTTP/1.1" 200 1887 "-" "Mozilla/5.0 (compatible; Googlebot/2.1; +http://www.google.com/bot.html)"
66.249.65.202 - - [16/Aug/2005:04:52:21 -0800] "GET /gallery/photos/20040109/pages/2004-0109-00003.htm HTTP/1.1" 200 1881 "-" "Mozilla/5.0 (compatible; Googlebot/2.1; +http://www.google.com/bot.html)"
66.249.65.202 - - [16/Aug/2005:04:52:22 -0800] "GET /gallery/photos/19990204/pages/1999-0204-00009.html HTTP/1.1" 200 1767 "-" "Mozilla/5.0 (compatible; Googlebot/2.1; +http://www.google.com/bot.html)"
66.249.65.202 - - [16/Aug/2005:04:52:26 -0800] "GET /gallery/photos/20020032/pages/2002-0032-00001.html HTTP/1.1" 200 1725 "-" "Mozilla/5.0 (compatible; Googlebot/2.1; +http://www.google.com/bot.html)"
66.249.65.202 - - [16/Aug/2005:04:52:27 -0800] "GET /gallery/photos/20040085/pages/2004-0085-00008.html HTTP/1.1" 200 1890 "-" "Mozilla/5.0 (compatible; Googlebot/2.1; +http://www.google.com/bot.html)"
66.249.65.202 - - [16/Aug/2005:04:52:28 -0800] "GET /gallery/photos/19960190/pages/1996-0190-00003.html HTTP/1.1" 200 1877 "-" "Mozilla/5.0 (compatible; Googlebot/2.1; +http://www.google.com/bot.html)"
66.249.65.202 - - [16/Aug/2005:04:52:28 -0800] "GET /gallery/photos/19750178/pages/1975-0178-00002.html HTTP/1.1" 200 1871 "-" "Mozilla/5.0 (compatible; Googlebot/2.1; +http://www.google.com/bot.html)"
66.249.65.202 - - [16/Aug/2005:04:52:33 -0800] "GET /gallery/photos/19950190/pages/1995-0190-00008.html HTTP/1.1" 200 1874 "-" "Mozilla/5.0 (compatible; Googlebot/2.1; +http://www.google.com/bot.html)"
66.249.65.202 - - [16/Aug/2005:04:52:33 -0800] "GET /gallery/photos/19650030/pages/1965-0030-00004.htm HTTP/1.1" 200 1886 "-" "Mozilla/5.0 (compatible; Googlebot/2.1; +http://www.google.com/bot.html)"
66.249.65.202 - - [16/Aug/2005:04:52:36 -0800] "GET /gallery/photos/19850072/pages/1985-0072-00006.html HTTP/1.1" 200 1767 "-" "Mozilla/5.0 (compatible; Googlebot/2.1; +http://www.google.com/bot.html)"
66.249.65.202 - - [16/Aug/2005:04:52:39 -0800] "GET /gallery/photos/19950190/pages/1995-0190-00007.html HTTP/1.1" 200 1874 "-" "Mozilla/5.0 (compatible; Googlebot/2.1; +http://www.google.com/bot.html)"
66.249.65.202 - - [16/Aug/2005:04:52:39 -0800] "GET /gallery/photos/19850072/pages/1985-0072-00010.html HTTP/1.1" 200 1767 "-" "Mozilla/5.0 (compatible; Googlebot/2.1; +http://www.google.com/bot.html)"
66.249.65.202 - - [16/Aug/2005:04:52:42 -0800] "GET /gallery/photos/19650030/pages/1965-0030-00011.htm HTTP/1.1" 200 1887 "-" "Mozilla/5.0 (compatible; Googlebot/2.1; +http://www.google.com/bot.html)"
66.249.65.202 - - [16/Aug/2005:04:52:42 -0800] "GET /gallery/photos/19960190/pages/1996-0190-00002.html HTTP/1.1" 200 1878 "-" "Mozilla/5.0 (compatible; Googlebot/2.1; +http://www.google.com/bot.html)"
66.249.65.202 - - [16/Aug/2005:04:52:45 -0800] "GET /gallery/photos/19650030/pages/1965-0030-00006.htm HTTP/1.1" 200 1886 "-" "Mozilla/5.0 (compatible; Googlebot/2.1; +http://www.google.com/bot.html)"
66.249.65.202 - - [16/Aug/2005:04:52:45 -0800] "GET /gallery/photos/20040162/pages/2004-0162-00016.html HTTP/1.1" 200 1892 "-" "Mozilla/5.0 (compatible; Googlebot/2.1; +http://www.google.com/bot.html)"
66.249.65.202 - - [16/Aug/2005:04:52:46 -0800] "GET /gallery/photos/19970213/pages/1997-0213-00009.html HTTP/1.1" 200 1886 "-" "Mozilla/5.0 (compatible; Googlebot/2.1; +http://www.google.com/bot.html)"
66.249.65.202 - - [16/Aug/2005:04:52:50 -0800] "GET /gallery/photos/19810192/pages/1981-0192-00003.html HTTP/1.1" 200 1887 "-" "Mozilla/5.0 (compatible; Googlebot/2.1; +http://www.google.com/bot.html)"
66.249.65.202 - - [16/Aug/2005:04:52:51 -0800] "GET /gallery/photos/19880051/pages/1988-0051-00006.html HTTP/1.1" 200 1857 "-" "Mozilla/5.0 (compatible; Googlebot/2.1; +http://www.google.com/bot.html)"
66.249.65.202 - - [16/Aug/2005:04:52:51 -0800] "GET /gallery/photos/19810192/pages/1981-0192-00002.html HTTP/1.1" 200 1887 "-" "Mozilla/5.0 (compatible; Googlebot/2.1; +http://www.google.com/bot.html)"
66.249.65.202 - - [16/Aug/2005:04:52:56 -0800] "GET /gallery/photos/19870175/pages/1987-0175-00390.html HTTP/1.1" 200 1881 "-" "Mozilla/5.0 (compatible; Googlebot/2.1; +http://www.google.com/bot.html)"
66.249.65.202 - - [16/Aug/2005:04:53:00 -0800] "GET /gallery/photos/19890107/pages/1989-0107-00010.html HTTP/1.1" 200 1876 "-" "Mozilla/5.0 (compatible; Googlebot/2.1; +http://www.google.com/bot.html)"
66.249.65.202 - - [16/Aug/2005:04:53:01 -0800] "GET /gallery/photos/19870175/pages/1987-0175-00654.html HTTP/1.1" 200 1882 "-" "Mozilla/5.0 (compatible; Googlebot/2.1; +http://www.google.com/bot.html)"
66.249.65.202 - - [16/Aug/2005:04:53:06 -0800] "GET /gallery/photos/20020093/pages/2002-0093-00043.html HTTP/1.1" 200 1773 "-" "Mozilla/5.0 (compatible; Googlebot/2.1; +http://www.google.com/bot.html)"
66.249.65.202 - - [16/Aug/2005:04:53:11 -0800] "GET /gallery/photos/19650030/pages/1965-0030-00007.htm HTTP/1.1" 200 1886 "-" "Mozilla/5.0 (compatible; Googlebot/2.1; +http://www.google.com/bot.html)"
66.249.65.202 - - [16/Aug/2005:04:53:13 -0800] "GET /gallery/photos/19700071/pages/1970-0071-00009.html HTTP/1.1" 200 1881 "-" "Mozilla/5.0 (compatible; Googlebot/2.1; +http://www.google.com/bot.html)"
66.249.65.202 - - [16/Aug/2005:04:53:13 -0800] "GET /gallery/photos/19700071/pages/1970-0071-00008.html HTTP/1.1" 200 1881 "-" "Mozilla/5.0 (compatible; Googlebot/2.1; +http://www.google.com/bot.html)"
66.249.65.202 - - [16/Aug/2005:04:53:14 -0800] "GET /gallery/photos/19870175/pages/1987-0175-00660.html HTTP/1.1" 200 1882 "-" "Mozilla/5.0 (compatible; Googlebot/2.1; +http://www.google.com/bot.html)"
66.249.65.202 - - [16/Aug/2005:04:53:14 -0800] "GET /gallery/photos/19960190/pages/1996-0190-00013.html HTTP/1.1" 200 1878 "-" "Mozilla/5.0 (compatible; Googlebot/2.1; +http://www.google.com/bot.html)"
66.249.65.202 - - [16/Aug/2005:04:53:15 -0800] "GET /gallery/photos/19960190/pages/1996-0190-00005.html HTTP/1.1" 200 1877 "-" "Mozilla/5.0 (compatible; Googlebot/2.1; +http://www.google.com/bot.html)"
66.249.65.202 - - [16/Aug/2005:04:53:15 -0800] "GET /gallery/photos/19700011/pages/1970-0011-00008.html HTTP/1.1" 200 6319 "-" "Mozilla/5.0 (compatible; Googlebot/2.1; +http://www.google.com/bot.html)"
66.249.65.202 - - [16/Aug/2005:04:53:20 -0800] "GET /gallery/photos/20030175/pages/2003-0175-00003.html HTTP/1.1" 200 1857 "-" "Mozilla/5.0 (compatible; Googlebot/2.1; +http://www.google.com/bot.html)"
66.249.65.202 - - [16/Aug/2005:04:53:20 -0800] "GET /gallery/photos/20030175/pages/2003-0175-00001.html HTTP/1.1" 200 1701 "-" "Mozilla/5.0 (compatible; Googlebot/2.1; +http://www.google.com/bot.html)"
