194.240.162.142 - - [01/Aug/2005:04:59:06 -0800] "GET /gallery/maps/G3200/small/G3205%201772%20R62.jpg HTTP/1.1" 200 15147 "http://photolab.elmer.uaf.edu/gallery/maps/mapg3205.html" "Mozilla/4.0 (compatible; MSIE 6.0; Windows NT 5.0; .NET CLR 1.0.3705)"
194.240.162.142 - - [01/Aug/2005:04:59:06 -0800] "GET /gallery/maps/G3200/small/G3205%201772%20R62a.jpg HTTP/1.1" 200 16061 "http://photolab.elmer.uaf.edu/gallery/maps/mapg3205.html" "Mozilla/4.0 (compatible; MSIE 6.0; Windows NT 5.0; .NET CLR 1.0.3705)"
194.240.162.142 - - [01/Aug/2005:04:59:06 -0800] "GET /gallery/maps/G3200/small/G3205%20%5B1779%5D%20H63.jpg HTTP/1.1" 200 13175 "http://photolab.elmer.uaf.edu/gallery/maps/mapg3205.html" "Mozilla/4.0 (compatible; MSIE 6.0; Windows NT 5.0; .NET CLR 1.0.3705)"
194.240.162.142 - - [01/Aug/2005:04:59:06 -0800] "GET /gallery/maps/G3200/small/G3205%20%5B1779%5D%20H63a.jpg HTTP/1.1" 200 15965 "http://photolab.elmer.uaf.edu/gallery/maps/mapg3205.html" "Mozilla/4.0 (compatible; MSIE 6.0; Windows NT 5.0; .NET CLR 1.0.3705)"
194.240.162.142 - - [01/Aug/2005:04:59:07 -0800] "GET /gallery/maps/G3200/small/G3205%20%5B1780%5D.jpg HTTP/1.1" 200 15225 "http://photolab.elmer.uaf.edu/gallery/maps/mapg3205.html" "Mozilla/4.0 (compatible; MSIE 6.0; Windows NT 5.0; .NET CLR 1.0.3705)"
194.240.162.142 - - [01/Aug/2005:04:59:07 -0800] "GET /gallery/maps/G3200/small/G3205%201781%20L68.jpg HTTP/1.1" 200 15027 "http://photolab.elmer.uaf.edu/gallery/maps/mapg3205.html" "Mozilla/4.0 (compatible; MSIE 6.0; Windows NT 5.0; .NET CLR 1.0.3705)"
194.240.162.142 - - [01/Aug/2005:04:59:08 -0800] "GET /gallery/maps/G3200/small/G3205%201781%20L68%20c2.jpg HTTP/1.1" 200 15359 "http://photolab.elmer.uaf.edu/gallery/maps/mapg3205.html" "Mozilla/4.0 (compatible; MSIE 6.0; Windows NT 5.0; .NET CLR 1.0.3705)"
194.240.162.142 - - [01/Aug/2005:04:59:08 -0800] "GET /gallery/maps/G3200/small/G3205%20%5B1794%5D%20S36.jpg HTTP/1.1" 200 14613 "http://photolab.elmer.uaf.edu/gallery/maps/mapg3205.html" "Mozilla/4.0 (compatible; MSIE 6.0; Windows NT 5.0; .NET CLR 1.0.3705)"
194.240.162.142 - - [01/Aug/2005:04:59:08 -0800] "GET /gallery/maps/G3200/small/G3205%20%5B1796%5D%20S36.jpg HTTP/1.1" 200 14081 "http://photolab.elmer.uaf.edu/gallery/maps/mapg3205.html" "Mozilla/4.0 (compatible; MSIE 6.0; Windows NT 5.0; .NET CLR 1.0.3705)"
194.240.162.142 - - [01/Aug/2005:04:59:08 -0800] "GET /gallery/maps/G3200/small/G3205%20%5B1797%5D.jpg HTTP/1.1" 200 13431 "http://photolab.elmer.uaf.edu/gallery/maps/mapg3205.html" "Mozilla/4.0 (compatible; MSIE 6.0; Windows NT 5.0; .NET CLR 1.0.3705)"
194.240.162.142 - - [01/Aug/2005:04:59:09 -0800] "GET /gallery/maps/G3200/small/G3205%201808%20R621.jpg HTTP/1.1" 200 14012 "http://photolab.elmer.uaf.edu/gallery/maps/mapg3205.html" "Mozilla/4.0 (compatible; MSIE 6.0; Windows NT 5.0; .NET CLR 1.0.3705)"
194.240.162.142 - - [01/Aug/2005:04:59:09 -0800] "GET /gallery/maps/G3200/small/G3205%20%5B1799%5D%20R622.jpg HTTP/1.1" 200 14324 "http://photolab.elmer.uaf.edu/gallery/maps/mapg3205.html" "Mozilla/4.0 (compatible; MSIE 6.0; Windows NT 5.0; .NET CLR 1.0.3705)"
194.240.162.142 - - [01/Aug/2005:04:59:10 -0800] "GET /gallery/maps/G3200/small/G3205%20%5B1814%5D%20S36.jpg HTTP/1.1" 200 15239 "http://photolab.elmer.uaf.edu/gallery/maps/mapg3205.html" "Mozilla/4.0 (compatible; MSIE 6.0; Windows NT 5.0; .NET CLR 1.0.3705)"
194.240.162.142 - - [01/Aug/2005:04:59:10 -0800] "GET /gallery/maps/G3200/small/G3205%201816%20N44.jpg HTTP/1.1" 200 14907 "http://photolab.elmer.uaf.edu/gallery/maps/mapg3205.html" "Mozilla/4.0 (compatible; MSIE 6.0; Windows NT 5.0; .NET CLR 1.0.3705)"
194.240.162.142 - - [01/Aug/2005:04:59:11 -0800] "GET /index_files/bar.gif HTTP/1.1" 200 342 "http://photolab.elmer.uaf.edu/gallery/maps/mapg3205.html" "Mozilla/4.0 (compatible; MSIE 6.0; Windows NT 5.0; .NET CLR 1.0.3705)"
194.240.162.142 - - [01/Aug/2005:04:59:11 -0800] "GET /index_files/sitemap.gif HTTP/1.1" 200 1503 "http://photolab.elmer.uaf.edu/gallery/maps/mapg3205.html" "Mozilla/4.0 (compatible; MSIE 6.0; Windows NT 5.0; .NET CLR 1.0.3705)"
194.240.162.142 - - [01/Aug/2005:04:59:11 -0800] "GET /gallery/maps/G3200/small/G3205%201868%20U58.jpg HTTP/1.1" 200 13933 "http://photolab.elmer.uaf.edu/gallery/maps/mapg3205.html" "Mozilla/4.0 (compatible; MSIE 6.0; Windows NT 5.0; .NET CLR 1.0.3705)"
194.240.162.142 - - [01/Aug/2005:04:59:11 -0800] "GET /index_files/bluebear.gif HTTP/1.1" 200 1263 "http://photolab.elmer.uaf.edu/gallery/maps/mapg3205.html" "Mozilla/4.0 (compatible; MSIE 6.0; Windows NT 5.0; .NET CLR 1.0.3705)"
217.212.224.145 - - [01/Aug/2005:04:59:34 -0800] "GET /gallery/photos/19680041/1/pages/1968-0041-00148.htm HTTP/1.0" 200 1889 "-" "psbot/0.1 (+http://www.picsearch.com/bot.html)"
194.240.162.142 - - [01/Aug/2005:04:59:21 -0800] "GET /gallery/maps/G3200/large/G3205%201752%20D44.jpg HTTP/1.1" 200 255797 "http://photolab.elmer.uaf.edu/gallery/maps/mapg3205.html" "Mozilla/4.0 (compatible; MSIE 6.0; Windows NT 5.0; .NET CLR 1.0.3705)"
217.212.224.142 - - [01/Aug/2005:05:00:29 -0800] "GET /gallery/photos/19581026/15/index_5.html HTTP/1.0" 200 6945 "-" "psbot/0.1 (+http://www.picsearch.com/bot.html)"
217.212.224.146 - - [01/Aug/2005:05:01:24 -0800] "GET /gallery/photos/19581026/15/pages/1958-1026-01535.html HTTP/1.0" 200 1853 "-" "psbot/0.1 (+http://www.picsearch.com/bot.html)"
217.212.224.143 - - [01/Aug/2005:05:02:45 -0800] "GET /gallery/photos/19581026/15/pages/1958-1026-01536.html HTTP/1.0" 200 1853 "-" "psbot/0.1 (+http://www.picsearch.com/bot.html)"
217.212.224.143 - - [01/Aug/2005:05:03:41 -0800] "GET /gallery/photos/19581026/15/pages/1958-1026-01537.html HTTP/1.0" 200 1853 "-" "psbot/0.1 (+http://www.picsearch.com/bot.html)"
217.212.224.147 - - [01/Aug/2005:05:04:36 -0800] "GET /gallery/photos/19581026/15/pages/1958-1026-01538.html HTTP/1.0" 200 1853 "-" "psbot/0.1 (+http://www.picsearch.com/bot.html)"
217.212.224.142 - - [01/Aug/2005:05:05:30 -0800] "GET /gallery/photos/19581026/15/pages/1958-1026-01539.html HTTP/1.0" 200 1853 "-" "psbot/0.1 (+http://www.picsearch.com/bot.html)"
217.212.224.142 - - [01/Aug/2005:05:06:24 -0800] "GET /gallery/photos/19581026/15/pages/1958-1026-01540.html HTTP/1.0" 200 1853 "-" "psbot/0.1 (+http://www.picsearch.com/bot.html)"
217.212.224.147 - - [01/Aug/2005:05:07:19 -0800] "GET /gallery/photos/19640042/4/index_5.htm HTTP/1.0" 200 7207 "-" "psbot/0.1 (+http://www.picsearch.com/bot.html)"
194.240.162.142 - - [01/Aug/2005:05:07:13 -0800] "GET /gallery/maps/G3200/large/G3205%201750%20B92.jpg HTTP/1.1" 200 226599 "http://photolab.elmer.uaf.edu/gallery/maps/mapg3205.html" "Mozilla/4.0 (compatible; MSIE 6.0; Windows NT 5.0; .NET CLR 1.0.3705)"
217.212.224.142 - - [01/Aug/2005:05:09:53 -0800] "GET /gallery/photos/19640042/4/pages/1964-0042-00436.htm HTTP/1.0" 200 1884 "-" "psbot/0.1 (+http://www.picsearch.com/bot.html)"
217.212.224.144 - - [01/Aug/2005:05:10:46 -0800] "GET /gallery/photos/19640042/3/pages/1964-0042-00300.htm HTTP/1.0" 200 1726 "-" "psbot/0.1 (+http://www.picsearch.com/bot.html)"
217.212.224.142 - - [01/Aug/2005:05:11:41 -0800] "GET /gallery/photos/19640042/3/pages/1964-0042-00301.htm HTTP/1.0" 200 1881 "-" "psbot/0.1 (+http://www.picsearch.com/bot.html)"
217.212.224.142 - - [01/Aug/2005:05:12:36 -0800] "GET /gallery/photos/19640042/3/pages/1964-0042-00302.htm HTTP/1.0" 200 1881 "-" "psbot/0.1 (+http://www.picsearch.com/bot.html)"
217.212.224.145 - - [01/Aug/2005:05:13:31 -0800] "GET /gallery/photos/19680041/1/index_5.htm HTTP/1.0" 200 7212 "-" "psbot/0.1 (+http://www.picsearch.com/bot.html)"
217.212.224.144 - - [01/Aug/2005:05:14:25 -0800] "GET /gallery/photos/19680041/1/pages/1968-0041-00157.htm HTTP/1.0" 200 1889 "-" "psbot/0.1 (+http://www.picsearch.com/bot.html)"
217.212.224.143 - - [01/Aug/2005:05:15:21 -0800] "GET /gallery/photos/19680041/1/pages/1968-0041-00158.htm HTTP/1.0" 200 1889 "-" "psbot/0.1 (+http://www.picsearch.com/bot.html)"
204.10.216.175 - - [01/Aug/2005:05:16:11 -0800] "GET /store/maps.html HTTP/1.0" 200 23493 "http://images.google.com/imgres?imgurl=http://photolab.elmer.uaf.edu/store/maps/small%2520jpegs/(002)%2520G4370%2520%255B1862_%255D%2520C631.jpg&imgrefurl=http://photolab.elmer.uaf.edu/store/maps.html&h=235&w=300&sz=42&tbnid=2BknoWDu3OgJ:&tbnh=86&tbnw=111&hl=en&start=55&prev=/images%3Fq%3Drussian%2Balaska%26start%3D40%26svnum%3D10%26hl%3Den%26lr%3D%26sa%3DN" "Mozilla/4.0 (compatible; MSIE 6.0; Windows NT 5.1; .NET CLR 1.1.4322)"
204.10.216.175 - - [01/Aug/2005:05:16:12 -0800] "GET /index_files/store.css HTTP/1.0" 200 2756 "http://photolab.elmer.uaf.edu/store/maps.html" "Mozilla/4.0 (compatible; MSIE 6.0; Windows NT 5.1; .NET CLR 1.1.4322)"
204.10.216.175 - - [01/Aug/2005:05:16:12 -0800] "GET /index_files/aprbrown.jpg HTTP/1.0" 200 5509 "http://photolab.elmer.uaf.edu/store/maps.html" "Mozilla/4.0 (compatible; MSIE 6.0; Windows NT 5.1; .NET CLR 1.1.4322)"
204.10.216.175 - - [01/Aug/2005:05:16:12 -0800] "GET /index_files/titlebrown.jpg HTTP/1.0" 200 5451 "http://photolab.elmer.uaf.edu/store/maps.html" "Mozilla/4.0 (compatible; MSIE 6.0; Windows NT 5.1; .NET CLR 1.1.4322)"
204.10.216.175 - - [01/Aug/2005:05:16:12 -0800] "GET /index_files/storetitle.gif HTTP/1.0" 200 14535 "http://photolab.elmer.uaf.edu/store/maps.html" "Mozilla/4.0 (compatible; MSIE 6.0; Windows NT 5.1; .NET CLR 1.1.4322)"
204.10.216.175 - - [01/Aug/2005:05:16:12 -0800] "GET /store/maps/small%20jpegs/(001)%20G3300%20%5B1780%5D%20C66.jpg HTTP/1.0" 200 38510 "http://photolab.elmer.uaf.edu/store/maps.html" "Mozilla/4.0 (compatible; MSIE 6.0; Windows NT 5.1; .NET CLR 1.1.4322)"
204.10.216.175 - - [01/Aug/2005:05:16:13 -0800] "GET /store/maps/small%20jpegs/(002)%20G4370%20%5B1862_%5D%20C631.jpg HTTP/1.0" 200 42691 "http://images.google.com/imgres?imgurl=http://photolab.elmer.uaf.edu/store/maps/small%2520jpegs/(002)%2520G4370%2520%255B1862_%255D%2520C631.jpg&imgrefurl=http://photolab.elmer.uaf.edu/store/maps.html&h=235&w=300&sz=42&tbnid=2BknoWDu3OgJ:&tbnh=86&tbnw=111&hl=en&prev=/images%3Fq%3Drussian%2Balaska%26start%3D40%26svnum%3D10%26hl%3Den%26lr%3D%26sa%3DN&frame=small" "Mozilla/4.0 (compatible; MSIE 6.0; Windows NT 5.1; .NET CLR 1.1.4322)"
217.212.224.146 - - [01/Aug/2005:05:16:15 -0800] "GET /gallery/photos/19680041/1/pages/1968-0041-00159.htm HTTP/1.0" 200 1889 "-" "psbot/0.1 (+http://www.picsearch.com/bot.html)"
204.10.216.175 - - [01/Aug/2005:05:16:20 -0800] "GET /store/maps/small%20jpegs/(001)%20G3300%20%5B1780%5D%20C66.jpg HTTP/1.0" 200 38510 "http://photolab.elmer.uaf.edu/store/maps.html" "Mozilla/4.0 (compatible; MSIE 6.0; Windows NT 5.1; .NET CLR 1.1.4322)"
204.10.216.175 - - [01/Aug/2005:05:16:20 -0800] "GET /index_files/menubar.gif HTTP/1.0" 200 2913 "http://photolab.elmer.uaf.edu/store/maps.html" "Mozilla/4.0 (compatible; MSIE 6.0; Windows NT 5.1; .NET CLR 1.1.4322)"
204.10.216.175 - - [01/Aug/2005:05:16:21 -0800] "GET /index_files/storetitle.gif HTTP/1.0" 206 995 "http://photolab.elmer.uaf.edu/store/maps.html" "Mozilla/4.0 (compatible; MSIE 6.0; Windows NT 5.1; .NET CLR 1.1.4322)"
204.10.216.175 - - [01/Aug/2005:05:16:21 -0800] "GET /store/maps/small%20jpegs/(003)%20G7290%20%5B1584_%5D%20O71.jpg HTTP/1.0" 200 53075 "http://photolab.elmer.uaf.edu/store/maps.html" "Mozilla/4.0 (compatible; MSIE 6.0; Windows NT 5.1; .NET CLR 1.1.4322)"
204.10.216.175 - - [01/Aug/2005:05:16:21 -0800] "GET /store/maps/small%20jpegs/(004)%20G3350%201898%20S4.jpg HTTP/1.0" 200 38584 "http://photolab.elmer.uaf.edu/store/maps.html" "Mozilla/4.0 (compatible; MSIE 6.0; Windows NT 5.1; .NET CLR 1.1.4322)"
204.10.216.175 - - [01/Aug/2005:05:16:22 -0800] "GET /store/maps/small%20jpegs/(005)%20G3210%20%5B1740_%5D%20T57.jpg HTTP/1.0" 200 46978 "http://photolab.elmer.uaf.edu/store/maps.html" "Mozilla/4.0 (compatible; MSIE 6.0; Windows NT 5.1; .NET CLR 1.1.4322)"
204.10.216.175 - - [01/Aug/2005:05:16:23 -0800] "GET /store/maps/small%20jpegs/(006)%20G4371%20S1%20%5B1593_%5D%20D4.jpg HTTP/1.0" 200 44069 "http://photolab.elmer.uaf.edu/store/maps.html" "Mozilla/4.0 (compatible; MSIE 6.0; Windows NT 5.1; .NET CLR 1.1.4322)"
204.10.216.175 - - [01/Aug/2005:05:16:24 -0800] "GET /store/maps/small%20jpegs/(007)%20G7820%201626%20S67.jpg HTTP/1.0" 200 55977 "http://photolab.elmer.uaf.edu/store/maps.html" "Mozilla/4.0 (compatible; MSIE 6.0; Windows NT 5.1; .NET CLR 1.1.4322)"
217.212.224.142 - - [01/Aug/2005:05:17:11 -0800] "GET /gallery/photos/19680041/1/pages/1968-0041-00160.htm HTTP/1.0" 200 1889 "-" "psbot/0.1 (+http://www.picsearch.com/bot.html)"
209.86.76.125 - - [01/Aug/2005:05:16:20 -0800] "GET /store/photos/smalljpegs/(083)1989-0166-00380.jpg HTTP/1.1" 200 32119 "-" "Mozilla/5.0 (Windows; U; Win98; en-US; rv:1.7.5) Gecko/20041103 Thunderbird/0.9"
217.212.224.145 - - [01/Aug/2005:05:18:06 -0800] "GET /gallery/photos/19581026/15/index_6.html HTTP/1.0" 200 6950 "-" "psbot/0.1 (+http://www.picsearch.com/bot.html)"
217.212.224.146 - - [01/Aug/2005:05:19:01 -0800] "GET /gallery/photos/19581026/15/pages/1958-1026-01546.html HTTP/1.0" 200 1853 "-" "psbot/0.1 (+http://www.picsearch.com/bot.html)"
217.212.224.147 - - [01/Aug/2005:05:19:56 -0800] "GET /gallery/photos/19581026/15/pages/1958-1026-01547.html HTTP/1.0" 200 1853 "-" "psbot/0.1 (+http://www.picsearch.com/bot.html)"
217.212.224.143 - - [01/Aug/2005:05:20:51 -0800] "GET /gallery/photos/19581026/15/pages/1958-1026-01548.html HTTP/1.0" 200 1853 "-" "psbot/0.1 (+http://www.picsearch.com/bot.html)"
217.212.224.142 - - [01/Aug/2005:05:21:46 -0800] "GET /gallery/photos/19581026/15/pages/1958-1026-01549.html HTTP/1.0" 200 1853 "-" "psbot/0.1 (+http://www.picsearch.com/bot.html)"
217.212.224.142 - - [01/Aug/2005:05:22:41 -0800] "GET /gallery/photos/19640042/4/index_6.htm HTTP/1.0" 200 3083 "-" "psbot/0.1 (+http://www.picsearch.com/bot.html)"
217.212.224.143 - - [01/Aug/2005:05:23:35 -0800] "GET /gallery/photos/19640042/4/pages/1964-0042-00448.htm HTTP/1.0" 200 1884 "-" "psbot/0.1 (+http://www.picsearch.com/bot.html)"
217.212.224.142 - - [01/Aug/2005:05:24:31 -0800] "GET /gallery/photos/19640042/4/pages/1964-0042-00449.htm HTTP/1.0" 200 1884 "-" "psbot/0.1 (+http://www.picsearch.com/bot.html)"
217.212.224.142 - - [01/Aug/2005:05:25:28 -0800] "GET /gallery/photos/19640042/4/pages/1964-0042-00450.htm HTTP/1.0" 200 1884 "-" "psbot/0.1 (+http://www.picsearch.com/bot.html)"
217.212.224.144 - - [01/Aug/2005:05:26:32 -0800] "GET /gallery/photos/19640042/4/pages/1964-0042-00451.htm HTTP/1.0" 200 1884 "-" "psbot/0.1 (+http://www.picsearch.com/bot.html)"
217.212.224.145 - - [01/Aug/2005:05:28:51 -0800] "GET /gallery/photos/19640042/4/pages/1964-0042-00452.htm HTTP/1.0" 200 1884 "-" "psbot/0.1 (+http://www.picsearch.com/bot.html)"
217.212.224.142 - - [01/Aug/2005:05:29:47 -0800] "GET /gallery/photos/19640042/4/pages/1964-0042-00453.htm HTTP/1.0" 200 1884 "-" "psbot/0.1 (+http://www.picsearch.com/bot.html)"
217.212.224.147 - - [01/Aug/2005:05:30:41 -0800] "GET /gallery/photos/19680041/1/index_6.htm HTTP/1.0" 200 7212 "-" "psbot/0.1 (+http://www.picsearch.com/bot.html)"
217.212.224.142 - - [01/Aug/2005:05:31:36 -0800] "GET /gallery/photos/19680041/1/pages/1968-0041-00169.htm HTTP/1.0" 200 1889 "-" "psbot/0.1 (+http://www.picsearch.com/bot.html)"
217.212.224.142 - - [01/Aug/2005:05:32:31 -0800] "GET /gallery/photos/19680041/1/pages/1968-0041-00170.htm HTTP/1.0" 200 1889 "-" "psbot/0.1 (+http://www.picsearch.com/bot.html)"
217.212.224.146 - - [01/Aug/2005:05:33:26 -0800] "GET /gallery/photos/19680041/1/pages/1968-0041-00171.htm HTTP/1.0" 200 1889 "-" "psbot/0.1 (+http://www.picsearch.com/bot.html)"
217.212.224.144 - - [01/Aug/2005:05:34:21 -0800] "GET /gallery/photos/19680041/1/pages/1968-0041-00172.htm HTTP/1.0" 200 1889 "-" "psbot/0.1 (+http://www.picsearch.com/bot.html)"
217.212.224.144 - - [01/Aug/2005:05:35:17 -0800] "GET /gallery/photos/19581026/15/index_7.html HTTP/1.0" 200 6945 "-" "psbot/0.1 (+http://www.picsearch.com/bot.html)"
207.46.98.85 - - [01/Aug/2005:05:35:44 -0800] "GET /robots.txt HTTP/1.0" 200 96 "-" "msnbot/1.0 (+http://search.msn.com/msnbot.htm)"
207.46.98.85 - - [01/Aug/2005:05:35:44 -0800] "GET /gallery/photos/19680041/2/index_2.htm HTTP/1.0" 200 4202 "-" "msnbot/1.0 (+http://search.msn.com/msnbot.htm)"
217.212.224.144 - - [01/Aug/2005:05:36:12 -0800] "GET /gallery/photos/19581026/15/pages/1958-1026-01558.html HTTP/1.0" 200 1853 "-" "psbot/0.1 (+http://www.picsearch.com/bot.html)"
217.212.224.144 - - [01/Aug/2005:05:37:07 -0800] "GET /gallery/photos/19581026/15/pages/1958-1026-01559.html HTTP/1.0" 200 1853 "-" "psbot/0.1 (+http://www.picsearch.com/bot.html)"
217.212.224.142 - - [01/Aug/2005:05:38:02 -0800] "GET /gallery/photos/19581026/15/pages/1958-1026-01560.html HTTP/1.0" 200 1853 "-" "psbot/0.1 (+http://www.picsearch.com/bot.html)"
217.212.224.144 - - [01/Aug/2005:05:38:57 -0800] "GET /gallery/photos/19581026/15/pages/1958-1026-01561.html HTTP/1.0" 200 1853 "-" "psbot/0.1 (+http://www.picsearch.com/bot.html)"
217.212.224.143 - - [01/Aug/2005:05:40:45 -0800] "GET /gallery/photos/19640042/4/pages/1964-0042-00460.htm HTTP/1.0" 200 1884 "-" "psbot/0.1 (+http://www.picsearch.com/bot.html)"
128.104.4.202 - - [01/Aug/2005:05:40:56 -0800] "GET /store/photos/smalljpegs/(083)1989-0166-00380.jpg HTTP/1.1" 200 32119 "http://us.f522.mail.yahoo.com/ym/ShowLetter?MsgId=2317_263329_2350_1866_41406_0_5940_127365_3236168305&Idx=3&YY=71048&inc=200&order=down&sort=date&pos=0&view=a&head=b&box=Inbox" "Mozilla/5.0 (Windows; U; Windows NT 5.1; en-US; rv:1.7.10) Gecko/20050716 Firefox/1.0.6"
217.212.224.142 - - [01/Aug/2005:05:41:41 -0800] "GET /gallery/photos/19640042/4/pages/1964-0042-00461.htm HTTP/1.0" 200 1884 "-" "psbot/0.1 (+http://www.picsearch.com/bot.html)"
217.212.224.142 - - [01/Aug/2005:05:42:34 -0800] "GET /gallery/photos/19640042/4/pages/1964-0042-00462.htm HTTP/1.0" 200 1884 "-" "psbot/0.1 (+http://www.picsearch.com/bot.html)"
217.212.224.147 - - [01/Aug/2005:05:43:29 -0800] "GET /gallery/photos/19640042/4/pages/1964-0042-00463.htm HTTP/1.0" 200 1737 "-" "psbot/0.1 (+http://www.picsearch.com/bot.html)"
217.212.224.142 - - [01/Aug/2005:05:44:24 -0800] "GET /gallery/photos/19680041/1/index_7.htm HTTP/1.0" 200 4643 "-" "psbot/0.1 (+http://www.picsearch.com/bot.html)"
217.212.224.146 - - [01/Aug/2005:05:45:19 -0800] "GET /gallery/photos/19680041/1/pages/1968-0041-00181.htm HTTP/1.0" 200 1889 "-" "psbot/0.1 (+http://www.picsearch.com/bot.html)"
217.212.224.147 - - [01/Aug/2005:05:46:15 -0800] "GET /gallery/photos/19680041/1/pages/1968-0041-00182.htm HTTP/1.0" 200 1889 "-" "psbot/0.1 (+http://www.picsearch.com/bot.html)"
217.212.224.143 - - [01/Aug/2005:05:47:11 -0800] "GET /gallery/photos/19680041/1/pages/1968-0041-00183.htm HTTP/1.0" 200 1889 "-" "psbot/0.1 (+http://www.picsearch.com/bot.html)"
217.212.224.146 - - [01/Aug/2005:05:48:06 -0800] "GET /gallery/photos/19680041/1/pages/1968-0041-00184.htm HTTP/1.0" 200 1889 "-" "psbot/0.1 (+http://www.picsearch.com/bot.html)"
82.121.216.254 - - [01/Aug/2005:05:48:48 -0800] "GET /index_files/store.css HTTP/1.1" 200 2756 "http://photolab.elmer.uaf.edu/store/allphotos1.html" "Mozilla/4.0 (compatible; MSIE 5.17; Mac_PowerPC)"
82.121.216.254 - - [01/Aug/2005:05:48:47 -0800] "GET /store/allphotos1.html HTTP/1.1" 200 33610 "-" "Mozilla/4.0 (compatible; MSIE 5.17; Mac_PowerPC)"
82.121.216.254 - - [01/Aug/2005:05:48:49 -0800] "GET /index_files/menubar.gif HTTP/1.1" 200 2913 "http://photolab.elmer.uaf.edu/store/allphotos1.html" "Mozilla/4.0 (compatible; MSIE 5.17; Mac_PowerPC)"
82.121.216.254 - - [01/Aug/2005:05:48:49 -0800] "GET /index_files/aprbrown.jpg HTTP/1.1" 200 5509 "http://photolab.elmer.uaf.edu/store/allphotos1.html" "Mozilla/4.0 (compatible; MSIE 5.17; Mac_PowerPC)"
82.121.216.254 - - [01/Aug/2005:05:48:49 -0800] "GET /index_files/storetitle.gif HTTP/1.1" 200 14535 "http://photolab.elmer.uaf.edu/store/allphotos1.html" "Mozilla/4.0 (compatible; MSIE 5.17; Mac_PowerPC)"
82.121.216.254 - - [01/Aug/2005:05:48:49 -0800] "GET /index_files/titlebrown.jpg HTTP/1.1" 200 5451 "http://photolab.elmer.uaf.edu/store/allphotos1.html" "Mozilla/4.0 (compatible; MSIE 5.17; Mac_PowerPC)"
82.121.216.254 - - [01/Aug/2005:05:48:49 -0800] "GET /store/photos/largejpegs/(034)1965-0054-00005.jpg HTTP/1.1" 200 97614 "http://images.google.fr/imgres?imgurl=http://photolab.elmer.uaf.edu/store/photos/largejpegs/(034)1965-0054-00005.jpg&imgrefurl=http://photolab.elmer.uaf.edu/store/allphotos1.html&h=1000&w=751&sz=96&tbnid=SNoAP9NKZjMJ:&tbnh=149&tbnw=111&hl=fr&prev=/images%3Fq%3DDOGSLED%26start%3D100%26svnum%3D10%26hl%3Dfr%26lr%3D%26ie%3DUTF-8%26sa%3DN&frame=small" "Mozilla/4.0 (compatible; MSIE 5.17; Mac_PowerPC)"
217.212.224.146 - - [01/Aug/2005:05:49:02 -0800] "GET /gallery/photos/19680041/1/pages/1968-0041-00185.htm HTTP/1.0" 200 1889 "-" "psbot/0.1 (+http://www.picsearch.com/bot.html)"
82.121.216.254 - - [01/Aug/2005:05:49:05 -0800] "GET /index_files/store.css HTTP/1.1" 200 2756 "http://photolab.elmer.uaf.edu/store/allphotos1.html" "Mozilla/4.0 (compatible; MSIE 5.17; Mac_PowerPC)"
82.121.216.254 - - [01/Aug/2005:05:49:05 -0800] "GET /store/allphotos1.html HTTP/1.1" 206 30610 "-" "Mozilla/4.0 (compatible; MSIE 5.17; Mac_PowerPC)"
217.212.224.144 - - [01/Aug/2005:05:49:57 -0800] "GET /gallery/photos/19680041/1/pages/1968-0041-00186.htm HTTP/1.0" 200 1889 "-" "psbot/0.1 (+http://www.picsearch.com/bot.html)"
81.113.95.97 - - [01/Aug/2005:05:50:49 -0800] "GET /gallery/maps/mapg3270a.html HTTP/1.1" 200 15811 "http://images.google.it/imgres?imgurl=http://photolab.elmer.uaf.edu/gallery/maps/G3200/large/G3270%2520%255B1667_%255D%2520B52.jpg&imgrefurl=http://photolab.elmer.uaf.edu/gallery/maps/mapg3270a.html&h=1022&w=1200&sz=335&tbnid=yD_I4KAOk3EJ:&tbnh=127&tbnw=150&hl=it&start=8&prev=/images%3Fq%3Dpolo%2Bnorth%2Bmaps%26svnum%3D10%26hl%3Dit%26lr%3D" "Mozilla/4.0 (compatible; MSIE 6.0; Windows NT 4.0)"
81.113.95.97 - - [01/Aug/2005:05:50:50 -0800] "GET /index_files/lib.css HTTP/1.1" 200 2634 "http://photolab.elmer.uaf.edu/gallery/maps/mapg3270a.html" "Mozilla/4.0 (compatible; MSIE 6.0; Windows NT 4.0)"
217.41.42.190 - - [01/Aug/2005:05:50:50 -0800] "GET /store/people.html HTTP/1.1" 200 21075 "-" "Mozilla/4.0 (compatible; MSIE 6.0; Windows NT 5.1)"
217.41.42.190 - - [01/Aug/2005:05:50:51 -0800] "GET /index_files/store.css HTTP/1.1" 200 2756 "-" "Mozilla/4.0 (compatible; MSIE 6.0; Windows NT 5.1)"
81.113.95.97 - - [01/Aug/2005:05:50:50 -0800] "GET /index_files/title.jpg HTTP/1.1" 200 5438 "http://photolab.elmer.uaf.edu/gallery/maps/mapg3270a.html" "Mozilla/4.0 (compatible; MSIE 6.0; Windows NT 4.0)"
81.113.95.97 - - [01/Aug/2005:05:50:52 -0800] "GET /index_files/empty.gif HTTP/1.1" 200 45 "http://photolab.elmer.uaf.edu/gallery/maps/mapg3270a.html" "Mozilla/4.0 (compatible; MSIE 6.0; Windows NT 4.0)"
217.41.42.190 - - [01/Aug/2005:05:50:51 -0800] "GET /index_files/titlebrown.jpg HTTP/1.1" 200 5451 "-" "Mozilla/4.0 (compatible; MSIE 6.0; Windows NT 5.1)"
81.113.95.97 - - [01/Aug/2005:05:50:51 -0800] "GET /index_files/apr.jpg HTTP/1.1" 200 6015 "http://photolab.elmer.uaf.edu/gallery/maps/mapg3270a.html" "Mozilla/4.0 (compatible; MSIE 6.0; Windows NT 4.0)"
81.113.95.97 - - [01/Aug/2005:05:50:52 -0800] "GET /index_files/small.dps.jpg HTTP/1.1" 200 5830 "http://photolab.elmer.uaf.edu/gallery/maps/mapg3270a.html" "Mozilla/4.0 (compatible; MSIE 6.0; Windows NT 4.0)"
217.41.42.190 - - [01/Aug/2005:05:50:52 -0800] "GET /index_files/storetitle.gif HTTP/1.1" 200 14535 "-" "Mozilla/4.0 (compatible; MSIE 6.0; Windows NT 5.1)"
217.41.42.190 - - [01/Aug/2005:05:50:52 -0800] "GET /index_files/aprbrown.jpg HTTP/1.1" 200 5509 "-" "Mozilla/4.0 (compatible; MSIE 6.0; Windows NT 5.1)"
81.113.95.97 - - [01/Aug/2005:05:50:53 -0800] "GET /index_files/bar.gif HTTP/1.1" 200 342 "http://photolab.elmer.uaf.edu/gallery/maps/mapg3270a.html" "Mozilla/4.0 (compatible; MSIE 6.0; Windows NT 4.0)"
217.212.224.142 - - [01/Aug/2005:05:50:53 -0800] "GET /gallery/photos/19680041/1/pages/1968-0041-00187.htm HTTP/1.0" 200 1889 "-" "psbot/0.1 (+http://www.picsearch.com/bot.html)"
217.41.42.190 - - [01/Aug/2005:05:50:53 -0800] "GET /store/photos/largejpegs/(105)1989-0166-00522a.jpg HTTP/1.1" 200 101451 "-" "Mozilla/4.0 (compatible; MSIE 6.0; Windows NT 5.1)"
81.113.95.97 - - [01/Aug/2005:05:50:53 -0800] "GET /gallery/maps/G3200/large/G3270%20%5B1667_%5D%20B52.jpg HTTP/1.1" 200 342594 "http://images.google.it/imgres?imgurl=http://photolab.elmer.uaf.edu/gallery/maps/G3200/large/G3270%2520%255B1667_%255D%2520B52.jpg&imgrefurl=http://photolab.elmer.uaf.edu/gallery/maps/mapg3270a.html&h=1022&w=1200&sz=335&tbnid=yD_I4KAOk3EJ:&tbnh=127&tbnw=150&hl=it&prev=/images%3Fq%3Dpolo%2Bnorth%2Bmaps%26svnum%3D10%26hl%3Dit%26lr%3D&frame=small" "Mozilla/4.0 (compatible; MSIE 6.0; Windows NT 4.0)"
81.113.95.97 - - [01/Aug/2005:05:51:21 -0800] "GET /index_files/apr.jpg HTTP/1.1" 206 1919 "http://photolab.elmer.uaf.edu/gallery/maps/mapg3270a.html" "Mozilla/4.0 (compatible; MSIE 6.0; Windows NT 4.0)"
81.113.95.97 - - [01/Aug/2005:05:51:22 -0800] "GET /index_files/small.jpg HTTP/1.1" 200 2294 "http://photolab.elmer.uaf.edu/gallery/maps/mapg3270a.html" "Mozilla/4.0 (compatible; MSIE 6.0; Windows NT 4.0)"
81.113.95.97 - - [01/Aug/2005:05:51:22 -0800] "GET /index_files/small.dps.jpg HTTP/1.1" 200 5830 "http://photolab.elmer.uaf.edu/gallery/maps/mapg3270a.html" "Mozilla/4.0 (compatible; MSIE 6.0; Windows NT 4.0)"
81.113.95.97 - - [01/Aug/2005:05:51:22 -0800] "GET /index_files/small_002.jpg HTTP/1.1" 200 1351 "http://photolab.elmer.uaf.edu/gallery/maps/mapg3270a.html" "Mozilla/4.0 (compatible; MSIE 6.0; Windows NT 4.0)"
81.113.95.97 - - [01/Aug/2005:05:51:23 -0800] "GET /index_files/small_003.jpg HTTP/1.1" 200 1521 "http://photolab.elmer.uaf.edu/gallery/maps/mapg3270a.html" "Mozilla/4.0 (compatible; MSIE 6.0; Windows NT 4.0)"
81.113.95.97 - - [01/Aug/2005:05:51:23 -0800] "GET /gallery/maps/G3200/small/G3270%20%5B1600_%5D%20B87.jpg HTTP/1.1" 200 17323 "http://photolab.elmer.uaf.edu/gallery/maps/mapg3270a.html" "Mozilla/4.0 (compatible; MSIE 6.0; Windows NT 4.0)"
81.113.95.97 - - [01/Aug/2005:05:51:23 -0800] "GET /gallery/maps/G3200/small/G3271%20S12%20%5B1601%5D%20B79.jpg HTTP/1.1" 200 19484 "http://photolab.elmer.uaf.edu/gallery/maps/mapg3270a.html" "Mozilla/4.0 (compatible; MSIE 6.0; Windows NT 4.0)"
217.212.224.143 - - [01/Aug/2005:05:51:49 -0800] "GET /gallery/photos/19581026/15/index_8.html HTTP/1.0" 200 6945 "-" "psbot/0.1 (+http://www.picsearch.com/bot.html)"
217.212.224.146 - - [01/Aug/2005:05:52:46 -0800] "GET /gallery/photos/19581026/15/pages/1958-1026-01569.html HTTP/1.0" 200 1853 "-" "psbot/0.1 (+http://www.picsearch.com/bot.html)"
207.46.98.85 - - [01/Aug/2005:05:52:57 -0800] "GET /gallery/photos/19700058/4/index_2.html HTTP/1.0" 200 7241 "-" "msnbot/1.0 (+http://search.msn.com/msnbot.htm)"
217.212.224.147 - - [01/Aug/2005:05:53:44 -0800] "GET /gallery/photos/19581026/15/pages/1958-1026-01570.html HTTP/1.0" 200 1853 "-" "psbot/0.1 (+http://www.picsearch.com/bot.html)"
217.212.224.142 - - [01/Aug/2005:05:54:39 -0800] "GET /gallery/photos/19581026/15/pages/1958-1026-01571.html HTTP/1.0" 200 1853 "-" "psbot/0.1 (+http://www.picsearch.com/bot.html)"
207.46.98.85 - - [01/Aug/2005:05:54:59 -0800] "GET /gallery/photos/20030129/1/index_2.html HTTP/1.0" 200 7251 "-" "msnbot/1.0 (+http://search.msn.com/msnbot.htm)"
217.212.224.145 - - [01/Aug/2005:05:55:35 -0800] "GET /gallery/photos/19581026/15/pages/1958-1026-01572.html HTTP/1.0" 200 1853 "-" "psbot/0.1 (+http://www.picsearch.com/bot.html)"
217.212.224.145 - - [01/Aug/2005:05:56:31 -0800] "GET /gallery/photos/19680041/1/pages/1968-0041-00193.htm HTTP/1.0" 200 1889 "-" "psbot/0.1 (+http://www.picsearch.com/bot.html)"
38.118.73.250 - - [01/Aug/2005:05:57:11 -0800] "GET /35mm.html HTTP/1.0" 404 305 "-" "Dumbot(version 0.1 beta - http://www.dumbfind.com/dumbot.html)"
217.212.224.145 - - [01/Aug/2005:05:57:28 -0800] "GET /gallery/photos/19680041/1/pages/1968-0041-00194.htm HTTP/1.0" 200 1889 "-" "psbot/0.1 (+http://www.picsearch.com/bot.html)"
217.212.224.147 - - [01/Aug/2005:05:58:23 -0800] "GET /gallery/photos/19680041/1/pages/1968-0041-00195.htm HTTP/1.0" 200 1889 "-" "psbot/0.1 (+http://www.picsearch.com/bot.html)"
217.212.224.145 - - [01/Aug/2005:05:59:19 -0800] "GET /gallery/photos/19680041/1/pages/1968-0041-00196.htm HTTP/1.0" 200 1889 "-" "psbot/0.1 (+http://www.picsearch.com/bot.html)"
217.212.224.143 - - [01/Aug/2005:06:00:15 -0800] "GET /gallery/photos/19680041/1/pages/1968-0041-00197.htm HTTP/1.0" 200 1889 "-" "psbot/0.1 (+http://www.picsearch.com/bot.html)"
217.212.224.142 - - [01/Aug/2005:06:01:11 -0800] "GET /gallery/photos/19680041/1/pages/1968-0041-00198.htm HTTP/1.0" 200 1889 "-" "psbot/0.1 (+http://www.picsearch.com/bot.html)"
217.212.224.145 - - [01/Aug/2005:06:02:29 -0800] "GET /gallery/photos/19680041/1/pages/1968-0041-00199.htm HTTP/1.0" 200 1742 "-" "psbot/0.1 (+http://www.picsearch.com/bot.html)"
217.212.224.147 - - [01/Aug/2005:06:03:35 -0800] "GET /gallery/photos/19581026/15/index_9.html HTTP/1.0" 200 4484 "-" "psbot/0.1 (+http://www.picsearch.com/bot.html)"
217.212.224.146 - - [01/Aug/2005:06:04:30 -0800] "GET /gallery/photos/19581026/15/pages/1958-1026-01581.html HTTP/1.0" 200 1853 "-" "psbot/0.1 (+http://www.picsearch.com/bot.html)"
217.212.224.144 - - [01/Aug/2005:06:05:24 -0800] "GET /gallery/photos/19581026/15/pages/1958-1026-01582.html HTTP/1.0" 200 1853 "-" "psbot/0.1 (+http://www.picsearch.com/bot.html)"
217.212.224.143 - - [01/Aug/2005:06:06:19 -0800] "GET /gallery/photos/19581026/15/pages/1958-1026-01583.html HTTP/1.0" 200 1853 "-" "psbot/0.1 (+http://www.picsearch.com/bot.html)"
217.212.224.144 - - [01/Aug/2005:06:07:14 -0800] "GET /gallery/photos/19581026/15/pages/1958-1026-01584.html HTTP/1.0" 200 1853 "-" "psbot/0.1 (+http://www.picsearch.com/bot.html)"
217.212.224.142 - - [01/Aug/2005:06:08:09 -0800] "GET /gallery/photos/19581026/15/pages/1958-1026-01585.html HTTP/1.0" 200 1853 "-" "psbot/0.1 (+http://www.picsearch.com/bot.html)"
217.212.224.142 - - [01/Aug/2005:06:09:05 -0800] "GET /gallery/photos/19581026/15/pages/1958-1026-01586.html HTTP/1.0" 200 1853 "-" "psbot/0.1 (+http://www.picsearch.com/bot.html)"
217.212.224.143 - - [01/Aug/2005:06:10:02 -0800] "GET /gallery/photos/19581026/15/pages/1958-1026-01587.html HTTP/1.0" 200 1853 "-" "psbot/0.1 (+http://www.picsearch.com/bot.html)"
68.162.214.57 - - [01/Aug/2005:06:10:27 -0800] "GET /index_files/store.css HTTP/1.1" 200 2756 "http://photolab.elmer.uaf.edu/store/mining.html" "Mozilla/5.0 (Windows; U; Windows NT 5.1; rv:1.7.3) Gecko/20041001 Firefox/0.10.1"
68.162.214.57 - - [01/Aug/2005:06:10:27 -0800] "GET /store/mining.html HTTP/1.1" 200 16945 "http://images.google.com/imgres?imgurl=http://photolab.elmer.uaf.edu/store/photos/largejpegs/(025)1958-1026-01474.jpg&imgrefurl=http://photolab.elmer.uaf.edu/store/mining.html&h=779&w=1000&sz=322&tbnid=MwIr2KJ2lEMJ:&tbnh=116&tbnw=149&hl=en&start=5&prev=/images%3Fq%3Dking%2Bsolomon%2Bhill%26svnum%3D10%26hl%3Den%26lr%3D%26sa%3DG" "Mozilla/5.0 (Windows; U; Windows NT 5.1; rv:1.7.3) Gecko/20041001 Firefox/0.10.1"
68.162.214.57 - - [01/Aug/2005:06:10:28 -0800] "GET /index_files/titlebrown.jpg HTTP/1.1" 200 5451 "http://photolab.elmer.uaf.edu/store/mining.html" "Mozilla/5.0 (Windows; U; Windows NT 5.1; rv:1.7.3) Gecko/20041001 Firefox/0.10.1"
68.162.214.57 - - [01/Aug/2005:06:10:28 -0800] "GET /index_files/aprbrown.jpg HTTP/1.1" 200 5509 "http://photolab.elmer.uaf.edu/store/mining.html" "Mozilla/5.0 (Windows; U; Windows NT 5.1; rv:1.7.3) Gecko/20041001 Firefox/0.10.1"
68.162.214.57 - - [01/Aug/2005:06:10:28 -0800] "GET /index_files/menubar.gif HTTP/1.1" 200 2913 "http://photolab.elmer.uaf.edu/store/mining.html" "Mozilla/5.0 (Windows; U; Windows NT 5.1; rv:1.7.3) Gecko/20041001 Firefox/0.10.1"
68.162.214.57 - - [01/Aug/2005:06:10:28 -0800] "GET /index_files/storetitle.gif HTTP/1.1" 200 14535 "http://photolab.elmer.uaf.edu/store/mining.html" "Mozilla/5.0 (Windows; U; Windows NT 5.1; rv:1.7.3) Gecko/20041001 Firefox/0.10.1"
68.162.214.57 - - [01/Aug/2005:06:10:28 -0800] "GET /store/photos/smalljpegs/(001)1958-1026-01101.jpg HTTP/1.1" 200 26793 "http://photolab.elmer.uaf.edu/store/mining.html" "Mozilla/5.0 (Windows; U; Windows NT 5.1; rv:1.7.3) Gecko/20041001 Firefox/0.10.1"
68.162.214.57 - - [01/Aug/2005:06:10:28 -0800] "GET /store/photos/smalljpegs/(005)1958-1026-01479.jpg HTTP/1.1" 200 40549 "http://photolab.elmer.uaf.edu/store/mining.html" "Mozilla/5.0 (Windows; U; Windows NT 5.1; rv:1.7.3) Gecko/20041001 Firefox/0.10.1"
68.162.214.57 - - [01/Aug/2005:06:10:29 -0800] "GET /store/photos/smalljpegs/(006)1970-0058-00507.jpg HTTP/1.1" 200 34057 "http://photolab.elmer.uaf.edu/store/mining.html" "Mozilla/5.0 (Windows; U; Windows NT 5.1; rv:1.7.3) Gecko/20041001 Firefox/0.10.1"
68.162.214.57 - - [01/Aug/2005:06:10:30 -0800] "GET /store/photos/smalljpegs/(008)1973-0079-00046.jpg HTTP/1.1" 200 37907 "http://photolab.elmer.uaf.edu/store/mining.html" "Mozilla/5.0 (Windows; U; Windows NT 5.1; rv:1.7.3) Gecko/20041001 Firefox/0.10.1"
68.162.214.57 - - [01/Aug/2005:06:10:30 -0800] "GET /store/photos/smalljpegs/(016)1989-0166-00635.jpg HTTP/1.1" 200 33629 "http://photolab.elmer.uaf.edu/store/mining.html" "Mozilla/5.0 (Windows; U; Windows NT 5.1; rv:1.7.3) Gecko/20041001 Firefox/0.10.1"
68.162.214.57 - - [01/Aug/2005:06:10:31 -0800] "GET /store/photos/smalljpegs/(025)1958-1026-01474.jpg HTTP/1.1" 200 43131 "http://photolab.elmer.uaf.edu/store/mining.html" "Mozilla/5.0 (Windows; U; Windows NT 5.1; rv:1.7.3) Gecko/20041001 Firefox/0.10.1"
68.162.214.57 - - [01/Aug/2005:06:10:32 -0800] "GET /store/photos/smalljpegs/(027)1968-0069-01547.jpg HTTP/1.1" 200 34349 "http://photolab.elmer.uaf.edu/store/mining.html" "Mozilla/5.0 (Windows; U; Windows NT 5.1; rv:1.7.3) Gecko/20041001 Firefox/0.10.1"
68.162.214.57 - - [01/Aug/2005:06:10:34 -0800] "GET /store/photos/smalljpegs/(025)1958-1026-01474.jpg HTTP/1.1" 206 22651 "http://photolab.elmer.uaf.edu/store/mining.html" "Mozilla/5.0 (Windows; U; Windows NT 5.1; rv:1.7.3) Gecko/20041001 Firefox/0.10.1"
68.162.214.57 - - [01/Aug/2005:06:10:34 -0800] "GET /store/photos/smalljpegs/(027)1968-0069-01547.jpg HTTP/1.1" 200 34349 "http://photolab.elmer.uaf.edu/store/mining.html" "Mozilla/5.0 (Windows; U; Windows NT 5.1; rv:1.7.3) Gecko/20041001 Firefox/0.10.1"
68.162.214.57 - - [01/Aug/2005:06:10:35 -0800] "GET /store/photos/smalljpegs/(028)896-036.jpg HTTP/1.1" 200 30336 "http://photolab.elmer.uaf.edu/store/mining.html" "Mozilla/5.0 (Windows; U; Windows NT 5.1; rv:1.7.3) Gecko/20041001 Firefox/0.10.1"
68.162.214.57 - - [01/Aug/2005:06:10:35 -0800] "GET /store/photos/smalljpegs/(030)1958-1026-01546.jpg HTTP/1.1" 200 32796 "http://photolab.elmer.uaf.edu/store/mining.html" "Mozilla/5.0 (Windows; U; Windows NT 5.1; rv:1.7.3) Gecko/20041001 Firefox/0.10.1"
68.162.214.57 - - [01/Aug/2005:06:10:36 -0800] "GET /store/photos/smalljpegs/(032)1964-0098-02647.jpg HTTP/1.1" 200 29805 "http://photolab.elmer.uaf.edu/store/mining.html" "Mozilla/5.0 (Windows; U; Windows NT 5.1; rv:1.7.3) Gecko/20041001 Firefox/0.10.1"
68.162.214.57 - - [01/Aug/2005:06:10:36 -0800] "GET /store/photos/smalljpegs/(045)1989-0166-00025.jpg HTTP/1.1" 200 40740 "http://photolab.elmer.uaf.edu/store/mining.html" "Mozilla/5.0 (Windows; U; Windows NT 5.1; rv:1.7.3) Gecko/20041001 Firefox/0.10.1"
68.162.214.57 - - [01/Aug/2005:06:10:37 -0800] "GET /store/photos/smalljpegs/(051)1981-0107-00008.jpg HTTP/1.1" 200 33523 "http://photolab.elmer.uaf.edu/store/mining.html" "Mozilla/5.0 (Windows; U; Windows NT 5.1; rv:1.7.3) Gecko/20041001 Firefox/0.10.1"
68.162.214.57 - - [01/Aug/2005:06:10:38 -0800] "GET /store/photos/smalljpegs/(072)1975-0084-02715.jpg HTTP/1.1" 200 33859 "http://photolab.elmer.uaf.edu/store/mining.html" "Mozilla/5.0 (Windows; U; Windows NT 5.1; rv:1.7.3) Gecko/20041001 Firefox/0.10.1"
68.162.214.57 - - [01/Aug/2005:06:10:37 -0800] "GET /store/photos/smalljpegs/(062)1973-0050-00013.jpg HTTP/1.1" 200 39979 "http://photolab.elmer.uaf.edu/store/mining.html" "Mozilla/5.0 (Windows; U; Windows NT 5.1; rv:1.7.3) Gecko/20041001 Firefox/0.10.1"
68.162.214.57 - - [01/Aug/2005:06:10:38 -0800] "GET /store/photos/largejpegs/(005)1958-1026-01479.jpg HTTP/1.1" 200 208250 "http://photolab.elmer.uaf.edu/store/mining.html" "Mozilla/5.0 (Windows; U; Windows NT 5.1; rv:1.7.3) Gecko/20041001 Firefox/0.10.1"
68.162.214.57 - - [01/Aug/2005:06:10:45 -0800] "GET /store/photos/smalljpegs/(062)1973-0050-00013.jpg HTTP/1.1" 206 15403 "http://photolab.elmer.uaf.edu/store/mining.html" "Mozilla/5.0 (Windows; U; Windows NT 5.1; rv:1.7.3) Gecko/20041001 Firefox/0.10.1"
68.162.214.57 - - [01/Aug/2005:06:10:45 -0800] "GET /store/photos/smalljpegs/(072)1975-0084-02715.jpg HTTP/1.1" 200 33859 "http://photolab.elmer.uaf.edu/store/mining.html" "Mozilla/5.0 (Windows; U; Windows NT 5.1; rv:1.7.3) Gecko/20041001 Firefox/0.10.1"
68.162.214.57 - - [01/Aug/2005:06:10:45 -0800] "GET /store/photos/smalljpegs/(098)1989-0166-00658.jpg HTTP/1.1" 200 31045 "http://photolab.elmer.uaf.edu/store/mining.html" "Mozilla/5.0 (Windows; U; Windows NT 5.1; rv:1.7.3) Gecko/20041001 Firefox/0.10.1"
68.162.214.57 - - [01/Aug/2005:06:10:46 -0800] "GET /store/photos/smalljpegs/(125)1968-0069-01325.jpg HTTP/1.1" 200 33514 "http://photolab.elmer.uaf.edu/store/mining.html" "Mozilla/5.0 (Windows; U; Windows NT 5.1; rv:1.7.3) Gecko/20041001 Firefox/0.10.1"
68.162.214.57 - - [01/Aug/2005:06:10:46 -0800] "GET /store/photos/smalljpegs/(133)1989-0166-00004.jpg HTTP/1.1" 200 36226 "http://photolab.elmer.uaf.edu/store/mining.html" "Mozilla/5.0 (Windows; U; Windows NT 5.1; rv:1.7.3) Gecko/20041001 Firefox/0.10.1"
68.162.214.57 - - [01/Aug/2005:06:10:47 -0800] "GET /store/photos/smalljpegs/(146)1966-0054-00051.jpg HTTP/1.1" 200 27693 "http://photolab.elmer.uaf.edu/store/mining.html" "Mozilla/5.0 (Windows; U; Windows NT 5.1; rv:1.7.3) Gecko/20041001 Firefox/0.10.1"
68.162.214.57 - - [01/Aug/2005:06:10:48 -0800] "GET /index_files/bluebear.gif HTTP/1.1" 200 1263 "http://photolab.elmer.uaf.edu/store/mining.html" "Mozilla/5.0 (Windows; U; Windows NT 5.1; rv:1.7.3) Gecko/20041001 Firefox/0.10.1"
68.162.214.57 - - [01/Aug/2005:06:10:47 -0800] "GET /store/photos/smalljpegs/(175)1979-0093-00266.jpg HTTP/1.1" 200 32874 "http://photolab.elmer.uaf.edu/store/mining.html" "Mozilla/5.0 (Windows; U; Windows NT 5.1; rv:1.7.3) Gecko/20041001 Firefox/0.10.1"
68.162.214.57 - - [01/Aug/2005:06:10:48 -0800] "GET /index_files/sitemap.gif HTTP/1.1" 200 1503 "http://photolab.elmer.uaf.edu/store/mining.html" "Mozilla/5.0 (Windows; U; Windows NT 5.1; rv:1.7.3) Gecko/20041001 Firefox/0.10.1"
217.212.224.143 - - [01/Aug/2005:06:12:41 -0800] "GET /gallery/photos/19581026/15/pages/1958-1026-01588.html HTTP/1.0" 200 1853 "-" "psbot/0.1 (+http://www.picsearch.com/bot.html)"
211.26.111.27 - - [01/Aug/2005:06:13:13 -0800] "GET /index_files/store.css HTTP/1.1" 200 2756 "http://photolab.elmer.uaf.edu/store/people.html" "Mozilla/4.0 (compatible; MSIE 6.0; Windows NT 5.0)"
211.26.111.27 - - [01/Aug/2005:06:13:11 -0800] "GET /store/people.html HTTP/1.1" 200 21075 "http://images.google.com.au/imgres?imgurl=http://photolab.elmer.uaf.edu/store/photos/largejpegs/(105)1989-0166-00522a.jpg&imgrefurl=http://photolab.elmer.uaf.edu/store/people.html&h=692&w=1000&sz=100&tbnid=mRifvhDN3-gJ:&tbnh=103&tbnw=149&hl=en&start=17&prev=/images%3Fq%3Dold%2Bportraits%26svnum%3D10%26hl%3Den%26lr%3D" "Mozilla/4.0 (compatible; MSIE 6.0; Windows NT 5.0)"
211.26.111.27 - - [01/Aug/2005:06:13:15 -0800] "GET /index_files/titlebrown.jpg HTTP/1.1" 200 5451 "http://photolab.elmer.uaf.edu/store/people.html" "Mozilla/4.0 (compatible; MSIE 6.0; Windows NT 5.0)"
211.26.111.27 - - [01/Aug/2005:06:13:16 -0800] "GET /index_files/storetitle.gif HTTP/1.1" 200 14535 "http://photolab.elmer.uaf.edu/store/people.html" "Mozilla/4.0 (compatible; MSIE 6.0; Windows NT 5.0)"
211.26.111.27 - - [01/Aug/2005:06:13:17 -0800] "GET /index_files/aprbrown.jpg HTTP/1.1" 200 5509 "http://photolab.elmer.uaf.edu/store/people.html" "Mozilla/4.0 (compatible; MSIE 6.0; Windows NT 5.0)"
211.26.111.27 - - [01/Aug/2005:06:13:19 -0800] "GET /index_files/menubar.gif HTTP/1.1" 200 2913 "http://photolab.elmer.uaf.edu/store/people.html" "Mozilla/4.0 (compatible; MSIE 6.0; Windows NT 5.0)"
211.26.111.27 - - [01/Aug/2005:06:13:20 -0800] "GET /store/photos/smalljpegs/(007)1972-0071-03234.jpg HTTP/1.1" 200 32052 "http://photolab.elmer.uaf.edu/store/people.html" "Mozilla/4.0 (compatible; MSIE 6.0; Windows NT 5.0)"
211.26.111.27 - - [01/Aug/2005:06:13:20 -0800] "GET /store/photos/smalljpegs/(009)1975-0146-00003.jpg HTTP/1.1" 200 35453 "http://photolab.elmer.uaf.edu/store/people.html" "Mozilla/4.0 (compatible; MSIE 6.0; Windows NT 5.0)"
211.26.111.27 - - [01/Aug/2005:06:13:28 -0800] "GET /store/photos/smalljpegs/(024)1972-0116-00334.jpg HTTP/1.1" 200 29908 "http://photolab.elmer.uaf.edu/store/people.html" "Mozilla/4.0 (compatible; MSIE 6.0; Windows NT 5.0)"
217.212.224.142 - - [01/Aug/2005:06:13:35 -0800] "GET /gallery/photos/19581026/15/pages/1958-1026-01589.html HTTP/1.0" 200 1853 "-" "psbot/0.1 (+http://www.picsearch.com/bot.html)"
211.26.111.27 - - [01/Aug/2005:06:13:26 -0800] "GET /store/photos/smalljpegs/(012)1989-0166-00375.jpg HTTP/1.1" 200 41883 "http://photolab.elmer.uaf.edu/store/people.html" "Mozilla/4.0 (compatible; MSIE 6.0; Windows NT 5.0)"
211.26.111.27 - - [01/Aug/2005:06:13:35 -0800] "GET /store/photos/smalljpegs/(026)1997-0165-00010.jpg HTTP/1.1" 200 26695 "http://photolab.elmer.uaf.edu/store/people.html" "Mozilla/4.0 (compatible; MSIE 6.0; Windows NT 5.0)"
211.26.111.27 - - [01/Aug/2005:06:13:36 -0800] "GET /store/photos/smalljpegs/(040)1958-1026-01700.jpg HTTP/1.1" 200 30523 "http://photolab.elmer.uaf.edu/store/people.html" "Mozilla/4.0 (compatible; MSIE 6.0; Windows NT 5.0)"
211.26.111.27 - - [01/Aug/2005:06:13:38 -0800] "GET /store/photos/smalljpegs/(069)1976-0092-00075.jpg HTTP/1.1" 200 25519 "http://photolab.elmer.uaf.edu/store/people.html" "Mozilla/4.0 (compatible; MSIE 6.0; Windows NT 5.0)"
211.26.111.27 - - [01/Aug/2005:06:13:38 -0800] "GET /store/photos/smalljpegs/(055)1966-0054-00104.jpg HTTP/1.1" 200 35929 "http://photolab.elmer.uaf.edu/store/people.html" "Mozilla/4.0 (compatible; MSIE 6.0; Windows NT 5.0)"
211.26.111.27 - - [01/Aug/2005:06:13:41 -0800] "GET /store/photos/smalljpegs/(073)2000-0176-00106a.jpg HTTP/1.1" 200 39020 "http://photolab.elmer.uaf.edu/store/people.html" "Mozilla/4.0 (compatible; MSIE 6.0; Windows NT 5.0)"
211.26.111.27 - - [01/Aug/2005:06:13:41 -0800] "GET /store/photos/largejpegs/(105)1989-0166-00522a.jpg HTTP/1.1" 200 101451 "http://images.google.com.au/imgres?imgurl=http://photolab.elmer.uaf.edu/store/photos/largejpegs/(105)1989-0166-00522a.jpg&imgrefurl=http://photolab.elmer.uaf.edu/store/people.html&h=692&w=1000&sz=100&tbnid=mRifvhDN3-gJ:&tbnh=103&tbnw=149&hl=en&prev=/images%3Fq%3Dold%2Bportraits%26svnum%3D10%26hl%3Den%26lr%3D&frame=small" "Mozilla/4.0 (compatible; MSIE 6.0; Windows NT 5.0)"
217.212.224.146 - - [01/Aug/2005:06:14:29 -0800] "GET /gallery/photos/19581026/15/pages/1958-1026-01593.html HTTP/1.0" 200 1853 "-" "psbot/0.1 (+http://www.picsearch.com/bot.html)"
217.212.224.142 - - [01/Aug/2005:06:15:24 -0800] "GET /gallery/photos/19581026/15/pages/1958-1026-01594.html HTTP/1.0" 200 1853 "-" "psbot/0.1 (+http://www.picsearch.com/bot.html)"
217.212.224.146 - - [01/Aug/2005:06:16:19 -0800] "GET /gallery/photos/19581026/15/pages/1958-1026-01595.html HTTP/1.0" 200 1853 "-" "psbot/0.1 (+http://www.picsearch.com/bot.html)"
217.212.224.143 - - [01/Aug/2005:06:17:13 -0800] "GET /gallery/photos/19581026/15/pages/1958-1026-01596.html HTTP/1.0" 200 1854 "-" "psbot/0.1 (+http://www.picsearch.com/bot.html)"
217.212.224.142 - - [01/Aug/2005:06:18:08 -0800] "GET /gallery/photos/19581026/15/pages/1958-1026-01597.html HTTP/1.0" 200 1854 "-" "psbot/0.1 (+http://www.picsearch.com/bot.html)"
217.212.224.142 - - [01/Aug/2005:06:19:04 -0800] "GET /gallery/photos/19581026/15/pages/1958-1026-01598.html HTTP/1.0" 200 1854 "-" "psbot/0.1 (+http://www.picsearch.com/bot.html)"
66.131.11.13 - - [01/Aug/2005:06:19:36 -0800] "GET /store/photos/largejpegs/(105)1989-0166-00522a.jpg HTTP/1.1" 200 101451 "http://514wrestling.com/forums/index.php?showtopic=3779" "Mozilla/4.0 (compatible; MSIE 6.0; Windows NT 5.1; SV1; .NET CLR 1.1.4322)"
217.212.224.142 - - [01/Aug/2005:06:19:58 -0800] "GET /gallery/photos/19581026/15/pages/1958-1026-01599.html HTTP/1.0" 200 1706 "-" "psbot/0.1 (+http://www.picsearch.com/bot.html)"
164.64.223.119 - - [01/Aug/2005:06:30:47 -0800] "GET /gallery HTTP/1.1" 301 344 "http://www.uaf.edu/library/apr/manuscripts.html" "Mozilla/4.0 (compatible; MSIE 5.5; Windows NT 5.0)"
164.64.223.119 - - [01/Aug/2005:06:30:47 -0800] "GET /gallery/ HTTP/1.1" 200 7271 "http://www.uaf.edu/library/apr/manuscripts.html" "Mozilla/4.0 (compatible; MSIE 5.5; Windows NT 5.0)"
164.64.223.119 - - [01/Aug/2005:06:30:47 -0800] "GET /index_files/empty.gif HTTP/1.1" 200 45 "http://photolab.elmer.uaf.edu/gallery/" "Mozilla/4.0 (compatible; MSIE 5.5; Windows NT 5.0)"
164.64.223.119 - - [01/Aug/2005:06:30:47 -0800] "GET /index_files/small.dps.jpg HTTP/1.1" 200 5830 "http://photolab.elmer.uaf.edu/gallery/" "Mozilla/4.0 (compatible; MSIE 5.5; Windows NT 5.0)"
164.64.223.119 - - [01/Aug/2005:06:30:47 -0800] "GET /index_files/small.jpg HTTP/1.1" 200 2294 "http://photolab.elmer.uaf.edu/gallery/" "Mozilla/4.0 (compatible; MSIE 5.5; Windows NT 5.0)"
164.64.223.119 - - [01/Aug/2005:06:30:48 -0800] "GET /index_files/lib.css HTTP/1.1" 200 2634 "http://photolab.elmer.uaf.edu/gallery/" "Mozilla/4.0 (compatible; MSIE 5.5; Windows NT 5.0)"
164.64.223.119 - - [01/Aug/2005:06:30:48 -0800] "GET /index_files/apr.jpg HTTP/1.1" 200 6015 "http://photolab.elmer.uaf.edu/gallery/" "Mozilla/4.0 (compatible; MSIE 5.5; Windows NT 5.0)"
164.64.223.119 - - [01/Aug/2005:06:30:48 -0800] "GET /index_files/title.jpg HTTP/1.1" 200 5438 "http://photolab.elmer.uaf.edu/gallery/" "Mozilla/4.0 (compatible; MSIE 5.5; Windows NT 5.0)"
164.64.223.119 - - [01/Aug/2005:06:30:48 -0800] "GET /index_files/small_002.jpg HTTP/1.1" 200 1351 "http://photolab.elmer.uaf.edu/gallery/" "Mozilla/4.0 (compatible; MSIE 5.5; Windows NT 5.0)"
164.64.223.119 - - [01/Aug/2005:06:30:48 -0800] "GET /index_files/small_003.jpg HTTP/1.1" 200 1521 "http://photolab.elmer.uaf.edu/gallery/" "Mozilla/4.0 (compatible; MSIE 5.5; Windows NT 5.0)"
164.64.223.119 - - [01/Aug/2005:06:30:48 -0800] "GET /index_files/new01.gif HTTP/1.1" 200 1016 "http://photolab.elmer.uaf.edu/gallery/" "Mozilla/4.0 (compatible; MSIE 5.5; Windows NT 5.0)"
164.64.223.119 - - [01/Aug/2005:06:30:48 -0800] "GET /index_files/bluebear.gif HTTP/1.1" 200 1263 "http://photolab.elmer.uaf.edu/gallery/" "Mozilla/4.0 (compatible; MSIE 5.5; Windows NT 5.0)"
164.64.223.119 - - [01/Aug/2005:06:30:48 -0800] "GET /index_files/sitemap.gif HTTP/1.1" 200 1503 "http://photolab.elmer.uaf.edu/gallery/" "Mozilla/4.0 (compatible; MSIE 5.5; Windows NT 5.0)"
164.64.223.119 - - [01/Aug/2005:06:30:48 -0800] "GET /index_files/bar.gif HTTP/1.1" 200 342 "http://photolab.elmer.uaf.edu/gallery/" "Mozilla/4.0 (compatible; MSIE 5.5; Windows NT 5.0)"
164.64.223.119 - - [01/Aug/2005:06:30:51 -0800] "GET /gallery/photogallery.html HTTP/1.1" 200 39727 "http://photolab.elmer.uaf.edu/gallery/" "Mozilla/4.0 (compatible; MSIE 5.5; Windows NT 5.0)"
164.64.223.119 - - [01/Aug/2005:06:30:58 -0800] "GET /gallery/photos/19581026/22 HTTP/1.1" 301 363 "http://photolab.elmer.uaf.edu/gallery/photogallery.html" "Mozilla/4.0 (compatible; MSIE 5.5; Windows NT 5.0)"
164.64.223.119 - - [01/Aug/2005:06:30:58 -0800] "GET /gallery/photos/19581026/22/ HTTP/1.1" 200 7066 "http://photolab.elmer.uaf.edu/gallery/photogallery.html" "Mozilla/4.0 (compatible; MSIE 5.5; Windows NT 5.0)"
164.64.223.119 - - [01/Aug/2005:06:30:58 -0800] "GET /gallery/photos/19581026/22/thumbnails/1958-1026-02201.jpg HTTP/1.1" 200 7380 "http://photolab.elmer.uaf.edu/gallery/photos/19581026/22/" "Mozilla/4.0 (compatible; MSIE 5.5; Windows NT 5.0)"
164.64.223.119 - - [01/Aug/2005:06:30:58 -0800] "GET /gallery/photos/19581026/22/thumbnails/1958-1026-02202.jpg HTTP/1.1" 200 6491 "http://photolab.elmer.uaf.edu/gallery/photos/19581026/22/" "Mozilla/4.0 (compatible; MSIE 5.5; Windows NT 5.0)"
164.64.223.119 - - [01/Aug/2005:06:30:58 -0800] "GET /gallery/photos/19581026/22/thumbnails/1958-1026-02203.jpg HTTP/1.1" 200 5874 "http://photolab.elmer.uaf.edu/gallery/photos/19581026/22/" "Mozilla/4.0 (compatible; MSIE 5.5; Windows NT 5.0)"
164.64.223.119 - - [01/Aug/2005:06:30:58 -0800] "GET /gallery/photos/19581026/22/thumbnails/1958-1026-02204.jpg HTTP/1.1" 200 7479 "http://photolab.elmer.uaf.edu/gallery/photos/19581026/22/" "Mozilla/4.0 (compatible; MSIE 5.5; Windows NT 5.0)"
164.64.223.119 - - [01/Aug/2005:06:30:58 -0800] "GET /gallery/photos/19581026/22/images/next.gif HTTP/1.1" 200 270 "http://photolab.elmer.uaf.edu/gallery/photos/19581026/22/" "Mozilla/4.0 (compatible; MSIE 5.5; Windows NT 5.0)"
164.64.223.119 - - [01/Aug/2005:06:30:58 -0800] "GET /gallery/photos/19581026/22/thumbnails/1958-1026-02200.jpg HTTP/1.1" 200 5469 "http://photolab.elmer.uaf.edu/gallery/photos/19581026/22/" "Mozilla/4.0 (compatible; MSIE 5.5; Windows NT 5.0)"
164.64.223.119 - - [01/Aug/2005:06:30:59 -0800] "GET /gallery/photos/19581026/22/thumbnails/1958-1026-02206.jpg HTTP/1.1" 200 5997 "http://photolab.elmer.uaf.edu/gallery/photos/19581026/22/" "Mozilla/4.0 (compatible; MSIE 5.5; Windows NT 5.0)"
164.64.223.119 - - [01/Aug/2005:06:30:59 -0800] "GET /gallery/photos/19581026/22/thumbnails/1958-1026-02205.jpg HTTP/1.1" 200 4607 "http://photolab.elmer.uaf.edu/gallery/photos/19581026/22/" "Mozilla/4.0 (compatible; MSIE 5.5; Windows NT 5.0)"
164.64.223.119 - - [01/Aug/2005:06:30:59 -0800] "GET /gallery/photos/19581026/22/thumbnails/1958-1026-02207.jpg HTTP/1.1" 200 6959 "http://photolab.elmer.uaf.edu/gallery/photos/19581026/22/" "Mozilla/4.0 (compatible; MSIE 5.5; Windows NT 5.0)"
164.64.223.119 - - [01/Aug/2005:06:30:59 -0800] "GET /gallery/photos/19581026/22/thumbnails/1958-1026-02208.jpg HTTP/1.1" 200 6753 "http://photolab.elmer.uaf.edu/gallery/photos/19581026/22/" "Mozilla/4.0 (compatible; MSIE 5.5; Windows NT 5.0)"
