199.126.244.139 - - [16/Jul/2005:12:08:38 -0800] "GET /store/photos/largejpegs/(074)1968-0012-00009.jpg HTTP/1.1" 200 163566 "http://photolab.elmer.uaf.edu/store/alaskanatives.html" "Mozilla/4.0 (compatible; MSIE 6.0; Windows NT 5.1; SV1; .NET CLR 1.1.4322)"
199.126.244.139 - - [16/Jul/2005:12:08:57 -0800] "GET /store/photos/largejpegs/(040)1958-1026-01700.jpg HTTP/1.1" 200 138785 "http://photolab.elmer.uaf.edu/store/alaskanatives.html" "Mozilla/4.0 (compatible; MSIE 6.0; Windows NT 5.1; SV1; .NET CLR 1.1.4322)"
66.151.181.12 - - [16/Jul/2005:12:09:23 -0800] "GET /gallery/photos/20040014/1/pages/2004-0014-00178.html HTTP/1.1" 200 1866 "http://photolab.elmer.uaf.edu/gallery/photos/20040014/1/index_7.html" "FAST MetaWeb Crawler (helpdesk at fastsearch dot com)"
66.151.181.12 - - [16/Jul/2005:12:10:23 -0800] "GET /gallery/photos/20040014/1/pages/2004-0014-00179.html HTTP/1.1" 200 1866 "http://photolab.elmer.uaf.edu/gallery/photos/20040014/1/index_7.html" "FAST MetaWeb Crawler (helpdesk at fastsearch dot com)"
66.151.181.12 - - [16/Jul/2005:12:11:23 -0800] "GET /gallery/photos/20040014/1/pages/2004-0014-00180.html HTTP/1.1" 200 1866 "http://photolab.elmer.uaf.edu/gallery/photos/20040014/1/index_7.html" "FAST MetaWeb Crawler (helpdesk at fastsearch dot com)"
66.151.181.12 - - [16/Jul/2005:12:13:08 -0800] "GET /gallery/photos/20040014/1/pages/2004-0014-00181.html HTTP/1.1" 200 1866 "http://photolab.elmer.uaf.edu/gallery/photos/20040014/1/index_7.html" "FAST MetaWeb Crawler (helpdesk at fastsearch dot com)"
66.151.181.12 - - [16/Jul/2005:12:13:26 -0800] "GET /gallery/photos/20040014/1/pages/2004-0014-00182.html HTTP/1.1" 200 1866 "http://photolab.elmer.uaf.edu/gallery/photos/20040014/1/index_7.html" "FAST MetaWeb Crawler (helpdesk at fastsearch dot com)"
68.142.250.19 - - [16/Jul/2005:12:14:09 -0800] "GET /gallery/19990293/2 HTTP/1.0" 404 314 "-" "Mozilla/5.0 (compatible; Yahoo! Slurp; http://help.yahoo.com/help/us/ysearch/slurp)"
66.151.181.12 - - [16/Jul/2005:12:14:44 -0800] "GET /gallery/photos/20040026/index_6.html HTTP/1.1" 200 6954 "http://photolab.elmer.uaf.edu/gallery/photos/20040026/index_5.html" "FAST MetaWeb Crawler (helpdesk at fastsearch dot com)"
66.151.181.12 - - [16/Jul/2005:12:15:32 -0800] "GET /gallery/photos/20040026/pages/2004-0026-00051.html HTTP/1.1" 200 1862 "http://photolab.elmer.uaf.edu/gallery/photos/20040026/index_5.html" "FAST MetaWeb Crawler (helpdesk at fastsearch dot com)"
66.151.181.12 - - [16/Jul/2005:12:16:26 -0800] "GET /gallery/photos/20040026/pages/2004-0026-00052.html HTTP/1.1" 200 1862 "http://photolab.elmer.uaf.edu/gallery/photos/20040026/index_5.html" "FAST MetaWeb Crawler (helpdesk at fastsearch dot com)"
66.151.181.12 - - [16/Jul/2005:12:17:24 -0800] "GET /gallery/photos/20040026/pages/2004-0026-00053.html HTTP/1.1" 200 1862 "http://photolab.elmer.uaf.edu/gallery/photos/20040026/index_5.html" "FAST MetaWeb Crawler (helpdesk at fastsearch dot com)"
66.151.181.12 - - [16/Jul/2005:12:18:23 -0800] "GET /gallery/photos/20040026/pages/2004-0026-00054.html HTTP/1.1" 200 1862 "http://photolab.elmer.uaf.edu/gallery/photos/20040026/index_5.html" "FAST MetaWeb Crawler (helpdesk at fastsearch dot com)"
68.39.209.32 - - [16/Jul/2005:12:22:16 -0800] "GET /store/photos/largejpegs/(105)1989-0166-00522a.jpg HTTP/1.1" 200 101451 "http://profile.myspace.com/index.cfm?fuseaction=user.viewProfile&friendID=9831514&Mytoken=20050716131900" "Mozilla/4.0 (compatible; MSIE 6.0; Windows NT 5.1; SV1; .NET CLR 1.1.4322)"
66.151.181.12 - - [16/Jul/2005:12:22:53 -0800] "GET /gallery/photos/20040026/pages/2004-0026-00055.html HTTP/1.1" 200 1862 "http://photolab.elmer.uaf.edu/gallery/photos/20040026/index_5.html" "FAST MetaWeb Crawler (helpdesk at fastsearch dot com)"
66.151.181.12 - - [16/Jul/2005:12:23:32 -0800] "GET /gallery/photos/20040026/pages/2004-0026-00056.html HTTP/1.1" 200 1862 "http://photolab.elmer.uaf.edu/gallery/photos/20040026/index_5.html" "FAST MetaWeb Crawler (helpdesk at fastsearch dot com)"
66.151.181.12 - - [16/Jul/2005:12:24:35 -0800] "GET /gallery/photos/20040026/pages/2004-0026-00057.html HTTP/1.1" 200 1862 "http://photolab.elmer.uaf.edu/gallery/photos/20040026/index_5.html" "FAST MetaWeb Crawler (helpdesk at fastsearch dot com)"
66.151.181.12 - - [16/Jul/2005:12:25:32 -0800] "GET /gallery/photos/20040026/pages/2004-0026-00058.html HTTP/1.1" 200 1862 "http://photolab.elmer.uaf.edu/gallery/photos/20040026/index_5.html" "FAST MetaWeb Crawler (helpdesk at fastsearch dot com)"
66.151.181.12 - - [16/Jul/2005:12:28:05 -0800] "GET /gallery/photos/20040026/pages/2004-0026-00059.html HTTP/1.1" 200 1862 "http://photolab.elmer.uaf.edu/gallery/photos/20040026/index_5.html" "FAST MetaWeb Crawler (helpdesk at fastsearch dot com)"
66.151.181.12 - - [16/Jul/2005:12:28:27 -0800] "GET /gallery/photos/20040026/pages/2004-0026-00060.html HTTP/1.1" 200 1862 "http://photolab.elmer.uaf.edu/gallery/photos/20040026/index_5.html" "FAST MetaWeb Crawler (helpdesk at fastsearch dot com)"
66.151.181.12 - - [16/Jul/2005:12:29:51 -0800] "GET /gallery/photos/20040066/0/index_8.html HTTP/1.1" 200 7229 "http://photolab.elmer.uaf.edu/gallery/photos/20040066/0/index_7.html" "FAST MetaWeb Crawler (helpdesk at fastsearch dot com)"
24.19.4.231 - - [16/Jul/2005:12:30:05 -0800] "GET /index_files/store.css HTTP/1.1" 304 - "-" "Mozilla/4.0 (compatible; MSIE 6.0; Windows NT 5.1; SV1)"
66.151.181.12 - - [16/Jul/2005:12:30:06 -0800] "GET /gallery/photos/20040066/0/pages/2004-0066-00073.html HTTP/1.1" 200 1884 "http://photolab.elmer.uaf.edu/gallery/photos/20040066/0/index_7.html" "FAST MetaWeb Crawler (helpdesk at fastsearch dot com)"
64.36.72.202 - - [16/Jul/2005:12:30:46 -0800] "GET /index_files/store.css HTTP/1.1" 200 2756 "http://66.102.7.104/search?q=cache:MqayD0yNJZ8J:photolab.elmer.uaf.edu/store/allphotos2.html+alaska+cann+photo&hl=en&start=1" "Mozilla/5.0 (Windows; U; Windows NT 5.1; en-US; rv:1.7.8) Gecko/20050511 Firefox/1.0.4"
64.36.72.202 - - [16/Jul/2005:12:30:47 -0800] "GET /index_files/titlebrown.jpg HTTP/1.1" 200 5451 "http://66.102.7.104/search?q=cache:MqayD0yNJZ8J:photolab.elmer.uaf.edu/store/allphotos2.html+alaska+cann+photo&hl=en&start=1" "Mozilla/5.0 (Windows; U; Windows NT 5.1; en-US; rv:1.7.8) Gecko/20050511 Firefox/1.0.4"
64.36.72.202 - - [16/Jul/2005:12:30:48 -0800] "GET /index_files/aprbrown.jpg HTTP/1.1" 200 5509 "http://66.102.7.104/search?q=cache:MqayD0yNJZ8J:photolab.elmer.uaf.edu/store/allphotos2.html+alaska+cann+photo&hl=en&start=1" "Mozilla/5.0 (Windows; U; Windows NT 5.1; en-US; rv:1.7.8) Gecko/20050511 Firefox/1.0.4"
64.36.72.202 - - [16/Jul/2005:12:30:46 -0800] "GET /index_files/ahs.ico HTTP/1.1" 200 1406 "-" "Mozilla/5.0 (Windows; U; Windows NT 5.1; en-US; rv:1.7.8) Gecko/20050511 Firefox/1.0.4"
64.36.72.202 - - [16/Jul/2005:12:30:49 -0800] "GET /index_files/menubar.gif HTTP/1.1" 200 2913 "http://66.102.7.104/search?q=cache:MqayD0yNJZ8J:photolab.elmer.uaf.edu/store/allphotos2.html+alaska+cann+photo&hl=en&start=1" "Mozilla/5.0 (Windows; U; Windows NT 5.1; en-US; rv:1.7.8) Gecko/20050511 Firefox/1.0.4"
64.36.72.202 - - [16/Jul/2005:12:30:49 -0800] "GET /index_files/storetitle.gif HTTP/1.1" 200 14535 "http://66.102.7.104/search?q=cache:MqayD0yNJZ8J:photolab.elmer.uaf.edu/store/allphotos2.html+alaska+cann+photo&hl=en&start=1" "Mozilla/5.0 (Windows; U; Windows NT 5.1; en-US; rv:1.7.8) Gecko/20050511 Firefox/1.0.4"
64.36.72.202 - - [16/Jul/2005:12:30:51 -0800] "GET /store/photos/smalljpegs/(042)1958-1026-02246.jpg HTTP/1.1" 200 30955 "http://66.102.7.104/search?q=cache:MqayD0yNJZ8J:photolab.elmer.uaf.edu/store/allphotos2.html+alaska+cann+photo&hl=en&start=1" "Mozilla/5.0 (Windows; U; Windows NT 5.1; en-US; rv:1.7.8) Gecko/20050511 Firefox/1.0.4"
64.36.72.202 - - [16/Jul/2005:12:30:49 -0800] "GET /store/photos/smalljpegs/(041)1989-0166-00699.jpg HTTP/1.1" 200 28697 "http://66.102.7.104/search?q=cache:MqayD0yNJZ8J:photolab.elmer.uaf.edu/store/allphotos2.html+alaska+cann+photo&hl=en&start=1" "Mozilla/5.0 (Windows; U; Windows NT 5.1; en-US; rv:1.7.8) Gecko/20050511 Firefox/1.0.4"
64.36.72.202 - - [16/Jul/2005:12:30:53 -0800] "GET /store/photos/smalljpegs/(043)1964-0029-00313.jpg HTTP/1.1" 200 32327 "http://66.102.7.104/search?q=cache:MqayD0yNJZ8J:photolab.elmer.uaf.edu/store/allphotos2.html+alaska+cann+photo&hl=en&start=1" "Mozilla/5.0 (Windows; U; Windows NT 5.1; en-US; rv:1.7.8) Gecko/20050511 Firefox/1.0.4"
64.36.72.202 - - [16/Jul/2005:12:30:54 -0800] "GET /store/photos/smalljpegs/(045)1989-0166-00025.jpg HTTP/1.1" 200 40740 "http://66.102.7.104/search?q=cache:MqayD0yNJZ8J:photolab.elmer.uaf.edu/store/allphotos2.html+alaska+cann+photo&hl=en&start=1" "Mozilla/5.0 (Windows; U; Windows NT 5.1; en-US; rv:1.7.8) Gecko/20050511 Firefox/1.0.4"
64.36.72.202 - - [16/Jul/2005:12:30:53 -0800] "GET /store/photos/smalljpegs/(044)1958-1026-02211.jpg HTTP/1.1" 200 35860 "http://66.102.7.104/search?q=cache:MqayD0yNJZ8J:photolab.elmer.uaf.edu/store/allphotos2.html+alaska+cann+photo&hl=en&start=1" "Mozilla/5.0 (Windows; U; Windows NT 5.1; en-US; rv:1.7.8) Gecko/20050511 Firefox/1.0.4"
64.36.72.202 - - [16/Jul/2005:12:30:56 -0800] "GET /store/photos/smalljpegs/(046)1958-1026-02232.jpg HTTP/1.1" 200 39743 "http://66.102.7.104/search?q=cache:MqayD0yNJZ8J:photolab.elmer.uaf.edu/store/allphotos2.html+alaska+cann+photo&hl=en&start=1" "Mozilla/5.0 (Windows; U; Windows NT 5.1; en-US; rv:1.7.8) Gecko/20050511 Firefox/1.0.4"
64.36.72.202 - - [16/Jul/2005:12:30:57 -0800] "GET /store/photos/smalljpegs/(048)1989-0166-00105.jpg HTTP/1.1" 200 24419 "http://66.102.7.104/search?q=cache:MqayD0yNJZ8J:photolab.elmer.uaf.edu/store/allphotos2.html+alaska+cann+photo&hl=en&start=1" "Mozilla/5.0 (Windows; U; Windows NT 5.1; en-US; rv:1.7.8) Gecko/20050511 Firefox/1.0.4"
64.36.72.202 - - [16/Jul/2005:12:30:56 -0800] "GET /store/photos/smalljpegs/(047)1958-1026-01592.jpg HTTP/1.1" 200 35235 "http://66.102.7.104/search?q=cache:MqayD0yNJZ8J:photolab.elmer.uaf.edu/store/allphotos2.html+alaska+cann+photo&hl=en&start=1" "Mozilla/5.0 (Windows; U; Windows NT 5.1; en-US; rv:1.7.8) Gecko/20050511 Firefox/1.0.4"
64.36.72.202 - - [16/Jul/2005:12:30:58 -0800] "GET /store/photos/smalljpegs/(049)1958-1026-01439.jpg HTTP/1.1" 200 34222 "http://66.102.7.104/search?q=cache:MqayD0yNJZ8J:photolab.elmer.uaf.edu/store/allphotos2.html+alaska+cann+photo&hl=en&start=1" "Mozilla/5.0 (Windows; U; Windows NT 5.1; en-US; rv:1.7.8) Gecko/20050511 Firefox/1.0.4"
64.36.72.202 - - [16/Jul/2005:12:30:59 -0800] "GET /store/photos/smalljpegs/(050)896-055.jpg HTTP/1.1" 200 22732 "http://66.102.7.104/search?q=cache:MqayD0yNJZ8J:photolab.elmer.uaf.edu/store/allphotos2.html+alaska+cann+photo&hl=en&start=1" "Mozilla/5.0 (Windows; U; Windows NT 5.1; en-US; rv:1.7.8) Gecko/20050511 Firefox/1.0.4"
64.36.72.202 - - [16/Jul/2005:12:30:59 -0800] "GET /store/photos/smalljpegs/(051)1981-0107-00008.jpg HTTP/1.1" 200 33523 "http://66.102.7.104/search?q=cache:MqayD0yNJZ8J:photolab.elmer.uaf.edu/store/allphotos2.html+alaska+cann+photo&hl=en&start=1" "Mozilla/5.0 (Windows; U; Windows NT 5.1; en-US; rv:1.7.8) Gecko/20050511 Firefox/1.0.4"
64.36.72.202 - - [16/Jul/2005:12:31:00 -0800] "GET /store/photos/smalljpegs/(052)1989-0166-00467.jpg HTTP/1.1" 200 35022 "http://66.102.7.104/search?q=cache:MqayD0yNJZ8J:photolab.elmer.uaf.edu/store/allphotos2.html+alaska+cann+photo&hl=en&start=1" "Mozilla/5.0 (Windows; U; Windows NT 5.1; en-US; rv:1.7.8) Gecko/20050511 Firefox/1.0.4"
64.36.72.202 - - [16/Jul/2005:12:31:01 -0800] "GET /store/photos/smalljpegs/(053)1970-0028-00753.jpg HTTP/1.1" 200 32896 "http://66.102.7.104/search?q=cache:MqayD0yNJZ8J:photolab.elmer.uaf.edu/store/allphotos2.html+alaska+cann+photo&hl=en&start=1" "Mozilla/5.0 (Windows; U; Windows NT 5.1; en-US; rv:1.7.8) Gecko/20050511 Firefox/1.0.4"
64.36.72.202 - - [16/Jul/2005:12:31:01 -0800] "GET /store/photos/smalljpegs/(054)1989-0166-00161a.jpg HTTP/1.1" 200 33691 "http://66.102.7.104/search?q=cache:MqayD0yNJZ8J:photolab.elmer.uaf.edu/store/allphotos2.html+alaska+cann+photo&hl=en&start=1" "Mozilla/5.0 (Windows; U; Windows NT 5.1; en-US; rv:1.7.8) Gecko/20050511 Firefox/1.0.4"
64.36.72.202 - - [16/Jul/2005:12:31:03 -0800] "GET /store/photos/smalljpegs/1969-0004-00003.jpg HTTP/1.1" 200 24486 "http://66.102.7.104/search?q=cache:MqayD0yNJZ8J:photolab.elmer.uaf.edu/store/allphotos2.html+alaska+cann+photo&hl=en&start=1" "Mozilla/5.0 (Windows; U; Windows NT 5.1; en-US; rv:1.7.8) Gecko/20050511 Firefox/1.0.4"
64.36.72.202 - - [16/Jul/2005:12:31:02 -0800] "GET /store/photos/smalljpegs/(055)1966-0054-00104.jpg HTTP/1.1" 200 35929 "http://66.102.7.104/search?q=cache:MqayD0yNJZ8J:photolab.elmer.uaf.edu/store/allphotos2.html+alaska+cann+photo&hl=en&start=1" "Mozilla/5.0 (Windows; U; Windows NT 5.1; en-US; rv:1.7.8) Gecko/20050511 Firefox/1.0.4"
64.36.72.202 - - [16/Jul/2005:12:31:04 -0800] "GET /store/photos/smalljpegs/(058)1969-0016-00011.jpg HTTP/1.1" 200 38151 "http://66.102.7.104/search?q=cache:MqayD0yNJZ8J:photolab.elmer.uaf.edu/store/allphotos2.html+alaska+cann+photo&hl=en&start=1" "Mozilla/5.0 (Windows; U; Windows NT 5.1; en-US; rv:1.7.8) Gecko/20050511 Firefox/1.0.4"
64.36.72.202 - - [16/Jul/2005:12:31:04 -0800] "GET /store/photos/smalljpegs/(057)1972-0071-00823.jpg HTTP/1.1" 200 23575 "http://66.102.7.104/search?q=cache:MqayD0yNJZ8J:photolab.elmer.uaf.edu/store/allphotos2.html+alaska+cann+photo&hl=en&start=1" "Mozilla/5.0 (Windows; U; Windows NT 5.1; en-US; rv:1.7.8) Gecko/20050511 Firefox/1.0.4"
64.36.72.202 - - [16/Jul/2005:12:31:05 -0800] "GET /store/photos/smalljpegs/(059)1972-0117-00014.jpg HTTP/1.1" 200 29126 "http://66.102.7.104/search?q=cache:MqayD0yNJZ8J:photolab.elmer.uaf.edu/store/allphotos2.html+alaska+cann+photo&hl=en&start=1" "Mozilla/5.0 (Windows; U; Windows NT 5.1; en-US; rv:1.7.8) Gecko/20050511 Firefox/1.0.4"
64.36.72.202 - - [16/Jul/2005:12:31:05 -0800] "GET /store/photos/smalljpegs/(060)972-103.jpg HTTP/1.1" 200 20152 "http://66.102.7.104/search?q=cache:MqayD0yNJZ8J:photolab.elmer.uaf.edu/store/allphotos2.html+alaska+cann+photo&hl=en&start=1" "Mozilla/5.0 (Windows; U; Windows NT 5.1; en-US; rv:1.7.8) Gecko/20050511 Firefox/1.0.4"
64.36.72.202 - - [16/Jul/2005:12:31:06 -0800] "GET /store/photos/smalljpegs/(061)1989-0166-00191.jpg HTTP/1.1" 200 36566 "http://66.102.7.104/search?q=cache:MqayD0yNJZ8J:photolab.elmer.uaf.edu/store/allphotos2.html+alaska+cann+photo&hl=en&start=1" "Mozilla/5.0 (Windows; U; Windows NT 5.1; en-US; rv:1.7.8) Gecko/20050511 Firefox/1.0.4"
64.36.72.202 - - [16/Jul/2005:12:31:06 -0800] "GET /store/photos/smalljpegs/(062)1973-0050-00013.jpg HTTP/1.1" 200 39979 "http://66.102.7.104/search?q=cache:MqayD0yNJZ8J:photolab.elmer.uaf.edu/store/allphotos2.html+alaska+cann+photo&hl=en&start=1" "Mozilla/5.0 (Windows; U; Windows NT 5.1; en-US; rv:1.7.8) Gecko/20050511 Firefox/1.0.4"
64.36.72.202 - - [16/Jul/2005:12:31:07 -0800] "GET /store/photos/smalljpegs/(063)1958-1026-00112.jpg HTTP/1.1" 200 33764 "http://66.102.7.104/search?q=cache:MqayD0yNJZ8J:photolab.elmer.uaf.edu/store/allphotos2.html+alaska+cann+photo&hl=en&start=1" "Mozilla/5.0 (Windows; U; Windows NT 5.1; en-US; rv:1.7.8) Gecko/20050511 Firefox/1.0.4"
64.36.72.202 - - [16/Jul/2005:12:31:08 -0800] "GET /store/photos/smalljpegs/(066)1970-0058-00387.jpg HTTP/1.1" 200 27677 "http://66.102.7.104/search?q=cache:MqayD0yNJZ8J:photolab.elmer.uaf.edu/store/allphotos2.html+alaska+cann+photo&hl=en&start=1" "Mozilla/5.0 (Windows; U; Windows NT 5.1; en-US; rv:1.7.8) Gecko/20050511 Firefox/1.0.4"
64.36.72.202 - - [16/Jul/2005:12:31:09 -0800] "GET /store/photos/smalljpegs/(068)1964-0029-00066.jpg HTTP/1.1" 200 26810 "http://66.102.7.104/search?q=cache:MqayD0yNJZ8J:photolab.elmer.uaf.edu/store/allphotos2.html+alaska+cann+photo&hl=en&start=1" "Mozilla/5.0 (Windows; U; Windows NT 5.1; en-US; rv:1.7.8) Gecko/20050511 Firefox/1.0.4"
64.36.72.202 - - [16/Jul/2005:12:31:09 -0800] "GET /store/photos/smalljpegs/(067)1989-0166-00462.jpg HTTP/1.1" 200 31593 "http://66.102.7.104/search?q=cache:MqayD0yNJZ8J:photolab.elmer.uaf.edu/store/allphotos2.html+alaska+cann+photo&hl=en&start=1" "Mozilla/5.0 (Windows; U; Windows NT 5.1; en-US; rv:1.7.8) Gecko/20050511 Firefox/1.0.4"
64.36.72.202 - - [16/Jul/2005:12:31:10 -0800] "GET /store/photos/smalljpegs/(069)1976-0092-00075.jpg HTTP/1.1" 200 25519 "http://66.102.7.104/search?q=cache:MqayD0yNJZ8J:photolab.elmer.uaf.edu/store/allphotos2.html+alaska+cann+photo&hl=en&start=1" "Mozilla/5.0 (Windows; U; Windows NT 5.1; en-US; rv:1.7.8) Gecko/20050511 Firefox/1.0.4"
64.36.72.202 - - [16/Jul/2005:12:31:10 -0800] "GET /store/photos/smalljpegs/(070)1959-0845-00124.jpg HTTP/1.1" 200 25734 "http://66.102.7.104/search?q=cache:MqayD0yNJZ8J:photolab.elmer.uaf.edu/store/allphotos2.html+alaska+cann+photo&hl=en&start=1" "Mozilla/5.0 (Windows; U; Windows NT 5.1; en-US; rv:1.7.8) Gecko/20050511 Firefox/1.0.4"
64.36.72.202 - - [16/Jul/2005:12:31:11 -0800] "GET /store/photos/smalljpegs/(071)1958-1026-02042.jpg HTTP/1.1" 200 32951 "http://66.102.7.104/search?q=cache:MqayD0yNJZ8J:photolab.elmer.uaf.edu/store/allphotos2.html+alaska+cann+photo&hl=en&start=1" "Mozilla/5.0 (Windows; U; Windows NT 5.1; en-US; rv:1.7.8) Gecko/20050511 Firefox/1.0.4"
64.36.72.202 - - [16/Jul/2005:12:31:11 -0800] "GET /store/photos/smalljpegs/(072)1975-0084-02715.jpg HTTP/1.1" 200 33859 "http://66.102.7.104/search?q=cache:MqayD0yNJZ8J:photolab.elmer.uaf.edu/store/allphotos2.html+alaska+cann+photo&hl=en&start=1" "Mozilla/5.0 (Windows; U; Windows NT 5.1; en-US; rv:1.7.8) Gecko/20050511 Firefox/1.0.4"
64.36.72.202 - - [16/Jul/2005:12:31:13 -0800] "GET /store/photos/smalljpegs/(074)1968-0012-00009.jpg HTTP/1.1" 200 36819 "http://66.102.7.104/search?q=cache:MqayD0yNJZ8J:photolab.elmer.uaf.edu/store/allphotos2.html+alaska+cann+photo&hl=en&start=1" "Mozilla/5.0 (Windows; U; Windows NT 5.1; en-US; rv:1.7.8) Gecko/20050511 Firefox/1.0.4"
64.36.72.202 - - [16/Jul/2005:12:31:12 -0800] "GET /store/photos/smalljpegs/(073)2000-0176-00106a.jpg HTTP/1.1" 200 39020 "http://66.102.7.104/search?q=cache:MqayD0yNJZ8J:photolab.elmer.uaf.edu/store/allphotos2.html+alaska+cann+photo&hl=en&start=1" "Mozilla/5.0 (Windows; U; Windows NT 5.1; en-US; rv:1.7.8) Gecko/20050511 Firefox/1.0.4"
64.36.72.202 - - [16/Jul/2005:12:31:14 -0800] "GET /store/photos/smalljpegs/(075)2002-0155-00055.jpg HTTP/1.1" 200 24233 "http://66.102.7.104/search?q=cache:MqayD0yNJZ8J:photolab.elmer.uaf.edu/store/allphotos2.html+alaska+cann+photo&hl=en&start=1" "Mozilla/5.0 (Windows; U; Windows NT 5.1; en-US; rv:1.7.8) Gecko/20050511 Firefox/1.0.4"
64.36.72.202 - - [16/Jul/2005:12:31:14 -0800] "GET /store/photos/smalljpegs/(076)1989-0166-00236.jpg HTTP/1.1" 200 40878 "http://66.102.7.104/search?q=cache:MqayD0yNJZ8J:photolab.elmer.uaf.edu/store/allphotos2.html+alaska+cann+photo&hl=en&start=1" "Mozilla/5.0 (Windows; U; Windows NT 5.1; en-US; rv:1.7.8) Gecko/20050511 Firefox/1.0.4"
64.36.72.202 - - [16/Jul/2005:12:31:15 -0800] "GET /store/photos/smalljpegs/(077)1959-0845-00326.jpg HTTP/1.1" 200 29777 "http://66.102.7.104/search?q=cache:MqayD0yNJZ8J:photolab.elmer.uaf.edu/store/allphotos2.html+alaska+cann+photo&hl=en&start=1" "Mozilla/5.0 (Windows; U; Windows NT 5.1; en-US; rv:1.7.8) Gecko/20050511 Firefox/1.0.4"
64.36.72.202 - - [16/Jul/2005:12:31:16 -0800] "GET /store/photos/smalljpegs/(079)1989-0166-00170.jpg HTTP/1.1" 200 31534 "http://66.102.7.104/search?q=cache:MqayD0yNJZ8J:photolab.elmer.uaf.edu/store/allphotos2.html+alaska+cann+photo&hl=en&start=1" "Mozilla/5.0 (Windows; U; Windows NT 5.1; en-US; rv:1.7.8) Gecko/20050511 Firefox/1.0.4"
64.36.72.202 - - [16/Jul/2005:12:31:15 -0800] "GET /store/photos/smalljpegs/(078)1989-0166-00453.jpg HTTP/1.1" 200 39910 "http://66.102.7.104/search?q=cache:MqayD0yNJZ8J:photolab.elmer.uaf.edu/store/allphotos2.html+alaska+cann+photo&hl=en&start=1" "Mozilla/5.0 (Windows; U; Windows NT 5.1; en-US; rv:1.7.8) Gecko/20050511 Firefox/1.0.4"
66.151.181.12 - - [16/Jul/2005:12:31:27 -0800] "GET /gallery/photos/20040066/0/pages/2004-0066-00074.html HTTP/1.1" 200 1884 "http://photolab.elmer.uaf.edu/gallery/photos/20040066/0/index_7.html" "FAST MetaWeb Crawler (helpdesk at fastsearch dot com)"
66.151.181.12 - - [16/Jul/2005:12:32:09 -0800] "GET /gallery/photos/20040066/0/pages/2004-0066-00075.html HTTP/1.1" 200 1884 "http://photolab.elmer.uaf.edu/gallery/photos/20040066/0/index_7.html" "FAST MetaWeb Crawler (helpdesk at fastsearch dot com)"
66.151.181.12 - - [16/Jul/2005:12:33:27 -0800] "GET /gallery/photos/20040066/0/pages/2004-0066-00076.html HTTP/1.1" 200 1884 "http://photolab.elmer.uaf.edu/gallery/photos/20040066/0/index_7.html" "FAST MetaWeb Crawler (helpdesk at fastsearch dot com)"
66.151.181.12 - - [16/Jul/2005:12:35:39 -0800] "GET /gallery/photos/20040066/0/pages/2004-0066-00077.html HTTP/1.1" 200 1884 "http://photolab.elmer.uaf.edu/gallery/photos/20040066/0/index_7.html" "FAST MetaWeb Crawler (helpdesk at fastsearch dot com)"
66.151.181.12 - - [16/Jul/2005:12:35:43 -0800] "GET /gallery/photos/20040066/0/pages/2004-0066-00078.html HTTP/1.1" 200 1884 "http://photolab.elmer.uaf.edu/gallery/photos/20040066/0/index_7.html" "FAST MetaWeb Crawler (helpdesk at fastsearch dot com)"
66.151.181.12 - - [16/Jul/2005:12:36:40 -0800] "GET /gallery/photos/20040066/0/pages/2004-0066-00079.html HTTP/1.1" 200 1884 "http://photolab.elmer.uaf.edu/gallery/photos/20040066/0/index_7.html" "FAST MetaWeb Crawler (helpdesk at fastsearch dot com)"
198.45.3.253 - - [16/Jul/2005:12:36:55 -0800] "GET /index_files/store.css HTTP/1.1" 200 2756 "http://photolab.elmer.uaf.edu/store/people.html" "Mozilla/4.0 (compatible; MSIE 6.0; Windows NT 5.0)"
198.45.3.253 - - [16/Jul/2005:12:36:55 -0800] "GET /store/people.html HTTP/1.1" 200 21075 "http://images.google.com/imgres?imgurl=http://photolab.elmer.uaf.edu/store/photos/largejpegs/(040)1958-1026-01700.jpg&imgrefurl=http://photolab.elmer.uaf.edu/store/people.html&h=1000&w=762&sz=136&tbnid=muofWG5zZScJ:&tbnh=149&tbnw=113&hl=en&start=20&prev=/images%3Fq%3Deskimo%2Bpeople%2Bpictures%26svnum%3D10%26hl%3Den%26lr%3D%26safe%3Dactive" "Mozilla/4.0 (compatible; MSIE 6.0; Windows NT 5.0)"
198.45.3.253 - - [16/Jul/2005:12:36:55 -0800] "GET /index_files/titlebrown.jpg HTTP/1.1" 200 5451 "http://photolab.elmer.uaf.edu/store/people.html" "Mozilla/4.0 (compatible; MSIE 6.0; Windows NT 5.0)"
198.45.3.253 - - [16/Jul/2005:12:36:56 -0800] "GET /index_files/aprbrown.jpg HTTP/1.1" 200 5509 "http://photolab.elmer.uaf.edu/store/people.html" "Mozilla/4.0 (compatible; MSIE 6.0; Windows NT 5.0)"
198.45.3.253 - - [16/Jul/2005:12:36:56 -0800] "GET /index_files/menubar.gif HTTP/1.1" 200 2913 "http://photolab.elmer.uaf.edu/store/people.html" "Mozilla/4.0 (compatible; MSIE 6.0; Windows NT 5.0)"
198.45.3.253 - - [16/Jul/2005:12:36:56 -0800] "GET /index_files/storetitle.gif HTTP/1.1" 200 14535 "http://photolab.elmer.uaf.edu/store/people.html" "Mozilla/4.0 (compatible; MSIE 6.0; Windows NT 5.0)"
198.45.3.253 - - [16/Jul/2005:12:36:56 -0800] "GET /store/photos/smalljpegs/(007)1972-0071-03234.jpg HTTP/1.1" 200 32052 "http://photolab.elmer.uaf.edu/store/people.html" "Mozilla/4.0 (compatible; MSIE 6.0; Windows NT 5.0)"
198.45.3.253 - - [16/Jul/2005:12:36:56 -0800] "GET /store/photos/smalljpegs/(012)1989-0166-00375.jpg HTTP/1.1" 200 41883 "http://photolab.elmer.uaf.edu/store/people.html" "Mozilla/4.0 (compatible; MSIE 6.0; Windows NT 5.0)"
198.45.3.253 - - [16/Jul/2005:12:36:57 -0800] "GET /store/photos/smalljpegs/(009)1975-0146-00003.jpg HTTP/1.1" 200 35453 "http://photolab.elmer.uaf.edu/store/people.html" "Mozilla/4.0 (compatible; MSIE 6.0; Windows NT 5.0)"
198.45.3.253 - - [16/Jul/2005:12:36:58 -0800] "GET /store/photos/smalljpegs/(024)1972-0116-00334.jpg HTTP/1.1" 200 29908 "http://photolab.elmer.uaf.edu/store/people.html" "Mozilla/4.0 (compatible; MSIE 6.0; Windows NT 5.0)"
198.45.3.253 - - [16/Jul/2005:12:36:58 -0800] "GET /store/photos/smalljpegs/(040)1958-1026-01700.jpg HTTP/1.1" 200 30523 "http://photolab.elmer.uaf.edu/store/people.html" "Mozilla/4.0 (compatible; MSIE 6.0; Windows NT 5.0)"
198.45.3.253 - - [16/Jul/2005:12:36:59 -0800] "GET /store/photos/smalljpegs/(026)1997-0165-00010.jpg HTTP/1.1" 200 26695 "http://photolab.elmer.uaf.edu/store/people.html" "Mozilla/4.0 (compatible; MSIE 6.0; Windows NT 5.0)"
198.45.3.253 - - [16/Jul/2005:12:36:59 -0800] "GET /store/photos/smalljpegs/(055)1966-0054-00104.jpg HTTP/1.1" 200 35929 "http://photolab.elmer.uaf.edu/store/people.html" "Mozilla/4.0 (compatible; MSIE 6.0; Windows NT 5.0)"
198.45.3.253 - - [16/Jul/2005:12:37:00 -0800] "GET /store/photos/smalljpegs/(069)1976-0092-00075.jpg HTTP/1.1" 200 25519 "http://photolab.elmer.uaf.edu/store/people.html" "Mozilla/4.0 (compatible; MSIE 6.0; Windows NT 5.0)"
198.45.3.253 - - [16/Jul/2005:12:37:00 -0800] "GET /store/photos/smalljpegs/(074)1968-0012-00009.jpg HTTP/1.1" 200 36819 "http://photolab.elmer.uaf.edu/store/people.html" "Mozilla/4.0 (compatible; MSIE 6.0; Windows NT 5.0)"
198.45.3.253 - - [16/Jul/2005:12:37:01 -0800] "GET /store/photos/smalljpegs/(083)1989-0166-00380.jpg HTTP/1.1" 200 32119 "http://photolab.elmer.uaf.edu/store/people.html" "Mozilla/4.0 (compatible; MSIE 6.0; Windows NT 5.0)"
198.45.3.253 - - [16/Jul/2005:12:37:01 -0800] "GET /store/photos/smalljpegs/(073)2000-0176-00106a.jpg HTTP/1.1" 200 39020 "http://photolab.elmer.uaf.edu/store/people.html" "Mozilla/4.0 (compatible; MSIE 6.0; Windows NT 5.0)"
198.45.3.253 - - [16/Jul/2005:12:37:02 -0800] "GET /store/photos/smalljpegs/(101)1995-0244-01044.jpg HTTP/1.1" 200 33660 "http://photolab.elmer.uaf.edu/store/people.html" "Mozilla/4.0 (compatible; MSIE 6.0; Windows NT 5.0)"
198.45.3.253 - - [16/Jul/2005:12:37:03 -0800] "GET /store/photos/smalljpegs/(102)1972-0071-00804.jpg HTTP/1.1" 200 33600 "http://photolab.elmer.uaf.edu/store/people.html" "Mozilla/4.0 (compatible; MSIE 6.0; Windows NT 5.0)"
198.45.3.253 - - [16/Jul/2005:12:37:03 -0800] "GET /store/photos/smalljpegs/(090)1972-0071-02759.jpg HTTP/1.1" 200 35919 "http://photolab.elmer.uaf.edu/store/people.html" "Mozilla/4.0 (compatible; MSIE 6.0; Windows NT 5.0)"
198.45.3.253 - - [16/Jul/2005:12:37:04 -0800] "GET /store/photos/smalljpegs/(103)1972-0071-02925.jpg HTTP/1.1" 200 30024 "http://photolab.elmer.uaf.edu/store/people.html" "Mozilla/4.0 (compatible; MSIE 6.0; Windows NT 5.0)"
198.45.3.253 - - [16/Jul/2005:12:37:04 -0800] "GET /store/photos/smalljpegs/(104)1958-1026-02106.jpg HTTP/1.1" 200 34617 "http://photolab.elmer.uaf.edu/store/people.html" "Mozilla/4.0 (compatible; MSIE 6.0; Windows NT 5.0)"
198.45.3.253 - - [16/Jul/2005:12:37:05 -0800] "GET /store/photos/smalljpegs/(105)1989-0166-00522a.jpg HTTP/1.1" 200 25417 "http://photolab.elmer.uaf.edu/store/people.html" "Mozilla/4.0 (compatible; MSIE 6.0; Windows NT 5.0)"
198.45.3.253 - - [16/Jul/2005:12:37:05 -0800] "GET /store/photos/smalljpegs/(106)1972-0071-03229.jpg HTTP/1.1" 200 38182 "http://photolab.elmer.uaf.edu/store/people.html" "Mozilla/4.0 (compatible; MSIE 6.0; Windows NT 5.0)"
198.45.3.253 - - [16/Jul/2005:12:37:06 -0800] "GET /store/photos/smalljpegs/(107)1958-1026-02271.jpg HTTP/1.1" 200 34747 "http://photolab.elmer.uaf.edu/store/people.html" "Mozilla/4.0 (compatible; MSIE 6.0; Windows NT 5.0)"
198.45.3.253 - - [16/Jul/2005:12:37:06 -0800] "GET /store/photos/smalljpegs/(112)1958-1026-01589.jpg HTTP/1.1" 200 31936 "http://photolab.elmer.uaf.edu/store/people.html" "Mozilla/4.0 (compatible; MSIE 6.0; Windows NT 5.0)"
198.45.3.253 - - [16/Jul/2005:12:37:07 -0800] "GET /store/photos/smalljpegs/(119)1968-0069-02524.jpg HTTP/1.1" 200 31385 "http://photolab.elmer.uaf.edu/store/people.html" "Mozilla/4.0 (compatible; MSIE 6.0; Windows NT 5.0)"
198.45.3.253 - - [16/Jul/2005:12:37:07 -0800] "GET /store/photos/smalljpegs/(110)1958-1026-01591.jpg HTTP/1.1" 200 38244 "http://photolab.elmer.uaf.edu/store/people.html" "Mozilla/4.0 (compatible; MSIE 6.0; Windows NT 5.0)"
198.45.3.253 - - [16/Jul/2005:12:37:08 -0800] "GET /store/photos/smalljpegs/(139)1958-1026-02130.jpg HTTP/1.1" 200 37323 "http://photolab.elmer.uaf.edu/store/people.html" "Mozilla/4.0 (compatible; MSIE 6.0; Windows NT 5.0)"
198.45.3.253 - - [16/Jul/2005:12:37:08 -0800] "GET /store/photos/smalljpegs/(141)1972-0071-00099.jpg HTTP/1.1" 200 38687 "http://photolab.elmer.uaf.edu/store/people.html" "Mozilla/4.0 (compatible; MSIE 6.0; Windows NT 5.0)"
198.45.3.253 - - [16/Jul/2005:12:37:09 -0800] "GET /store/photos/smalljpegs/(145)1972-0071-02415.jpg HTTP/1.1" 200 25683 "http://photolab.elmer.uaf.edu/store/people.html" "Mozilla/4.0 (compatible; MSIE 6.0; Windows NT 5.0)"
198.45.3.253 - - [16/Jul/2005:12:37:09 -0800] "GET /store/photos/smalljpegs/(150)1972-0071-00102.jpg HTTP/1.1" 200 31506 "http://photolab.elmer.uaf.edu/store/people.html" "Mozilla/4.0 (compatible; MSIE 6.0; Windows NT 5.0)"
198.45.3.253 - - [16/Jul/2005:12:37:10 -0800] "GET /store/photos/smalljpegs/(172)1989-0166-01182.jpg HTTP/1.1" 200 30897 "http://photolab.elmer.uaf.edu/store/people.html" "Mozilla/4.0 (compatible; MSIE 6.0; Windows NT 5.0)"
198.45.3.253 - - [16/Jul/2005:12:37:10 -0800] "GET /store/photos/smalljpegs/(151)1989-0166-00382.jpg HTTP/1.1" 200 30137 "http://photolab.elmer.uaf.edu/store/people.html" "Mozilla/4.0 (compatible; MSIE 6.0; Windows NT 5.0)"
198.45.3.253 - - [16/Jul/2005:12:37:11 -0800] "GET /index_files/bluebear.gif HTTP/1.1" 200 1263 "http://photolab.elmer.uaf.edu/store/people.html" "Mozilla/4.0 (compatible; MSIE 6.0; Windows NT 5.0)"
198.45.3.253 - - [16/Jul/2005:12:37:11 -0800] "GET /index_files/sitemap.gif HTTP/1.1" 200 1503 "http://photolab.elmer.uaf.edu/store/people.html" "Mozilla/4.0 (compatible; MSIE 6.0; Windows NT 5.0)"
66.151.181.12 - - [16/Jul/2005:12:37:40 -0800] "GET /gallery/photos/20040066/0/pages/2004-0066-00080.html HTTP/1.1" 200 1884 "http://photolab.elmer.uaf.edu/gallery/photos/20040066/0/index_7.html" "FAST MetaWeb Crawler (helpdesk at fastsearch dot com)"
66.151.181.12 - - [16/Jul/2005:12:38:44 -0800] "GET /gallery/photos/20040066/0/pages/2004-0066-00081.html HTTP/1.1" 200 1884 "http://photolab.elmer.uaf.edu/gallery/photos/20040066/0/index_7.html" "FAST MetaWeb Crawler (helpdesk at fastsearch dot com)"
66.151.181.12 - - [16/Jul/2005:12:39:43 -0800] "GET /gallery/photos/20040066/0/pages/2004-0066-00082.html HTTP/1.1" 200 1884 "http://photolab.elmer.uaf.edu/gallery/photos/20040066/0/index_7.html" "FAST MetaWeb Crawler (helpdesk at fastsearch dot com)"
66.151.181.12 - - [16/Jul/2005:12:40:43 -0800] "GET /gallery/photos/20040066/0/pages/2004-0066-00083.html HTTP/1.1" 200 1884 "http://photolab.elmer.uaf.edu/gallery/photos/20040066/0/index_7.html" "FAST MetaWeb Crawler (helpdesk at fastsearch dot com)"
66.151.181.12 - - [16/Jul/2005:12:42:25 -0800] "GET /gallery/photos/20040066/0/pages/2004-0066-00084.html HTTP/1.1" 200 1884 "http://photolab.elmer.uaf.edu/gallery/photos/20040066/0/index_7.html" "FAST MetaWeb Crawler (helpdesk at fastsearch dot com)"
66.151.181.12 - - [16/Jul/2005:12:42:43 -0800] "GET /gallery/photos/20040066/1/index_8.html HTTP/1.1" 200 7229 "http://photolab.elmer.uaf.edu/gallery/photos/20040066/1/index_7.html" "FAST MetaWeb Crawler (helpdesk at fastsearch dot com)"
68.163.146.131 - - [16/Jul/2005:12:42:51 -0800] "GET /store/photos/largejpegs/(112)1958-1026-01589.jpg HTTP/1.1" 304 - "http://www.livejournal.com/users/phildotidiot/friends" "Mozilla/4.0 (compatible; MSIE 6.0; Windows NT 5.1; SV1; .NET CLR 1.1.4322)"
66.151.181.12 - - [16/Jul/2005:12:43:43 -0800] "GET /gallery/photos/20040066/1/pages/2004-0066-00172.html HTTP/1.1" 200 1884 "http://photolab.elmer.uaf.edu/gallery/photos/20040066/1/index_7.html" "FAST MetaWeb Crawler (helpdesk at fastsearch dot com)"
68.39.157.144 - - [16/Jul/2005:12:44:22 -0800] "GET /store/photos/largejpegs/1001989-0166-00661.jpg HTTP/1.1" 404 342 "-" "Mozilla/4.0 (compatible; MSIE 6.0; Windows NT 5.1; SV1; .NET CLR 1.0.3705; .NET CLR 1.1.4322)"
66.151.181.12 - - [16/Jul/2005:12:44:40 -0800] "GET /gallery/photos/20040066/1/pages/2004-0066-00173.html HTTP/1.1" 200 1884 "http://photolab.elmer.uaf.edu/gallery/photos/20040066/1/index_7.html" "FAST MetaWeb Crawler (helpdesk at fastsearch dot com)"
66.151.181.12 - - [16/Jul/2005:12:45:43 -0800] "GET /gallery/photos/20040066/1/pages/2004-0066-00174.html HTTP/1.1" 200 1884 "http://photolab.elmer.uaf.edu/gallery/photos/20040066/1/index_7.html" "FAST MetaWeb Crawler (helpdesk at fastsearch dot com)"
66.151.181.12 - - [16/Jul/2005:12:47:01 -0800] "GET /gallery/photos/20040066/1/pages/2004-0066-00175.html HTTP/1.1" 200 1884 "http://photolab.elmer.uaf.edu/gallery/photos/20040066/1/index_7.html" "FAST MetaWeb Crawler (helpdesk at fastsearch dot com)"
66.151.181.12 - - [16/Jul/2005:12:47:49 -0800] "GET /gallery/photos/20040066/1/pages/2004-0066-00176.html HTTP/1.1" 200 1884 "http://photolab.elmer.uaf.edu/gallery/photos/20040066/1/index_7.html" "FAST MetaWeb Crawler (helpdesk at fastsearch dot com)"
66.151.181.12 - - [16/Jul/2005:12:48:40 -0800] "GET /gallery/photos/20040066/1/pages/2004-0066-00177.html HTTP/1.1" 200 1884 "http://photolab.elmer.uaf.edu/gallery/photos/20040066/1/index_7.html" "FAST MetaWeb Crawler (helpdesk at fastsearch dot com)"
66.151.181.12 - - [16/Jul/2005:12:49:40 -0800] "GET /gallery/photos/20040066/1/pages/2004-0066-00178.html HTTP/1.1" 200 1884 "http://photolab.elmer.uaf.edu/gallery/photos/20040066/1/index_7.html" "FAST MetaWeb Crawler (helpdesk at fastsearch dot com)"
66.151.181.12 - - [16/Jul/2005:12:50:43 -0800] "GET /gallery/photos/20040066/1/pages/2004-0066-00179.html HTTP/1.1" 200 1884 "http://photolab.elmer.uaf.edu/gallery/photos/20040066/1/index_7.html" "FAST MetaWeb Crawler (helpdesk at fastsearch dot com)"
66.151.181.12 - - [16/Jul/2005:12:51:40 -0800] "GET /gallery/photos/20040066/1/pages/2004-0066-00180.html HTTP/1.1" 200 1884 "http://photolab.elmer.uaf.edu/gallery/photos/20040066/1/index_7.html" "FAST MetaWeb Crawler (helpdesk at fastsearch dot com)"
66.151.181.12 - - [16/Jul/2005:12:52:43 -0800] "GET /gallery/photos/20040066/1/pages/2004-0066-00181.html HTTP/1.1" 200 1884 "http://photolab.elmer.uaf.edu/gallery/photos/20040066/1/index_7.html" "FAST MetaWeb Crawler (helpdesk at fastsearch dot com)"
66.151.181.12 - - [16/Jul/2005:12:54:25 -0800] "GET /gallery/photos/20040066/1/pages/2004-0066-00182.html HTTP/1.1" 200 1884 "http://photolab.elmer.uaf.edu/gallery/photos/20040066/1/index_7.html" "FAST MetaWeb Crawler (helpdesk at fastsearch dot com)"
66.151.181.12 - - [16/Jul/2005:12:54:40 -0800] "GET /gallery/photos/20040066/1/pages/2004-0066-00183.html HTTP/1.1" 200 1884 "http://photolab.elmer.uaf.edu/gallery/photos/20040066/1/index_7.html" "FAST MetaWeb Crawler (helpdesk at fastsearch dot com)"
66.151.181.12 - - [16/Jul/2005:12:55:40 -0800] "GET /gallery/photos/20040069/index_2.html HTTP/1.1" 200 7228 "http://photolab.elmer.uaf.edu/gallery/photos/20040069/index.html" "FAST MetaWeb Crawler (helpdesk at fastsearch dot com)"
68.142.251.145 - - [16/Jul/2005:12:56:25 -0800] "GET /robots.txt HTTP/1.0" 200 96 "-" "Mozilla/5.0 (compatible; Yahoo! Slurp; http://help.yahoo.com/help/us/ysearch/slurp)"
68.142.250.119 - - [16/Jul/2005:12:56:25 -0800] "GET /gallery/20020015/0 HTTP/1.0" 404 314 "-" "Mozilla/5.0 (compatible; Yahoo! Slurp; http://help.yahoo.com/help/us/ysearch/slurp)"
66.151.181.12 - - [16/Jul/2005:12:56:49 -0800] "GET /gallery/photos/20040069/pages/2002-0032-00001.html HTTP/1.1" 200 1725 "http://photolab.elmer.uaf.edu/gallery/photos/20040069/index.html" "FAST MetaWeb Crawler (helpdesk at fastsearch dot com)"
68.163.146.131 - - [16/Jul/2005:12:57:39 -0800] "GET /store/photos/largejpegs/(112)1958-1026-01589.jpg HTTP/1.1" 304 - "http://www.livejournal.com/users/phildotidiot/friends" "Mozilla/4.0 (compatible; MSIE 6.0; Windows NT 5.1; SV1; .NET CLR 1.1.4322)"
66.151.181.12 - - [16/Jul/2005:12:57:49 -0800] "GET /gallery/photos/20040069/pages/2002-0032-00002.html HTTP/1.1" 200 1881 "http://photolab.elmer.uaf.edu/gallery/photos/20040069/index.html" "FAST MetaWeb Crawler (helpdesk at fastsearch dot com)"
66.151.181.12 - - [16/Jul/2005:12:58:40 -0800] "GET /gallery/photos/20040069/pages/2002-0032-00003.html HTTP/1.1" 200 1881 "http://photolab.elmer.uaf.edu/gallery/photos/20040069/index.html" "FAST MetaWeb Crawler (helpdesk at fastsearch dot com)"
66.151.181.12 - - [16/Jul/2005:12:59:40 -0800] "GET /gallery/photos/20040069/pages/2002-0032-00004.html HTTP/1.1" 200 1881 "http://photolab.elmer.uaf.edu/gallery/photos/20040069/index.html" "FAST MetaWeb Crawler (helpdesk at fastsearch dot com)"
66.151.181.12 - - [16/Jul/2005:13:00:52 -0800] "GET /gallery/photos/20040069/pages/2002-0032-00005.html HTTP/1.1" 200 1881 "http://photolab.elmer.uaf.edu/gallery/photos/20040069/index.html" "FAST MetaWeb Crawler (helpdesk at fastsearch dot com)"
66.151.181.12 - - [16/Jul/2005:13:01:49 -0800] "GET /gallery/photos/20040069/pages/2002-0032-00006.html HTTP/1.1" 200 1881 "http://photolab.elmer.uaf.edu/gallery/photos/20040069/index.html" "FAST MetaWeb Crawler (helpdesk at fastsearch dot com)"
66.151.181.12 - - [16/Jul/2005:13:02:40 -0800] "GET /gallery/photos/20040069/pages/2002-0032-00007.html HTTP/1.1" 200 1881 "http://photolab.elmer.uaf.edu/gallery/photos/20040069/index.html" "FAST MetaWeb Crawler (helpdesk at fastsearch dot com)"
24.15.116.242 - - [16/Jul/2005:13:03:04 -0800] "GET /store/photos/largejpegs/(105)1989-0166-00522a.jpg HTTP/1.1" 200 101451 "http://profile.myspace.com/index.cfm?fuseaction=user.viewProfile&friendID=9831514&Mytoken=20050716135553" "Mozilla/4.0 (compatible; MSIE 6.0; Windows 98; Win 9x 4.90)"
128.100.5.199 - - [16/Jul/2005:13:03:33 -0800] "GET /robots.txt HTTP/1.0" 200 96 "-" "UofTDB_experiment (leehyun@cs.toronto.edu)"
66.151.181.12 - - [16/Jul/2005:13:03:40 -0800] "GET /gallery/photos/20040069/pages/2002-0032-00008.html HTTP/1.1" 200 1881 "http://photolab.elmer.uaf.edu/gallery/photos/20040069/index.html" "FAST MetaWeb Crawler (helpdesk at fastsearch dot com)"
128.100.5.199 - - [16/Jul/2005:13:04:32 -0800] "GET / HTTP/1.0" 200 8570 "-" "UofTDB_experiment leehyun@cs.toronto.edu"
66.151.181.12 - - [16/Jul/2005:13:04:40 -0800] "GET /gallery/photos/20040069/pages/2002-0032-00009.html HTTP/1.1" 200 1881 "http://photolab.elmer.uaf.edu/gallery/photos/20040069/index.html" "FAST MetaWeb Crawler (helpdesk at fastsearch dot com)"
66.151.181.12 - - [16/Jul/2005:13:05:40 -0800] "GET /gallery/photos/20040069/pages/2002-0032-00010.html HTTP/1.1" 200 1882 "http://photolab.elmer.uaf.edu/gallery/photos/20040069/index.html" "FAST MetaWeb Crawler (helpdesk at fastsearch dot com)"
66.151.181.12 - - [16/Jul/2005:13:06:40 -0800] "GET /gallery/photos/20040069/pages/2002-0032-00011.html HTTP/1.1" 200 1882 "http://photolab.elmer.uaf.edu/gallery/photos/20040069/index.html" "FAST MetaWeb Crawler (helpdesk at fastsearch dot com)"
66.151.181.12 - - [16/Jul/2005:13:07:40 -0800] "GET /gallery/photos/20040069/pages/2002-0032-00012.html HTTP/1.1" 200 1882 "http://photolab.elmer.uaf.edu/gallery/photos/20040069/index.html" "FAST MetaWeb Crawler (helpdesk at fastsearch dot com)"
66.151.181.12 - - [16/Jul/2005:13:08:43 -0800] "GET /gallery/photos/20040069/index_4.html HTTP/1.1" 200 7230 "http://photolab.elmer.uaf.edu/gallery/photos/20040069/index_3.html" "FAST MetaWeb Crawler (helpdesk at fastsearch dot com)"
66.151.181.12 - - [16/Jul/2005:13:09:43 -0800] "GET /gallery/photos/20040069/pages/2002-0032-00025.html HTTP/1.1" 200 1884 "http://photolab.elmer.uaf.edu/gallery/photos/20040069/index_3.html" "FAST MetaWeb Crawler (helpdesk at fastsearch dot com)"
68.142.249.33 - - [16/Jul/2005:13:09:53 -0800] "GET /gallery/20010147 HTTP/1.0" 404 312 "-" "Mozilla/5.0 (compatible; Yahoo! Slurp; http://help.yahoo.com/help/us/ysearch/slurp)"
66.151.181.12 - - [16/Jul/2005:13:12:13 -0800] "GET /gallery/photos/20040069/pages/2002-0032-00026.html HTTP/1.1" 200 1884 "http://photolab.elmer.uaf.edu/gallery/photos/20040069/index_3.html" "FAST MetaWeb Crawler (helpdesk at fastsearch dot com)"
66.151.181.12 - - [16/Jul/2005:13:12:29 -0800] "GET /gallery/photos/20040069/pages/2002-0032-00027.html HTTP/1.1" 200 1884 "http://photolab.elmer.uaf.edu/gallery/photos/20040069/index_3.html" "FAST MetaWeb Crawler (helpdesk at fastsearch dot com)"
68.115.24.128 - - [16/Jul/2005:13:12:36 -0800] "GET /store/photos/largejpegs/(105)1989-0166-00522a.jpg HTTP/1.1" 200 101451 "-" "Mozilla/4.0 (compatible; MSIE 6.0; Windows NT 5.1)"
66.151.181.12 - - [16/Jul/2005:13:13:29 -0800] "GET /gallery/photos/20040069/pages/2002-0032-00028.html HTTP/1.1" 200 1884 "http://photolab.elmer.uaf.edu/gallery/photos/20040069/index_3.html" "FAST MetaWeb Crawler (helpdesk at fastsearch dot com)"
66.151.181.12 - - [16/Jul/2005:13:14:20 -0800] "GET /gallery/photos/20040069/pages/2002-0032-00029.html HTTP/1.1" 200 1884 "http://photolab.elmer.uaf.edu/gallery/photos/20040069/index_3.html" "FAST MetaWeb Crawler (helpdesk at fastsearch dot com)"
68.142.251.201 - - [16/Jul/2005:13:14:33 -0800] "GET /gallery/19790093/album HTTP/1.0" 404 318 "-" "Mozilla/5.0 (compatible; Yahoo! Slurp; http://help.yahoo.com/help/us/ysearch/slurp)"
66.151.181.12 - - [16/Jul/2005:13:15:20 -0800] "GET /gallery/photos/20040069/pages/2002-0032-00030.html HTTP/1.1" 200 1884 "http://photolab.elmer.uaf.edu/gallery/photos/20040069/index_3.html" "FAST MetaWeb Crawler (helpdesk at fastsearch dot com)"
66.151.181.12 - - [16/Jul/2005:13:19:29 -0800] "GET /gallery/photos/20040069/pages/2002-0032-00031.html HTTP/1.1" 200 1884 "http://photolab.elmer.uaf.edu/gallery/photos/20040069/index_3.html" "FAST MetaWeb Crawler (helpdesk at fastsearch dot com)"
66.151.181.12 - - [16/Jul/2005:13:20:30 -0800] "GET /gallery/photos/20040069/pages/2002-0032-00032.html HTTP/1.1" 200 1884 "http://photolab.elmer.uaf.edu/gallery/photos/20040069/index_3.html" "FAST MetaWeb Crawler (helpdesk at fastsearch dot com)"
66.151.181.12 - - [16/Jul/2005:13:21:38 -0800] "GET /gallery/photos/20040069/pages/2002-0032-00033.html HTTP/1.1" 200 1884 "http://photolab.elmer.uaf.edu/gallery/photos/20040069/index_3.html" "FAST MetaWeb Crawler (helpdesk at fastsearch dot com)"
68.163.146.131 - - [16/Jul/2005:13:22:08 -0800] "GET /store/photos/largejpegs/(112)1958-1026-01589.jpg HTTP/1.1" 304 - "http://www.livejournal.com/users/phildotidiot/friends" "Mozilla/4.0 (compatible; MSIE 6.0; Windows NT 5.1; SV1; .NET CLR 1.1.4322)"
66.151.181.12 - - [16/Jul/2005:13:22:32 -0800] "GET /gallery/photos/20040069/pages/2002-0032-00034.html HTTP/1.1" 200 1884 "http://photolab.elmer.uaf.edu/gallery/photos/20040069/index_3.html" "FAST MetaWeb Crawler (helpdesk at fastsearch dot com)"
66.151.181.12 - - [16/Jul/2005:13:23:32 -0800] "GET /gallery/photos/20040069/pages/2002-0032-00035.html HTTP/1.1" 200 1884 "http://photolab.elmer.uaf.edu/gallery/photos/20040069/index_3.html" "FAST MetaWeb Crawler (helpdesk at fastsearch dot com)"
66.151.181.12 - - [16/Jul/2005:13:24:29 -0800] "GET /gallery/photos/20040069/pages/2002-0032-00036.html HTTP/1.1" 200 1884 "http://photolab.elmer.uaf.edu/gallery/photos/20040069/index_3.html" "FAST MetaWeb Crawler (helpdesk at fastsearch dot com)"
66.151.181.12 - - [16/Jul/2005:13:25:32 -0800] "GET /gallery/photos/20040069/pages/2002-0032-00014.html HTTP/1.1" 200 1884 "http://photolab.elmer.uaf.edu/gallery/photos/20040069/pages/2002-0032-00013.html" "FAST MetaWeb Crawler (helpdesk at fastsearch dot com)"
84.167.111.2 - - [16/Jul/2005:13:26:27 -0800] "GET /gallery/maps/G3500/large/G3512%2520A85%25201899%2520J65.jpg HTTP/1.0" 404 349 "http://photolab.elmer.uaf.edu/gallery/maps/mapg3510.html" "webcollage/1.125"
66.151.181.12 - - [16/Jul/2005:13:26:50 -0800] "GET /gallery/photos/20040069/pages/2002-0032-00013.html HTTP/1.1" 200 1884 "http://photolab.elmer.uaf.edu/gallery/photos/20040069/pages/2002-0032-00014.html" "FAST MetaWeb Crawler (helpdesk at fastsearch dot com)"
66.151.181.12 - - [16/Jul/2005:13:27:38 -0800] "GET /gallery/photos/20040069/pages/2002-0032-00015.html HTTP/1.1" 200 1884 "http://photolab.elmer.uaf.edu/gallery/photos/20040069/pages/2002-0032-00014.html" "FAST MetaWeb Crawler (helpdesk at fastsearch dot com)"
66.151.181.12 - - [16/Jul/2005:13:28:29 -0800] "GET /gallery/photos/20040069/pages/2002-0032-00016.html HTTP/1.1" 200 1884 "http://photolab.elmer.uaf.edu/gallery/photos/20040069/pages/2002-0032-00015.html" "FAST MetaWeb Crawler (helpdesk at fastsearch dot com)"
66.151.181.12 - - [16/Jul/2005:13:29:29 -0800] "GET /gallery/photos/20040069/pages/2002-0032-00017.html HTTP/1.1" 200 1884 "http://photolab.elmer.uaf.edu/gallery/photos/20040069/pages/2002-0032-00016.html" "FAST MetaWeb Crawler (helpdesk at fastsearch dot com)"
66.151.181.12 - - [16/Jul/2005:13:30:30 -0800] "GET /gallery/photos/20040069/pages/2002-0032-00018.html HTTP/1.1" 200 1884 "http://photolab.elmer.uaf.edu/gallery/photos/20040069/pages/2002-0032-00017.html" "FAST MetaWeb Crawler (helpdesk at fastsearch dot com)"
66.151.181.12 - - [16/Jul/2005:13:31:38 -0800] "GET /gallery/photos/20040069/pages/2002-0032-00019.html HTTP/1.1" 200 1884 "http://photolab.elmer.uaf.edu/gallery/photos/20040069/pages/2002-0032-00018.html" "FAST MetaWeb Crawler (helpdesk at fastsearch dot com)"
66.151.181.12 - - [16/Jul/2005:13:32:29 -0800] "GET /gallery/photos/20040069/pages/2002-0032-00020.html HTTP/1.1" 200 1884 "http://photolab.elmer.uaf.edu/gallery/photos/20040069/pages/2002-0032-00019.html" "FAST MetaWeb Crawler (helpdesk at fastsearch dot com)"
66.151.181.12 - - [16/Jul/2005:13:33:29 -0800] "GET /gallery/photos/20040069/pages/2002-0032-00021.html HTTP/1.1" 200 1884 "http://photolab.elmer.uaf.edu/gallery/photos/20040069/pages/2002-0032-00020.html" "FAST MetaWeb Crawler (helpdesk at fastsearch dot com)"
64.4.225.140 - - [16/Jul/2005:13:33:49 -0800] "GET /index_files/store.css HTTP/1.1" 200 2756 "http://photolab.elmer.uaf.edu/store/maps.html" "Mozilla/4.0 (compatible; MSIE 6.0; Windows NT 5.1; SV1; .NET CLR 1.1.4322)"
64.4.225.140 - - [16/Jul/2005:13:33:49 -0800] "GET /store/maps.html HTTP/1.1" 200 23493 "http://images.google.com/imgres?imgurl=http://photolab.elmer.uaf.edu/store/maps/small%2520jpegs/(008)%2520G3205%2520%255B1757%255Da.jpg&imgrefurl=http://photolab.elmer.uaf.edu/store/maps.html&h=271&w=300&sz=59&tbnid=M7TtPkeDNoQJ:&tbnh=100&tbnw=111&hl=en&start=41&prev=/images%3Fq%3Dalaska%2Bhistory%26start%3D40%26svnum%3D10%26hl%3Den%26lr%3D%26rls%3DRNWE,RNWE:2005-02,RNWE:en%26sa%3DN" "Mozilla/4.0 (compatible; MSIE 6.0; Windows NT 5.1; SV1; .NET CLR 1.1.4322)"
64.4.225.140 - - [16/Jul/2005:13:33:50 -0800] "GET /index_files/aprbrown.jpg HTTP/1.1" 200 5509 "http://photolab.elmer.uaf.edu/store/maps.html" "Mozilla/4.0 (compatible; MSIE 6.0; Windows NT 5.1; SV1; .NET CLR 1.1.4322)"
64.4.225.140 - - [16/Jul/2005:13:33:50 -0800] "GET /index_files/storetitle.gif HTTP/1.1" 200 14535 "http://photolab.elmer.uaf.edu/store/maps.html" "Mozilla/4.0 (compatible; MSIE 6.0; Windows NT 5.1; SV1; .NET CLR 1.1.4322)"
64.4.225.140 - - [16/Jul/2005:13:33:50 -0800] "GET /index_files/menubar.gif HTTP/1.1" 200 2913 "http://photolab.elmer.uaf.edu/store/maps.html" "Mozilla/4.0 (compatible; MSIE 6.0; Windows NT 5.1; SV1; .NET CLR 1.1.4322)"
64.4.225.140 - - [16/Jul/2005:13:33:49 -0800] "GET /index_files/titlebrown.jpg HTTP/1.1" 200 5451 "http://photolab.elmer.uaf.edu/store/maps.html" "Mozilla/4.0 (compatible; MSIE 6.0; Windows NT 5.1; SV1; .NET CLR 1.1.4322)"
64.4.225.140 - - [16/Jul/2005:13:33:50 -0800] "GET /store/maps/small%20jpegs/(001)%20G3300%20%5B1780%5D%20C66.jpg HTTP/1.1" 200 38510 "http://photolab.elmer.uaf.edu/store/maps.html" "Mozilla/4.0 (compatible; MSIE 6.0; Windows NT 5.1; SV1; .NET CLR 1.1.4322)"
24.128.247.218 - - [16/Jul/2005:13:33:50 -0800] "GET /store/people.html HTTP/1.1" 200 21075 "http://images.google.com/imgres?imgurl=http://photolab.elmer.uaf.edu/store/photos/largejpegs/(105)1989-0166-00522a.jpg&imgrefurl=http://photolab.elmer.uaf.edu/store/people.html&h=692&w=1000&sz=100&tbnid=mRifvhDN3-gJ:&tbnh=103&tbnw=149&hl=en&start=17&prev=/images%3Fq%3Dold%2Bwoman%26svnum%3D10%26hl%3Den%26lr%3D" "Mozilla/4.0 (compatible; MSIE 6.0; Windows NT 5.1; SV1)"
64.4.225.140 - - [16/Jul/2005:13:33:52 -0800] "GET /store/maps/small%20jpegs/(002)%20G4370%20%5B1862_%5D%20C631.jpg HTTP/1.1" 200 42691 "http://photolab.elmer.uaf.edu/store/maps.html" "Mozilla/4.0 (compatible; MSIE 6.0; Windows NT 5.1; SV1; .NET CLR 1.1.4322)"
24.128.247.218 - - [16/Jul/2005:13:33:52 -0800] "GET /index_files/store.css HTTP/1.1" 200 2756 "http://photolab.elmer.uaf.edu/store/people.html" "Mozilla/4.0 (compatible; MSIE 6.0; Windows NT 5.1; SV1)"
24.128.247.218 - - [16/Jul/2005:13:33:52 -0800] "GET /index_files/titlebrown.jpg HTTP/1.1" 200 5451 "http://photolab.elmer.uaf.edu/store/people.html" "Mozilla/4.0 (compatible; MSIE 6.0; Windows NT 5.1; SV1)"
64.4.225.140 - - [16/Jul/2005:13:33:52 -0800] "GET /store/maps/small%20jpegs/(003)%20G7290%20%5B1584_%5D%20O71.jpg HTTP/1.1" 200 53075 "http://photolab.elmer.uaf.edu/store/maps.html" "Mozilla/4.0 (compatible; MSIE 6.0; Windows NT 5.1; SV1; .NET CLR 1.1.4322)"
24.128.247.218 - - [16/Jul/2005:13:33:55 -0800] "GET /index_files/aprbrown.jpg HTTP/1.1" 200 5509 "http://photolab.elmer.uaf.edu/store/people.html" "Mozilla/4.0 (compatible; MSIE 6.0; Windows NT 5.1; SV1)"
64.4.225.140 - - [16/Jul/2005:13:33:54 -0800] "GET /store/maps/small%20jpegs/(004)%20G3350%201898%20S4.jpg HTTP/1.1" 200 38584 "http://photolab.elmer.uaf.edu/store/maps.html" "Mozilla/4.0 (compatible; MSIE 6.0; Windows NT 5.1; SV1; .NET CLR 1.1.4322)"
24.128.247.218 - - [16/Jul/2005:13:33:55 -0800] "GET /index_files/storetitle.gif HTTP/1.1" 200 14535 "http://photolab.elmer.uaf.edu/store/people.html" "Mozilla/4.0 (compatible; MSIE 6.0; Windows NT 5.1; SV1)"
24.128.247.218 - - [16/Jul/2005:13:33:56 -0800] "GET /index_files/menubar.gif HTTP/1.1" 200 2913 "http://photolab.elmer.uaf.edu/store/people.html" "Mozilla/4.0 (compatible; MSIE 6.0; Windows NT 5.1; SV1)"
64.4.225.140 - - [16/Jul/2005:13:33:56 -0800] "GET /store/maps/small%20jpegs/(005)%20G3210%20%5B1740_%5D%20T57.jpg HTTP/1.1" 200 46978 "http://photolab.elmer.uaf.edu/store/maps.html" "Mozilla/4.0 (compatible; MSIE 6.0; Windows NT 5.1; SV1; .NET CLR 1.1.4322)"
