66.151.181.12 - - [16/Jul/2005:02:20:58 -0800] "GET /gallery/photos/20010129/2/pages/2001-0129-00280.html HTTP/1.1" 200 1762 "http://photolab.elmer.uaf.edu/gallery/photos/20010129/2/index_7.html" "FAST MetaWeb Crawler (helpdesk at fastsearch dot com)"
66.151.181.12 - - [16/Jul/2005:02:21:56 -0800] "GET /gallery/photos/20010129/2/pages/2001-0129-00281.html HTTP/1.1" 200 1762 "http://photolab.elmer.uaf.edu/gallery/photos/20010129/2/index_7.html" "FAST MetaWeb Crawler (helpdesk at fastsearch dot com)"
66.151.181.12 - - [16/Jul/2005:02:23:05 -0800] "GET /gallery/photos/20010129/2/pages/2001-0129-00282.html HTTP/1.1" 200 1762 "http://photolab.elmer.uaf.edu/gallery/photos/20010129/2/index_7.html" "FAST MetaWeb Crawler (helpdesk at fastsearch dot com)"
66.151.181.12 - - [16/Jul/2005:02:25:29 -0800] "GET /gallery/photos/20010129/2/pages/2001-0129-00283.html HTTP/1.1" 200 1762 "http://photolab.elmer.uaf.edu/gallery/photos/20010129/2/index_7.html" "FAST MetaWeb Crawler (helpdesk at fastsearch dot com)"
66.151.181.12 - - [16/Jul/2005:02:25:30 -0800] "GET /gallery/photos/20010164/index_8.html HTTP/1.1" 200 7254 "http://photolab.elmer.uaf.edu/gallery/photos/20010164/index_7.html" "FAST MetaWeb Crawler (helpdesk at fastsearch dot com)"
66.151.181.12 - - [16/Jul/2005:02:26:51 -0800] "GET /gallery/photos/20010164/pages/2001-0164-00073.html HTTP/1.1" 200 1769 "http://photolab.elmer.uaf.edu/gallery/photos/20010164/index_7.html" "FAST MetaWeb Crawler (helpdesk at fastsearch dot com)"
66.151.181.12 - - [16/Jul/2005:02:27:30 -0800] "GET /gallery/photos/20010164/pages/2001-0164-00074.html HTTP/1.1" 200 1769 "http://photolab.elmer.uaf.edu/gallery/photos/20010164/index_7.html" "FAST MetaWeb Crawler (helpdesk at fastsearch dot com)"
66.151.181.12 - - [16/Jul/2005:02:28:33 -0800] "GET /gallery/photos/20010164/pages/2001-0164-00075.html HTTP/1.1" 200 1769 "http://photolab.elmer.uaf.edu/gallery/photos/20010164/index_7.html" "FAST MetaWeb Crawler (helpdesk at fastsearch dot com)"
66.151.181.12 - - [16/Jul/2005:02:29:39 -0800] "GET /gallery/photos/20010164/pages/2001-0164-00076.html HTTP/1.1" 200 1769 "http://photolab.elmer.uaf.edu/gallery/photos/20010164/index_7.html" "FAST MetaWeb Crawler (helpdesk at fastsearch dot com)"
66.151.181.12 - - [16/Jul/2005:02:30:34 -0800] "GET /gallery/photos/20010164/pages/2001-0164-00077.html HTTP/1.1" 200 1769 "http://photolab.elmer.uaf.edu/gallery/photos/20010164/index_7.html" "FAST MetaWeb Crawler (helpdesk at fastsearch dot com)"
66.151.181.12 - - [16/Jul/2005:02:31:51 -0800] "GET /gallery/photos/20010164/pages/2001-0164-00078.html HTTP/1.1" 200 1769 "http://photolab.elmer.uaf.edu/gallery/photos/20010164/index_7.html" "FAST MetaWeb Crawler (helpdesk at fastsearch dot com)"
66.151.181.12 - - [16/Jul/2005:02:32:30 -0800] "GET /gallery/photos/20010164/pages/2001-0164-00079.html HTTP/1.1" 200 1769 "http://photolab.elmer.uaf.edu/gallery/photos/20010164/index_7.html" "FAST MetaWeb Crawler (helpdesk at fastsearch dot com)"
66.151.181.12 - - [16/Jul/2005:02:35:03 -0800] "GET /gallery/photos/20010164/pages/2001-0164-00080.html HTTP/1.1" 200 1769 "http://photolab.elmer.uaf.edu/gallery/photos/20010164/index_7.html" "FAST MetaWeb Crawler (helpdesk at fastsearch dot com)"
66.151.181.12 - - [16/Jul/2005:02:35:12 -0800] "GET /gallery/photos/20010164/pages/2001-0164-00081.html HTTP/1.1" 200 1769 "http://photolab.elmer.uaf.edu/gallery/photos/20010164/index_7.html" "FAST MetaWeb Crawler (helpdesk at fastsearch dot com)"
66.151.181.12 - - [16/Jul/2005:02:36:24 -0800] "GET /gallery/photos/20010164/pages/2001-0164-00082.html HTTP/1.1" 200 1769 "http://photolab.elmer.uaf.edu/gallery/photos/20010164/index_7.html" "FAST MetaWeb Crawler (helpdesk at fastsearch dot com)"
66.151.181.12 - - [16/Jul/2005:02:37:24 -0800] "GET /gallery/photos/20010164/pages/2001-0164-00083.html HTTP/1.1" 200 1769 "http://photolab.elmer.uaf.edu/gallery/photos/20010164/index_7.html" "FAST MetaWeb Crawler (helpdesk at fastsearch dot com)"
68.142.251.145 - - [16/Jul/2005:02:37:56 -0800] "GET /robots.txt HTTP/1.0" 200 96 "-" "Mozilla/5.0 (compatible; Yahoo! Slurp; http://help.yahoo.com/help/us/ysearch/slurp)"
68.142.250.155 - - [16/Jul/2005:02:37:57 -0800] "GET /gallery/19950244/06 HTTP/1.0" 404 315 "-" "Mozilla/5.0 (compatible; Yahoo! Slurp; http://help.yahoo.com/help/us/ysearch/slurp)"
66.151.181.12 - - [16/Jul/2005:02:38:12 -0800] "GET /gallery/photos/20010164/pages/2001-0164-00084.html HTTP/1.1" 200 1769 "http://photolab.elmer.uaf.edu/gallery/photos/20010164/index_7.html" "FAST MetaWeb Crawler (helpdesk at fastsearch dot com)"
66.151.181.12 - - [16/Jul/2005:02:39:05 -0800] "GET /gallery/photos/20020015/0/index_8.html HTTP/1.1" 200 7307 "http://photolab.elmer.uaf.edu/gallery/photos/20020015/0/index_7.html" "FAST MetaWeb Crawler (helpdesk at fastsearch dot com)"
66.151.181.12 - - [16/Jul/2005:02:40:12 -0800] "GET /gallery/photos/20020015/0/pages/2002-0015-00073m.html HTTP/1.1" 200 1770 "http://photolab.elmer.uaf.edu/gallery/photos/20020015/0/index_7.html" "FAST MetaWeb Crawler (helpdesk at fastsearch dot com)"
66.151.181.12 - - [16/Jul/2005:02:41:03 -0800] "GET /gallery/photos/20020015/0/pages/2002-0015-00074m.html HTTP/1.1" 200 1770 "http://photolab.elmer.uaf.edu/gallery/photos/20020015/0/index_7.html" "FAST MetaWeb Crawler (helpdesk at fastsearch dot com)"
66.151.181.12 - - [16/Jul/2005:02:42:06 -0800] "GET /gallery/photos/20020015/0/pages/2002-0015-00075m.html HTTP/1.1" 200 1770 "http://photolab.elmer.uaf.edu/gallery/photos/20020015/0/index_7.html" "FAST MetaWeb Crawler (helpdesk at fastsearch dot com)"
66.151.181.12 - - [16/Jul/2005:02:43:03 -0800] "GET /gallery/photos/20020015/0/pages/2002-0015-00076m.html HTTP/1.1" 200 1770 "http://photolab.elmer.uaf.edu/gallery/photos/20020015/0/index_7.html" "FAST MetaWeb Crawler (helpdesk at fastsearch dot com)"
66.151.181.12 - - [16/Jul/2005:02:44:06 -0800] "GET /gallery/photos/20020015/0/pages/2002-0015-00077m.html HTTP/1.1" 200 1770 "http://photolab.elmer.uaf.edu/gallery/photos/20020015/0/index_7.html" "FAST MetaWeb Crawler (helpdesk at fastsearch dot com)"
68.142.249.56 - - [16/Jul/2005:02:44:34 -0800] "GET /gallery/20030024/1 HTTP/1.0" 404 314 "-" "Mozilla/5.0 (compatible; Yahoo! Slurp; http://help.yahoo.com/help/us/ysearch/slurp)"
66.151.181.12 - - [16/Jul/2005:02:45:12 -0800] "GET /gallery/photos/20020015/0/pages/2002-0015-00078m.html HTTP/1.1" 200 1770 "http://photolab.elmer.uaf.edu/gallery/photos/20020015/0/index_7.html" "FAST MetaWeb Crawler (helpdesk at fastsearch dot com)"
66.151.181.12 - - [16/Jul/2005:02:46:48 -0800] "GET /gallery/photos/20020015/0/pages/2002-0015-00079m.html HTTP/1.1" 200 1770 "http://photolab.elmer.uaf.edu/gallery/photos/20020015/0/index_7.html" "FAST MetaWeb Crawler (helpdesk at fastsearch dot com)"
66.151.181.12 - - [16/Jul/2005:02:47:06 -0800] "GET /gallery/photos/20020015/0/pages/2002-0015-00080m.html HTTP/1.1" 200 1770 "http://photolab.elmer.uaf.edu/gallery/photos/20020015/0/index_7.html" "FAST MetaWeb Crawler (helpdesk at fastsearch dot com)"
66.151.181.12 - - [16/Jul/2005:02:48:06 -0800] "GET /gallery/photos/20020015/0/pages/2002-0015-00081m.html HTTP/1.1" 200 1770 "http://photolab.elmer.uaf.edu/gallery/photos/20020015/0/index_7.html" "FAST MetaWeb Crawler (helpdesk at fastsearch dot com)"
66.151.181.12 - - [16/Jul/2005:02:50:36 -0800] "GET /gallery/photos/20020015/0/pages/2002-0015-00082m.html HTTP/1.1" 200 1770 "http://photolab.elmer.uaf.edu/gallery/photos/20020015/0/index_7.html" "FAST MetaWeb Crawler (helpdesk at fastsearch dot com)"
66.151.181.12 - - [16/Jul/2005:02:51:22 -0800] "GET /gallery/photos/20020015/0/pages/2002-0015-00083m.html HTTP/1.1" 200 1770 "http://photolab.elmer.uaf.edu/gallery/photos/20020015/0/index_7.html" "FAST MetaWeb Crawler (helpdesk at fastsearch dot com)"
66.151.181.12 - - [16/Jul/2005:02:51:58 -0800] "GET /gallery/photos/20020015/0/pages/2002-0015-00084m.html HTTP/1.1" 200 1770 "http://photolab.elmer.uaf.edu/gallery/photos/20020015/0/index_7.html" "FAST MetaWeb Crawler (helpdesk at fastsearch dot com)"
66.151.181.12 - - [16/Jul/2005:02:52:40 -0800] "GET /gallery/photos/20020015/1/index_8.html HTTP/1.1" 200 7307 "http://photolab.elmer.uaf.edu/gallery/photos/20020015/1/index_7.html" "FAST MetaWeb Crawler (helpdesk at fastsearch dot com)"
66.151.181.12 - - [16/Jul/2005:02:58:37 -0800] "GET /gallery/photos/20020015/1/pages/2002-0015-00172m.html HTTP/1.1" 200 1770 "http://photolab.elmer.uaf.edu/gallery/photos/20020015/1/index_7.html" "FAST MetaWeb Crawler (helpdesk at fastsearch dot com)"
66.151.181.12 - - [16/Jul/2005:02:59:37 -0800] "GET /gallery/photos/20020015/1/pages/2002-0015-00173m.html HTTP/1.1" 200 1770 "http://photolab.elmer.uaf.edu/gallery/photos/20020015/1/index_7.html" "FAST MetaWeb Crawler (helpdesk at fastsearch dot com)"
66.151.181.12 - - [16/Jul/2005:03:00:46 -0800] "GET /gallery/photos/20020015/1/pages/2002-0015-00174m.html HTTP/1.1" 200 1770 "http://photolab.elmer.uaf.edu/gallery/photos/20020015/1/index_7.html" "FAST MetaWeb Crawler (helpdesk at fastsearch dot com)"
66.151.181.12 - - [16/Jul/2005:03:04:55 -0800] "GET /gallery/photos/20020015/1/pages/2002-0015-00175m.html HTTP/1.1" 200 1770 "http://photolab.elmer.uaf.edu/gallery/photos/20020015/1/index_7.html" "FAST MetaWeb Crawler (helpdesk at fastsearch dot com)"
195.93.102.36 - - [16/Jul/2005:03:05:21 -0800] "HEAD /store/people.html HTTP/1.0" 200 - "-" "-"
195.93.102.36 - - [16/Jul/2005:03:05:21 -0800] "HEAD /store/people.html HTTP/1.0" 200 - "-" "-"
66.151.181.12 - - [16/Jul/2005:03:05:49 -0800] "GET /gallery/photos/20020015/1/pages/2002-0015-00176m.html HTTP/1.1" 200 1770 "http://photolab.elmer.uaf.edu/gallery/photos/20020015/1/index_7.html" "FAST MetaWeb Crawler (helpdesk at fastsearch dot com)"
66.151.181.12 - - [16/Jul/2005:03:06:55 -0800] "GET /gallery/photos/20020015/1/pages/2002-0015-00177m.html HTTP/1.1" 200 1770 "http://photolab.elmer.uaf.edu/gallery/photos/20020015/1/index_7.html" "FAST MetaWeb Crawler (helpdesk at fastsearch dot com)"
66.151.181.12 - - [16/Jul/2005:03:07:46 -0800] "GET /gallery/photos/20020015/1/pages/2002-0015-00178m.html HTTP/1.1" 200 1770 "http://photolab.elmer.uaf.edu/gallery/photos/20020015/1/index_7.html" "FAST MetaWeb Crawler (helpdesk at fastsearch dot com)"
66.151.181.12 - - [16/Jul/2005:03:08:48 -0800] "GET /gallery/photos/20020015/1/pages/2002-0015-00179m.html HTTP/1.1" 200 1770 "http://photolab.elmer.uaf.edu/gallery/photos/20020015/1/index_7.html" "FAST MetaWeb Crawler (helpdesk at fastsearch dot com)"
66.151.181.12 - - [16/Jul/2005:03:09:46 -0800] "GET /gallery/photos/20020015/1/pages/2002-0015-00180m.html HTTP/1.1" 200 1770 "http://photolab.elmer.uaf.edu/gallery/photos/20020015/1/index_7.html" "FAST MetaWeb Crawler (helpdesk at fastsearch dot com)"
68.142.249.78 - - [16/Jul/2005:03:12:10 -0800] "GET /gallery/19910046/04 HTTP/1.0" 404 315 "-" "Mozilla/5.0 (compatible; Yahoo! Slurp; http://help.yahoo.com/help/us/ysearch/slurp)"
66.151.181.12 - - [16/Jul/2005:03:12:19 -0800] "GET /gallery/photos/20020015/1/pages/2002-0015-00181m.html HTTP/1.1" 200 1770 "http://photolab.elmer.uaf.edu/gallery/photos/20020015/1/index_7.html" "FAST MetaWeb Crawler (helpdesk at fastsearch dot com)"
66.151.181.12 - - [16/Jul/2005:03:12:20 -0800] "GET /gallery/photos/20020015/1/pages/2002-0015-00182m.html HTTP/1.1" 200 1770 "http://photolab.elmer.uaf.edu/gallery/photos/20020015/1/index_7.html" "FAST MetaWeb Crawler (helpdesk at fastsearch dot com)"
66.151.181.12 - - [16/Jul/2005:03:13:20 -0800] "GET /gallery/photos/20020015/1/pages/2002-0015-00183m.html HTTP/1.1" 200 1770 "http://photolab.elmer.uaf.edu/gallery/photos/20020015/1/index_7.html" "FAST MetaWeb Crawler (helpdesk at fastsearch dot com)"
66.151.181.12 - - [16/Jul/2005:03:14:20 -0800] "GET /gallery/photos/20020015/2/index_8.html HTTP/1.1" 200 7307 "http://photolab.elmer.uaf.edu/gallery/photos/20020015/2/index_7.html" "FAST MetaWeb Crawler (helpdesk at fastsearch dot com)"
66.151.181.12 - - [16/Jul/2005:03:17:23 -0800] "GET /gallery/photos/20020015/2/pages/2002-0015-00272m.html HTTP/1.1" 200 1770 "http://photolab.elmer.uaf.edu/gallery/photos/20020015/2/index_7.html" "FAST MetaWeb Crawler (helpdesk at fastsearch dot com)"
66.151.181.12 - - [16/Jul/2005:03:18:43 -0800] "GET /gallery/photos/20020015/2/pages/2002-0015-00273m.html HTTP/1.1" 200 1770 "http://photolab.elmer.uaf.edu/gallery/photos/20020015/2/index_7.html" "FAST MetaWeb Crawler (helpdesk at fastsearch dot com)"
66.151.181.12 - - [16/Jul/2005:03:19:24 -0800] "GET /gallery/photos/20020015/2/pages/2002-0015-00274m.html HTTP/1.1" 200 1770 "http://photolab.elmer.uaf.edu/gallery/photos/20020015/2/index_7.html" "FAST MetaWeb Crawler (helpdesk at fastsearch dot com)"
66.151.181.12 - - [16/Jul/2005:03:20:22 -0800] "GET /gallery/photos/20020015/2/pages/2002-0015-00275m.html HTTP/1.1" 200 1770 "http://photolab.elmer.uaf.edu/gallery/photos/20020015/2/index_7.html" "FAST MetaWeb Crawler (helpdesk at fastsearch dot com)"
66.151.181.12 - - [16/Jul/2005:03:21:22 -0800] "GET /gallery/photos/20020015/2/pages/2002-0015-00276m.html HTTP/1.1" 200 1770 "http://photolab.elmer.uaf.edu/gallery/photos/20020015/2/index_7.html" "FAST MetaWeb Crawler (helpdesk at fastsearch dot com)"
66.151.181.12 - - [16/Jul/2005:03:22:31 -0800] "GET /gallery/photos/20020015/2/pages/2002-0015-00277m.html HTTP/1.1" 200 1770 "http://photolab.elmer.uaf.edu/gallery/photos/20020015/2/index_7.html" "FAST MetaWeb Crawler (helpdesk at fastsearch dot com)"
66.151.181.12 - - [16/Jul/2005:03:24:22 -0800] "GET /gallery/photos/20020015/2/pages/2002-0015-00278m.html HTTP/1.1" 200 1770 "http://photolab.elmer.uaf.edu/gallery/photos/20020015/2/index_7.html" "FAST MetaWeb Crawler (helpdesk at fastsearch dot com)"
66.151.181.12 - - [16/Jul/2005:03:25:31 -0800] "GET /gallery/photos/20020015/2/pages/2002-0015-00279m.html HTTP/1.1" 200 1770 "http://photolab.elmer.uaf.edu/gallery/photos/20020015/2/index_7.html" "FAST MetaWeb Crawler (helpdesk at fastsearch dot com)"
66.151.181.12 - - [16/Jul/2005:03:26:31 -0800] "GET /gallery/photos/20020015/2/pages/2002-0015-00280m.html HTTP/1.1" 200 1770 "http://photolab.elmer.uaf.edu/gallery/photos/20020015/2/index_7.html" "FAST MetaWeb Crawler (helpdesk at fastsearch dot com)"
66.151.181.12 - - [16/Jul/2005:03:27:22 -0800] "GET /gallery/photos/20020015/2/pages/2002-0015-00281m.html HTTP/1.1" 200 1770 "http://photolab.elmer.uaf.edu/gallery/photos/20020015/2/index_7.html" "FAST MetaWeb Crawler (helpdesk at fastsearch dot com)"
66.151.181.12 - - [16/Jul/2005:03:31:32 -0800] "GET /gallery/photos/20020015/2/pages/2002-0015-00283m.html HTTP/1.1" 200 1770 "http://photolab.elmer.uaf.edu/gallery/photos/20020015/2/index_7.html" "FAST MetaWeb Crawler (helpdesk at fastsearch dot com)"
66.151.181.12 - - [16/Jul/2005:03:31:31 -0800] "GET /gallery/photos/20020015/2/pages/2002-0015-00282m.html HTTP/1.1" 200 1770 "http://photolab.elmer.uaf.edu/gallery/photos/20020015/2/index_7.html" "FAST MetaWeb Crawler (helpdesk at fastsearch dot com)"
66.151.181.12 - - [16/Jul/2005:03:32:32 -0800] "GET /gallery/photos/20020015/3/index_8.html HTTP/1.1" 200 7307 "http://photolab.elmer.uaf.edu/gallery/photos/20020015/3/index_7.html" "FAST MetaWeb Crawler (helpdesk at fastsearch dot com)"
66.151.181.12 - - [16/Jul/2005:03:33:35 -0800] "GET /gallery/photos/20020015/3/pages/2002-0015-00372m.html HTTP/1.1" 200 1770 "http://photolab.elmer.uaf.edu/gallery/photos/20020015/3/index_7.html" "FAST MetaWeb Crawler (helpdesk at fastsearch dot com)"
66.151.181.12 - - [16/Jul/2005:03:34:32 -0800] "GET /gallery/photos/20020015/3/pages/2002-0015-00373m.html HTTP/1.1" 200 1770 "http://photolab.elmer.uaf.edu/gallery/photos/20020015/3/index_7.html" "FAST MetaWeb Crawler (helpdesk at fastsearch dot com)"
66.151.181.12 - - [16/Jul/2005:03:35:32 -0800] "GET /gallery/photos/20020015/3/pages/2002-0015-00374m.html HTTP/1.1" 200 1770 "http://photolab.elmer.uaf.edu/gallery/photos/20020015/3/index_7.html" "FAST MetaWeb Crawler (helpdesk at fastsearch dot com)"
66.151.181.12 - - [16/Jul/2005:03:36:32 -0800] "GET /gallery/photos/20020015/3/pages/2002-0015-00375m.html HTTP/1.1" 200 1770 "http://photolab.elmer.uaf.edu/gallery/photos/20020015/3/index_7.html" "FAST MetaWeb Crawler (helpdesk at fastsearch dot com)"
66.151.181.12 - - [16/Jul/2005:03:37:53 -0800] "GET /gallery/photos/20020015/3/pages/2002-0015-00376m.html HTTP/1.1" 200 1770 "http://photolab.elmer.uaf.edu/gallery/photos/20020015/3/index_7.html" "FAST MetaWeb Crawler (helpdesk at fastsearch dot com)"
66.151.181.12 - - [16/Jul/2005:03:38:54 -0800] "GET /gallery/photos/20020015/3/pages/2002-0015-00377m.html HTTP/1.1" 200 1770 "http://photolab.elmer.uaf.edu/gallery/photos/20020015/3/index_7.html" "FAST MetaWeb Crawler (helpdesk at fastsearch dot com)"
66.151.181.12 - - [16/Jul/2005:03:39:41 -0800] "GET /gallery/photos/20020015/3/pages/2002-0015-00378m.html HTTP/1.1" 200 1770 "http://photolab.elmer.uaf.edu/gallery/photos/20020015/3/index_7.html" "FAST MetaWeb Crawler (helpdesk at fastsearch dot com)"
66.151.181.12 - - [16/Jul/2005:03:40:32 -0800] "GET /gallery/photos/20020015/3/pages/2002-0015-00379m.html HTTP/1.1" 200 1770 "http://photolab.elmer.uaf.edu/gallery/photos/20020015/3/index_7.html" "FAST MetaWeb Crawler (helpdesk at fastsearch dot com)"
202.156.2.219 - - [16/Jul/2005:03:40:56 -0800] "GET /store/people.html HTTP/1.1" 200 21075 "http://images.google.com.sg/imgres?imgurl=http://photolab.elmer.uaf.edu/store/photos/largejpegs/(105)1989-0166-00522a.jpg&imgrefurl=http://photolab.elmer.uaf.edu/store/people.html&h=692&w=1000&sz=100&tbnid=mRifvhDN3-gJ:&tbnh=103&tbnw=149&hl=en&start=16&prev=/images%3Fq%3Dold%2Bwoman%26svnum%3D10%26hl%3Den%26lr%3D" "Mozilla/4.0 (compatible; MSIE 6.0; Windows NT 5.1; SV1)"
202.156.2.219 - - [16/Jul/2005:03:40:57 -0800] "GET /index_files/store.css HTTP/1.1" 200 2756 "http://photolab.elmer.uaf.edu/store/people.html" "Mozilla/4.0 (compatible; MSIE 6.0; Windows NT 5.1; SV1)"
202.156.2.219 - - [16/Jul/2005:03:40:57 -0800] "GET /index_files/aprbrown.jpg HTTP/1.1" 200 5509 "http://photolab.elmer.uaf.edu/store/people.html" "Mozilla/4.0 (compatible; MSIE 6.0; Windows NT 5.1; SV1)"
202.156.2.219 - - [16/Jul/2005:03:40:57 -0800] "GET /index_files/titlebrown.jpg HTTP/1.1" 200 5451 "http://photolab.elmer.uaf.edu/store/people.html" "Mozilla/4.0 (compatible; MSIE 6.0; Windows NT 5.1; SV1)"
202.156.2.219 - - [16/Jul/2005:03:40:57 -0800] "GET /store/photos/largejpegs/(105)1989-0166-00522a.jpg HTTP/1.1" 200 101451 "http://images.google.com.sg/imgres?imgurl=http://photolab.elmer.uaf.edu/store/photos/largejpegs/(105)1989-0166-00522a.jpg&imgrefurl=http://photolab.elmer.uaf.edu/store/people.html&h=692&w=1000&sz=100&tbnid=mRifvhDN3-gJ:&tbnh=103&tbnw=149&hl=en&prev=/images%3Fq%3Dold%2Bwoman%26svnum%3D10%26hl%3Den%26lr%3D&frame=small" "Mozilla/4.0 (compatible; MSIE 6.0; Windows NT 5.1; SV1)"
66.151.181.12 - - [16/Jul/2005:03:41:53 -0800] "GET /gallery/photos/20020015/3/pages/2002-0015-00380m.html HTTP/1.1" 200 1770 "http://photolab.elmer.uaf.edu/gallery/photos/20020015/3/index_7.html" "FAST MetaWeb Crawler (helpdesk at fastsearch dot com)"
202.156.2.219 - - [16/Jul/2005:03:42:21 -0800] "GET /store/people.html HTTP/1.1" 304 - "http://images.google.com.sg/imgres?imgurl=http://photolab.elmer.uaf.edu/store/photos/largejpegs/(105)1989-0166-00522a.jpg&imgrefurl=http://photolab.elmer.uaf.edu/store/people.html&h=692&w=1000&sz=100&tbnid=mRifvhDN3-gJ:&tbnh=103&tbnw=149&hl=en&start=16&prev=/images%3Fq%3Dold%2Bwoman%26svnum%3D10%26hl%3Den%26lr%3D" "Mozilla/4.0 (compatible; MSIE 6.0; Windows NT 5.1; SV1)"
202.156.2.219 - - [16/Jul/2005:03:42:22 -0800] "GET /index_files/titlebrown.jpg HTTP/1.1" 304 - "http://photolab.elmer.uaf.edu/store/people.html" "Mozilla/4.0 (compatible; MSIE 6.0; Windows NT 5.1; SV1)"
202.156.2.219 - - [16/Jul/2005:03:42:22 -0800] "GET /index_files/store.css HTTP/1.1" 304 - "http://photolab.elmer.uaf.edu/store/people.html" "Mozilla/4.0 (compatible; MSIE 6.0; Windows NT 5.1; SV1)"
66.151.181.12 - - [16/Jul/2005:03:42:33 -0800] "GET /gallery/photos/20020015/3/pages/2002-0015-00381m.html HTTP/1.1" 200 1770 "http://photolab.elmer.uaf.edu/gallery/photos/20020015/3/index_7.html" "FAST MetaWeb Crawler (helpdesk at fastsearch dot com)"
66.151.181.12 - - [16/Jul/2005:03:43:33 -0800] "GET /gallery/photos/20020015/3/pages/2002-0015-00382m.html HTTP/1.1" 200 1770 "http://photolab.elmer.uaf.edu/gallery/photos/20020015/3/index_7.html" "FAST MetaWeb Crawler (helpdesk at fastsearch dot com)"
66.151.181.12 - - [16/Jul/2005:03:44:36 -0800] "GET /gallery/photos/20020015/3/pages/2002-0015-00383m.html HTTP/1.1" 200 1770 "http://photolab.elmer.uaf.edu/gallery/photos/20020015/3/index_7.html" "FAST MetaWeb Crawler (helpdesk at fastsearch dot com)"
66.151.181.12 - - [16/Jul/2005:03:45:54 -0800] "GET /gallery/photos/20020015/4/index_8.html HTTP/1.1" 200 7307 "http://photolab.elmer.uaf.edu/gallery/photos/20020015/4/index_7.html" "FAST MetaWeb Crawler (helpdesk at fastsearch dot com)"
66.151.181.12 - - [16/Jul/2005:03:46:36 -0800] "GET /gallery/photos/20020015/4/pages/2002-0015-00472m.html HTTP/1.1" 200 1770 "http://photolab.elmer.uaf.edu/gallery/photos/20020015/4/index_7.html" "FAST MetaWeb Crawler (helpdesk at fastsearch dot com)"
207.46.98.84 - - [16/Jul/2005:03:47:24 -0800] "GET /gallery/photos/20030024/3/pages/2003-0024-00302.html HTTP/1.0" 200 1758 "-" "msnbot/1.0 (+http://search.msn.com/msnbot.htm)"
66.151.181.12 - - [16/Jul/2005:03:47:36 -0800] "GET /gallery/photos/20020015/4/pages/2002-0015-00473m.html HTTP/1.1" 200 1770 "http://photolab.elmer.uaf.edu/gallery/photos/20020015/4/index_7.html" "FAST MetaWeb Crawler (helpdesk at fastsearch dot com)"
66.151.181.12 - - [16/Jul/2005:03:48:33 -0800] "GET /gallery/photos/20020015/4/pages/2002-0015-00474m.html HTTP/1.1" 200 1770 "http://photolab.elmer.uaf.edu/gallery/photos/20020015/4/index_7.html" "FAST MetaWeb Crawler (helpdesk at fastsearch dot com)"
66.151.181.12 - - [16/Jul/2005:03:49:33 -0800] "GET /gallery/photos/20020015/4/pages/2002-0015-00475m.html HTTP/1.1" 200 1770 "http://photolab.elmer.uaf.edu/gallery/photos/20020015/4/index_7.html" "FAST MetaWeb Crawler (helpdesk at fastsearch dot com)"
207.46.98.84 - - [16/Jul/2005:03:49:59 -0800] "GET /gallery/photos/19950244/00/pages/1995-0244-00010.html HTTP/1.0" 200 1886 "-" "msnbot/1.0 (+http://search.msn.com/msnbot.htm)"
66.151.181.12 - - [16/Jul/2005:03:50:54 -0800] "GET /gallery/photos/20020015/4/pages/2002-0015-00476m.html HTTP/1.1" 200 1770 "http://photolab.elmer.uaf.edu/gallery/photos/20020015/4/index_7.html" "FAST MetaWeb Crawler (helpdesk at fastsearch dot com)"
66.151.181.12 - - [16/Jul/2005:03:51:36 -0800] "GET /gallery/photos/20020015/4/pages/2002-0015-00477m.html HTTP/1.1" 200 1770 "http://photolab.elmer.uaf.edu/gallery/photos/20020015/4/index_7.html" "FAST MetaWeb Crawler (helpdesk at fastsearch dot com)"
66.151.181.12 - - [16/Jul/2005:03:52:33 -0800] "GET /gallery/photos/20020015/4/pages/2002-0015-00478m.html HTTP/1.1" 200 1770 "http://photolab.elmer.uaf.edu/gallery/photos/20020015/4/index_7.html" "FAST MetaWeb Crawler (helpdesk at fastsearch dot com)"
66.151.181.12 - - [16/Jul/2005:03:53:54 -0800] "GET /gallery/photos/20020015/4/pages/2002-0015-00479m.html HTTP/1.1" 200 1770 "http://photolab.elmer.uaf.edu/gallery/photos/20020015/4/index_7.html" "FAST MetaWeb Crawler (helpdesk at fastsearch dot com)"
66.151.181.12 - - [16/Jul/2005:03:55:19 -0800] "GET /gallery/photos/20020015/4/pages/2002-0015-00480m.html HTTP/1.1" 200 1770 "http://photolab.elmer.uaf.edu/gallery/photos/20020015/4/index_7.html" "FAST MetaWeb Crawler (helpdesk at fastsearch dot com)"
66.151.181.12 - - [16/Jul/2005:03:55:37 -0800] "GET /gallery/photos/20020015/4/pages/2002-0015-00481m.html HTTP/1.1" 200 1770 "http://photolab.elmer.uaf.edu/gallery/photos/20020015/4/index_7.html" "FAST MetaWeb Crawler (helpdesk at fastsearch dot com)"
66.151.181.12 - - [16/Jul/2005:03:56:34 -0800] "GET /gallery/photos/20020015/4/pages/2002-0015-00482m.html HTTP/1.1" 200 1770 "http://photolab.elmer.uaf.edu/gallery/photos/20020015/4/index_7.html" "FAST MetaWeb Crawler (helpdesk at fastsearch dot com)"
66.151.181.12 - - [16/Jul/2005:03:57:34 -0800] "GET /gallery/photos/20020015/4/pages/2002-0015-00483m.html HTTP/1.1" 200 1770 "http://photolab.elmer.uaf.edu/gallery/photos/20020015/4/index_7.html" "FAST MetaWeb Crawler (helpdesk at fastsearch dot com)"
207.46.98.84 - - [16/Jul/2005:03:58:25 -0800] "GET /robots.txt HTTP/1.0" 200 96 "-" "msnbot/1.0 (+http://search.msn.com/msnbot.htm)"
207.46.98.84 - - [16/Jul/2005:03:58:25 -0800] "GET /gallery/photos/20030024/3/pages/2003-0024-00306.html HTTP/1.0" 200 1758 "-" "msnbot/1.0 (+http://search.msn.com/msnbot.htm)"
66.151.181.12 - - [16/Jul/2005:03:58:37 -0800] "GET /gallery/photos/20020015/5/index_8.html HTTP/1.1" 200 7307 "http://photolab.elmer.uaf.edu/gallery/photos/20020015/5/index_7.html" "FAST MetaWeb Crawler (helpdesk at fastsearch dot com)"
66.151.181.12 - - [16/Jul/2005:03:59:43 -0800] "GET /gallery/photos/20020015/5/pages/2002-0015-00572m.html HTTP/1.1" 200 1770 "http://photolab.elmer.uaf.edu/gallery/photos/20020015/5/index_7.html" "FAST MetaWeb Crawler (helpdesk at fastsearch dot com)"
66.151.181.12 - - [16/Jul/2005:04:00:34 -0800] "GET /gallery/photos/20020015/5/pages/2002-0015-00573m.html HTTP/1.1" 200 1770 "http://photolab.elmer.uaf.edu/gallery/photos/20020015/5/index_7.html" "FAST MetaWeb Crawler (helpdesk at fastsearch dot com)"
66.151.181.12 - - [16/Jul/2005:04:02:19 -0800] "GET /gallery/photos/20020015/5/pages/2002-0015-00574m.html HTTP/1.1" 200 1770 "http://photolab.elmer.uaf.edu/gallery/photos/20020015/5/index_7.html" "FAST MetaWeb Crawler (helpdesk at fastsearch dot com)"
66.151.181.12 - - [16/Jul/2005:04:02:37 -0800] "GET /gallery/photos/20020015/5/pages/2002-0015-00575m.html HTTP/1.1" 200 1770 "http://photolab.elmer.uaf.edu/gallery/photos/20020015/5/index_7.html" "FAST MetaWeb Crawler (helpdesk at fastsearch dot com)"
66.151.181.12 - - [16/Jul/2005:04:07:28 -0800] "GET /gallery/photos/20020015/5/pages/2002-0015-00576m.html HTTP/1.1" 200 1770 "http://photolab.elmer.uaf.edu/gallery/photos/20020015/5/index_7.html" "FAST MetaWeb Crawler (helpdesk at fastsearch dot com)"
172.205.167.219 - - [16/Jul/2005:04:08:03 -0800] "GET /index_files/store.css HTTP/1.1" 200 2756 "http://photolab.elmer.uaf.edu/store/fairbanks.html" "Mozilla/4.0 (compatible; MSIE 6.0; Windows NT 5.1; SV1; .NET CLR 1.1.4322)"
66.151.181.12 - - [16/Jul/2005:04:08:04 -0800] "GET /gallery/photos/20020015/5/pages/2002-0015-00577m.html HTTP/1.1" 200 1770 "http://photolab.elmer.uaf.edu/gallery/photos/20020015/5/index_7.html" "FAST MetaWeb Crawler (helpdesk at fastsearch dot com)"
172.205.167.219 - - [16/Jul/2005:04:08:05 -0800] "GET /index_files/titlebrown.jpg HTTP/1.1" 200 5451 "http://photolab.elmer.uaf.edu/store/fairbanks.html" "Mozilla/4.0 (compatible; MSIE 6.0; Windows NT 5.1; SV1; .NET CLR 1.1.4322)"
172.205.167.219 - - [16/Jul/2005:04:08:02 -0800] "GET /store/fairbanks.html HTTP/1.1" 200 29518 "http://images.google.com.au/imgres?imgurl=http://photolab.elmer.uaf.edu/store/photos/largejpegs/(168)1989-0166-01191.jpg&imgrefurl=http://photolab.elmer.uaf.edu/store/fairbanks.html&h=640&w=1000&sz=226&tbnid=9oN43S1ugXwJ:&tbnh=95&tbnw=149&hl=en&start=288&prev=/images%3Fq%3Dgarden%2Bbuildings%26start%3D280%26svnum%3D10%26hl%3Den%26lr%3D%26sa%3DN" "Mozilla/4.0 (compatible; MSIE 6.0; Windows NT 5.1; SV1; .NET CLR 1.1.4322)"
172.205.167.219 - - [16/Jul/2005:04:08:08 -0800] "GET /index_files/aprbrown.jpg HTTP/1.1" 200 5509 "http://photolab.elmer.uaf.edu/store/fairbanks.html" "Mozilla/4.0 (compatible; MSIE 6.0; Windows NT 5.1; SV1; .NET CLR 1.1.4322)"
172.205.167.219 - - [16/Jul/2005:04:08:10 -0800] "GET /index_files/menubar.gif HTTP/1.1" 200 2913 "http://photolab.elmer.uaf.edu/store/fairbanks.html" "Mozilla/4.0 (compatible; MSIE 6.0; Windows NT 5.1; SV1; .NET CLR 1.1.4322)"
172.205.167.219 - - [16/Jul/2005:04:08:08 -0800] "GET /index_files/storetitle.gif HTTP/1.1" 200 14535 "http://photolab.elmer.uaf.edu/store/fairbanks.html" "Mozilla/4.0 (compatible; MSIE 6.0; Windows NT 5.1; SV1; .NET CLR 1.1.4322)"
172.205.167.219 - - [16/Jul/2005:04:08:12 -0800] "GET /store/photos/smalljpegs/(003)1958-1026-01160.jpg HTTP/1.1" 200 25715 "http://photolab.elmer.uaf.edu/store/fairbanks.html" "Mozilla/4.0 (compatible; MSIE 6.0; Windows NT 5.1; SV1; .NET CLR 1.1.4322)"
172.205.167.219 - - [16/Jul/2005:04:08:14 -0800] "GET /store/photos/smalljpegs/(018)1958-1026-01531.jpg HTTP/1.1" 200 31180 "http://photolab.elmer.uaf.edu/store/fairbanks.html" "Mozilla/4.0 (compatible; MSIE 6.0; Windows NT 5.1; SV1; .NET CLR 1.1.4322)"
172.205.167.219 - - [16/Jul/2005:04:08:20 -0800] "GET /store/photos.html HTTP/1.1" 200 6569 "http://photolab.elmer.uaf.edu/store/fairbanks.html" "Mozilla/4.0 (compatible; MSIE 6.0; Windows NT 5.1; SV1; .NET CLR 1.1.4322)"
172.205.167.219 - - [16/Jul/2005:04:08:22 -0800] "GET /index_files/sitemap.gif HTTP/1.1" 200 1503 "http://photolab.elmer.uaf.edu/store/photos.html" "Mozilla/4.0 (compatible; MSIE 6.0; Windows NT 5.1; SV1; .NET CLR 1.1.4322)"
172.205.167.219 - - [16/Jul/2005:04:08:23 -0800] "GET /index_files/bluebear.gif HTTP/1.1" 200 1263 "http://photolab.elmer.uaf.edu/store/photos.html" "Mozilla/4.0 (compatible; MSIE 6.0; Windows NT 5.1; SV1; .NET CLR 1.1.4322)"
68.142.251.145 - - [16/Jul/2005:04:08:36 -0800] "GET /robots.txt HTTP/1.0" 200 96 "-" "Mozilla/5.0 (compatible; Yahoo! Slurp; http://help.yahoo.com/help/us/ysearch/slurp)"
68.142.251.55 - - [16/Jul/2005:04:08:36 -0800] "GET /store/orderform.html HTTP/1.0" 304 - "-" "Mozilla/5.0 (compatible; Yahoo! Slurp; http://help.yahoo.com/help/us/ysearch/slurp)"
66.151.181.12 - - [16/Jul/2005:04:08:43 -0800] "GET /gallery/photos/20020015/5/pages/2002-0015-00578m.html HTTP/1.1" 200 1770 "http://photolab.elmer.uaf.edu/gallery/photos/20020015/5/index_7.html" "FAST MetaWeb Crawler (helpdesk at fastsearch dot com)"
172.205.167.219 - - [16/Jul/2005:04:08:53 -0800] "GET /store/allphotos1.html HTTP/1.1" 200 33610 "http://photolab.elmer.uaf.edu/store/photos.html" "Mozilla/4.0 (compatible; MSIE 6.0; Windows NT 5.1; SV1; .NET CLR 1.1.4322)"
172.205.167.219 - - [16/Jul/2005:04:08:55 -0800] "GET /store/photos/smalljpegs/(001)1958-1026-01101.jpg HTTP/1.1" 200 26793 "http://photolab.elmer.uaf.edu/store/allphotos1.html" "Mozilla/4.0 (compatible; MSIE 6.0; Windows NT 5.1; SV1; .NET CLR 1.1.4322)"
85.250.168.254 - - [16/Jul/2005:04:09:03 -0800] "GET /store/fairbanks.html HTTP/1.1" 200 29518 "http://images.google.com/imgres?imgurl=http://photolab.elmer.uaf.edu/store/photos/largejpegs/(147)1989-0166-00777.jpg&imgrefurl=http://photolab.elmer.uaf.edu/store/fairbanks.html&h=585&w=1000&sz=121&tbnid=XIoqRMe6e4AJ:&tbnh=87&tbnw=149&hl=en&start=9&prev=/images%3Fq%3Dsnow%2Bstorm%26imgc%3Dgray%26svnum%3D10%26hl%3Den%26lr%3D%26rls%3DGGLG,GGLG:2005-24,GGLG:en%26sa%3DG" "Mozilla/4.0 (compatible; MSIE 6.0; Windows NT 5.1; SV1; .NET CLR 1.1.4322; .NET CLR 2.0.40607)"
172.205.167.219 - - [16/Jul/2005:04:09:04 -0800] "GET /store/photos/smalljpegs/(003)1958-1026-01160.jpg HTTP/1.1" 206 14803 "http://photolab.elmer.uaf.edu/store/allphotos1.html" "Mozilla/4.0 (compatible; MSIE 6.0; Windows NT 5.1; SV1; .NET CLR 1.1.4322)"
172.205.167.219 - - [16/Jul/2005:04:09:00 -0800] "GET /store/photos/smalljpegs/(002)1958-1026-01103.jpg HTTP/1.1" 200 25979 "http://photolab.elmer.uaf.edu/store/allphotos1.html" "Mozilla/4.0 (compatible; MSIE 6.0; Windows NT 5.1; SV1; .NET CLR 1.1.4322)"
172.205.167.219 - - [16/Jul/2005:04:09:09 -0800] "GET /store/photos/smalljpegs/(004)1958-1026-01477.jpg HTTP/1.1" 200 31263 "http://photolab.elmer.uaf.edu/store/allphotos1.html" "Mozilla/4.0 (compatible; MSIE 6.0; Windows NT 5.1; SV1; .NET CLR 1.1.4322)"
85.250.168.254 - - [16/Jul/2005:04:09:04 -0800] "GET /store/photos/largejpegs/(147)1989-0166-00777.jpg HTTP/1.1" 200 123483 "http://images.google.com/imgres?imgurl=http://photolab.elmer.uaf.edu/store/photos/largejpegs/(147)1989-0166-00777.jpg&imgrefurl=http://photolab.elmer.uaf.edu/store/fairbanks.html&h=585&w=1000&sz=121&tbnid=XIoqRMe6e4AJ:&tbnh=87&tbnw=149&hl=en&prev=/images%3Fq%3Dsnow%2Bstorm%26imgc%3Dgray%26svnum%3D10%26hl%3Den%26lr%3D%26rls%3DGGLG,GGLG:2005-24,GGLG:en%26sa%3DG&frame=small" "Mozilla/4.0 (compatible; MSIE 6.0; Windows NT 5.1; SV1; .NET CLR 1.1.4322; .NET CLR 2.0.40607)"
172.205.167.219 - - [16/Jul/2005:04:09:09 -0800] "GET /store/photos/smalljpegs/(005)1958-1026-01479.jpg HTTP/1.1" 200 40549 "http://photolab.elmer.uaf.edu/store/allphotos1.html" "Mozilla/4.0 (compatible; MSIE 6.0; Windows NT 5.1; SV1; .NET CLR 1.1.4322)"
172.205.167.219 - - [16/Jul/2005:04:09:24 -0800] "GET /store/photos/smalljpegs/(007)1972-0071-03234.jpg HTTP/1.1" 200 32052 "http://photolab.elmer.uaf.edu/store/allphotos1.html" "Mozilla/4.0 (compatible; MSIE 6.0; Windows NT 5.1; SV1; .NET CLR 1.1.4322)"
85.250.168.254 - - [16/Jul/2005:04:09:29 -0800] "GET /store/fairbanks.html HTTP/1.1" 200 29518 "http://images.google.com/imgres?imgurl=http://photolab.elmer.uaf.edu/store/photos/largejpegs/(147)1989-0166-00777.jpg&imgrefurl=http://photolab.elmer.uaf.edu/store/fairbanks.html&h=585&w=1000&sz=121&tbnid=XIoqRMe6e4AJ:&tbnh=87&tbnw=149&hl=en&start=9&prev=/images%3Fq%3Dsnow%2Bstorm%26imgc%3Dgray%26svnum%3D10%26hl%3Den%26lr%3D%26rls%3DGGLG,GGLG:2005-24,GGLG:en%26sa%3DG" "Mozilla/4.0 (compatible; MSIE 6.0; Windows NT 5.1; SV1; .NET CLR 1.1.4322; .NET CLR 2.0.40607)"
172.205.167.219 - - [16/Jul/2005:04:09:19 -0800] "GET /store/photos/smalljpegs/(006)1970-0058-00507.jpg HTTP/1.1" 200 34057 "http://photolab.elmer.uaf.edu/store/allphotos1.html" "Mozilla/4.0 (compatible; MSIE 6.0; Windows NT 5.1; SV1; .NET CLR 1.1.4322)"
172.205.167.219 - - [16/Jul/2005:04:09:36 -0800] "GET /store/photos/smalljpegs/(008)1973-0079-00046.jpg HTTP/1.1" 200 37907 "http://photolab.elmer.uaf.edu/store/allphotos1.html" "Mozilla/4.0 (compatible; MSIE 6.0; Windows NT 5.1; SV1; .NET CLR 1.1.4322)"
172.205.167.219 - - [16/Jul/2005:04:09:37 -0800] "GET /store/photos/smalljpegs/(009)1975-0146-00003.jpg HTTP/1.1" 200 35453 "http://photolab.elmer.uaf.edu/store/allphotos1.html" "Mozilla/4.0 (compatible; MSIE 6.0; Windows NT 5.1; SV1; .NET CLR 1.1.4322)"
172.205.167.219 - - [16/Jul/2005:04:09:44 -0800] "GET /store/photos/smalljpegs/(018)1958-1026-01531.jpg HTTP/1.1" 200 31180 "http://photolab.elmer.uaf.edu/store/fairbanks.html" "Mozilla/4.0 (compatible; MSIE 6.0; Windows NT 5.1; SV1; .NET CLR 1.1.4322)"
172.205.167.219 - - [16/Jul/2005:04:09:44 -0800] "GET /store/photos/smalljpegs/(022)1958-1026-01989.jpg HTTP/1.1" 200 34352 "http://photolab.elmer.uaf.edu/store/fairbanks.html" "Mozilla/4.0 (compatible; MSIE 6.0; Windows NT 5.1; SV1; .NET CLR 1.1.4322)"
66.151.181.12 - - [16/Jul/2005:04:09:52 -0800] "GET /gallery/photos/20020015/5/pages/2002-0015-00579m.html HTTP/1.1" 200 1770 "http://photolab.elmer.uaf.edu/gallery/photos/20020015/5/index_7.html" "FAST MetaWeb Crawler (helpdesk at fastsearch dot com)"
68.142.251.172 - - [16/Jul/2005:04:09:52 -0800] "GET /store/allphotos4.html HTTP/1.0" 200 18079 "-" "Mozilla/5.0 (compatible; Yahoo! Slurp; http://help.yahoo.com/help/us/ysearch/slurp)"
66.151.181.12 - - [16/Jul/2005:04:11:04 -0800] "GET /gallery/photos/20020015/5/pages/2002-0015-00580m.html HTTP/1.1" 200 1770 "http://photolab.elmer.uaf.edu/gallery/photos/20020015/5/index_7.html" "FAST MetaWeb Crawler (helpdesk at fastsearch dot com)"
66.151.181.12 - - [16/Jul/2005:04:11:43 -0800] "GET /gallery/photos/20020015/5/pages/2002-0015-00581m.html HTTP/1.1" 200 1770 "http://photolab.elmer.uaf.edu/gallery/photos/20020015/5/index_7.html" "FAST MetaWeb Crawler (helpdesk at fastsearch dot com)"
66.151.181.12 - - [16/Jul/2005:04:12:43 -0800] "GET /gallery/photos/20020015/5/pages/2002-0015-00582m.html HTTP/1.1" 200 1770 "http://photolab.elmer.uaf.edu/gallery/photos/20020015/5/index_7.html" "FAST MetaWeb Crawler (helpdesk at fastsearch dot com)"
66.151.181.12 - - [16/Jul/2005:04:16:52 -0800] "GET /gallery/photos/20020015/5/pages/2002-0015-00583m.html HTTP/1.1" 200 1770 "http://photolab.elmer.uaf.edu/gallery/photos/20020015/5/index_7.html" "FAST MetaWeb Crawler (helpdesk at fastsearch dot com)"
66.151.181.12 - - [16/Jul/2005:04:16:58 -0800] "GET /gallery/photos/20020032/index_8.html HTTP/1.1" 200 7230 "http://photolab.elmer.uaf.edu/gallery/photos/20020032/index_7.html" "FAST MetaWeb Crawler (helpdesk at fastsearch dot com)"
66.151.181.12 - - [16/Jul/2005:04:17:55 -0800] "GET /gallery/photos/20020032/pages/2002-0032-00073.html HTTP/1.1" 200 1884 "http://photolab.elmer.uaf.edu/gallery/photos/20020032/index_7.html" "FAST MetaWeb Crawler (helpdesk at fastsearch dot com)"
66.151.181.12 - - [16/Jul/2005:04:18:53 -0800] "GET /gallery/photos/20020032/pages/2002-0032-00074.html HTTP/1.1" 200 1884 "http://photolab.elmer.uaf.edu/gallery/photos/20020032/index_7.html" "FAST MetaWeb Crawler (helpdesk at fastsearch dot com)"
66.151.181.12 - - [16/Jul/2005:04:19:56 -0800] "GET /gallery/photos/20020032/pages/2002-0032-00075.html HTTP/1.1" 200 1884 "http://photolab.elmer.uaf.edu/gallery/photos/20020032/index_7.html" "FAST MetaWeb Crawler (helpdesk at fastsearch dot com)"
66.151.181.12 - - [16/Jul/2005:04:21:38 -0800] "GET /gallery/photos/20020032/pages/2002-0032-00076.html HTTP/1.1" 200 1884 "http://photolab.elmer.uaf.edu/gallery/photos/20020032/index_7.html" "FAST MetaWeb Crawler (helpdesk at fastsearch dot com)"
66.151.181.12 - - [16/Jul/2005:04:21:53 -0800] "GET /gallery/photos/20020032/pages/2002-0032-00077.html HTTP/1.1" 200 1884 "http://photolab.elmer.uaf.edu/gallery/photos/20020032/index_7.html" "FAST MetaWeb Crawler (helpdesk at fastsearch dot com)"
66.151.181.12 - - [16/Jul/2005:04:22:53 -0800] "GET /gallery/photos/20020032/pages/2002-0032-00078.html HTTP/1.1" 200 1884 "http://photolab.elmer.uaf.edu/gallery/photos/20020032/index_7.html" "FAST MetaWeb Crawler (helpdesk at fastsearch dot com)"
66.151.181.12 - - [16/Jul/2005:04:23:56 -0800] "GET /gallery/photos/20020032/pages/2002-0032-00079.html HTTP/1.1" 200 1884 "http://photolab.elmer.uaf.edu/gallery/photos/20020032/index_7.html" "FAST MetaWeb Crawler (helpdesk at fastsearch dot com)"
66.151.181.12 - - [16/Jul/2005:04:24:54 -0800] "GET /gallery/photos/20020032/pages/2002-0032-00080.html HTTP/1.1" 200 1884 "http://photolab.elmer.uaf.edu/gallery/photos/20020032/index_7.html" "FAST MetaWeb Crawler (helpdesk at fastsearch dot com)"
66.151.181.12 - - [16/Jul/2005:04:25:53 -0800] "GET /gallery/photos/20020032/pages/2002-0032-00081.html HTTP/1.1" 200 1884 "http://photolab.elmer.uaf.edu/gallery/photos/20020032/index_7.html" "FAST MetaWeb Crawler (helpdesk at fastsearch dot com)"
66.151.181.12 - - [16/Jul/2005:04:26:56 -0800] "GET /gallery/photos/20020032/pages/2002-0032-00082.html HTTP/1.1" 200 1884 "http://photolab.elmer.uaf.edu/gallery/photos/20020032/index_7.html" "FAST MetaWeb Crawler (helpdesk at fastsearch dot com)"
82.106.225.196 - - [16/Jul/2005:04:27:00 -0800] "GET /store/people.html HTTP/1.1" 200 21075 "http://images.google.de/imgres?imgurl=http://photolab.elmer.uaf.edu/store/photos/largejpegs/(040)1958-1026-01700.jpg&imgrefurl=http://photolab.elmer.uaf.edu/store/people.html&h=1000&w=762&sz=136&tbnid=muofWG5zZScJ:&tbnh=149&tbnw=113&hl=de&start=146&prev=/images%3Fq%3DEskimo%26start%3D140%26svnum%3D10%26hl%3Dde%26lr%3D%26sa%3DN" "Mozilla/4.0 (compatible; MSIE 6.0; Windows NT 5.1; SV1; .NET CLR 1.0.3705; .NET CLR 1.1.4322)"
82.106.225.196 - - [16/Jul/2005:04:27:01 -0800] "GET /store/photos/largejpegs/(040)1958-1026-01700.jpg HTTP/1.1" 200 138785 "http://images.google.de/imgres?imgurl=http://photolab.elmer.uaf.edu/store/photos/largejpegs/(040)1958-1026-01700.jpg&imgrefurl=http://photolab.elmer.uaf.edu/store/people.html&h=1000&w=762&sz=136&tbnid=muofWG5zZScJ:&tbnh=149&tbnw=113&hl=de&prev=/images%3Fq%3DEskimo%26start%3D140%26svnum%3D10%26hl%3Dde%26lr%3D%26sa%3DN&frame=small" "Mozilla/4.0 (compatible; MSIE 6.0; Windows NT 5.1; SV1; .NET CLR 1.0.3705; .NET CLR 1.1.4322)"
66.151.181.12 - - [16/Jul/2005:04:27:53 -0800] "GET /gallery/photos/20020032/pages/2002-0032-00083.html HTTP/1.1" 200 1884 "http://photolab.elmer.uaf.edu/gallery/photos/20020032/index_7.html" "FAST MetaWeb Crawler (helpdesk at fastsearch dot com)"
66.151.181.12 - - [16/Jul/2005:04:28:53 -0800] "GET /gallery/photos/20020032/pages/2002-0032-00084.html HTTP/1.1" 200 1884 "http://photolab.elmer.uaf.edu/gallery/photos/20020032/index_7.html" "FAST MetaWeb Crawler (helpdesk at fastsearch dot com)"
66.151.181.12 - - [16/Jul/2005:04:30:02 -0800] "GET /gallery/photos/20020087/0/index_8.html HTTP/1.1" 200 7251 "http://photolab.elmer.uaf.edu/gallery/photos/20020087/0/index_7.html" "FAST MetaWeb Crawler (helpdesk at fastsearch dot com)"
66.151.181.12 - - [16/Jul/2005:04:30:57 -0800] "GET /gallery/photos/20020087/0/pages/2002-0087-00073.html HTTP/1.1" 200 1767 "http://photolab.elmer.uaf.edu/gallery/photos/20020087/0/index_7.html" "FAST MetaWeb Crawler (helpdesk at fastsearch dot com)"
207.46.98.84 - - [16/Jul/2005:04:31:11 -0800] "GET /store/nome.html HTTP/1.0" 200 18105 "-" "msnbot/1.0 (+http://search.msn.com/msnbot.htm)"
207.46.98.84 - - [16/Jul/2005:04:31:52 -0800] "GET /store/allphotos2.html HTTP/1.0" 200 28769 "-" "msnbot/1.0 (+http://search.msn.com/msnbot.htm)"
66.151.181.12 - - [16/Jul/2005:04:31:53 -0800] "GET /gallery/photos/20020087/0/pages/2002-0087-00074.html HTTP/1.1" 200 1767 "http://photolab.elmer.uaf.edu/gallery/photos/20020087/0/index_7.html" "FAST MetaWeb Crawler (helpdesk at fastsearch dot com)"
207.46.98.84 - - [16/Jul/2005:04:32:50 -0800] "GET /store/allphotos4.html HTTP/1.0" 200 18079 "-" "msnbot/1.0 (+http://search.msn.com/msnbot.htm)"
207.46.98.84 - - [16/Jul/2005:04:33:01 -0800] "GET /store/alaskanatives.html HTTP/1.0" 200 23188 "-" "msnbot/1.0 (+http://search.msn.com/msnbot.htm)"
66.151.181.12 - - [16/Jul/2005:04:33:38 -0800] "GET /gallery/photos/20020087/0/pages/2002-0087-00075.html HTTP/1.1" 200 1767 "http://photolab.elmer.uaf.edu/gallery/photos/20020087/0/index_7.html" "FAST MetaWeb Crawler (helpdesk at fastsearch dot com)"
66.151.181.12 - - [16/Jul/2005:04:33:56 -0800] "GET /gallery/photos/20020087/0/pages/2002-0087-00076.html HTTP/1.1" 200 1767 "http://photolab.elmer.uaf.edu/gallery/photos/20020087/0/index_7.html" "FAST MetaWeb Crawler (helpdesk at fastsearch dot com)"
207.46.98.84 - - [16/Jul/2005:04:34:00 -0800] "GET /store/transportation.html HTTP/1.0" 200 25254 "-" "msnbot/1.0 (+http://search.msn.com/msnbot.htm)"
207.46.98.84 - - [16/Jul/2005:04:34:09 -0800] "GET /store/interior.html HTTP/1.0" 200 9641 "-" "msnbot/1.0 (+http://search.msn.com/msnbot.htm)"
207.46.98.84 - - [16/Jul/2005:04:34:16 -0800] "GET /store/buildings.html HTTP/1.0" 200 15239 "-" "msnbot/1.0 (+http://search.msn.com/msnbot.htm)"
66.151.181.12 - - [16/Jul/2005:04:35:02 -0800] "GET /gallery/photos/20020087/0/pages/2002-0087-00077.html HTTP/1.1" 200 1767 "http://photolab.elmer.uaf.edu/gallery/photos/20020087/0/index_7.html" "FAST MetaWeb Crawler (helpdesk at fastsearch dot com)"
66.151.181.12 - - [16/Jul/2005:04:35:53 -0800] "GET /gallery/photos/20020087/0/pages/2002-0087-00078.html HTTP/1.1" 200 1767 "http://photolab.elmer.uaf.edu/gallery/photos/20020087/0/index_7.html" "FAST MetaWeb Crawler (helpdesk at fastsearch dot com)"
212.234.243.1 - - [16/Jul/2005:04:36:38 -0800] "GET /store/women.html HTTP/1.1" 200 11325 "http://images.google.fr/imgres?imgurl=http://photolab.elmer.uaf.edu/store/photos/largejpegs/(088)1989-0166-00496a.jpg&imgrefurl=http://photolab.elmer.uaf.edu/store/women.html&h=576&w=1000&sz=112&tbnid=KcfiOlVnKhwJ:&tbnh=85&tbnw=149&hl=fr&start=18&prev=/images%3Fq%3Dshooting%2Bwomen%26svnum%3D10%26hl%3Dfr%26lr%3D%26sa%3DN" "Mozilla/4.0 (compatible; MSIE 6.0; Windows NT 5.0; .NET CLR 1.1.4322)"
212.234.243.1 - - [16/Jul/2005:04:36:39 -0800] "GET /index_files/titlebrown.jpg HTTP/1.1" 200 5451 "http://photolab.elmer.uaf.edu/store/women.html" "Mozilla/4.0 (compatible; MSIE 6.0; Windows NT 5.0; .NET CLR 1.1.4322)"
212.234.243.1 - - [16/Jul/2005:04:36:40 -0800] "GET /index_files/aprbrown.jpg HTTP/1.1" 200 5509 "http://photolab.elmer.uaf.edu/store/women.html" "Mozilla/4.0 (compatible; MSIE 6.0; Windows NT 5.0; .NET CLR 1.1.4322)"
212.234.243.1 - - [16/Jul/2005:04:36:40 -0800] "GET /index_files/store.css HTTP/1.1" 200 2756 "http://photolab.elmer.uaf.edu/store/women.html" "Mozilla/4.0 (compatible; MSIE 6.0; Windows NT 5.0; .NET CLR 1.1.4322)"
212.234.243.1 - - [16/Jul/2005:04:36:40 -0800] "GET /index_files/menubar.gif HTTP/1.1" 200 2913 "http://photolab.elmer.uaf.edu/store/women.html" "Mozilla/4.0 (compatible; MSIE 6.0; Windows NT 5.0; .NET CLR 1.1.4322)"
212.234.243.1 - - [16/Jul/2005:04:36:40 -0800] "GET /index_files/storetitle.gif HTTP/1.1" 200 14535 "http://photolab.elmer.uaf.edu/store/women.html" "Mozilla/4.0 (compatible; MSIE 6.0; Windows NT 5.0; .NET CLR 1.1.4322)"
212.234.243.1 - - [16/Jul/2005:04:36:40 -0800] "GET /store/photos/smalljpegs/(006)1970-0058-00507.jpg HTTP/1.1" 200 34057 "http://photolab.elmer.uaf.edu/store/women.html" "Mozilla/4.0 (compatible; MSIE 6.0; Windows NT 5.0; .NET CLR 1.1.4322)"
212.234.243.1 - - [16/Jul/2005:04:36:41 -0800] "GET /store/photos/smalljpegs/(014)1992-0016-00069.jpg HTTP/1.1" 200 35905 "http://photolab.elmer.uaf.edu/store/women.html" "Mozilla/4.0 (compatible; MSIE 6.0; Windows NT 5.0; .NET CLR 1.1.4322)"
212.234.243.1 - - [16/Jul/2005:04:36:42 -0800] "GET /store/photos/smalljpegs/(024)1972-0116-00334.jpg HTTP/1.1" 200 29908 "http://photolab.elmer.uaf.edu/store/women.html" "Mozilla/4.0 (compatible; MSIE 6.0; Windows NT 5.0; .NET CLR 1.1.4322)"
212.234.243.1 - - [16/Jul/2005:04:36:42 -0800] "GET /store/photos/smalljpegs/(026)1997-0165-00010.jpg HTTP/1.1" 200 26695 "http://photolab.elmer.uaf.edu/store/women.html" "Mozilla/4.0 (compatible; MSIE 6.0; Windows NT 5.0; .NET CLR 1.1.4322)"
212.234.243.1 - - [16/Jul/2005:04:36:44 -0800] "GET /store/photos/smalljpegs/(069)1976-0092-00075.jpg HTTP/1.1" 200 25519 "http://photolab.elmer.uaf.edu/store/women.html" "Mozilla/4.0 (compatible; MSIE 6.0; Windows NT 5.0; .NET CLR 1.1.4322)"
212.234.243.1 - - [16/Jul/2005:04:36:44 -0800] "GET /store/photos/smalljpegs/(043)1964-0029-00313.jpg HTTP/1.1" 200 32327 "http://photolab.elmer.uaf.edu/store/women.html" "Mozilla/4.0 (compatible; MSIE 6.0; Windows NT 5.0; .NET CLR 1.1.4322)"
207.46.98.84 - - [16/Jul/2005:04:36:44 -0800] "GET /store/akcanada.html HTTP/1.0" 200 16332 "-" "msnbot/1.0 (+http://search.msn.com/msnbot.htm)"
212.234.243.1 - - [16/Jul/2005:04:36:45 -0800] "GET /store/photos/smalljpegs/(088)1989-0166-00496a.jpg HTTP/1.1" 200 31266 "http://photolab.elmer.uaf.edu/store/women.html" "Mozilla/4.0 (compatible; MSIE 6.0; Windows NT 5.0; .NET CLR 1.1.4322)"
212.234.243.1 - - [16/Jul/2005:04:36:45 -0800] "GET /store/photos/smalljpegs/(140)1969-0092-00826.jpg HTTP/1.1" 200 46250 "http://photolab.elmer.uaf.edu/store/women.html" "Mozilla/4.0 (compatible; MSIE 6.0; Windows NT 5.0; .NET CLR 1.1.4322)"
212.234.243.1 - - [16/Jul/2005:04:36:47 -0800] "GET /store/photos/smalljpegs/(143)1958-1026-01643.jpg HTTP/1.1" 200 30139 "http://photolab.elmer.uaf.edu/store/women.html" "Mozilla/4.0 (compatible; MSIE 6.0; Windows NT 5.0; .NET CLR 1.1.4322)"
212.234.243.1 - - [16/Jul/2005:04:36:48 -0800] "GET /store/photos/smalljpegs/(146)1966-0054-00051.jpg HTTP/1.1" 200 27693 "http://photolab.elmer.uaf.edu/store/women.html" "Mozilla/4.0 (compatible; MSIE 6.0; Windows NT 5.0; .NET CLR 1.1.4322)"
212.234.243.1 - - [16/Jul/2005:04:36:49 -0800] "GET /index_files/bluebear.gif HTTP/1.1" 200 1263 "http://photolab.elmer.uaf.edu/store/women.html" "Mozilla/4.0 (compatible; MSIE 6.0; Windows NT 5.0; .NET CLR 1.1.4322)"
212.234.243.1 - - [16/Jul/2005:04:36:50 -0800] "GET /index_files/sitemap.gif HTTP/1.1" 200 1503 "http://photolab.elmer.uaf.edu/store/women.html" "Mozilla/4.0 (compatible; MSIE 6.0; Windows NT 5.0; .NET CLR 1.1.4322)"
212.234.243.1 - - [16/Jul/2005:04:36:49 -0800] "GET /store/photos/smalljpegs/(154)1958-1026-00899.jpg HTTP/1.1" 200 29503 "http://photolab.elmer.uaf.edu/store/women.html" "Mozilla/4.0 (compatible; MSIE 6.0; Windows NT 5.0; .NET CLR 1.1.4322)"
207.46.98.84 - - [16/Jul/2005:04:36:54 -0800] "GET /store/fairbanks.html HTTP/1.0" 200 29518 "-" "msnbot/1.0 (+http://search.msn.com/msnbot.htm)"
66.151.181.12 - - [16/Jul/2005:04:36:56 -0800] "GET /gallery/photos/20020087/0/pages/2002-0087-00079.html HTTP/1.1" 200 1767 "http://photolab.elmer.uaf.edu/gallery/photos/20020087/0/index_7.html" "FAST MetaWeb Crawler (helpdesk at fastsearch dot com)"
212.234.243.1 - - [16/Jul/2005:04:36:59 -0800] "GET /store/photos/largejpegs/(140)1969-0092-00826.jpg HTTP/1.1" 200 262726 "http://photolab.elmer.uaf.edu/store/women.html" "Mozilla/4.0 (compatible; MSIE 6.0; Windows NT 5.0; .NET CLR 1.1.4322)"
212.234.243.1 - - [16/Jul/2005:04:37:17 -0800] "GET /store/women.html HTTP/1.1" 200 11325 "http://images.google.fr/imgres?imgurl=http://photolab.elmer.uaf.edu/store/photos/largejpegs/(088)1989-0166-00496a.jpg&imgrefurl=http://photolab.elmer.uaf.edu/store/women.html&h=576&w=1000&sz=112&tbnid=KcfiOlVnKhwJ:&tbnh=85&tbnw=149&hl=fr&start=18&prev=/images%3Fq%3Dshooting%2Bwomen%26svnum%3D10%26hl%3Dfr%26lr%3D%26sa%3DN" "Mozilla/4.0 (compatible; MSIE 6.0; Windows NT 5.0; .NET CLR 1.1.4322)"
212.234.243.1 - - [16/Jul/2005:04:37:17 -0800] "GET /index_files/titlebrown.jpg HTTP/1.1" 200 5451 "http://photolab.elmer.uaf.edu/store/women.html" "Mozilla/4.0 (compatible; MSIE 6.0; Windows NT 5.0; .NET CLR 1.1.4322)"
212.234.243.1 - - [16/Jul/2005:04:37:18 -0800] "GET /index_files/store.css HTTP/1.1" 200 2756 "http://photolab.elmer.uaf.edu/store/women.html" "Mozilla/4.0 (compatible; MSIE 6.0; Windows NT 5.0; .NET CLR 1.1.4322)"
212.234.243.1 - - [16/Jul/2005:04:37:18 -0800] "GET /index_files/storetitle.gif HTTP/1.1" 200 14535 "http://photolab.elmer.uaf.edu/store/women.html" "Mozilla/4.0 (compatible; MSIE 6.0; Windows NT 5.0; .NET CLR 1.1.4322)"
212.234.243.1 - - [16/Jul/2005:04:37:18 -0800] "GET /index_files/aprbrown.jpg HTTP/1.1" 200 5509 "http://photolab.elmer.uaf.edu/store/women.html" "Mozilla/4.0 (compatible; MSIE 6.0; Windows NT 5.0; .NET CLR 1.1.4322)"
