66.151.181.12 - - [16/Jul/2005:00:00:54 -0800] "GET /gallery/photos/19950244/14/pages/1995-0244-01472.html HTTP/1.1" 200 1888 "http://photolab.elmer.uaf.edu/gallery/photos/19950244/14/index_7.html" "FAST MetaWeb Crawler (helpdesk at fastsearch dot com)"
66.151.181.12 - - [16/Jul/2005:00:02:39 -0800] "GET /gallery/photos/19950244/14/pages/1995-0244-01473.html HTTP/1.1" 200 1888 "http://photolab.elmer.uaf.edu/gallery/photos/19950244/14/index_7.html" "FAST MetaWeb Crawler (helpdesk at fastsearch dot com)"
66.151.181.12 - - [16/Jul/2005:00:03:15 -0800] "GET /gallery/photos/19950244/14/pages/1995-0244-01474.html HTTP/1.1" 200 1888 "http://photolab.elmer.uaf.edu/gallery/photos/19950244/14/index_7.html" "FAST MetaWeb Crawler (helpdesk at fastsearch dot com)"
68.220.230.135 - - [16/Jul/2005:00:04:56 -0800] "GET /store/photos/smalljpegs/(057)1972-0071-00823.jpg HTTP/1.1" 304 - "http://profile.myspace.com/index.cfm?fuseaction=user.viewprofile&friendID=648047&Mytoken=20050716010131" "Mozilla/4.0 (compatible; MSIE 6.0; Windows NT 5.1; SV1)"
66.151.181.12 - - [16/Jul/2005:00:16:02 -0800] "GET /gallery/photos/19950244/14/pages/1995-0244-01475.html HTTP/1.1" 200 1888 "http://photolab.elmer.uaf.edu/gallery/photos/19950244/14/index_7.html" "FAST MetaWeb Crawler (helpdesk at fastsearch dot com)"
66.151.181.12 - - [16/Jul/2005:00:17:14 -0800] "GET /gallery/photos/19950244/14/pages/1995-0244-01476.html HTTP/1.1" 200 1888 "http://photolab.elmer.uaf.edu/gallery/photos/19950244/14/index_7.html" "FAST MetaWeb Crawler (helpdesk at fastsearch dot com)"
66.151.181.12 - - [16/Jul/2005:00:17:56 -0800] "GET /gallery/photos/19950244/14/pages/1995-0244-01477.html HTTP/1.1" 200 1888 "http://photolab.elmer.uaf.edu/gallery/photos/19950244/14/index_7.html" "FAST MetaWeb Crawler (helpdesk at fastsearch dot com)"
66.151.181.12 - - [16/Jul/2005:00:19:14 -0800] "GET /gallery/photos/19950244/14/pages/1995-0244-01478.html HTTP/1.1" 200 1888 "http://photolab.elmer.uaf.edu/gallery/photos/19950244/14/index_7.html" "FAST MetaWeb Crawler (helpdesk at fastsearch dot com)"
66.151.181.12 - - [16/Jul/2005:00:19:56 -0800] "GET /gallery/photos/19950244/14/pages/1995-0244-01479.html HTTP/1.1" 200 1888 "http://photolab.elmer.uaf.edu/gallery/photos/19950244/14/index_7.html" "FAST MetaWeb Crawler (helpdesk at fastsearch dot com)"
66.151.181.12 - - [16/Jul/2005:00:20:53 -0800] "GET /gallery/photos/19950244/14/pages/1995-0244-01480.html HTTP/1.1" 200 1888 "http://photolab.elmer.uaf.edu/gallery/photos/19950244/14/index_7.html" "FAST MetaWeb Crawler (helpdesk at fastsearch dot com)"
66.151.181.12 - - [16/Jul/2005:00:22:02 -0800] "GET /gallery/photos/19950244/14/pages/1995-0244-01481.html HTTP/1.1" 200 1888 "http://photolab.elmer.uaf.edu/gallery/photos/19950244/14/index_7.html" "FAST MetaWeb Crawler (helpdesk at fastsearch dot com)"
66.151.181.12 - - [16/Jul/2005:00:22:53 -0800] "GET /gallery/photos/19950244/15/index_8.html HTTP/1.1" 200 7234 "http://photolab.elmer.uaf.edu/gallery/photos/19950244/15/index_7.html" "FAST MetaWeb Crawler (helpdesk at fastsearch dot com)"
66.151.181.12 - - [16/Jul/2005:00:23:53 -0800] "GET /gallery/photos/19950244/15/pages/1995-0244-01572.html HTTP/1.1" 200 1889 "http://photolab.elmer.uaf.edu/gallery/photos/19950244/15/index_7.html" "FAST MetaWeb Crawler (helpdesk at fastsearch dot com)"
66.151.181.12 - - [16/Jul/2005:00:24:53 -0800] "GET /gallery/photos/19950244/15/pages/1995-0244-01573.html HTTP/1.1" 200 1889 "http://photolab.elmer.uaf.edu/gallery/photos/19950244/15/index_7.html" "FAST MetaWeb Crawler (helpdesk at fastsearch dot com)"
66.151.181.12 - - [16/Jul/2005:00:25:53 -0800] "GET /gallery/photos/19950244/15/pages/1995-0244-01574.html HTTP/1.1" 200 1889 "http://photolab.elmer.uaf.edu/gallery/photos/19950244/15/index_7.html" "FAST MetaWeb Crawler (helpdesk at fastsearch dot com)"
66.151.181.12 - - [16/Jul/2005:00:27:14 -0800] "GET /gallery/photos/19950244/15/pages/1995-0244-01575.html HTTP/1.1" 200 1889 "http://photolab.elmer.uaf.edu/gallery/photos/19950244/15/index_7.html" "FAST MetaWeb Crawler (helpdesk at fastsearch dot com)"
68.220.230.135 - - [16/Jul/2005:00:27:46 -0800] "GET /store/photos/smalljpegs/(057)1972-0071-00823.jpg HTTP/1.1" 304 - "http://profile.myspace.com/index.cfm?fuseaction=user.viewprofile&friendID=648047&Mytoken=20050716012346" "Mozilla/4.0 (compatible; MSIE 6.0; Windows NT 5.1; SV1)"
66.151.181.12 - - [16/Jul/2005:00:27:53 -0800] "GET /gallery/photos/19950244/15/pages/1995-0244-01576.html HTTP/1.1" 200 1889 "http://photolab.elmer.uaf.edu/gallery/photos/19950244/15/index_7.html" "FAST MetaWeb Crawler (helpdesk at fastsearch dot com)"
66.151.181.12 - - [16/Jul/2005:00:29:38 -0800] "GET /gallery/photos/19950244/15/pages/1995-0244-01577.html HTTP/1.1" 200 1889 "http://photolab.elmer.uaf.edu/gallery/photos/19950244/15/index_7.html" "FAST MetaWeb Crawler (helpdesk at fastsearch dot com)"
66.151.181.12 - - [16/Jul/2005:00:30:14 -0800] "GET /gallery/photos/19950244/15/pages/1995-0244-01578.html HTTP/1.1" 200 1889 "http://photolab.elmer.uaf.edu/gallery/photos/19950244/15/index_7.html" "FAST MetaWeb Crawler (helpdesk at fastsearch dot com)"
66.151.181.12 - - [16/Jul/2005:00:30:53 -0800] "GET /gallery/photos/19950244/15/pages/1995-0244-01579.html HTTP/1.1" 200 1889 "http://photolab.elmer.uaf.edu/gallery/photos/19950244/15/index_7.html" "FAST MetaWeb Crawler (helpdesk at fastsearch dot com)"
66.249.71.47 - - [16/Jul/2005:00:31:40 -0800] "GET /robots.txt HTTP/1.0" 200 96 "-" "Googlebot/2.1 (+http://www.google.com/bot.html)"
66.249.71.47 - - [16/Jul/2005:00:31:40 -0800] "GET /gallery/ HTTP/1.0" 304 - "-" "Googlebot/2.1 (+http://www.google.com/bot.html)"
66.151.181.12 - - [16/Jul/2005:00:32:02 -0800] "GET /gallery/photos/19950244/15/pages/1995-0244-01580.html HTTP/1.1" 200 1889 "http://photolab.elmer.uaf.edu/gallery/photos/19950244/15/index_7.html" "FAST MetaWeb Crawler (helpdesk at fastsearch dot com)"
66.151.181.12 - - [16/Jul/2005:00:33:14 -0800] "GET /gallery/photos/19950244/15/pages/1995-0244-01581.html HTTP/1.1" 200 1889 "http://photolab.elmer.uaf.edu/gallery/photos/19950244/15/index_7.html" "FAST MetaWeb Crawler (helpdesk at fastsearch dot com)"
66.151.181.12 - - [16/Jul/2005:00:33:53 -0800] "GET /gallery/photos/19950244/15/pages/1995-0244-01582.html HTTP/1.1" 200 1889 "http://photolab.elmer.uaf.edu/gallery/photos/19950244/15/index_7.html" "FAST MetaWeb Crawler (helpdesk at fastsearch dot com)"
66.151.181.12 - - [16/Jul/2005:00:34:53 -0800] "GET /gallery/photos/19950244/15/pages/1995-0244-01583.html HTTP/1.1" 200 1889 "http://photolab.elmer.uaf.edu/gallery/photos/19950244/15/index_7.html" "FAST MetaWeb Crawler (helpdesk at fastsearch dot com)"
66.151.181.12 - - [16/Jul/2005:00:35:53 -0800] "GET /gallery/photos/19970213/pages/1997-0213-00073.html HTTP/1.1" 200 1741 "http://photolab.elmer.uaf.edu/gallery/photos/19970213/index_7.html" "FAST MetaWeb Crawler (helpdesk at fastsearch dot com)"
66.151.181.12 - - [16/Jul/2005:00:37:02 -0800] "GET /gallery/photos/19990204/index_8.html HTTP/1.1" 200 7254 "http://photolab.elmer.uaf.edu/gallery/photos/19990204/index_7.html" "FAST MetaWeb Crawler (helpdesk at fastsearch dot com)"
66.151.181.12 - - [16/Jul/2005:00:37:55 -0800] "GET /gallery/photos/19990204/pages/1999-0204-00073.html HTTP/1.1" 200 1769 "http://photolab.elmer.uaf.edu/gallery/photos/19990204/index_7.html" "FAST MetaWeb Crawler (helpdesk at fastsearch dot com)"
66.151.181.12 - - [16/Jul/2005:00:39:02 -0800] "GET /gallery/photos/19990204/pages/1999-0204-00074.html HTTP/1.1" 200 1769 "http://photolab.elmer.uaf.edu/gallery/photos/19990204/index_7.html" "FAST MetaWeb Crawler (helpdesk at fastsearch dot com)"
66.151.181.12 - - [16/Jul/2005:00:39:54 -0800] "GET /gallery/photos/19990204/pages/1999-0204-00075.html HTTP/1.1" 200 1769 "http://photolab.elmer.uaf.edu/gallery/photos/19990204/index_7.html" "FAST MetaWeb Crawler (helpdesk at fastsearch dot com)"
66.151.181.12 - - [16/Jul/2005:00:40:53 -0800] "GET /gallery/photos/19990204/pages/1999-0204-00076.html HTTP/1.1" 200 1769 "http://photolab.elmer.uaf.edu/gallery/photos/19990204/index_7.html" "FAST MetaWeb Crawler (helpdesk at fastsearch dot com)"
66.151.181.12 - - [16/Jul/2005:00:41:53 -0800] "GET /gallery/photos/19990204/pages/1999-0204-00077.html HTTP/1.1" 200 1769 "http://photolab.elmer.uaf.edu/gallery/photos/19990204/index_7.html" "FAST MetaWeb Crawler (helpdesk at fastsearch dot com)"
84.107.149.74 - - [16/Jul/2005:00:42:25 -0800] "GET /gallery/maps/mapg3200.html HTTP/1.1" 200 17042 "http://images.google.nl/imgres?imgurl=http://photolab.elmer.uaf.edu/gallery/maps/G3200/large/G3200%25201882%2520P461.jpg&imgrefurl=http://photolab.elmer.uaf.edu/gallery/maps/mapg3200.html&h=762&w=1200&sz=206&tbnid=exTIRUoY6xYJ:&tbnh=95&tbnw=150&hl=nl&start=96&prev=/images%3Fq%3Dchart%2Bof%2Bthe%2Bworld%26start%3D80%26svnum%3D10%26hl%3Dnl%26lr%3D%26sa%3DN" "Mozilla/4.0 (compatible; MSIE 6.0; Windows NT 5.1; .NET CLR 1.1.4322)"
84.107.149.74 - - [16/Jul/2005:00:42:26 -0800] "GET /gallery/maps/G3200/large/G3200%201882%20P461.jpg HTTP/1.1" 200 210685 "http://images.google.nl/imgres?imgurl=http://photolab.elmer.uaf.edu/gallery/maps/G3200/large/G3200%25201882%2520P461.jpg&imgrefurl=http://photolab.elmer.uaf.edu/gallery/maps/mapg3200.html&h=762&w=1200&sz=206&tbnid=exTIRUoY6xYJ:&tbnh=95&tbnw=150&hl=nl&prev=/images%3Fq%3Dchart%2Bof%2Bthe%2Bworld%26start%3D80%26svnum%3D10%26hl%3Dnl%26lr%3D%26sa%3DN&frame=small" "Mozilla/4.0 (compatible; MSIE 6.0; Windows NT 5.1; .NET CLR 1.1.4322)"
66.151.181.12 - - [16/Jul/2005:00:43:14 -0800] "GET /gallery/photos/19990204/pages/1999-0204-00078.html HTTP/1.1" 200 1769 "http://photolab.elmer.uaf.edu/gallery/photos/19990204/index_7.html" "FAST MetaWeb Crawler (helpdesk at fastsearch dot com)"
66.151.181.12 - - [16/Jul/2005:00:44:02 -0800] "GET /gallery/photos/19990204/pages/1999-0204-00079.html HTTP/1.1" 200 1769 "http://photolab.elmer.uaf.edu/gallery/photos/19990204/index_7.html" "FAST MetaWeb Crawler (helpdesk at fastsearch dot com)"
66.151.181.12 - - [16/Jul/2005:00:44:53 -0800] "GET /gallery/photos/19990204/pages/1999-0204-00080.html HTTP/1.1" 200 1769 "http://photolab.elmer.uaf.edu/gallery/photos/19990204/index_7.html" "FAST MetaWeb Crawler (helpdesk at fastsearch dot com)"
207.46.98.84 - - [16/Jul/2005:00:45:29 -0800] "GET /gallery/photos/20030109/0/pages/2003-0109-00025.html HTTP/1.0" 200 1756 "-" "msnbot/1.0 (+http://search.msn.com/msnbot.htm)"
66.151.181.12 - - [16/Jul/2005:00:45:56 -0800] "GET /gallery/photos/19990204/pages/1999-0204-00081.html HTTP/1.1" 200 1769 "http://photolab.elmer.uaf.edu/gallery/photos/19990204/index_7.html" "FAST MetaWeb Crawler (helpdesk at fastsearch dot com)"
207.46.98.84 - - [16/Jul/2005:00:48:46 -0800] "GET /store/allphotos5.html HTTP/1.0" 200 12520 "-" "msnbot/1.0 (+http://search.msn.com/msnbot.htm)"
66.151.181.12 - - [16/Jul/2005:00:50:02 -0800] "GET /gallery/photos/19990204/pages/1999-0204-00082.html HTTP/1.1" 200 1769 "http://photolab.elmer.uaf.edu/gallery/photos/19990204/index_7.html" "FAST MetaWeb Crawler (helpdesk at fastsearch dot com)"
66.151.181.12 - - [16/Jul/2005:00:51:02 -0800] "GET /gallery/photos/19990204/pages/1999-0204-00083.html HTTP/1.1" 200 1769 "http://photolab.elmer.uaf.edu/gallery/photos/19990204/index_7.html" "FAST MetaWeb Crawler (helpdesk at fastsearch dot com)"
207.46.98.84 - - [16/Jul/2005:00:52:20 -0800] "GET /store/allphotos1.html HTTP/1.0" 200 33610 "-" "msnbot/1.0 (+http://search.msn.com/msnbot.htm)"
66.151.181.12 - - [16/Jul/2005:00:52:47 -0800] "GET /gallery/photos/19990204/pages/1999-0204-00084.html HTTP/1.1" 200 1769 "http://photolab.elmer.uaf.edu/gallery/photos/19990204/index_7.html" "FAST MetaWeb Crawler (helpdesk at fastsearch dot com)"
71.116.162.32 - - [16/Jul/2005:00:53:05 -0800] "GET /store/photos/largejpegs/(051)1981-0107-00008.jpg HTTP/1.1" 200 157625 "http://www.gofuckyourself.com/showthread.php?t=489394" "Mozilla/4.0 (compatible; MSIE 6.0; Windows NT 5.1; SV1)"
66.151.181.12 - - [16/Jul/2005:00:54:19 -0800] "GET /gallery/photos/19990293/0/index_8.html HTTP/1.1" 200 7252 "http://photolab.elmer.uaf.edu/gallery/photos/19990293/0/index_7.html" "FAST MetaWeb Crawler (helpdesk at fastsearch dot com)"
66.151.181.12 - - [16/Jul/2005:00:54:28 -0800] "GET /gallery/photos/19990293/0/pages/1999-0293-00073.html HTTP/1.1" 200 1768 "http://photolab.elmer.uaf.edu/gallery/photos/19990293/0/index_7.html" "FAST MetaWeb Crawler (helpdesk at fastsearch dot com)"
66.151.181.12 - - [16/Jul/2005:00:56:13 -0800] "GET /gallery/photos/19990293/0/pages/1999-0293-00074.html HTTP/1.1" 200 1768 "http://photolab.elmer.uaf.edu/gallery/photos/19990293/0/index_7.html" "FAST MetaWeb Crawler (helpdesk at fastsearch dot com)"
66.151.181.12 - - [16/Jul/2005:00:56:28 -0800] "GET /gallery/photos/19990293/0/pages/1999-0293-00075.html HTTP/1.1" 200 1768 "http://photolab.elmer.uaf.edu/gallery/photos/19990293/0/index_7.html" "FAST MetaWeb Crawler (helpdesk at fastsearch dot com)"
212.72.8.199 - - [16/Jul/2005:00:56:28 -0800] "GET /store/people.html HTTP/1.0" 200 21075 "http://images.google.com/imgres?imgurl=http://photolab.elmer.uaf.edu/store/photos/largejpegs/(083)1989-0166-00380.jpg&imgrefurl=http://photolab.elmer.uaf.edu/store/people.html&h=1000&w=755&sz=139&tbnid=t4toWEdZw2kJ:&tbnh=149&tbnw=112&hl=en&start=15&prev=/images%3Fq%3Dfamous%2Bphotographer%26svnum%3D10%26hl%3Den%26lr%3D" "Mozilla/4.0 (compatible; MSIE 6.0; Windows NT 5.1; SV1)"
212.72.8.199 - - [16/Jul/2005:00:56:30 -0800] "GET /index_files/titlebrown.jpg HTTP/1.0" 200 5451 "http://photolab.elmer.uaf.edu/store/people.html" "Mozilla/4.0 (compatible; MSIE 6.0; Windows NT 5.1; SV1)"
212.72.8.199 - - [16/Jul/2005:00:56:30 -0800] "GET /index_files/aprbrown.jpg HTTP/1.0" 200 5509 "http://photolab.elmer.uaf.edu/store/people.html" "Mozilla/4.0 (compatible; MSIE 6.0; Windows NT 5.1; SV1)"
212.72.8.199 - - [16/Jul/2005:00:56:30 -0800] "GET /index_files/store.css HTTP/1.0" 200 2756 "http://photolab.elmer.uaf.edu/store/people.html" "Mozilla/4.0 (compatible; MSIE 6.0; Windows NT 5.1; SV1)"
212.72.8.199 - - [16/Jul/2005:00:56:31 -0800] "GET /index_files/storetitle.gif HTTP/1.0" 200 14535 "http://photolab.elmer.uaf.edu/store/people.html" "Mozilla/4.0 (compatible; MSIE 6.0; Windows NT 5.1; SV1)"
212.72.8.199 - - [16/Jul/2005:00:56:34 -0800] "GET /index_files/menubar.gif HTTP/1.0" 200 2913 "http://photolab.elmer.uaf.edu/store/people.html" "Mozilla/4.0 (compatible; MSIE 6.0; Windows NT 5.1; SV1)"
212.72.8.199 - - [16/Jul/2005:00:56:36 -0800] "GET /store/photos/smalljpegs/(009)1975-0146-00003.jpg HTTP/1.0" 200 35453 "http://photolab.elmer.uaf.edu/store/people.html" "Mozilla/4.0 (compatible; MSIE 6.0; Windows NT 5.1; SV1)"
212.72.8.199 - - [16/Jul/2005:00:56:38 -0800] "GET /store/photos/smalljpegs/(007)1972-0071-03234.jpg HTTP/1.0" 200 32052 "http://photolab.elmer.uaf.edu/store/people.html" "Mozilla/4.0 (compatible; MSIE 6.0; Windows NT 5.1; SV1)"
212.72.8.199 - - [16/Jul/2005:00:56:39 -0800] "GET /store/photos/smalljpegs/(012)1989-0166-00375.jpg HTTP/1.0" 200 41883 "http://photolab.elmer.uaf.edu/store/people.html" "Mozilla/4.0 (compatible; MSIE 6.0; Windows NT 5.1; SV1)"
66.151.181.12 - - [16/Jul/2005:00:57:31 -0800] "GET /gallery/photos/19990293/0/pages/1999-0293-00076.html HTTP/1.1" 200 1768 "http://photolab.elmer.uaf.edu/gallery/photos/19990293/0/index_7.html" "FAST MetaWeb Crawler (helpdesk at fastsearch dot com)"
212.72.8.199 - - [16/Jul/2005:00:57:35 -0800] "GET /store/photos/smalljpegs/(026)1997-0165-00010.jpg HTTP/1.0" 200 26695 "http://photolab.elmer.uaf.edu/store/people.html" "Mozilla/4.0 (compatible; MSIE 6.0; Windows NT 5.1; SV1)"
212.72.8.199 - - [16/Jul/2005:00:57:34 -0800] "GET /store/photos/smalljpegs/(024)1972-0116-00334.jpg HTTP/1.0" 200 29908 "http://photolab.elmer.uaf.edu/store/people.html" "Mozilla/4.0 (compatible; MSIE 6.0; Windows NT 5.1; SV1)"
207.46.98.84 - - [16/Jul/2005:00:57:40 -0800] "GET /store/allphotos3.html HTTP/1.0" 200 23462 "-" "msnbot/1.0 (+http://search.msn.com/msnbot.htm)"
212.72.8.199 - - [16/Jul/2005:00:57:43 -0800] "GET /store/photos/smalljpegs/(040)1958-1026-01700.jpg HTTP/1.0" 200 30523 "http://photolab.elmer.uaf.edu/store/people.html" "Mozilla/4.0 (compatible; MSIE 6.0; Windows NT 5.1; SV1)"
66.151.181.12 - - [16/Jul/2005:00:58:48 -0800] "GET /gallery/photos/19990293/0/pages/1999-0293-00077.html HTTP/1.1" 200 1768 "http://photolab.elmer.uaf.edu/gallery/photos/19990293/0/index_7.html" "FAST MetaWeb Crawler (helpdesk at fastsearch dot com)"
67.84.30.65 - - [16/Jul/2005:00:59:18 -0800] "GET /store/photos/smalljpegs/(057)1972-0071-00823.jpg HTTP/1.1" 200 23575 "http://profile.myspace.com/index.cfm?fuseaction=user.viewProfile&friendID=648047&Mytoken=20050716015327" "Mozilla/4.0 (compatible; MSIE 6.0; Windows NT 5.1; SV1)"
66.151.181.12 - - [16/Jul/2005:00:59:49 -0800] "GET /gallery/photos/19990293/0/pages/1999-0293-00078.html HTTP/1.1" 200 1768 "http://photolab.elmer.uaf.edu/gallery/photos/19990293/0/index_7.html" "FAST MetaWeb Crawler (helpdesk at fastsearch dot com)"
67.84.30.65 - - [16/Jul/2005:01:01:45 -0800] "GET /store/photos/smalljpegs/(057)1972-0071-00823.jpg HTTP/1.1" 200 23575 "http://profile.myspace.com/index.cfm?fuseaction=user.viewProfile&friendID=648047&Mytoken=20050716015327" "Mozilla/4.0 (compatible; MSIE 6.0; Windows NT 5.1; SV1)"
139.168.30.179 - - [16/Jul/2005:01:01:58 -0800] "GET /store/people.html HTTP/1.1" 200 21075 "-" "Mozilla/4.0 (compatible; MSIE 6.0; Windows NT 5.1; SV1)"
139.168.30.179 - - [16/Jul/2005:01:01:59 -0800] "GET /index_files/store.css HTTP/1.1" 200 2756 "-" "Mozilla/4.0 (compatible; MSIE 6.0; Windows NT 5.1; SV1)"
139.168.30.179 - - [16/Jul/2005:01:02:00 -0800] "GET /index_files/titlebrown.jpg HTTP/1.1" 200 5451 "-" "Mozilla/4.0 (compatible; MSIE 6.0; Windows NT 5.1; SV1)"
139.168.30.179 - - [16/Jul/2005:01:02:00 -0800] "GET /index_files/aprbrown.jpg HTTP/1.1" 200 5509 "-" "Mozilla/4.0 (compatible; MSIE 6.0; Windows NT 5.1; SV1)"
139.168.30.179 - - [16/Jul/2005:01:02:00 -0800] "GET /index_files/storetitle.gif HTTP/1.1" 200 14535 "-" "Mozilla/4.0 (compatible; MSIE 6.0; Windows NT 5.1; SV1)"
139.168.30.179 - - [16/Jul/2005:01:02:01 -0800] "GET /index_files/menubar.gif HTTP/1.1" 200 2913 "-" "Mozilla/4.0 (compatible; MSIE 6.0; Windows NT 5.1; SV1)"
139.168.30.179 - - [16/Jul/2005:01:02:01 -0800] "GET /store/photos/smalljpegs/(007)1972-0071-03234.jpg HTTP/1.1" 200 32052 "-" "Mozilla/4.0 (compatible; MSIE 6.0; Windows NT 5.1; SV1)"
139.168.30.179 - - [16/Jul/2005:01:02:02 -0800] "GET /store/photos/smalljpegs/(009)1975-0146-00003.jpg HTTP/1.1" 200 35453 "-" "Mozilla/4.0 (compatible; MSIE 6.0; Windows NT 5.1; SV1)"
139.168.30.179 - - [16/Jul/2005:01:02:04 -0800] "GET /store/photos/smalljpegs/(024)1972-0116-00334.jpg HTTP/1.1" 200 29908 "-" "Mozilla/4.0 (compatible; MSIE 6.0; Windows NT 5.1; SV1)"
139.168.30.179 - - [16/Jul/2005:01:02:04 -0800] "GET /store/photos/smalljpegs/(012)1989-0166-00375.jpg HTTP/1.1" 200 41883 "-" "Mozilla/4.0 (compatible; MSIE 6.0; Windows NT 5.1; SV1)"
139.168.30.179 - - [16/Jul/2005:01:02:07 -0800] "GET /store/photos/smalljpegs/(026)1997-0165-00010.jpg HTTP/1.1" 200 26695 "-" "Mozilla/4.0 (compatible; MSIE 6.0; Windows NT 5.1; SV1)"
139.168.30.179 - - [16/Jul/2005:01:02:07 -0800] "GET /store/photos/smalljpegs/(040)1958-1026-01700.jpg HTTP/1.1" 200 30523 "-" "Mozilla/4.0 (compatible; MSIE 6.0; Windows NT 5.1; SV1)"
139.168.30.179 - - [16/Jul/2005:01:02:09 -0800] "GET /store/photos/smalljpegs/(069)1976-0092-00075.jpg HTTP/1.1" 200 25519 "-" "Mozilla/4.0 (compatible; MSIE 6.0; Windows NT 5.1; SV1)"
139.168.30.179 - - [16/Jul/2005:01:02:09 -0800] "GET /store/photos/smalljpegs/(055)1966-0054-00104.jpg HTTP/1.1" 200 35929 "-" "Mozilla/4.0 (compatible; MSIE 6.0; Windows NT 5.1; SV1)"
139.168.30.179 - - [16/Jul/2005:01:02:11 -0800] "GET /store/photos/smalljpegs/(073)2000-0176-00106a.jpg HTTP/1.1" 200 39020 "-" "Mozilla/4.0 (compatible; MSIE 6.0; Windows NT 5.1; SV1)"
139.168.30.179 - - [16/Jul/2005:01:02:12 -0800] "GET /store/photos/smalljpegs/(074)1968-0012-00009.jpg HTTP/1.1" 200 36819 "-" "Mozilla/4.0 (compatible; MSIE 6.0; Windows NT 5.1; SV1)"
139.168.30.179 - - [16/Jul/2005:01:02:14 -0800] "GET /store/photos/smalljpegs/(083)1989-0166-00380.jpg HTTP/1.1" 200 32119 "-" "Mozilla/4.0 (compatible; MSIE 6.0; Windows NT 5.1; SV1)"
139.168.30.179 - - [16/Jul/2005:01:02:15 -0800] "GET /store/photos/smalljpegs/(090)1972-0071-02759.jpg HTTP/1.1" 200 35919 "-" "Mozilla/4.0 (compatible; MSIE 6.0; Windows NT 5.1; SV1)"
139.168.30.179 - - [16/Jul/2005:01:02:17 -0800] "GET /store/photos/smalljpegs/(101)1995-0244-01044.jpg HTTP/1.1" 200 33660 "-" "Mozilla/4.0 (compatible; MSIE 6.0; Windows NT 5.1; SV1)"
139.168.30.179 - - [16/Jul/2005:01:02:18 -0800] "GET /store/photos/smalljpegs/(102)1972-0071-00804.jpg HTTP/1.1" 200 33600 "-" "Mozilla/4.0 (compatible; MSIE 6.0; Windows NT 5.1; SV1)"
139.168.30.179 - - [16/Jul/2005:01:02:20 -0800] "GET /store/photos/smalljpegs/(103)1972-0071-02925.jpg HTTP/1.1" 200 30024 "-" "Mozilla/4.0 (compatible; MSIE 6.0; Windows NT 5.1; SV1)"
139.168.30.179 - - [16/Jul/2005:01:02:20 -0800] "GET /store/photos/smalljpegs/(104)1958-1026-02106.jpg HTTP/1.1" 200 34617 "-" "Mozilla/4.0 (compatible; MSIE 6.0; Windows NT 5.1; SV1)"
139.168.30.179 - - [16/Jul/2005:01:02:22 -0800] "GET /store/photos/smalljpegs/(105)1989-0166-00522a.jpg HTTP/1.1" 200 25417 "-" "Mozilla/4.0 (compatible; MSIE 6.0; Windows NT 5.1; SV1)"
139.168.30.179 - - [16/Jul/2005:01:02:23 -0800] "GET /store/photos/smalljpegs/(106)1972-0071-03229.jpg HTTP/1.1" 200 38182 "-" "Mozilla/4.0 (compatible; MSIE 6.0; Windows NT 5.1; SV1)"
139.168.30.179 - - [16/Jul/2005:01:02:24 -0800] "GET /store/photos/smalljpegs/(107)1958-1026-02271.jpg HTTP/1.1" 200 34747 "-" "Mozilla/4.0 (compatible; MSIE 6.0; Windows NT 5.1; SV1)"
139.168.30.179 - - [16/Jul/2005:01:02:25 -0800] "GET /store/photos/largejpegs/(105)1989-0166-00522a.jpg HTTP/1.1" 200 101451 "-" "Mozilla/4.0 (compatible; MSIE 6.0; Windows NT 5.1; SV1)"
139.168.30.179 - - [16/Jul/2005:01:02:31 -0800] "GET /store/photos/smalljpegs/(106)1972-0071-03229.jpg HTTP/1.1" 206 29990 "-" "Mozilla/4.0 (compatible; MSIE 6.0; Windows NT 5.1; SV1)"
139.168.30.179 - - [16/Jul/2005:01:02:31 -0800] "GET /store/photos/smalljpegs/(112)1958-1026-01589.jpg HTTP/1.1" 200 31936 "-" "Mozilla/4.0 (compatible; MSIE 6.0; Windows NT 5.1; SV1)"
66.151.181.12 - - [16/Jul/2005:01:03:28 -0800] "GET /gallery/photos/19990293/0/pages/1999-0293-00079.html HTTP/1.1" 200 1768 "http://photolab.elmer.uaf.edu/gallery/photos/19990293/0/index_7.html" "FAST MetaWeb Crawler (helpdesk at fastsearch dot com)"
66.151.181.12 - - [16/Jul/2005:01:04:28 -0800] "GET /gallery/photos/19990293/0/pages/1999-0293-00080.html HTTP/1.1" 200 1768 "http://photolab.elmer.uaf.edu/gallery/photos/19990293/0/index_7.html" "FAST MetaWeb Crawler (helpdesk at fastsearch dot com)"
66.151.181.12 - - [16/Jul/2005:01:05:29 -0800] "GET /gallery/photos/19990293/0/pages/1999-0293-00081.html HTTP/1.1" 200 1768 "http://photolab.elmer.uaf.edu/gallery/photos/19990293/0/index_7.html" "FAST MetaWeb Crawler (helpdesk at fastsearch dot com)"
66.151.181.12 - - [16/Jul/2005:01:07:12 -0800] "GET /gallery/photos/19990293/0/pages/1999-0293-00082.html HTTP/1.1" 200 1768 "http://photolab.elmer.uaf.edu/gallery/photos/19990293/0/index_7.html" "FAST MetaWeb Crawler (helpdesk at fastsearch dot com)"
66.151.181.12 - - [16/Jul/2005:01:12:27 -0800] "GET /gallery/photos/19990293/0/pages/1999-0293-00083.html HTTP/1.1" 200 1768 "http://photolab.elmer.uaf.edu/gallery/photos/19990293/0/index_7.html" "FAST MetaWeb Crawler (helpdesk at fastsearch dot com)"
66.151.181.12 - - [16/Jul/2005:01:16:36 -0800] "GET /gallery/photos/19990293/0/pages/1999-0293-00084.html HTTP/1.1" 200 1768 "http://photolab.elmer.uaf.edu/gallery/photos/19990293/0/index_7.html" "FAST MetaWeb Crawler (helpdesk at fastsearch dot com)"
66.151.181.12 - - [16/Jul/2005:01:17:25 -0800] "GET /gallery/photos/19990293/1/index_8.html HTTP/1.1" 200 7252 "http://photolab.elmer.uaf.edu/gallery/photos/19990293/1/index_7.html" "FAST MetaWeb Crawler (helpdesk at fastsearch dot com)"
66.151.181.12 - - [16/Jul/2005:01:18:00 -0800] "GET /gallery/photos/19990293/1/pages/1999-0293-00172.html HTTP/1.1" 200 1768 "http://photolab.elmer.uaf.edu/gallery/photos/19990293/1/index_7.html" "FAST MetaWeb Crawler (helpdesk at fastsearch dot com)"
66.151.181.12 - - [16/Jul/2005:01:19:25 -0800] "GET /gallery/photos/19990293/1/pages/1999-0293-00173.html HTTP/1.1" 200 1768 "http://photolab.elmer.uaf.edu/gallery/photos/19990293/1/index_7.html" "FAST MetaWeb Crawler (helpdesk at fastsearch dot com)"
66.151.181.12 - - [16/Jul/2005:01:20:01 -0800] "GET /gallery/photos/19990293/1/pages/1999-0293-00174.html HTTP/1.1" 200 1768 "http://photolab.elmer.uaf.edu/gallery/photos/19990293/1/index_7.html" "FAST MetaWeb Crawler (helpdesk at fastsearch dot com)"
66.151.181.12 - - [16/Jul/2005:01:21:25 -0800] "GET /gallery/photos/19990293/1/pages/1999-0293-00175.html HTTP/1.1" 200 1768 "http://photolab.elmer.uaf.edu/gallery/photos/19990293/1/index_7.html" "FAST MetaWeb Crawler (helpdesk at fastsearch dot com)"
66.58.230.250 - - [16/Jul/2005:01:21:34 -0800] "GET /gallery/mapgallery.html HTTP/1.1" 200 9051 "http://www.google.com/search?hl=en&lr=&q=rare+maps+alaska" "Mozilla/4.0 (compatible; MSIE 6.0; Windows NT 5.1; SV1; .NET CLR 1.1.4322)"
66.58.230.250 - - [16/Jul/2005:01:21:34 -0800] "GET /index_files/lib.css HTTP/1.1" 200 2634 "http://photolab.elmer.uaf.edu/gallery/mapgallery.html" "Mozilla/4.0 (compatible; MSIE 6.0; Windows NT 5.1; SV1; .NET CLR 1.1.4322)"
66.58.230.250 - - [16/Jul/2005:01:21:34 -0800] "GET /index_files/title.jpg HTTP/1.1" 200 5438 "http://photolab.elmer.uaf.edu/gallery/mapgallery.html" "Mozilla/4.0 (compatible; MSIE 6.0; Windows NT 5.1; SV1; .NET CLR 1.1.4322)"
66.58.230.250 - - [16/Jul/2005:01:21:34 -0800] "GET /index_files/empty.gif HTTP/1.1" 200 45 "http://photolab.elmer.uaf.edu/gallery/mapgallery.html" "Mozilla/4.0 (compatible; MSIE 6.0; Windows NT 5.1; SV1; .NET CLR 1.1.4322)"
66.58.230.250 - - [16/Jul/2005:01:21:34 -0800] "GET /index_files/apr.jpg HTTP/1.1" 200 6015 "http://photolab.elmer.uaf.edu/gallery/mapgallery.html" "Mozilla/4.0 (compatible; MSIE 6.0; Windows NT 5.1; SV1; .NET CLR 1.1.4322)"
66.58.230.250 - - [16/Jul/2005:01:21:34 -0800] "GET /index_files/small.dps.jpg HTTP/1.1" 200 5830 "http://photolab.elmer.uaf.edu/gallery/mapgallery.html" "Mozilla/4.0 (compatible; MSIE 6.0; Windows NT 5.1; SV1; .NET CLR 1.1.4322)"
66.58.230.250 - - [16/Jul/2005:01:21:35 -0800] "GET /index_files/small.jpg HTTP/1.1" 200 2294 "http://photolab.elmer.uaf.edu/gallery/mapgallery.html" "Mozilla/4.0 (compatible; MSIE 6.0; Windows NT 5.1; SV1; .NET CLR 1.1.4322)"
66.58.230.250 - - [16/Jul/2005:01:21:35 -0800] "GET /index_files/small_002.jpg HTTP/1.1" 200 1351 "http://photolab.elmer.uaf.edu/gallery/mapgallery.html" "Mozilla/4.0 (compatible; MSIE 6.0; Windows NT 5.1; SV1; .NET CLR 1.1.4322)"
66.58.230.250 - - [16/Jul/2005:01:21:35 -0800] "GET /index_files/small_003.jpg HTTP/1.1" 200 1521 "http://photolab.elmer.uaf.edu/gallery/mapgallery.html" "Mozilla/4.0 (compatible; MSIE 6.0; Windows NT 5.1; SV1; .NET CLR 1.1.4322)"
66.58.230.250 - - [16/Jul/2005:01:21:35 -0800] "GET /index_files/bluebear.gif HTTP/1.1" 200 1263 "http://photolab.elmer.uaf.edu/gallery/mapgallery.html" "Mozilla/4.0 (compatible; MSIE 6.0; Windows NT 5.1; SV1; .NET CLR 1.1.4322)"
66.58.230.250 - - [16/Jul/2005:01:21:35 -0800] "GET /index_files/sitemap.gif HTTP/1.1" 200 1503 "http://photolab.elmer.uaf.edu/gallery/mapgallery.html" "Mozilla/4.0 (compatible; MSIE 6.0; Windows NT 5.1; SV1; .NET CLR 1.1.4322)"
66.58.230.250 - - [16/Jul/2005:01:21:35 -0800] "GET /index_files/bar.gif HTTP/1.1" 200 342 "http://photolab.elmer.uaf.edu/gallery/mapgallery.html" "Mozilla/4.0 (compatible; MSIE 6.0; Windows NT 5.1; SV1; .NET CLR 1.1.4322)"
66.151.181.10 - - [16/Jul/2005:01:21:47 -0800] "GET /gallery/20040109 HTTP/1.0" 404 312 "-" "FAST-WebCrawler/3.8/Scirus (scirus-crawler@fast.no; http://www.scirus.com/srsapp/contactus/)"
66.151.181.12 - - [16/Jul/2005:01:21:49 -0800] "GET /gallery/photos/19990293/1/pages/1999-0293-00176.html HTTP/1.1" 200 1768 "http://photolab.elmer.uaf.edu/gallery/photos/19990293/1/index_7.html" "FAST MetaWeb Crawler (helpdesk at fastsearch dot com)"
66.58.230.250 - - [16/Jul/2005:01:22:08 -0800] "GET /gallery/maps/mapg3520.html HTTP/1.1" 200 12735 "http://photolab.elmer.uaf.edu/gallery/mapgallery.html" "Mozilla/4.0 (compatible; MSIE 6.0; Windows NT 5.1; SV1; .NET CLR 1.1.4322)"
66.58.230.250 - - [16/Jul/2005:01:22:08 -0800] "GET /gallery/maps/G3500/small/G3562%20S641%20%5B1874%5D%20U58.jpg HTTP/1.1" 200 14159 "http://photolab.elmer.uaf.edu/gallery/maps/mapg3520.html" "Mozilla/4.0 (compatible; MSIE 6.0; Windows NT 5.1; SV1; .NET CLR 1.1.4322)"
66.58.230.250 - - [16/Jul/2005:01:22:08 -0800] "GET /gallery/maps/G3500/small/G3532%20G731%20%5B1827%5D%20V36.jpg HTTP/1.1" 200 14323 "http://photolab.elmer.uaf.edu/gallery/maps/mapg3520.html" "Mozilla/4.0 (compatible; MSIE 6.0; Windows NT 5.1; SV1; .NET CLR 1.1.4322)"
66.58.230.250 - - [16/Jul/2005:01:22:09 -0800] "GET /gallery/maps/G3500/small/G3562%20S641%20P1875%20G73.jpg HTTP/1.1" 200 14248 "http://photolab.elmer.uaf.edu/gallery/maps/mapg3520.html" "Mozilla/4.0 (compatible; MSIE 6.0; Windows NT 5.1; SV1; .NET CLR 1.1.4322)"
66.58.230.250 - - [16/Jul/2005:01:22:09 -0800] "GET /gallery/maps/G3500/small/G3522%20K5%20H2%201897%20R53.jpg HTTP/1.1" 200 18806 "http://photolab.elmer.uaf.edu/gallery/maps/mapg3520.html" "Mozilla/4.0 (compatible; MSIE 6.0; Windows NT 5.1; SV1; .NET CLR 1.1.4322)"
66.58.230.250 - - [16/Jul/2005:01:22:09 -0800] "GET /gallery/maps/G3500/small/G3521%20C5%201898%20C4.jpg HTTP/1.1" 200 13243 "http://photolab.elmer.uaf.edu/gallery/maps/mapg3520.html" "Mozilla/4.0 (compatible; MSIE 6.0; Windows NT 5.1; SV1; .NET CLR 1.1.4322)"
66.58.230.250 - - [16/Jul/2005:01:22:10 -0800] "GET /gallery/maps/G3500/small/G3522%20K5%20H1%201898%20F61.jpg HTTP/1.1" 200 16087 "http://photolab.elmer.uaf.edu/gallery/maps/mapg3520.html" "Mozilla/4.0 (compatible; MSIE 6.0; Windows NT 5.1; SV1; .NET CLR 1.1.4322)"
66.58.230.250 - - [16/Jul/2005:01:22:10 -0800] "GET /gallery/maps/G3500/small/G3522%20K5%20H2%201898%20L695.jpg HTTP/1.1" 200 15621 "http://photolab.elmer.uaf.edu/gallery/maps/mapg3520.html" "Mozilla/4.0 (compatible; MSIE 6.0; Windows NT 5.1; SV1; .NET CLR 1.1.4322)"
66.58.230.250 - - [16/Jul/2005:01:22:10 -0800] "GET /gallery/maps/G3500/small/G3522%20K5%20H2%201898%20L695%20C.2.jpg HTTP/1.1" 200 14777 "http://photolab.elmer.uaf.edu/gallery/maps/mapg3520.html" "Mozilla/4.0 (compatible; MSIE 6.0; Windows NT 5.1; SV1; .NET CLR 1.1.4322)"
66.58.230.250 - - [16/Jul/2005:01:22:10 -0800] "GET /gallery/maps/G3500/small/G3560%201902%20L6.jpg HTTP/1.1" 200 15720 "http://photolab.elmer.uaf.edu/gallery/maps/mapg3520.html" "Mozilla/4.0 (compatible; MSIE 6.0; Windows NT 5.1; SV1; .NET CLR 1.1.4322)"
66.58.230.250 - - [16/Jul/2005:01:22:11 -0800] "GET /gallery/maps/G3500/small/G3522%20W55%20H1%201904%20C32.jpg HTTP/1.1" 200 12592 "http://photolab.elmer.uaf.edu/gallery/maps/mapg3520.html" "Mozilla/4.0 (compatible; MSIE 6.0; Windows NT 5.1; SV1; .NET CLR 1.1.4322)"
66.58.230.250 - - [16/Jul/2005:01:22:11 -0800] "GET /gallery/maps/G3500/small/G3522%20K5%20H1%201908%20C41.jpg HTTP/1.1" 200 14363 "http://photolab.elmer.uaf.edu/gallery/maps/mapg3520.html" "Mozilla/4.0 (compatible; MSIE 6.0; Windows NT 5.1; SV1; .NET CLR 1.1.4322)"
66.151.181.10 - - [16/Jul/2005:01:22:40 -0800] "GET /gallery/20040069 HTTP/1.0" 404 312 "-" "FAST-WebCrawler/3.8/Scirus (scirus-crawler@fast.no; http://www.scirus.com/srsapp/contactus/)"
66.58.230.250 - - [16/Jul/2005:01:22:39 -0800] "GET /gallery/maps/G3500/large/G3522%20W55%20H1%201904%20C32.jpg HTTP/1.1" 200 112770 "http://photolab.elmer.uaf.edu/gallery/maps/mapg3520.html" "Mozilla/4.0 (compatible; MSIE 6.0; Windows NT 5.1; SV1; .NET CLR 1.1.4322)"
213.200.161.103 - - [16/Jul/2005:01:22:52 -0800] "GET /index_files/store.css HTTP/1.1" 200 2756 "http://photolab.elmer.uaf.edu/store/maps.html" "Mozilla/4.0 (compatible; MSIE 6.0; Windows NT 5.1; SV1; .NET CLR 1.1.4322)"
213.200.161.103 - - [16/Jul/2005:01:22:51 -0800] "GET /store/maps.html HTTP/1.1" 200 23493 "http://forum.riotminds.se/viewtopic.php?t=6111&postdays=0&postorder=asc&start=15" "Mozilla/4.0 (compatible; MSIE 6.0; Windows NT 5.1; SV1; .NET CLR 1.1.4322)"
213.200.161.103 - - [16/Jul/2005:01:22:52 -0800] "GET /index_files/titlebrown.jpg HTTP/1.1" 200 5451 "http://photolab.elmer.uaf.edu/store/maps.html" "Mozilla/4.0 (compatible; MSIE 6.0; Windows NT 5.1; SV1; .NET CLR 1.1.4322)"
213.200.161.103 - - [16/Jul/2005:01:22:52 -0800] "GET /index_files/aprbrown.jpg HTTP/1.1" 200 5509 "http://photolab.elmer.uaf.edu/store/maps.html" "Mozilla/4.0 (compatible; MSIE 6.0; Windows NT 5.1; SV1; .NET CLR 1.1.4322)"
213.200.161.103 - - [16/Jul/2005:01:22:53 -0800] "GET /index_files/menubar.gif HTTP/1.1" 200 2913 "http://photolab.elmer.uaf.edu/store/maps.html" "Mozilla/4.0 (compatible; MSIE 6.0; Windows NT 5.1; SV1; .NET CLR 1.1.4322)"
213.200.161.103 - - [16/Jul/2005:01:22:53 -0800] "GET /index_files/storetitle.gif HTTP/1.1" 200 14535 "http://photolab.elmer.uaf.edu/store/maps.html" "Mozilla/4.0 (compatible; MSIE 6.0; Windows NT 5.1; SV1; .NET CLR 1.1.4322)"
213.200.161.103 - - [16/Jul/2005:01:22:53 -0800] "GET /store/maps/small%20jpegs/(001)%20G3300%20%5B1780%5D%20C66.jpg HTTP/1.1" 200 38510 "http://photolab.elmer.uaf.edu/store/maps.html" "Mozilla/4.0 (compatible; MSIE 6.0; Windows NT 5.1; SV1; .NET CLR 1.1.4322)"
213.200.161.103 - - [16/Jul/2005:01:22:53 -0800] "GET /store/maps/small%20jpegs/(002)%20G4370%20%5B1862_%5D%20C631.jpg HTTP/1.1" 200 42691 "http://photolab.elmer.uaf.edu/store/maps.html" "Mozilla/4.0 (compatible; MSIE 6.0; Windows NT 5.1; SV1; .NET CLR 1.1.4322)"
213.200.161.103 - - [16/Jul/2005:01:22:55 -0800] "GET /store/maps/small%20jpegs/(004)%20G3350%201898%20S4.jpg HTTP/1.1" 200 38584 "http://photolab.elmer.uaf.edu/store/maps.html" "Mozilla/4.0 (compatible; MSIE 6.0; Windows NT 5.1; SV1; .NET CLR 1.1.4322)"
213.200.161.103 - - [16/Jul/2005:01:22:55 -0800] "GET /store/maps/small%20jpegs/(003)%20G7290%20%5B1584_%5D%20O71.jpg HTTP/1.1" 200 53075 "http://photolab.elmer.uaf.edu/store/maps.html" "Mozilla/4.0 (compatible; MSIE 6.0; Windows NT 5.1; SV1; .NET CLR 1.1.4322)"
213.200.161.103 - - [16/Jul/2005:01:22:57 -0800] "GET /store/maps/small%20jpegs/(005)%20G3210%20%5B1740_%5D%20T57.jpg HTTP/1.1" 200 46978 "http://photolab.elmer.uaf.edu/store/maps.html" "Mozilla/4.0 (compatible; MSIE 6.0; Windows NT 5.1; SV1; .NET CLR 1.1.4322)"
213.200.161.103 - - [16/Jul/2005:01:22:58 -0800] "GET /store/maps/small%20jpegs/(006)%20G4371%20S1%20%5B1593_%5D%20D4.jpg HTTP/1.1" 200 44069 "http://photolab.elmer.uaf.edu/store/maps.html" "Mozilla/4.0 (compatible; MSIE 6.0; Windows NT 5.1; SV1; .NET CLR 1.1.4322)"
213.200.161.103 - - [16/Jul/2005:01:23:00 -0800] "GET /store/maps/small%20jpegs/(007)%20G7820%201626%20S67.jpg HTTP/1.1" 200 55977 "http://photolab.elmer.uaf.edu/store/maps.html" "Mozilla/4.0 (compatible; MSIE 6.0; Windows NT 5.1; SV1; .NET CLR 1.1.4322)"
213.200.161.103 - - [16/Jul/2005:01:23:00 -0800] "GET /store/maps/small%20jpegs/(008)%20G3205%20%5B1757%5Da.jpg HTTP/1.1" 200 60171 "http://photolab.elmer.uaf.edu/store/maps.html" "Mozilla/4.0 (compatible; MSIE 6.0; Windows NT 5.1; SV1; .NET CLR 1.1.4322)"
66.151.181.12 - - [16/Jul/2005:01:23:01 -0800] "GET /gallery/photos/19990293/1/pages/1999-0293-00177.html HTTP/1.1" 200 1768 "http://photolab.elmer.uaf.edu/gallery/photos/19990293/1/index_7.html" "FAST MetaWeb Crawler (helpdesk at fastsearch dot com)"
66.58.230.250 - - [16/Jul/2005:01:23:02 -0800] "GET /gallery/maps/G3500/large/G3560%201902%20L6.jpg HTTP/1.1" 200 231815 "http://photolab.elmer.uaf.edu/gallery/maps/mapg3520.html" "Mozilla/4.0 (compatible; MSIE 6.0; Windows NT 5.1; SV1; .NET CLR 1.1.4322)"
66.151.181.12 - - [16/Jul/2005:01:23:40 -0800] "GET /gallery/photos/19990293/1/pages/1999-0293-00178.html HTTP/1.1" 200 1768 "http://photolab.elmer.uaf.edu/gallery/photos/19990293/1/index_7.html" "FAST MetaWeb Crawler (helpdesk at fastsearch dot com)"
66.151.181.12 - - [16/Jul/2005:01:24:40 -0800] "GET /gallery/photos/19990293/1/pages/1999-0293-00179.html HTTP/1.1" 200 1768 "http://photolab.elmer.uaf.edu/gallery/photos/19990293/1/index_7.html" "FAST MetaWeb Crawler (helpdesk at fastsearch dot com)"
66.151.181.12 - - [16/Jul/2005:01:25:43 -0800] "GET /gallery/photos/19990293/1/pages/1999-0293-00180.html HTTP/1.1" 200 1768 "http://photolab.elmer.uaf.edu/gallery/photos/19990293/1/index_7.html" "FAST MetaWeb Crawler (helpdesk at fastsearch dot com)"
66.151.181.12 - - [16/Jul/2005:01:27:01 -0800] "GET /gallery/photos/19990293/1/pages/1999-0293-00181.html HTTP/1.1" 200 1768 "http://photolab.elmer.uaf.edu/gallery/photos/19990293/1/index_7.html" "FAST MetaWeb Crawler (helpdesk at fastsearch dot com)"
66.151.181.12 - - [16/Jul/2005:01:27:40 -0800] "GET /gallery/photos/19990293/1/pages/1999-0293-00182.html HTTP/1.1" 200 1768 "http://photolab.elmer.uaf.edu/gallery/photos/19990293/1/index_7.html" "FAST MetaWeb Crawler (helpdesk at fastsearch dot com)"
66.151.181.12 - - [16/Jul/2005:01:28:40 -0800] "GET /gallery/photos/19990293/1/pages/1999-0293-00183.html HTTP/1.1" 200 1768 "http://photolab.elmer.uaf.edu/gallery/photos/19990293/1/index_7.html" "FAST MetaWeb Crawler (helpdesk at fastsearch dot com)"
66.151.181.12 - - [16/Jul/2005:01:29:40 -0800] "GET /gallery/photos/20000197/index_8.html HTTP/1.1" 200 6944 "http://photolab.elmer.uaf.edu/gallery/photos/20000197/index_7.html" "FAST MetaWeb Crawler (helpdesk at fastsearch dot com)"
66.151.181.12 - - [16/Jul/2005:01:30:43 -0800] "GET /gallery/photos/20000197/pages/2000-0197-00073.html HTTP/1.1" 200 1851 "http://photolab.elmer.uaf.edu/gallery/photos/20000197/index_7.html" "FAST MetaWeb Crawler (helpdesk at fastsearch dot com)"
66.151.181.12 - - [16/Jul/2005:01:32:01 -0800] "GET /gallery/photos/20000197/pages/2000-0197-00074.html HTTP/1.1" 200 1851 "http://photolab.elmer.uaf.edu/gallery/photos/20000197/index_7.html" "FAST MetaWeb Crawler (helpdesk at fastsearch dot com)"
66.151.181.12 - - [16/Jul/2005:01:32:49 -0800] "GET /gallery/photos/20000197/pages/2000-0197-00075.html HTTP/1.1" 200 1851 "http://photolab.elmer.uaf.edu/gallery/photos/20000197/index_7.html" "FAST MetaWeb Crawler (helpdesk at fastsearch dot com)"
68.142.251.145 - - [16/Jul/2005:01:33:17 -0800] "GET /robots.txt HTTP/1.0" 200 96 "-" "Mozilla/5.0 (compatible; Yahoo! Slurp; http://help.yahoo.com/help/us/ysearch/slurp)"
68.142.250.95 - - [16/Jul/2005:01:33:18 -0800] "GET /store/transportation.html HTTP/1.0" 200 25254 "-" "Mozilla/5.0 (compatible; Yahoo! Slurp; http://help.yahoo.com/help/us/ysearch/slurp)"
66.151.181.12 - - [16/Jul/2005:01:33:43 -0800] "GET /gallery/photos/20000197/pages/2000-0197-00076.html HTTP/1.1" 200 1851 "http://photolab.elmer.uaf.edu/gallery/photos/20000197/index_7.html" "FAST MetaWeb Crawler (helpdesk at fastsearch dot com)"
66.151.181.12 - - [16/Jul/2005:01:34:40 -0800] "GET /gallery/photos/20000197/pages/2000-0197-00077.html HTTP/1.1" 200 1851 "http://photolab.elmer.uaf.edu/gallery/photos/20000197/index_7.html" "FAST MetaWeb Crawler (helpdesk at fastsearch dot com)"
207.46.98.84 - - [16/Jul/2005:01:34:54 -0800] "GET /store/mining.html HTTP/1.0" 200 16945 "-" "msnbot/1.0 (+http://search.msn.com/msnbot.htm)"
66.151.181.12 - - [16/Jul/2005:01:35:43 -0800] "GET /gallery/photos/20000197/pages/2000-0197-00078.html HTTP/1.1" 200 1851 "http://photolab.elmer.uaf.edu/gallery/photos/20000197/index_7.html" "FAST MetaWeb Crawler (helpdesk at fastsearch dot com)"
68.142.249.78 - - [16/Jul/2005:01:36:40 -0800] "GET /delivery.htm HTTP/1.0" 200 8815 "-" "Mozilla/5.0 (compatible; Yahoo! Slurp; http://help.yahoo.com/help/us/ysearch/slurp)"
66.151.181.12 - - [16/Jul/2005:01:36:49 -0800] "GET /gallery/photos/20000197/pages/2000-0197-00079.html HTTP/1.1" 200 1851 "http://photolab.elmer.uaf.edu/gallery/photos/20000197/index_7.html" "FAST MetaWeb Crawler (helpdesk at fastsearch dot com)"
66.151.181.12 - - [16/Jul/2005:01:37:40 -0800] "GET /gallery/photos/20000197/pages/2000-0197-00080.html HTTP/1.1" 200 1851 "http://photolab.elmer.uaf.edu/gallery/photos/20000197/index_7.html" "FAST MetaWeb Crawler (helpdesk at fastsearch dot com)"
66.151.181.12 - - [16/Jul/2005:01:38:40 -0800] "GET /gallery/photos/20000197/pages/2000-0197-00081.html HTTP/1.1" 200 1851 "http://photolab.elmer.uaf.edu/gallery/photos/20000197/index_7.html" "FAST MetaWeb Crawler (helpdesk at fastsearch dot com)"
66.151.181.12 - - [16/Jul/2005:01:39:43 -0800] "GET /gallery/photos/20000197/pages/2000-0197-00082.html HTTP/1.1" 200 1851 "http://photolab.elmer.uaf.edu/gallery/photos/20000197/index_7.html" "FAST MetaWeb Crawler (helpdesk at fastsearch dot com)"
66.151.181.12 - - [16/Jul/2005:01:40:43 -0800] "GET /gallery/photos/20000197/pages/2000-0197-00083.html HTTP/1.1" 200 1851 "http://photolab.elmer.uaf.edu/gallery/photos/20000197/index_7.html" "FAST MetaWeb Crawler (helpdesk at fastsearch dot com)"
82.231.211.188 - - [16/Jul/2005:01:41:01 -0800] "GET /store/photos/largejpegs/(051)1981-0107-00008.jpg HTTP/1.1" 200 157625 "http://www.gfy.com/showthread.php?t=489394&highlight=hilton" "Mozilla/5.0 (Windows; U; Windows NT 5.1; fr-FR; rv:1.7.8) Gecko/20050511 Firefox/1.0.4"
66.151.181.12 - - [16/Jul/2005:01:41:40 -0800] "GET /gallery/photos/20000197/pages/2000-0197-00084.html HTTP/1.1" 200 1851 "http://photolab.elmer.uaf.edu/gallery/photos/20000197/index_7.html" "FAST MetaWeb Crawler (helpdesk at fastsearch dot com)"
66.151.181.12 - - [16/Jul/2005:01:42:49 -0800] "GET /gallery/photos/20010129/0/index_6.html HTTP/1.1" 200 7246 "http://photolab.elmer.uaf.edu/gallery/photos/20010129/0/index_5.html" "FAST MetaWeb Crawler (helpdesk at fastsearch dot com)"
66.151.181.12 - - [16/Jul/2005:01:43:43 -0800] "GET /gallery/photos/20010129/0/pages/2001-0129-00051.html HTTP/1.1" 200 1762 "http://photolab.elmer.uaf.edu/gallery/photos/20010129/0/index_5.html" "FAST MetaWeb Crawler (helpdesk at fastsearch dot com)"
66.151.181.12 - - [16/Jul/2005:01:44:49 -0800] "GET /gallery/photos/20010129/0/pages/2001-0129-00052.html HTTP/1.1" 200 1762 "http://photolab.elmer.uaf.edu/gallery/photos/20010129/0/index_5.html" "FAST MetaWeb Crawler (helpdesk at fastsearch dot com)"
68.142.249.166 - - [16/Jul/2005:01:46:25 -0800] "GET /gallery/19950244/02 HTTP/1.0" 404 315 "-" "Mozilla/5.0 (compatible; Yahoo! Slurp; http://help.yahoo.com/help/us/ysearch/slurp)"
66.151.181.12 - - [16/Jul/2005:01:46:25 -0800] "GET /gallery/photos/20010129/0/pages/2001-0129-00053.html HTTP/1.1" 200 1762 "http://photolab.elmer.uaf.edu/gallery/photos/20010129/0/index_5.html" "FAST MetaWeb Crawler (helpdesk at fastsearch dot com)"
66.151.181.12 - - [16/Jul/2005:01:46:49 -0800] "GET /gallery/photos/20010129/0/pages/2001-0129-00054.html HTTP/1.1" 200 1762 "http://photolab.elmer.uaf.edu/gallery/photos/20010129/0/index_5.html" "FAST MetaWeb Crawler (helpdesk at fastsearch dot com)"
66.151.181.12 - - [16/Jul/2005:01:48:01 -0800] "GET /gallery/photos/20010129/0/pages/2001-0129-00055.html HTTP/1.1" 200 1762 "http://photolab.elmer.uaf.edu/gallery/photos/20010129/0/index_5.html" "FAST MetaWeb Crawler (helpdesk at fastsearch dot com)"
66.151.181.12 - - [16/Jul/2005:01:51:49 -0800] "GET /gallery/photos/20010129/0/pages/2001-0129-00056.html HTTP/1.1" 200 1762 "http://photolab.elmer.uaf.edu/gallery/photos/20010129/0/index_5.html" "FAST MetaWeb Crawler (helpdesk at fastsearch dot com)"
66.151.181.12 - - [16/Jul/2005:01:52:50 -0800] "GET /gallery/photos/20010129/0/pages/2001-0129-00057.html HTTP/1.1" 200 1762 "http://photolab.elmer.uaf.edu/gallery/photos/20010129/0/index_5.html" "FAST MetaWeb Crawler (helpdesk at fastsearch dot com)"
66.151.181.12 - - [16/Jul/2005:01:53:52 -0800] "GET /gallery/photos/20010129/0/pages/2001-0129-00058.html HTTP/1.1" 200 1762 "http://photolab.elmer.uaf.edu/gallery/photos/20010129/0/index_5.html" "FAST MetaWeb Crawler (helpdesk at fastsearch dot com)"
66.151.181.12 - - [16/Jul/2005:01:55:34 -0800] "GET /gallery/photos/20010129/0/pages/2001-0129-00059.html HTTP/1.1" 200 1762 "http://photolab.elmer.uaf.edu/gallery/photos/20010129/0/index_5.html" "FAST MetaWeb Crawler (helpdesk at fastsearch dot com)"
66.151.181.12 - - [16/Jul/2005:01:56:34 -0800] "GET /gallery/photos/20010129/0/pages/2001-0129-00060.html HTTP/1.1" 200 1762 "http://photolab.elmer.uaf.edu/gallery/photos/20010129/0/index_5.html" "FAST MetaWeb Crawler (helpdesk at fastsearch dot com)"
66.151.181.12 - - [16/Jul/2005:01:56:58 -0800] "GET /gallery/photos/20010129/1/index_8.html HTTP/1.1" 200 7246 "http://photolab.elmer.uaf.edu/gallery/photos/20010129/1/index_7.html" "FAST MetaWeb Crawler (helpdesk at fastsearch dot com)"
66.151.181.12 - - [16/Jul/2005:01:58:34 -0800] "GET /gallery/photos/20010129/1/pages/2001-0129-00172.html HTTP/1.1" 200 1762 "http://photolab.elmer.uaf.edu/gallery/photos/20010129/1/index_7.html" "FAST MetaWeb Crawler (helpdesk at fastsearch dot com)"
66.151.181.12 - - [16/Jul/2005:01:59:10 -0800] "GET /gallery/photos/20010129/1/pages/2001-0129-00173.html HTTP/1.1" 200 1762 "http://photolab.elmer.uaf.edu/gallery/photos/20010129/1/index_7.html" "FAST MetaWeb Crawler (helpdesk at fastsearch dot com)"
66.151.181.12 - - [16/Jul/2005:01:59:49 -0800] "GET /gallery/photos/20010129/1/pages/2001-0129-00174.html HTTP/1.1" 200 1762 "http://photolab.elmer.uaf.edu/gallery/photos/20010129/1/index_7.html" "FAST MetaWeb Crawler (helpdesk at fastsearch dot com)"
66.151.181.12 - - [16/Jul/2005:02:02:22 -0800] "GET /gallery/photos/20010129/1/pages/2001-0129-00175.html HTTP/1.1" 200 1762 "http://photolab.elmer.uaf.edu/gallery/photos/20010129/1/index_7.html" "FAST MetaWeb Crawler (helpdesk at fastsearch dot com)"
66.151.181.12 - - [16/Jul/2005:02:03:55 -0800] "GET /gallery/photos/20010129/1/pages/2001-0129-00176.html HTTP/1.1" 200 1762 "http://photolab.elmer.uaf.edu/gallery/photos/20010129/1/index_7.html" "FAST MetaWeb Crawler (helpdesk at fastsearch dot com)"
66.151.181.12 - - [16/Jul/2005:02:03:59 -0800] "GET /gallery/photos/20010129/1/pages/2001-0129-00177.html HTTP/1.1" 200 1762 "http://photolab.elmer.uaf.edu/gallery/photos/20010129/1/index_7.html" "FAST MetaWeb Crawler (helpdesk at fastsearch dot com)"
66.151.181.12 - - [16/Jul/2005:02:04:56 -0800] "GET /gallery/photos/20010129/1/pages/2001-0129-00178.html HTTP/1.1" 200 1762 "http://photolab.elmer.uaf.edu/gallery/photos/20010129/1/index_7.html" "FAST MetaWeb Crawler (helpdesk at fastsearch dot com)"
66.151.181.12 - - [16/Jul/2005:02:05:58 -0800] "GET /gallery/photos/20010129/1/pages/2001-0129-00179.html HTTP/1.1" 200 1762 "http://photolab.elmer.uaf.edu/gallery/photos/20010129/1/index_7.html" "FAST MetaWeb Crawler (helpdesk at fastsearch dot com)"
66.151.181.12 - - [16/Jul/2005:02:06:59 -0800] "GET /gallery/photos/20010129/1/pages/2001-0129-00180.html HTTP/1.1" 200 1762 "http://photolab.elmer.uaf.edu/gallery/photos/20010129/1/index_7.html" "FAST MetaWeb Crawler (helpdesk at fastsearch dot com)"
66.151.181.12 - - [16/Jul/2005:02:08:17 -0800] "GET /gallery/photos/20010129/1/pages/2001-0129-00181.html HTTP/1.1" 200 1762 "http://photolab.elmer.uaf.edu/gallery/photos/20010129/1/index_7.html" "FAST MetaWeb Crawler (helpdesk at fastsearch dot com)"
66.151.181.12 - - [16/Jul/2005:02:09:17 -0800] "GET /gallery/photos/20010129/1/pages/2001-0129-00182.html HTTP/1.1" 200 1762 "http://photolab.elmer.uaf.edu/gallery/photos/20010129/1/index_7.html" "FAST MetaWeb Crawler (helpdesk at fastsearch dot com)"
66.151.181.12 - - [16/Jul/2005:02:10:17 -0800] "GET /gallery/photos/20010129/1/pages/2001-0129-00183.html HTTP/1.1" 200 1762 "http://photolab.elmer.uaf.edu/gallery/photos/20010129/1/index_7.html" "FAST MetaWeb Crawler (helpdesk at fastsearch dot com)"
66.151.181.12 - - [16/Jul/2005:02:11:17 -0800] "GET /gallery/photos/20010129/2/index_8.html HTTP/1.1" 200 7246 "http://photolab.elmer.uaf.edu/gallery/photos/20010129/2/index_7.html" "FAST MetaWeb Crawler (helpdesk at fastsearch dot com)"
66.151.181.12 - - [16/Jul/2005:02:12:41 -0800] "GET /gallery/photos/20010129/2/pages/2001-0129-00272.html HTTP/1.1" 200 1762 "http://photolab.elmer.uaf.edu/gallery/photos/20010129/2/index_7.html" "FAST MetaWeb Crawler (helpdesk at fastsearch dot com)"
66.151.181.12 - - [16/Jul/2005:02:13:05 -0800] "GET /gallery/photos/20010129/2/pages/2001-0129-00273.html HTTP/1.1" 200 1762 "http://photolab.elmer.uaf.edu/gallery/photos/20010129/2/index_7.html" "FAST MetaWeb Crawler (helpdesk at fastsearch dot com)"
66.151.181.12 - - [16/Jul/2005:02:13:57 -0800] "GET /gallery/photos/20010129/2/pages/2001-0129-00274.html HTTP/1.1" 200 1762 "http://photolab.elmer.uaf.edu/gallery/photos/20010129/2/index_7.html" "FAST MetaWeb Crawler (helpdesk at fastsearch dot com)"
66.151.181.12 - - [16/Jul/2005:02:15:05 -0800] "GET /gallery/photos/20010129/2/pages/2001-0129-00275.html HTTP/1.1" 200 1762 "http://photolab.elmer.uaf.edu/gallery/photos/20010129/2/index_7.html" "FAST MetaWeb Crawler (helpdesk at fastsearch dot com)"
66.151.181.12 - - [16/Jul/2005:02:15:56 -0800] "GET /gallery/photos/20010129/2/pages/2001-0129-00276.html HTTP/1.1" 200 1762 "http://photolab.elmer.uaf.edu/gallery/photos/20010129/2/index_7.html" "FAST MetaWeb Crawler (helpdesk at fastsearch dot com)"
66.151.181.12 - - [16/Jul/2005:02:17:17 -0800] "GET /gallery/photos/20010129/2/pages/2001-0129-00277.html HTTP/1.1" 200 1762 "http://photolab.elmer.uaf.edu/gallery/photos/20010129/2/index_7.html" "FAST MetaWeb Crawler (helpdesk at fastsearch dot com)"
66.151.181.12 - - [16/Jul/2005:02:17:59 -0800] "GET /gallery/photos/20010129/2/pages/2001-0129-00278.html HTTP/1.1" 200 1762 "http://photolab.elmer.uaf.edu/gallery/photos/20010129/2/index_7.html" "FAST MetaWeb Crawler (helpdesk at fastsearch dot com)"
66.151.181.12 - - [16/Jul/2005:02:18:59 -0800] "GET /gallery/photos/20010129/2/pages/2001-0129-00279.html HTTP/1.1" 200 1762 "http://photolab.elmer.uaf.edu/gallery/photos/20010129/2/index_7.html" "FAST MetaWeb Crawler (helpdesk at fastsearch dot com)"
