211.212.93.31 - - [16/Jul/2005:08:58:24 -0800] "GET /gallery/maps/G3300/small/G3300%20%5B1625%5D%20E47.jpg HTTP/1.1" 200 17451 "http://photolab.elmer.uaf.edu/gallery/maps/mapg3300.html" "Mozilla/4.0 (compatible; MSIE 6.0; Windows NT 5.1; SV1; .NET CLR 1.1.4322)"
211.212.93.31 - - [16/Jul/2005:08:58:25 -0800] "GET /gallery/maps/G3300/small/G3300%201755%20B431.jpg HTTP/1.1" 200 14901 "http://photolab.elmer.uaf.edu/gallery/maps/mapg3300.html" "Mozilla/4.0 (compatible; MSIE 6.0; Windows NT 5.1; SV1; .NET CLR 1.1.4322)"
211.212.93.31 - - [16/Jul/2005:08:58:24 -0800] "GET /gallery/maps/G3300/small/G3300%20%5B1740_%5D.jpg HTTP/1.1" 200 20134 "http://photolab.elmer.uaf.edu/gallery/maps/mapg3300.html" "Mozilla/4.0 (compatible; MSIE 6.0; Windows NT 5.1; SV1; .NET CLR 1.1.4322)"
211.212.93.31 - - [16/Jul/2005:08:58:26 -0800] "GET /gallery/maps/G3300/small/G3300%201772%20R62.jpg HTTP/1.1" 200 15425 "http://photolab.elmer.uaf.edu/gallery/maps/mapg3300.html" "Mozilla/4.0 (compatible; MSIE 6.0; Windows NT 5.1; SV1; .NET CLR 1.1.4322)"
66.151.181.12 - - [16/Jul/2005:08:59:03 -0800] "GET /gallery/photos/20030109/3/pages/2003-0109-00376.html HTTP/1.1" 200 1756 "http://photolab.elmer.uaf.edu/gallery/photos/20030109/3/index_7.html" "FAST MetaWeb Crawler (helpdesk at fastsearch dot com)"
66.151.181.12 - - [16/Jul/2005:08:59:51 -0800] "GET /gallery/photos/20030109/3/pages/2003-0109-00377.html HTTP/1.1" 200 1756 "http://photolab.elmer.uaf.edu/gallery/photos/20030109/3/index_7.html" "FAST MetaWeb Crawler (helpdesk at fastsearch dot com)"
66.151.181.12 - - [16/Jul/2005:09:00:45 -0800] "GET /gallery/photos/20030109/3/pages/2003-0109-00378.html HTTP/1.1" 200 1756 "http://photolab.elmer.uaf.edu/gallery/photos/20030109/3/index_7.html" "FAST MetaWeb Crawler (helpdesk at fastsearch dot com)"
66.151.181.12 - - [16/Jul/2005:09:01:42 -0800] "GET /gallery/photos/20030109/3/pages/2003-0109-00379.html HTTP/1.1" 200 1756 "http://photolab.elmer.uaf.edu/gallery/photos/20030109/3/index_7.html" "FAST MetaWeb Crawler (helpdesk at fastsearch dot com)"
66.151.181.12 - - [16/Jul/2005:09:02:51 -0800] "GET /gallery/photos/20030109/3/pages/2003-0109-00380.html HTTP/1.1" 200 1756 "http://photolab.elmer.uaf.edu/gallery/photos/20030109/3/index_7.html" "FAST MetaWeb Crawler (helpdesk at fastsearch dot com)"
66.151.181.12 - - [16/Jul/2005:09:03:45 -0800] "GET /gallery/photos/20030109/3/pages/2003-0109-00381.html HTTP/1.1" 200 1756 "http://photolab.elmer.uaf.edu/gallery/photos/20030109/3/index_7.html" "FAST MetaWeb Crawler (helpdesk at fastsearch dot com)"
207.46.98.84 - - [16/Jul/2005:09:04:27 -0800] "GET /gallery/photos/19880041/0/pages/1988-0041-00011.htm HTTP/1.0" 200 1877 "-" "msnbot/1.0 (+http://search.msn.com/msnbot.htm)"
68.16.94.142 - - [16/Jul/2005:09:04:49 -0800] "GET /store/photos/smalljpegs/(057)1972-0071-00823.jpg HTTP/1.1" 304 - "http://profile.myspace.com/index.cfm?fuseaction=user.viewProfile&friendID=648047&Mytoken=20050716100026" "Mozilla/4.0 (compatible; MSIE 6.0; Windows NT 5.1; SV1)"
66.151.181.12 - - [16/Jul/2005:09:04:51 -0800] "GET /gallery/photos/20030109/3/pages/2003-0109-00382.html HTTP/1.1" 200 1756 "http://photolab.elmer.uaf.edu/gallery/photos/20030109/3/index_7.html" "FAST MetaWeb Crawler (helpdesk at fastsearch dot com)"
66.151.181.12 - - [16/Jul/2005:09:05:42 -0800] "GET /gallery/photos/20030109/3/pages/2003-0109-00383.html HTTP/1.1" 200 1756 "http://photolab.elmer.uaf.edu/gallery/photos/20030109/3/index_7.html" "FAST MetaWeb Crawler (helpdesk at fastsearch dot com)"
66.151.181.12 - - [16/Jul/2005:09:06:42 -0800] "GET /gallery/photos/20030120/0/index_8.html HTTP/1.1" 200 6963 "http://photolab.elmer.uaf.edu/gallery/photos/20030120/0/index_7.html" "FAST MetaWeb Crawler (helpdesk at fastsearch dot com)"
66.151.181.12 - - [16/Jul/2005:09:07:42 -0800] "GET /gallery/photos/20030120/0/pages/2003-0120-00073.html HTTP/1.1" 200 1871 "http://photolab.elmer.uaf.edu/gallery/photos/20030120/0/index_7.html" "FAST MetaWeb Crawler (helpdesk at fastsearch dot com)"
66.151.181.12 - - [16/Jul/2005:09:09:27 -0800] "GET /gallery/photos/20030120/0/pages/2003-0120-00074.html HTTP/1.1" 200 1871 "http://photolab.elmer.uaf.edu/gallery/photos/20030120/0/index_7.html" "FAST MetaWeb Crawler (helpdesk at fastsearch dot com)"
65.43.121.65 - - [16/Jul/2005:09:10:46 -0800] "GET /store/photos/largejpegs/(105)1989-0166-00522a.jpg HTTP/1.1" 200 101451 "http://profile.myspace.com/index.cfm?fuseaction=user.viewprofile&friendID=9831514&Mytoken=20050716100826" "Mozilla/4.0 (compatible; MSIE 6.0; Windows NT 5.1; SV1; .NET CLR 1.1.4322)"
66.151.181.12 - - [16/Jul/2005:09:11:15 -0800] "GET /gallery/photos/20030120/0/pages/2003-0120-00075.html HTTP/1.1" 200 1871 "http://photolab.elmer.uaf.edu/gallery/photos/20030120/0/index_7.html" "FAST MetaWeb Crawler (helpdesk at fastsearch dot com)"
66.151.181.12 - - [16/Jul/2005:09:11:37 -0800] "GET /gallery/photos/20030120/0/pages/2003-0120-00076.html HTTP/1.1" 200 1871 "http://photolab.elmer.uaf.edu/gallery/photos/20030120/0/index_7.html" "FAST MetaWeb Crawler (helpdesk at fastsearch dot com)"
66.151.181.12 - - [16/Jul/2005:09:12:19 -0800] "GET /gallery/photos/20030120/0/pages/2003-0120-00077.html HTTP/1.1" 200 1871 "http://photolab.elmer.uaf.edu/gallery/photos/20030120/0/index_7.html" "FAST MetaWeb Crawler (helpdesk at fastsearch dot com)"
66.151.181.12 - - [16/Jul/2005:09:13:16 -0800] "GET /gallery/photos/20030120/0/pages/2003-0120-00078.html HTTP/1.1" 200 1871 "http://photolab.elmer.uaf.edu/gallery/photos/20030120/0/index_7.html" "FAST MetaWeb Crawler (helpdesk at fastsearch dot com)"
66.151.181.12 - - [16/Jul/2005:09:14:16 -0800] "GET /gallery/photos/20030120/0/pages/2003-0120-00079.html HTTP/1.1" 200 1871 "http://photolab.elmer.uaf.edu/gallery/photos/20030120/0/index_7.html" "FAST MetaWeb Crawler (helpdesk at fastsearch dot com)"
66.151.181.12 - - [16/Jul/2005:09:15:19 -0800] "GET /gallery/photos/20030120/0/pages/2003-0120-00080.html HTTP/1.1" 200 1871 "http://photolab.elmer.uaf.edu/gallery/photos/20030120/0/index_7.html" "FAST MetaWeb Crawler (helpdesk at fastsearch dot com)"
66.151.181.12 - - [16/Jul/2005:09:16:37 -0800] "GET /gallery/photos/20030120/0/pages/2003-0120-00081.html HTTP/1.1" 200 1871 "http://photolab.elmer.uaf.edu/gallery/photos/20030120/0/index_7.html" "FAST MetaWeb Crawler (helpdesk at fastsearch dot com)"
66.151.181.12 - - [16/Jul/2005:09:17:37 -0800] "GET /gallery/photos/20030120/0/pages/2003-0120-00082.html HTTP/1.1" 200 1871 "http://photolab.elmer.uaf.edu/gallery/photos/20030120/0/index_7.html" "FAST MetaWeb Crawler (helpdesk at fastsearch dot com)"
66.151.181.12 - - [16/Jul/2005:09:21:25 -0800] "GET /gallery/photos/20030120/0/pages/2003-0120-00083.html HTTP/1.1" 200 1871 "http://photolab.elmer.uaf.edu/gallery/photos/20030120/0/index_7.html" "FAST MetaWeb Crawler (helpdesk at fastsearch dot com)"
66.151.181.12 - - [16/Jul/2005:09:21:34 -0800] "GET /gallery/photos/20030120/0/pages/2003-0120-00084.html HTTP/1.1" 200 1871 "http://photolab.elmer.uaf.edu/gallery/photos/20030120/0/index_7.html" "FAST MetaWeb Crawler (helpdesk at fastsearch dot com)"
66.151.181.12 - - [16/Jul/2005:09:22:25 -0800] "GET /gallery/photos/20030120/1/index_8.html HTTP/1.1" 200 6963 "http://photolab.elmer.uaf.edu/gallery/photos/20030120/1/index_7.html" "FAST MetaWeb Crawler (helpdesk at fastsearch dot com)"
66.151.181.12 - - [16/Jul/2005:09:23:28 -0800] "GET /gallery/photos/20030120/1/pages/2003-0120-00172.html HTTP/1.1" 200 1871 "http://photolab.elmer.uaf.edu/gallery/photos/20030120/1/index_7.html" "FAST MetaWeb Crawler (helpdesk at fastsearch dot com)"
66.151.181.12 - - [16/Jul/2005:09:24:28 -0800] "GET /gallery/photos/20030120/1/pages/2003-0120-00173.html HTTP/1.1" 200 1871 "http://photolab.elmer.uaf.edu/gallery/photos/20030120/1/index_7.html" "FAST MetaWeb Crawler (helpdesk at fastsearch dot com)"
66.151.181.12 - - [16/Jul/2005:09:25:25 -0800] "GET /gallery/photos/20030120/1/pages/2003-0120-00174.html HTTP/1.1" 200 1871 "http://photolab.elmer.uaf.edu/gallery/photos/20030120/1/index_7.html" "FAST MetaWeb Crawler (helpdesk at fastsearch dot com)"
68.142.251.20 - - [16/Jul/2005:09:25:49 -0800] "GET /gallery/20030175/index_2.html HTTP/1.0" 404 325 "-" "Mozilla/5.0 (compatible; Yahoo! Slurp; http://help.yahoo.com/help/us/ysearch/slurp)"
66.151.181.12 - - [16/Jul/2005:09:26:28 -0800] "GET /gallery/photos/20030120/1/pages/2003-0120-00175.html HTTP/1.1" 200 1871 "http://photolab.elmer.uaf.edu/gallery/photos/20030120/1/index_7.html" "FAST MetaWeb Crawler (helpdesk at fastsearch dot com)"
66.151.181.12 - - [16/Jul/2005:09:27:26 -0800] "GET /gallery/photos/20030120/1/pages/2003-0120-00176.html HTTP/1.1" 200 1871 "http://photolab.elmer.uaf.edu/gallery/photos/20030120/1/index_7.html" "FAST MetaWeb Crawler (helpdesk at fastsearch dot com)"
66.151.181.12 - - [16/Jul/2005:09:28:25 -0800] "GET /gallery/photos/20030120/1/pages/2003-0120-00177.html HTTP/1.1" 200 1871 "http://photolab.elmer.uaf.edu/gallery/photos/20030120/1/index_7.html" "FAST MetaWeb Crawler (helpdesk at fastsearch dot com)"
68.142.251.187 - - [16/Jul/2005:09:29:33 -0800] "GET /gallery/19850072 HTTP/1.0" 404 312 "-" "Mozilla/5.0 (compatible; Yahoo! Slurp; http://help.yahoo.com/help/us/ysearch/slurp)"
66.151.181.12 - - [16/Jul/2005:09:29:35 -0800] "GET /gallery/photos/20030120/1/pages/2003-0120-00178.html HTTP/1.1" 200 1871 "http://photolab.elmer.uaf.edu/gallery/photos/20030120/1/index_7.html" "FAST MetaWeb Crawler (helpdesk at fastsearch dot com)"
66.151.181.12 - - [16/Jul/2005:09:30:25 -0800] "GET /gallery/photos/20030120/1/pages/2003-0120-00179.html HTTP/1.1" 200 1871 "http://photolab.elmer.uaf.edu/gallery/photos/20030120/1/index_7.html" "FAST MetaWeb Crawler (helpdesk at fastsearch dot com)"
66.151.181.12 - - [16/Jul/2005:09:31:26 -0800] "GET /gallery/photos/20030120/1/pages/2003-0120-00180.html HTTP/1.1" 200 1871 "http://photolab.elmer.uaf.edu/gallery/photos/20030120/1/index_7.html" "FAST MetaWeb Crawler (helpdesk at fastsearch dot com)"
66.151.181.12 - - [16/Jul/2005:09:32:46 -0800] "GET /gallery/photos/20030120/1/pages/2003-0120-00181.html HTTP/1.1" 200 1871 "http://photolab.elmer.uaf.edu/gallery/photos/20030120/1/index_7.html" "FAST MetaWeb Crawler (helpdesk at fastsearch dot com)"
69.247.96.37 - - [16/Jul/2005:09:32:58 -0800] "GET /store/photos/smalljpegs/(057)1972-0071-00823.jpg HTTP/1.1" 200 23575 "http://profile.myspace.com/index.cfm?fuseaction=user.viewProfile&friendID=648047&Mytoken=20050716102449" "Mozilla/5.0 (Windows; U; Win 9x 4.90; en-US; rv:1.7.6) Gecko/20050225 Firefox/1.0.1"
66.151.181.12 - - [16/Jul/2005:09:33:25 -0800] "GET /gallery/photos/20030120/1/pages/2003-0120-00182.html HTTP/1.1" 200 1871 "http://photolab.elmer.uaf.edu/gallery/photos/20030120/1/index_7.html" "FAST MetaWeb Crawler (helpdesk at fastsearch dot com)"
66.151.181.12 - - [16/Jul/2005:09:34:26 -0800] "GET /gallery/photos/20030120/1/pages/2003-0120-00183.html HTTP/1.1" 200 1871 "http://photolab.elmer.uaf.edu/gallery/photos/20030120/1/index_7.html" "FAST MetaWeb Crawler (helpdesk at fastsearch dot com)"
66.151.181.12 - - [16/Jul/2005:09:35:29 -0800] "GET /gallery/photos/20030129/0/index_8.html HTTP/1.1" 200 7252 "http://photolab.elmer.uaf.edu/gallery/photos/20030129/0/index_7.html" "FAST MetaWeb Crawler (helpdesk at fastsearch dot com)"
66.151.181.12 - - [16/Jul/2005:09:36:34 -0800] "GET /gallery/photos/20030129/0/pages/2003-0129-00073.html HTTP/1.1" 200 1768 "http://photolab.elmer.uaf.edu/gallery/photos/20030129/0/index_7.html" "FAST MetaWeb Crawler (helpdesk at fastsearch dot com)"
66.151.181.12 - - [16/Jul/2005:09:37:28 -0800] "GET /gallery/photos/20030129/0/pages/2003-0129-00074.html HTTP/1.1" 200 1768 "http://photolab.elmer.uaf.edu/gallery/photos/20030129/0/index_7.html" "FAST MetaWeb Crawler (helpdesk at fastsearch dot com)"
66.151.181.12 - - [16/Jul/2005:09:38:26 -0800] "GET /gallery/photos/20030129/0/pages/2003-0129-00075.html HTTP/1.1" 200 1768 "http://photolab.elmer.uaf.edu/gallery/photos/20030129/0/index_7.html" "FAST MetaWeb Crawler (helpdesk at fastsearch dot com)"
66.151.181.12 - - [16/Jul/2005:09:39:26 -0800] "GET /gallery/photos/20030129/0/pages/2003-0129-00076.html HTTP/1.1" 200 1768 "http://photolab.elmer.uaf.edu/gallery/photos/20030129/0/index_7.html" "FAST MetaWeb Crawler (helpdesk at fastsearch dot com)"
66.151.181.12 - - [16/Jul/2005:09:41:11 -0800] "GET /gallery/photos/20030129/0/pages/2003-0129-00077.html HTTP/1.1" 200 1768 "http://photolab.elmer.uaf.edu/gallery/photos/20030129/0/index_7.html" "FAST MetaWeb Crawler (helpdesk at fastsearch dot com)"
66.151.181.12 - - [16/Jul/2005:09:41:26 -0800] "GET /gallery/photos/20030129/0/pages/2003-0129-00078.html HTTP/1.1" 200 1768 "http://photolab.elmer.uaf.edu/gallery/photos/20030129/0/index_7.html" "FAST MetaWeb Crawler (helpdesk at fastsearch dot com)"
66.151.181.12 - - [16/Jul/2005:09:42:29 -0800] "GET /gallery/photos/20030129/0/pages/2003-0129-00079.html HTTP/1.1" 200 1768 "http://photolab.elmer.uaf.edu/gallery/photos/20030129/0/index_7.html" "FAST MetaWeb Crawler (helpdesk at fastsearch dot com)"
66.151.181.12 - - [16/Jul/2005:09:43:26 -0800] "GET /gallery/photos/20030129/0/pages/2003-0129-00080.html HTTP/1.1" 200 1768 "http://photolab.elmer.uaf.edu/gallery/photos/20030129/0/index_7.html" "FAST MetaWeb Crawler (helpdesk at fastsearch dot com)"
66.151.181.12 - - [16/Jul/2005:09:44:26 -0800] "GET /gallery/photos/20030129/0/pages/2003-0129-00081.html HTTP/1.1" 200 1768 "http://photolab.elmer.uaf.edu/gallery/photos/20030129/0/index_7.html" "FAST MetaWeb Crawler (helpdesk at fastsearch dot com)"
68.201.228.28 - - [16/Jul/2005:09:45:08 -0800] "GET /index_files/store.css HTTP/1.1" 200 2756 "http://photolab.elmer.uaf.edu/store/mining.html" "Mozilla/4.0 (compatible; MSIE 6.0; Windows NT 5.1; SV1)"
68.201.228.28 - - [16/Jul/2005:09:45:07 -0800] "GET /store/mining.html HTTP/1.1" 200 16945 "http://images.google.com/imgres?imgurl=http://photolab.elmer.uaf.edu/store/photos/largejpegs/(006)1970-0058-00507.jpg&imgrefurl=http://photolab.elmer.uaf.edu/store/mining.html&h=662&w=1000&sz=147&tbnid=XYvkeyWiRzEJ:&tbnh=98&tbnw=149&hl=en&start=207&prev=/images%3Fq%3Dgold%2Brush%26start%3D200%26svnum%3D10%26hl%3Den%26lr%3D%26sa%3DN" "Mozilla/4.0 (compatible; MSIE 6.0; Windows NT 5.1; SV1)"
68.201.228.28 - - [16/Jul/2005:09:45:08 -0800] "GET /index_files/aprbrown.jpg HTTP/1.1" 200 5509 "http://photolab.elmer.uaf.edu/store/mining.html" "Mozilla/4.0 (compatible; MSIE 6.0; Windows NT 5.1; SV1)"
68.201.228.28 - - [16/Jul/2005:09:45:08 -0800] "GET /index_files/titlebrown.jpg HTTP/1.1" 200 5451 "http://photolab.elmer.uaf.edu/store/mining.html" "Mozilla/4.0 (compatible; MSIE 6.0; Windows NT 5.1; SV1)"
68.201.228.28 - - [16/Jul/2005:09:45:08 -0800] "GET /index_files/menubar.gif HTTP/1.1" 200 2913 "http://photolab.elmer.uaf.edu/store/mining.html" "Mozilla/4.0 (compatible; MSIE 6.0; Windows NT 5.1; SV1)"
68.201.228.28 - - [16/Jul/2005:09:45:08 -0800] "GET /index_files/storetitle.gif HTTP/1.1" 200 14535 "http://photolab.elmer.uaf.edu/store/mining.html" "Mozilla/4.0 (compatible; MSIE 6.0; Windows NT 5.1; SV1)"
68.201.228.28 - - [16/Jul/2005:09:45:08 -0800] "GET /store/photos/smalljpegs/(001)1958-1026-01101.jpg HTTP/1.1" 200 26793 "http://photolab.elmer.uaf.edu/store/mining.html" "Mozilla/4.0 (compatible; MSIE 6.0; Windows NT 5.1; SV1)"
68.201.228.28 - - [16/Jul/2005:09:45:08 -0800] "GET /store/photos/smalljpegs/(005)1958-1026-01479.jpg HTTP/1.1" 200 40549 "http://photolab.elmer.uaf.edu/store/mining.html" "Mozilla/4.0 (compatible; MSIE 6.0; Windows NT 5.1; SV1)"
68.201.228.28 - - [16/Jul/2005:09:45:09 -0800] "GET /store/photos/smalljpegs/(006)1970-0058-00507.jpg HTTP/1.1" 200 34057 "http://photolab.elmer.uaf.edu/store/mining.html" "Mozilla/4.0 (compatible; MSIE 6.0; Windows NT 5.1; SV1)"
68.201.228.28 - - [16/Jul/2005:09:45:09 -0800] "GET /store/photos/smalljpegs/(008)1973-0079-00046.jpg HTTP/1.1" 200 37907 "http://photolab.elmer.uaf.edu/store/mining.html" "Mozilla/4.0 (compatible; MSIE 6.0; Windows NT 5.1; SV1)"
68.201.228.28 - - [16/Jul/2005:09:45:10 -0800] "GET /store/photos/smalljpegs/(016)1989-0166-00635.jpg HTTP/1.1" 200 33629 "http://photolab.elmer.uaf.edu/store/mining.html" "Mozilla/4.0 (compatible; MSIE 6.0; Windows NT 5.1; SV1)"
68.201.228.28 - - [16/Jul/2005:09:45:10 -0800] "GET /store/photos/smalljpegs/(025)1958-1026-01474.jpg HTTP/1.1" 200 43131 "http://photolab.elmer.uaf.edu/store/mining.html" "Mozilla/4.0 (compatible; MSIE 6.0; Windows NT 5.1; SV1)"
68.201.228.28 - - [16/Jul/2005:09:45:10 -0800] "GET /store/photos/smalljpegs/(027)1968-0069-01547.jpg HTTP/1.1" 200 34349 "http://photolab.elmer.uaf.edu/store/mining.html" "Mozilla/4.0 (compatible; MSIE 6.0; Windows NT 5.1; SV1)"
68.201.228.28 - - [16/Jul/2005:09:45:11 -0800] "GET /store/photos/smalljpegs/(028)896-036.jpg HTTP/1.1" 200 30336 "http://photolab.elmer.uaf.edu/store/mining.html" "Mozilla/4.0 (compatible; MSIE 6.0; Windows NT 5.1; SV1)"
68.201.228.28 - - [16/Jul/2005:09:45:11 -0800] "GET /store/photos/smalljpegs/(045)1989-0166-00025.jpg HTTP/1.1" 200 40740 "http://photolab.elmer.uaf.edu/store/mining.html" "Mozilla/4.0 (compatible; MSIE 6.0; Windows NT 5.1; SV1)"
68.201.228.28 - - [16/Jul/2005:09:45:12 -0800] "GET /store/photos/smalljpegs/(030)1958-1026-01546.jpg HTTP/1.1" 200 32796 "http://photolab.elmer.uaf.edu/store/mining.html" "Mozilla/4.0 (compatible; MSIE 6.0; Windows NT 5.1; SV1)"
68.201.228.28 - - [16/Jul/2005:09:45:12 -0800] "GET /store/photos/smalljpegs/(032)1964-0098-02647.jpg HTTP/1.1" 200 29805 "http://photolab.elmer.uaf.edu/store/mining.html" "Mozilla/4.0 (compatible; MSIE 6.0; Windows NT 5.1; SV1)"
68.201.228.28 - - [16/Jul/2005:09:45:13 -0800] "GET /store/photos/smalljpegs/(051)1981-0107-00008.jpg HTTP/1.1" 200 33523 "http://photolab.elmer.uaf.edu/store/mining.html" "Mozilla/4.0 (compatible; MSIE 6.0; Windows NT 5.1; SV1)"
68.201.228.28 - - [16/Jul/2005:09:45:13 -0800] "GET /store/photos/smalljpegs/(062)1973-0050-00013.jpg HTTP/1.1" 200 39979 "http://photolab.elmer.uaf.edu/store/mining.html" "Mozilla/4.0 (compatible; MSIE 6.0; Windows NT 5.1; SV1)"
68.201.228.28 - - [16/Jul/2005:09:45:13 -0800] "GET /store/photos/smalljpegs/(072)1975-0084-02715.jpg HTTP/1.1" 200 33859 "http://photolab.elmer.uaf.edu/store/mining.html" "Mozilla/4.0 (compatible; MSIE 6.0; Windows NT 5.1; SV1)"
68.201.228.28 - - [16/Jul/2005:09:45:14 -0800] "GET /store/photos/smalljpegs/(125)1968-0069-01325.jpg HTTP/1.1" 200 33514 "http://photolab.elmer.uaf.edu/store/mining.html" "Mozilla/4.0 (compatible; MSIE 6.0; Windows NT 5.1; SV1)"
68.201.228.28 - - [16/Jul/2005:09:45:14 -0800] "GET /store/photos/smalljpegs/(098)1989-0166-00658.jpg HTTP/1.1" 200 31045 "http://photolab.elmer.uaf.edu/store/mining.html" "Mozilla/4.0 (compatible; MSIE 6.0; Windows NT 5.1; SV1)"
68.201.228.28 - - [16/Jul/2005:09:45:14 -0800] "GET /store/photos/smalljpegs/(133)1989-0166-00004.jpg HTTP/1.1" 200 36226 "http://photolab.elmer.uaf.edu/store/mining.html" "Mozilla/4.0 (compatible; MSIE 6.0; Windows NT 5.1; SV1)"
68.201.228.28 - - [16/Jul/2005:09:45:15 -0800] "GET /store/photos/smalljpegs/(146)1966-0054-00051.jpg HTTP/1.1" 200 27693 "http://photolab.elmer.uaf.edu/store/mining.html" "Mozilla/4.0 (compatible; MSIE 6.0; Windows NT 5.1; SV1)"
68.201.228.28 - - [16/Jul/2005:09:45:15 -0800] "GET /index_files/bluebear.gif HTTP/1.1" 200 1263 "http://photolab.elmer.uaf.edu/store/mining.html" "Mozilla/4.0 (compatible; MSIE 6.0; Windows NT 5.1; SV1)"
68.201.228.28 - - [16/Jul/2005:09:45:15 -0800] "GET /index_files/sitemap.gif HTTP/1.1" 200 1503 "http://photolab.elmer.uaf.edu/store/mining.html" "Mozilla/4.0 (compatible; MSIE 6.0; Windows NT 5.1; SV1)"
68.201.228.28 - - [16/Jul/2005:09:45:15 -0800] "GET /store/photos/smalljpegs/(175)1979-0093-00266.jpg HTTP/1.1" 200 32874 "http://photolab.elmer.uaf.edu/store/mining.html" "Mozilla/4.0 (compatible; MSIE 6.0; Windows NT 5.1; SV1)"
66.151.181.12 - - [16/Jul/2005:09:45:26 -0800] "GET /gallery/photos/20030129/0/pages/2003-0129-00082.html HTTP/1.1" 200 1768 "http://photolab.elmer.uaf.edu/gallery/photos/20030129/0/index_7.html" "FAST MetaWeb Crawler (helpdesk at fastsearch dot com)"
68.201.228.28 - - [16/Jul/2005:09:45:57 -0800] "GET /store/photos/largejpegs/(062)1973-0050-00013.jpg HTTP/1.1" 200 189237 "http://photolab.elmer.uaf.edu/store/mining.html" "Mozilla/4.0 (compatible; MSIE 6.0; Windows NT 5.1; SV1)"
64.241.242.18 - - [16/Jul/2005:09:46:32 -0800] "GET /hours.html HTTP/1.0" 200 5695 "-" "Mozilla/4.0 (compatible; grub-client-2.6.0)"
66.151.181.12 - - [16/Jul/2005:09:46:47 -0800] "GET /gallery/photos/20030129/0/pages/2003-0129-00083.html HTTP/1.1" 200 1768 "http://photolab.elmer.uaf.edu/gallery/photos/20030129/0/index_7.html" "FAST MetaWeb Crawler (helpdesk at fastsearch dot com)"
68.142.249.137 - - [16/Jul/2005:09:46:53 -0800] "GET /gallery/19700058/4 HTTP/1.0" 404 314 "-" "Mozilla/5.0 (compatible; Yahoo! Slurp; http://help.yahoo.com/help/us/ysearch/slurp)"
68.201.228.28 - - [16/Jul/2005:09:46:50 -0800] "GET /store/photos/largejpegs/(025)1958-1026-01474.jpg HTTP/1.1" 200 329317 "http://photolab.elmer.uaf.edu/store/mining.html" "Mozilla/4.0 (compatible; MSIE 6.0; Windows NT 5.1; SV1)"
66.151.181.12 - - [16/Jul/2005:09:47:26 -0800] "GET /gallery/photos/20030129/0/pages/2003-0129-00084.html HTTP/1.1" 200 1768 "http://photolab.elmer.uaf.edu/gallery/photos/20030129/0/index_7.html" "FAST MetaWeb Crawler (helpdesk at fastsearch dot com)"
66.151.181.12 - - [16/Jul/2005:09:50:31 -0800] "GET /gallery/photos/20030129/1/index_8.html HTTP/1.1" 200 7253 "http://photolab.elmer.uaf.edu/gallery/photos/20030129/1/index_7.html" "FAST MetaWeb Crawler (helpdesk at fastsearch dot com)"
66.151.181.12 - - [16/Jul/2005:09:51:13 -0800] "GET /gallery/photos/20030129/1/pages/1999-0293-00172.html HTTP/1.1" 200 1768 "http://photolab.elmer.uaf.edu/gallery/photos/20030129/1/index_7.html" "FAST MetaWeb Crawler (helpdesk at fastsearch dot com)"
65.43.121.65 - - [16/Jul/2005:09:51:59 -0800] "GET /store/photos/largejpegs/(105)1989-0166-00522a.jpg HTTP/1.1" 200 101451 "http://profile.myspace.com/index.cfm?fuseaction=user.viewprofile&friendID=9831514&Mytoken=20050716104754" "Mozilla/4.0 (compatible; MSIE 6.0; Windows NT 5.1; SV1; .NET CLR 1.1.4322)"
68.142.251.145 - - [16/Jul/2005:09:53:40 -0800] "GET /robots.txt HTTP/1.0" 200 96 "-" "Mozilla/5.0 (compatible; Yahoo! Slurp; http://help.yahoo.com/help/us/ysearch/slurp)"
68.142.249.49 - - [16/Jul/2005:09:53:40 -0800] "GET /gallery/19940070/0 HTTP/1.0" 404 314 "-" "Mozilla/5.0 (compatible; Yahoo! Slurp; http://help.yahoo.com/help/us/ysearch/slurp)"
66.151.181.12 - - [16/Jul/2005:09:55:19 -0800] "GET /gallery/photos/20030129/1/pages/1999-0293-00173.html HTTP/1.1" 200 1768 "http://photolab.elmer.uaf.edu/gallery/photos/20030129/1/index_7.html" "FAST MetaWeb Crawler (helpdesk at fastsearch dot com)"
207.46.98.84 - - [16/Jul/2005:09:57:21 -0800] "GET /robots.txt HTTP/1.0" 200 96 "-" "msnbot/1.0 (+http://search.msn.com/msnbot.htm)"
207.46.98.84 - - [16/Jul/2005:09:57:22 -0800] "GET /gallery/photos/20030040/0/pages/2003-0040-00008.html HTTP/1.0" 200 1756 "-" "msnbot/1.0 (+http://search.msn.com/msnbot.htm)"
66.151.181.12 - - [16/Jul/2005:09:57:52 -0800] "GET /gallery/photos/20030129/1/pages/1999-0293-00174.html HTTP/1.1" 200 1768 "http://photolab.elmer.uaf.edu/gallery/photos/20030129/1/index_7.html" "FAST MetaWeb Crawler (helpdesk at fastsearch dot com)"
66.151.181.12 - - [16/Jul/2005:09:57:52 -0800] "GET /gallery/photos/20030129/1/pages/1999-0293-00175.html HTTP/1.1" 200 1768 "http://photolab.elmer.uaf.edu/gallery/photos/20030129/1/index_7.html" "FAST MetaWeb Crawler (helpdesk at fastsearch dot com)"
213.42.2.10 - - [16/Jul/2005:09:58:30 -0800] "GET /store/photos/largejpegs/(105)1989-0166-00522a.jpg HTTP/1.1" 200 101451 "http://www.weld-uae.com/vb/showthread.php?t=5823" "Mozilla/4.0 (compatible; MSIE 6.0; Windows NT 5.1; SV1)"
66.151.181.12 - - [16/Jul/2005:09:58:52 -0800] "GET /gallery/photos/20030129/1/pages/1999-0293-00176.html HTTP/1.1" 200 1768 "http://photolab.elmer.uaf.edu/gallery/photos/20030129/1/index_7.html" "FAST MetaWeb Crawler (helpdesk at fastsearch dot com)"
207.46.98.84 - - [16/Jul/2005:09:58:57 -0800] "GET /gallery/photos/19880041/0/pages/1988-0041-00008.htm HTTP/1.0" 200 1876 "-" "msnbot/1.0 (+http://search.msn.com/msnbot.htm)"
207.46.98.84 - - [16/Jul/2005:10:00:55 -0800] "GET /gallery/photos/19880041/0/pages/1988-0041-00010.htm HTTP/1.0" 200 1877 "-" "msnbot/1.0 (+http://search.msn.com/msnbot.htm)"
207.46.98.84 - - [16/Jul/2005:10:02:05 -0800] "GET /gallery/photos/19880041/0/pages/1988-0041-00009.htm HTTP/1.0" 200 1876 "-" "msnbot/1.0 (+http://search.msn.com/msnbot.htm)"
207.46.98.84 - - [16/Jul/2005:10:03:08 -0800] "GET /gallery/photos/19880041/0/pages/1988-0041-00007.htm HTTP/1.0" 200 1876 "-" "msnbot/1.0 (+http://search.msn.com/msnbot.htm)"
205.188.117.70 - - [16/Jul/2005:10:03:11 -0800] "GET /store/alaskanatives.html HTTP/1.0" 200 23188 "http://www.google.com/custom?q=fur+parka&hl=en&lr=&ie=UTF-8&oe=ISO-8859-1&safe=off&client=pub-3770041106206210&cof=FORID:1%3BL:http://www.foundmark.com/Ireland/home-images/found3.jpg%3BLH:50%3BLW:375%3BGL:1%3BBGC:FFFFFF%3BT:%23000000%3BLC:%230000ff%3BVLC:%23663399%3BALC:%230000ff%3BGALT:%23008000%3BGFNT:%230000ff%3BGIMP:%230000ff%3BDIV:%23336699%3BLBGC:336699%3BAH:center%3B&start=10&sa=N" "Mozilla/4.0 (compatible; MSIE 6.0; AOL 9.0; Windows NT 5.1; SV1; .NET CLR 1.0.3705; .NET CLR 1.1.4322)"
205.188.117.13 - - [16/Jul/2005:10:03:12 -0800] "GET /index_files/store.css HTTP/1.0" 200 2756 "http://photolab.elmer.uaf.edu/store/alaskanatives.html" "Mozilla/4.0 (compatible; MSIE 6.0; AOL 9.0; Windows NT 5.1; SV1; .NET CLR 1.0.3705; .NET CLR 1.1.4322)"
205.188.116.7 - - [16/Jul/2005:10:03:13 -0800] "GET /index_files/titlebrown.jpg HTTP/1.0" 200 5451 "http://photolab.elmer.uaf.edu/store/alaskanatives.html" "Mozilla/4.0 (compatible; MSIE 6.0; AOL 9.0; Windows NT 5.1; SV1; .NET CLR 1.0.3705; .NET CLR 1.1.4322)"
205.188.117.69 - - [16/Jul/2005:10:03:13 -0800] "GET /index_files/aprbrown.jpg HTTP/1.0" 200 5509 "http://photolab.elmer.uaf.edu/store/alaskanatives.html" "Mozilla/4.0 (compatible; MSIE 6.0; AOL 9.0; Windows NT 5.1; SV1; .NET CLR 1.0.3705; .NET CLR 1.1.4322)"
205.188.117.14 - - [16/Jul/2005:10:03:13 -0800] "GET /index_files/menubar.gif HTTP/1.0" 200 2913 "http://photolab.elmer.uaf.edu/store/alaskanatives.html" "Mozilla/4.0 (compatible; MSIE 6.0; AOL 9.0; Windows NT 5.1; SV1; .NET CLR 1.0.3705; .NET CLR 1.1.4322)"
205.188.117.11 - - [16/Jul/2005:10:03:13 -0800] "GET /index_files/storetitle.gif HTTP/1.0" 200 14535 "http://photolab.elmer.uaf.edu/store/alaskanatives.html" "Mozilla/4.0 (compatible; MSIE 6.0; AOL 9.0; Windows NT 5.1; SV1; .NET CLR 1.0.3705; .NET CLR 1.1.4322)"
205.188.117.9 - - [16/Jul/2005:10:03:14 -0800] "GET /store/photos/smalljpegs/(007)1972-0071-03234.jpg HTTP/1.0" 200 32052 "http://photolab.elmer.uaf.edu/store/alaskanatives.html" "Mozilla/4.0 (compatible; MSIE 6.0; AOL 9.0; Windows NT 5.1; SV1; .NET CLR 1.0.3705; .NET CLR 1.1.4322)"
205.188.117.9 - - [16/Jul/2005:10:03:14 -0800] "GET /store/photos/smalljpegs/(009)1975-0146-00003.jpg HTTP/1.0" 200 35453 "http://photolab.elmer.uaf.edu/store/alaskanatives.html" "Mozilla/4.0 (compatible; MSIE 6.0; AOL 9.0; Windows NT 5.1; SV1; .NET CLR 1.0.3705; .NET CLR 1.1.4322)"
205.188.117.9 - - [16/Jul/2005:10:03:14 -0800] "GET /store/photos/smalljpegs/(040)1958-1026-01700.jpg HTTP/1.1" 200 30523 "http://photolab.elmer.uaf.edu/store/alaskanatives.html" "Mozilla/4.0 (compatible; MSIE 6.0; AOL 9.0; Windows NT 5.1; SV1; .NET CLR 1.0.3705; .NET CLR 1.1.4322)"
205.188.117.10 - - [16/Jul/2005:10:03:14 -0800] "GET /store/photos/smalljpegs/(012)1989-0166-00375.jpg HTTP/1.0" 200 41883 "http://photolab.elmer.uaf.edu/store/alaskanatives.html" "Mozilla/4.0 (compatible; MSIE 6.0; AOL 9.0; Windows NT 5.1; SV1; .NET CLR 1.0.3705; .NET CLR 1.1.4322)"
205.188.117.9 - - [16/Jul/2005:10:03:15 -0800] "GET /store/photos/smalljpegs/(055)1966-0054-00104.jpg HTTP/1.1" 200 35929 "http://photolab.elmer.uaf.edu/store/alaskanatives.html" "Mozilla/4.0 (compatible; MSIE 6.0; AOL 9.0; Windows NT 5.1; SV1; .NET CLR 1.0.3705; .NET CLR 1.1.4322)"
205.188.117.10 - - [16/Jul/2005:10:03:15 -0800] "GET /store/photos/smalljpegs/(041)1989-0166-00699.jpg HTTP/1.1" 200 28697 "http://photolab.elmer.uaf.edu/store/alaskanatives.html" "Mozilla/4.0 (compatible; MSIE 6.0; AOL 9.0; Windows NT 5.1; SV1; .NET CLR 1.0.3705; .NET CLR 1.1.4322)"
205.188.117.9 - - [16/Jul/2005:10:03:16 -0800] "GET /store/photos/smalljpegs/(057)1972-0071-00823.jpg HTTP/1.1" 200 23575 "http://photolab.elmer.uaf.edu/store/alaskanatives.html" "Mozilla/4.0 (compatible; MSIE 6.0; AOL 9.0; Windows NT 5.1; SV1; .NET CLR 1.0.3705; .NET CLR 1.1.4322)"
205.188.117.9 - - [16/Jul/2005:10:03:16 -0800] "GET /store/photos/smalljpegs/(004)1958-1026-01477.jpg HTTP/1.1" 200 31263 "http://photolab.elmer.uaf.edu/store/alaskanatives.html" "Mozilla/4.0 (compatible; MSIE 6.0; AOL 9.0; Windows NT 5.1; SV1; .NET CLR 1.0.3705; .NET CLR 1.1.4322)"
205.188.117.9 - - [16/Jul/2005:10:03:17 -0800] "GET /store/photos/smalljpegs/(074)1968-0012-00009.jpg HTTP/1.1" 200 36819 "http://photolab.elmer.uaf.edu/store/alaskanatives.html" "Mozilla/4.0 (compatible; MSIE 6.0; AOL 9.0; Windows NT 5.1; SV1; .NET CLR 1.0.3705; .NET CLR 1.1.4322)"
205.188.117.9 - - [16/Jul/2005:10:03:17 -0800] "GET /store/photos/smalljpegs/(080)1958-1026-01682.jpg HTTP/1.1" 200 34989 "http://photolab.elmer.uaf.edu/store/alaskanatives.html" "Mozilla/4.0 (compatible; MSIE 6.0; AOL 9.0; Windows NT 5.1; SV1; .NET CLR 1.0.3705; .NET CLR 1.1.4322)"
205.188.117.9 - - [16/Jul/2005:10:03:18 -0800] "GET /store/photos/smalljpegs/(101)1995-0244-01044.jpg HTTP/1.1" 200 33660 "http://photolab.elmer.uaf.edu/store/alaskanatives.html" "Mozilla/4.0 (compatible; MSIE 6.0; AOL 9.0; Windows NT 5.1; SV1; .NET CLR 1.0.3705; .NET CLR 1.1.4322)"
205.188.116.131 - - [16/Jul/2005:10:03:18 -0800] "GET /store/photos/smalljpegs/(083)1989-0166-00380.jpg HTTP/1.0" 200 32119 "http://photolab.elmer.uaf.edu/store/alaskanatives.html" "Mozilla/4.0 (compatible; MSIE 6.0; AOL 9.0; Windows NT 5.1; SV1; .NET CLR 1.0.3705; .NET CLR 1.1.4322)"
205.188.117.9 - - [16/Jul/2005:10:03:19 -0800] "GET /store/photos/smalljpegs/(103)1972-0071-02925.jpg HTTP/1.1" 200 30024 "http://photolab.elmer.uaf.edu/store/alaskanatives.html" "Mozilla/4.0 (compatible; MSIE 6.0; AOL 9.0; Windows NT 5.1; SV1; .NET CLR 1.0.3705; .NET CLR 1.1.4322)"
205.188.117.9 - - [16/Jul/2005:10:03:19 -0800] "GET /store/photos/smalljpegs/(102)1972-0071-00804.jpg HTTP/1.1" 200 33600 "http://photolab.elmer.uaf.edu/store/alaskanatives.html" "Mozilla/4.0 (compatible; MSIE 6.0; AOL 9.0; Windows NT 5.1; SV1; .NET CLR 1.0.3705; .NET CLR 1.1.4322)"
205.188.117.9 - - [16/Jul/2005:10:03:19 -0800] "GET /store/photos/smalljpegs/(104)1958-1026-02106.jpg HTTP/1.1" 200 34617 "http://photolab.elmer.uaf.edu/store/alaskanatives.html" "Mozilla/4.0 (compatible; MSIE 6.0; AOL 9.0; Windows NT 5.1; SV1; .NET CLR 1.0.3705; .NET CLR 1.1.4322)"
205.188.117.13 - - [16/Jul/2005:10:03:20 -0800] "GET /store/photos/smalljpegs/(105)1989-0166-00522a.jpg HTTP/1.1" 200 25417 "http://photolab.elmer.uaf.edu/store/alaskanatives.html" "Mozilla/4.0 (compatible; MSIE 6.0; AOL 9.0; Windows NT 5.1; SV1; .NET CLR 1.0.3705; .NET CLR 1.1.4322)"
205.188.117.9 - - [16/Jul/2005:10:03:20 -0800] "GET /store/photos/smalljpegs/(106)1972-0071-03229.jpg HTTP/1.1" 200 38182 "http://photolab.elmer.uaf.edu/store/alaskanatives.html" "Mozilla/4.0 (compatible; MSIE 6.0; AOL 9.0; Windows NT 5.1; SV1; .NET CLR 1.0.3705; .NET CLR 1.1.4322)"
205.188.117.9 - - [16/Jul/2005:10:03:20 -0800] "GET /store/photos/smalljpegs/(107)1958-1026-02271.jpg HTTP/1.1" 200 34747 "http://photolab.elmer.uaf.edu/store/alaskanatives.html" "Mozilla/4.0 (compatible; MSIE 6.0; AOL 9.0; Windows NT 5.1; SV1; .NET CLR 1.0.3705; .NET CLR 1.1.4322)"
205.188.117.9 - - [16/Jul/2005:10:03:21 -0800] "GET /store/photos/smalljpegs/(108)1966-0054-00248.jpg HTTP/1.1" 200 41001 "http://photolab.elmer.uaf.edu/store/alaskanatives.html" "Mozilla/4.0 (compatible; MSIE 6.0; AOL 9.0; Windows NT 5.1; SV1; .NET CLR 1.0.3705; .NET CLR 1.1.4322)"
205.188.117.9 - - [16/Jul/2005:10:03:21 -0800] "GET /store/photos/smalljpegs/(109)1972-0071-03235.jpg HTTP/1.1" 200 39850 "http://photolab.elmer.uaf.edu/store/alaskanatives.html" "Mozilla/4.0 (compatible; MSIE 6.0; AOL 9.0; Windows NT 5.1; SV1; .NET CLR 1.0.3705; .NET CLR 1.1.4322)"
66.151.181.12 - - [16/Jul/2005:10:03:22 -0800] "GET /gallery/photos/20030129/1/pages/1999-0293-00177.html HTTP/1.1" 200 1768 "http://photolab.elmer.uaf.edu/gallery/photos/20030129/1/index_7.html" "FAST MetaWeb Crawler (helpdesk at fastsearch dot com)"
205.188.117.9 - - [16/Jul/2005:10:03:22 -0800] "GET /store/photos/smalljpegs/(110)1958-1026-01591.jpg HTTP/1.1" 200 38244 "http://photolab.elmer.uaf.edu/store/alaskanatives.html" "Mozilla/4.0 (compatible; MSIE 6.0; AOL 9.0; Windows NT 5.1; SV1; .NET CLR 1.0.3705; .NET CLR 1.1.4322)"
205.188.117.10 - - [16/Jul/2005:10:03:22 -0800] "GET /store/photos/smalljpegs/(112)1958-1026-01589.jpg HTTP/1.1" 200 31936 "http://photolab.elmer.uaf.edu/store/alaskanatives.html" "Mozilla/4.0 (compatible; MSIE 6.0; AOL 9.0; Windows NT 5.1; SV1; .NET CLR 1.0.3705; .NET CLR 1.1.4322)"
205.188.117.9 - - [16/Jul/2005:10:03:23 -0800] "GET /store/photos/smalljpegs/(113)1972-0071-02895.jpg HTTP/1.1" 200 36468 "http://photolab.elmer.uaf.edu/store/alaskanatives.html" "Mozilla/4.0 (compatible; MSIE 6.0; AOL 9.0; Windows NT 5.1; SV1; .NET CLR 1.0.3705; .NET CLR 1.1.4322)"
205.188.117.74 - - [16/Jul/2005:10:03:23 -0800] "GET /store/photos/smalljpegs/(114)1972-0071-00776.jpg HTTP/1.0" 200 24068 "http://photolab.elmer.uaf.edu/store/alaskanatives.html" "Mozilla/4.0 (compatible; MSIE 6.0; AOL 9.0; Windows NT 5.1; SV1; .NET CLR 1.0.3705; .NET CLR 1.1.4322)"
205.188.117.10 - - [16/Jul/2005:10:03:23 -0800] "GET /store/photos/smalljpegs/(115)1989-0166-00398.jpg HTTP/1.1" 200 30154 "http://photolab.elmer.uaf.edu/store/alaskanatives.html" "Mozilla/4.0 (compatible; MSIE 6.0; AOL 9.0; Windows NT 5.1; SV1; .NET CLR 1.0.3705; .NET CLR 1.1.4322)"
205.188.117.9 - - [16/Jul/2005:10:03:24 -0800] "GET /store/photos/smalljpegs/(116)1989-0166-00402.jpg HTTP/1.1" 200 30729 "http://photolab.elmer.uaf.edu/store/alaskanatives.html" "Mozilla/4.0 (compatible; MSIE 6.0; AOL 9.0; Windows NT 5.1; SV1; .NET CLR 1.0.3705; .NET CLR 1.1.4322)"
205.188.117.10 - - [16/Jul/2005:10:03:25 -0800] "GET /store/photos/smalljpegs/(119)1968-0069-02524.jpg HTTP/1.1" 200 31385 "http://photolab.elmer.uaf.edu/store/alaskanatives.html" "Mozilla/4.0 (compatible; MSIE 6.0; AOL 9.0; Windows NT 5.1; SV1; .NET CLR 1.0.3705; .NET CLR 1.1.4322)"
205.188.116.136 - - [16/Jul/2005:10:03:25 -0800] "GET /store/photos/smalljpegs/(118)1989-0166-00389.jpg HTTP/1.0" 200 39923 "http://photolab.elmer.uaf.edu/store/alaskanatives.html" "Mozilla/4.0 (compatible; MSIE 6.0; AOL 9.0; Windows NT 5.1; SV1; .NET CLR 1.0.3705; .NET CLR 1.1.4322)"
66.151.181.12 - - [16/Jul/2005:10:04:01 -0800] "GET /gallery/photos/20030129/1/pages/1999-0293-00178.html HTTP/1.1" 200 1768 "http://photolab.elmer.uaf.edu/gallery/photos/20030129/1/index_7.html" "FAST MetaWeb Crawler (helpdesk at fastsearch dot com)"
207.46.98.84 - - [16/Jul/2005:10:04:29 -0800] "GET /gallery/photos/20030040/0/pages/2003-0040-00003.html HTTP/1.0" 200 1756 "-" "msnbot/1.0 (+http://search.msn.com/msnbot.htm)"
207.46.98.84 - - [16/Jul/2005:10:04:59 -0800] "GET /gallery/photos/20030040/0/pages/2003-0040-00005.html HTTP/1.0" 200 1756 "-" "msnbot/1.0 (+http://search.msn.com/msnbot.htm)"
66.151.181.12 - - [16/Jul/2005:10:05:01 -0800] "GET /gallery/photos/20030129/1/pages/1999-0293-00179.html HTTP/1.1" 200 1768 "http://photolab.elmer.uaf.edu/gallery/photos/20030129/1/index_7.html" "FAST MetaWeb Crawler (helpdesk at fastsearch dot com)"
66.151.181.12 - - [16/Jul/2005:10:06:02 -0800] "GET /gallery/photos/20030129/1/pages/1999-0293-00180.html HTTP/1.1" 200 1768 "http://photolab.elmer.uaf.edu/gallery/photos/20030129/1/index_7.html" "FAST MetaWeb Crawler (helpdesk at fastsearch dot com)"
68.142.249.14 - - [16/Jul/2005:10:06:07 -0800] "GET /gallery/20030024/3 HTTP/1.0" 404 314 "-" "Mozilla/5.0 (compatible; Yahoo! Slurp; http://help.yahoo.com/help/us/ysearch/slurp)"
207.46.98.84 - - [16/Jul/2005:10:06:07 -0800] "GET /gallery/photos/19680041/2/pages/1968-0041-00204.htm HTTP/1.0" 200 1886 "-" "msnbot/1.0 (+http://search.msn.com/msnbot.htm)"
66.151.181.12 - - [16/Jul/2005:10:07:01 -0800] "GET /gallery/photos/20030129/1/pages/1999-0293-00181.html HTTP/1.1" 200 1768 "http://photolab.elmer.uaf.edu/gallery/photos/20030129/1/index_7.html" "FAST MetaWeb Crawler (helpdesk at fastsearch dot com)"
66.151.181.12 - - [16/Jul/2005:10:08:01 -0800] "GET /gallery/photos/20030129/1/pages/1999-0293-00182.html HTTP/1.1" 200 1768 "http://photolab.elmer.uaf.edu/gallery/photos/20030129/1/index_7.html" "FAST MetaWeb Crawler (helpdesk at fastsearch dot com)"
66.151.181.12 - - [16/Jul/2005:10:09:22 -0800] "GET /gallery/photos/20030129/1/pages/1999-0293-00183.html HTTP/1.1" 200 1768 "http://photolab.elmer.uaf.edu/gallery/photos/20030129/1/index_7.html" "FAST MetaWeb Crawler (helpdesk at fastsearch dot com)"
66.151.181.12 - - [16/Jul/2005:10:10:04 -0800] "GET /gallery/photos/20030137/index_8.html HTTP/1.1" 200 7255 "http://photolab.elmer.uaf.edu/gallery/photos/20030137/index_7.html" "FAST MetaWeb Crawler (helpdesk at fastsearch dot com)"
66.151.181.12 - - [16/Jul/2005:10:11:01 -0800] "GET /gallery/photos/20030137/pages/2003-0137-00073.html HTTP/1.1" 200 1770 "http://photolab.elmer.uaf.edu/gallery/photos/20030137/index_7.html" "FAST MetaWeb Crawler (helpdesk at fastsearch dot com)"
24.222.122.192 - - [16/Jul/2005:10:11:52 -0800] "GET /store/mining.html HTTP/1.1" 200 16945 "http://www.google.ca/search?hl=en&client=firefox-a&rls=org.mozilla%3Aen-US%3Aofficial&q=e.a.+hegg+collection&btnG=Search&meta=" "Mozilla/5.0 (Windows; U; Windows NT 5.0; en-US; rv:1.7.8) Gecko/20050511 Firefox/1.0.4"
24.222.122.192 - - [16/Jul/2005:10:11:52 -0800] "GET /index_files/store.css HTTP/1.1" 200 2756 "http://photolab.elmer.uaf.edu/store/mining.html" "Mozilla/5.0 (Windows; U; Windows NT 5.0; en-US; rv:1.7.8) Gecko/20050511 Firefox/1.0.4"
24.222.122.192 - - [16/Jul/2005:10:11:53 -0800] "GET /index_files/aprbrown.jpg HTTP/1.1" 200 5509 "http://photolab.elmer.uaf.edu/store/mining.html" "Mozilla/5.0 (Windows; U; Windows NT 5.0; en-US; rv:1.7.8) Gecko/20050511 Firefox/1.0.4"
24.222.122.192 - - [16/Jul/2005:10:11:53 -0800] "GET /index_files/titlebrown.jpg HTTP/1.1" 200 5451 "http://photolab.elmer.uaf.edu/store/mining.html" "Mozilla/5.0 (Windows; U; Windows NT 5.0; en-US; rv:1.7.8) Gecko/20050511 Firefox/1.0.4"
24.222.122.192 - - [16/Jul/2005:10:11:53 -0800] "GET /index_files/menubar.gif HTTP/1.1" 200 2913 "http://photolab.elmer.uaf.edu/store/mining.html" "Mozilla/5.0 (Windows; U; Windows NT 5.0; en-US; rv:1.7.8) Gecko/20050511 Firefox/1.0.4"
24.222.122.192 - - [16/Jul/2005:10:11:53 -0800] "GET /index_files/storetitle.gif HTTP/1.1" 200 14535 "http://photolab.elmer.uaf.edu/store/mining.html" "Mozilla/5.0 (Windows; U; Windows NT 5.0; en-US; rv:1.7.8) Gecko/20050511 Firefox/1.0.4"
24.222.122.192 - - [16/Jul/2005:10:11:53 -0800] "GET /store/photos/smalljpegs/(001)1958-1026-01101.jpg HTTP/1.1" 200 26793 "http://photolab.elmer.uaf.edu/store/mining.html" "Mozilla/5.0 (Windows; U; Windows NT 5.0; en-US; rv:1.7.8) Gecko/20050511 Firefox/1.0.4"
24.222.122.192 - - [16/Jul/2005:10:11:53 -0800] "GET /store/photos/smalljpegs/(005)1958-1026-01479.jpg HTTP/1.1" 200 40549 "http://photolab.elmer.uaf.edu/store/mining.html" "Mozilla/5.0 (Windows; U; Windows NT 5.0; en-US; rv:1.7.8) Gecko/20050511 Firefox/1.0.4"
24.222.122.192 - - [16/Jul/2005:10:11:54 -0800] "GET /store/photos/smalljpegs/(006)1970-0058-00507.jpg HTTP/1.1" 200 34057 "http://photolab.elmer.uaf.edu/store/mining.html" "Mozilla/5.0 (Windows; U; Windows NT 5.0; en-US; rv:1.7.8) Gecko/20050511 Firefox/1.0.4"
24.222.122.192 - - [16/Jul/2005:10:11:54 -0800] "GET /store/photos/smalljpegs/(008)1973-0079-00046.jpg HTTP/1.1" 200 37907 "http://photolab.elmer.uaf.edu/store/mining.html" "Mozilla/5.0 (Windows; U; Windows NT 5.0; en-US; rv:1.7.8) Gecko/20050511 Firefox/1.0.4"
24.222.122.192 - - [16/Jul/2005:10:11:55 -0800] "GET /store/photos/smalljpegs/(016)1989-0166-00635.jpg HTTP/1.1" 200 33629 "http://photolab.elmer.uaf.edu/store/mining.html" "Mozilla/5.0 (Windows; U; Windows NT 5.0; en-US; rv:1.7.8) Gecko/20050511 Firefox/1.0.4"
24.222.122.192 - - [16/Jul/2005:10:11:55 -0800] "GET /store/photos/smalljpegs/(025)1958-1026-01474.jpg HTTP/1.1" 200 43131 "http://photolab.elmer.uaf.edu/store/mining.html" "Mozilla/5.0 (Windows; U; Windows NT 5.0; en-US; rv:1.7.8) Gecko/20050511 Firefox/1.0.4"
24.222.122.192 - - [16/Jul/2005:10:11:55 -0800] "GET /store/photos/smalljpegs/(027)1968-0069-01547.jpg HTTP/1.1" 200 34349 "http://photolab.elmer.uaf.edu/store/mining.html" "Mozilla/5.0 (Windows; U; Windows NT 5.0; en-US; rv:1.7.8) Gecko/20050511 Firefox/1.0.4"
24.222.122.192 - - [16/Jul/2005:10:11:56 -0800] "GET /store/photos/smalljpegs/(028)896-036.jpg HTTP/1.1" 200 30336 "http://photolab.elmer.uaf.edu/store/mining.html" "Mozilla/5.0 (Windows; U; Windows NT 5.0; en-US; rv:1.7.8) Gecko/20050511 Firefox/1.0.4"
24.222.122.192 - - [16/Jul/2005:10:11:56 -0800] "GET /store/photos/smalljpegs/(030)1958-1026-01546.jpg HTTP/1.1" 200 32796 "http://photolab.elmer.uaf.edu/store/mining.html" "Mozilla/5.0 (Windows; U; Windows NT 5.0; en-US; rv:1.7.8) Gecko/20050511 Firefox/1.0.4"
24.222.122.192 - - [16/Jul/2005:10:11:57 -0800] "GET /store/photos/smalljpegs/(032)1964-0098-02647.jpg HTTP/1.1" 200 29805 "http://photolab.elmer.uaf.edu/store/mining.html" "Mozilla/5.0 (Windows; U; Windows NT 5.0; en-US; rv:1.7.8) Gecko/20050511 Firefox/1.0.4"
24.222.122.192 - - [16/Jul/2005:10:11:57 -0800] "GET /store/photos/smalljpegs/(045)1989-0166-00025.jpg HTTP/1.1" 200 40740 "http://photolab.elmer.uaf.edu/store/mining.html" "Mozilla/5.0 (Windows; U; Windows NT 5.0; en-US; rv:1.7.8) Gecko/20050511 Firefox/1.0.4"
24.222.122.192 - - [16/Jul/2005:10:11:57 -0800] "GET /store/photos/smalljpegs/(051)1981-0107-00008.jpg HTTP/1.1" 200 33523 "http://photolab.elmer.uaf.edu/store/mining.html" "Mozilla/5.0 (Windows; U; Windows NT 5.0; en-US; rv:1.7.8) Gecko/20050511 Firefox/1.0.4"
24.222.122.192 - - [16/Jul/2005:10:11:58 -0800] "GET /store/photos/smalljpegs/(062)1973-0050-00013.jpg HTTP/1.1" 200 39979 "http://photolab.elmer.uaf.edu/store/mining.html" "Mozilla/5.0 (Windows; U; Windows NT 5.0; en-US; rv:1.7.8) Gecko/20050511 Firefox/1.0.4"
24.222.122.192 - - [16/Jul/2005:10:11:58 -0800] "GET /store/photos/smalljpegs/(072)1975-0084-02715.jpg HTTP/1.1" 200 33859 "http://photolab.elmer.uaf.edu/store/mining.html" "Mozilla/5.0 (Windows; U; Windows NT 5.0; en-US; rv:1.7.8) Gecko/20050511 Firefox/1.0.4"
24.222.122.192 - - [16/Jul/2005:10:11:59 -0800] "GET /store/photos/smalljpegs/(098)1989-0166-00658.jpg HTTP/1.1" 200 31045 "http://photolab.elmer.uaf.edu/store/mining.html" "Mozilla/5.0 (Windows; U; Windows NT 5.0; en-US; rv:1.7.8) Gecko/20050511 Firefox/1.0.4"
24.222.122.192 - - [16/Jul/2005:10:11:59 -0800] "GET /store/photos/smalljpegs/(125)1968-0069-01325.jpg HTTP/1.1" 200 33514 "http://photolab.elmer.uaf.edu/store/mining.html" "Mozilla/5.0 (Windows; U; Windows NT 5.0; en-US; rv:1.7.8) Gecko/20050511 Firefox/1.0.4"
24.222.122.192 - - [16/Jul/2005:10:12:00 -0800] "GET /store/photos/smalljpegs/(133)1989-0166-00004.jpg HTTP/1.1" 200 36226 "http://photolab.elmer.uaf.edu/store/mining.html" "Mozilla/5.0 (Windows; U; Windows NT 5.0; en-US; rv:1.7.8) Gecko/20050511 Firefox/1.0.4"
24.222.122.192 - - [16/Jul/2005:10:12:00 -0800] "GET /store/photos/smalljpegs/(146)1966-0054-00051.jpg HTTP/1.1" 200 27693 "http://photolab.elmer.uaf.edu/store/mining.html" "Mozilla/5.0 (Windows; U; Windows NT 5.0; en-US; rv:1.7.8) Gecko/20050511 Firefox/1.0.4"
24.222.122.192 - - [16/Jul/2005:10:12:00 -0800] "GET /index_files/bluebear.gif HTTP/1.1" 200 1263 "http://photolab.elmer.uaf.edu/store/mining.html" "Mozilla/5.0 (Windows; U; Windows NT 5.0; en-US; rv:1.7.8) Gecko/20050511 Firefox/1.0.4"
24.222.122.192 - - [16/Jul/2005:10:12:01 -0800] "GET /index_files/sitemap.gif HTTP/1.1" 200 1503 "http://photolab.elmer.uaf.edu/store/mining.html" "Mozilla/5.0 (Windows; U; Windows NT 5.0; en-US; rv:1.7.8) Gecko/20050511 Firefox/1.0.4"
24.222.122.192 - - [16/Jul/2005:10:12:00 -0800] "GET /store/photos/smalljpegs/(175)1979-0093-00266.jpg HTTP/1.1" 200 32874 "http://photolab.elmer.uaf.edu/store/mining.html" "Mozilla/5.0 (Windows; U; Windows NT 5.0; en-US; rv:1.7.8) Gecko/20050511 Firefox/1.0.4"
24.222.122.192 - - [16/Jul/2005:10:12:01 -0800] "GET /index_files/ahs.ico HTTP/1.1" 200 1406 "-" "Mozilla/5.0 (Windows; U; Windows NT 5.0; en-US; rv:1.7.8) Gecko/20050511 Firefox/1.0.4"
66.151.181.12 - - [16/Jul/2005:10:12:01 -0800] "GET /gallery/photos/20030137/pages/2003-0137-00074.html HTTP/1.1" 200 1770 "http://photolab.elmer.uaf.edu/gallery/photos/20030137/index_7.html" "FAST MetaWeb Crawler (helpdesk at fastsearch dot com)"
66.151.181.12 - - [16/Jul/2005:10:13:01 -0800] "GET /gallery/photos/20030137/pages/2003-0137-00075.html HTTP/1.1" 200 1770 "http://photolab.elmer.uaf.edu/gallery/photos/20030137/index_7.html" "FAST MetaWeb Crawler (helpdesk at fastsearch dot com)"
66.151.181.12 - - [16/Jul/2005:10:14:01 -0800] "GET /gallery/photos/20030137/pages/2003-0137-00076.html HTTP/1.1" 200 1770 "http://photolab.elmer.uaf.edu/gallery/photos/20030137/index_7.html" "FAST MetaWeb Crawler (helpdesk at fastsearch dot com)"
24.222.122.192 - - [16/Jul/2005:10:14:59 -0800] "GET /store/photos/largejpegs/(001)1958-1026-01101.jpg HTTP/1.1" 200 127747 "http://photolab.elmer.uaf.edu/store/mining.html" "Mozilla/5.0 (Windows; U; Windows NT 5.0; en-US; rv:1.7.8) Gecko/20050511 Firefox/1.0.4"
24.222.122.192 - - [16/Jul/2005:10:15:02 -0800] "GET /favicon.ico HTTP/1.1" 404 307 "-" "Mozilla/5.0 (Windows; U; Windows NT 5.0; en-US; rv:1.7.8) Gecko/20050511 Firefox/1.0.4"
66.151.181.12 - - [16/Jul/2005:10:15:04 -0800] "GET /gallery/photos/20030137/pages/2003-0137-00077.html HTTP/1.1" 200 1770 "http://photolab.elmer.uaf.edu/gallery/photos/20030137/index_7.html" "FAST MetaWeb Crawler (helpdesk at fastsearch dot com)"
24.222.122.192 - - [16/Jul/2005:10:15:27 -0800] "GET /store/photos/largejpegs/(005)1958-1026-01479.jpg HTTP/1.1" 200 208250 "http://photolab.elmer.uaf.edu/store/mining.html" "Mozilla/5.0 (Windows; U; Windows NT 5.0; en-US; rv:1.7.8) Gecko/20050511 Firefox/1.0.4"
24.222.122.192 - - [16/Jul/2005:10:16:28 -0800] "GET /store/photos/largejpegs/(006)1970-0058-00507.jpg HTTP/1.1" 200 150207 "http://photolab.elmer.uaf.edu/store/mining.html" "Mozilla/5.0 (Windows; U; Windows NT 5.0; en-US; rv:1.7.8) Gecko/20050511 Firefox/1.0.4"
24.222.122.192 - - [16/Jul/2005:10:16:31 -0800] "GET /favicon.ico HTTP/1.1" 404 307 "-" "Mozilla/5.0 (Windows; U; Windows NT 5.0; en-US; rv:1.7.8) Gecko/20050511 Firefox/1.0.4"
66.151.181.12 - - [16/Jul/2005:10:16:46 -0800] "GET /gallery/photos/20030137/pages/2003-0137-00078.html HTTP/1.1" 200 1770 "http://photolab.elmer.uaf.edu/gallery/photos/20030137/index_7.html" "FAST MetaWeb Crawler (helpdesk at fastsearch dot com)"
24.222.122.192 - - [16/Jul/2005:10:17:24 -0800] "GET /store/photos/largejpegs/(008)1973-0079-00046.jpg HTTP/1.1" 200 214312 "http://photolab.elmer.uaf.edu/store/mining.html" "Mozilla/5.0 (Windows; U; Windows NT 5.0; en-US; rv:1.7.8) Gecko/20050511 Firefox/1.0.4"
66.151.181.12 - - [16/Jul/2005:10:17:43 -0800] "GET /gallery/photos/20030137/pages/2003-0137-00079.html HTTP/1.1" 200 1770 "http://photolab.elmer.uaf.edu/gallery/photos/20030137/index_7.html" "FAST MetaWeb Crawler (helpdesk at fastsearch dot com)"
24.222.122.192 - - [16/Jul/2005:10:18:22 -0800] "GET /store/photos/largejpegs/(016)1989-0166-00635.jpg HTTP/1.1" 200 156569 "http://photolab.elmer.uaf.edu/store/mining.html" "Mozilla/5.0 (Windows; U; Windows NT 5.0; en-US; rv:1.7.8) Gecko/20050511 Firefox/1.0.4"
24.222.122.192 - - [16/Jul/2005:10:18:58 -0800] "GET /store/photos/largejpegs/(025)1958-1026-01474.jpg HTTP/1.1" 200 329317 "http://photolab.elmer.uaf.edu/store/mining.html" "Mozilla/5.0 (Windows; U; Windows NT 5.0; en-US; rv:1.7.8) Gecko/20050511 Firefox/1.0.4"
24.222.122.192 - - [16/Jul/2005:10:19:05 -0800] "GET /favicon.ico HTTP/1.1" 404 307 "-" "Mozilla/5.0 (Windows; U; Windows NT 5.0; en-US; rv:1.7.8) Gecko/20050511 Firefox/1.0.4"
66.151.181.12 - - [16/Jul/2005:10:19:05 -0800] "GET /gallery/photos/20030137/pages/2003-0137-00080.html HTTP/1.1" 200 1770 "http://photolab.elmer.uaf.edu/gallery/photos/20030137/index_7.html" "FAST MetaWeb Crawler (helpdesk at fastsearch dot com)"
24.222.122.192 - - [16/Jul/2005:10:19:33 -0800] "GET /store/photos/largejpegs/(027)1968-0069-01547.jpg HTTP/1.1" 200 150946 "http://photolab.elmer.uaf.edu/store/mining.html" "Mozilla/5.0 (Windows; U; Windows NT 5.0; en-US; rv:1.7.8) Gecko/20050511 Firefox/1.0.4"
24.222.122.192 - - [16/Jul/2005:10:19:37 -0800] "GET /favicon.ico HTTP/1.1" 404 307 "-" "Mozilla/5.0 (Windows; U; Windows NT 5.0; en-US; rv:1.7.8) Gecko/20050511 Firefox/1.0.4"
66.151.181.12 - - [16/Jul/2005:10:19:45 -0800] "GET /gallery/photos/20030137/pages/2003-0137-00081.html HTTP/1.1" 200 1770 "http://photolab.elmer.uaf.edu/gallery/photos/20030137/index_7.html" "FAST MetaWeb Crawler (helpdesk at fastsearch dot com)"
24.222.122.192 - - [16/Jul/2005:10:20:00 -0800] "GET /store/photos/largejpegs/(028)896-036.jpg HTTP/1.1" 200 154650 "http://photolab.elmer.uaf.edu/store/mining.html" "Mozilla/5.0 (Windows; U; Windows NT 5.0; en-US; rv:1.7.8) Gecko/20050511 Firefox/1.0.4"
66.151.181.12 - - [16/Jul/2005:10:20:44 -0800] "GET /gallery/photos/20030137/pages/2003-0137-00082.html HTTP/1.1" 200 1770 "http://photolab.elmer.uaf.edu/gallery/photos/20030137/index_7.html" "FAST MetaWeb Crawler (helpdesk at fastsearch dot com)"
24.222.122.192 - - [16/Jul/2005:10:20:50 -0800] "GET /store/photos/largejpegs/(030)1958-1026-01546.jpg HTTP/1.1" 200 167819 "http://photolab.elmer.uaf.edu/store/mining.html" "Mozilla/5.0 (Windows; U; Windows NT 5.0; en-US; rv:1.7.8) Gecko/20050511 Firefox/1.0.4"
