212.234.243.1 - - [16/Jul/2005:04:37:18 -0800] "GET /index_files/menubar.gif HTTP/1.1" 200 2913 "http://photolab.elmer.uaf.edu/store/women.html" "Mozilla/4.0 (compatible; MSIE 6.0; Windows NT 5.0; .NET CLR 1.1.4322)"
212.234.243.1 - - [16/Jul/2005:04:37:19 -0800] "GET /store/photos/smalljpegs/(006)1970-0058-00507.jpg HTTP/1.1" 200 34057 "http://photolab.elmer.uaf.edu/store/women.html" "Mozilla/4.0 (compatible; MSIE 6.0; Windows NT 5.0; .NET CLR 1.1.4322)"
212.234.243.1 - - [16/Jul/2005:04:37:19 -0800] "GET /store/photos/smalljpegs/(014)1992-0016-00069.jpg HTTP/1.1" 200 35905 "http://photolab.elmer.uaf.edu/store/women.html" "Mozilla/4.0 (compatible; MSIE 6.0; Windows NT 5.0; .NET CLR 1.1.4322)"
212.234.243.1 - - [16/Jul/2005:04:37:21 -0800] "GET /store/photos/smalljpegs/(026)1997-0165-00010.jpg HTTP/1.1" 200 26695 "http://photolab.elmer.uaf.edu/store/women.html" "Mozilla/4.0 (compatible; MSIE 6.0; Windows NT 5.0; .NET CLR 1.1.4322)"
212.234.243.1 - - [16/Jul/2005:04:37:21 -0800] "GET /store/photos/smalljpegs/(024)1972-0116-00334.jpg HTTP/1.1" 200 29908 "http://photolab.elmer.uaf.edu/store/women.html" "Mozilla/4.0 (compatible; MSIE 6.0; Windows NT 5.0; .NET CLR 1.1.4322)"
212.234.243.1 - - [16/Jul/2005:04:37:22 -0800] "GET /store/photos/smalljpegs/(069)1976-0092-00075.jpg HTTP/1.1" 200 25519 "http://photolab.elmer.uaf.edu/store/women.html" "Mozilla/4.0 (compatible; MSIE 6.0; Windows NT 5.0; .NET CLR 1.1.4322)"
212.234.243.1 - - [16/Jul/2005:04:37:22 -0800] "GET /store/photos/smalljpegs/(043)1964-0029-00313.jpg HTTP/1.1" 200 32327 "http://photolab.elmer.uaf.edu/store/women.html" "Mozilla/4.0 (compatible; MSIE 6.0; Windows NT 5.0; .NET CLR 1.1.4322)"
212.234.243.1 - - [16/Jul/2005:04:37:23 -0800] "GET /store/photos/smalljpegs/(088)1989-0166-00496a.jpg HTTP/1.1" 200 31266 "http://photolab.elmer.uaf.edu/store/women.html" "Mozilla/4.0 (compatible; MSIE 6.0; Windows NT 5.0; .NET CLR 1.1.4322)"
212.234.243.1 - - [16/Jul/2005:04:37:24 -0800] "GET /store/photos/smalljpegs/(140)1969-0092-00826.jpg HTTP/1.1" 200 46250 "http://photolab.elmer.uaf.edu/store/women.html" "Mozilla/4.0 (compatible; MSIE 6.0; Windows NT 5.0; .NET CLR 1.1.4322)"
212.234.243.1 - - [16/Jul/2005:04:37:25 -0800] "GET /store/photos/smalljpegs/(143)1958-1026-01643.jpg HTTP/1.1" 200 30139 "http://photolab.elmer.uaf.edu/store/women.html" "Mozilla/4.0 (compatible; MSIE 6.0; Windows NT 5.0; .NET CLR 1.1.4322)"
212.234.243.1 - - [16/Jul/2005:04:37:25 -0800] "GET /store/photos/smalljpegs/(146)1966-0054-00051.jpg HTTP/1.1" 200 27693 "http://photolab.elmer.uaf.edu/store/women.html" "Mozilla/4.0 (compatible; MSIE 6.0; Windows NT 5.0; .NET CLR 1.1.4322)"
84.179.181.177 - - [16/Jul/2005:04:37:24 -0800] "GET /store/people.html HTTP/1.1" 200 21075 "http://images.google.de/imgres?imgurl=http://photolab.elmer.uaf.edu/store/photos/largejpegs/(040)1958-1026-01700.jpg&imgrefurl=http://photolab.elmer.uaf.edu/store/people.html&h=1000&w=762&sz=136&tbnid=muofWG5zZScJ:&tbnh=149&tbnw=113&hl=de&start=146&prev=/images%3Fq%3DEskimo%26start%3D140%26svnum%3D10%26hl%3Dde%26lr%3D%26sa%3DN" "Mozilla/4.0 (compatible; MSIE 6.0; Windows NT 5.1; SV1; .NET CLR 1.0.3705)"
84.179.181.177 - - [16/Jul/2005:04:37:26 -0800] "GET /index_files/store.css HTTP/1.1" 200 2756 "http://photolab.elmer.uaf.edu/store/people.html" "Mozilla/4.0 (compatible; MSIE 6.0; Windows NT 5.1; SV1; .NET CLR 1.0.3705)"
84.179.181.177 - - [16/Jul/2005:04:37:26 -0800] "GET /index_files/titlebrown.jpg HTTP/1.1" 200 5451 "http://photolab.elmer.uaf.edu/store/people.html" "Mozilla/4.0 (compatible; MSIE 6.0; Windows NT 5.1; SV1; .NET CLR 1.0.3705)"
84.179.181.177 - - [16/Jul/2005:04:37:27 -0800] "GET /index_files/storetitle.gif HTTP/1.1" 200 14535 "http://photolab.elmer.uaf.edu/store/people.html" "Mozilla/4.0 (compatible; MSIE 6.0; Windows NT 5.1; SV1; .NET CLR 1.0.3705)"
84.179.181.177 - - [16/Jul/2005:04:37:27 -0800] "GET /index_files/aprbrown.jpg HTTP/1.1" 200 5509 "http://photolab.elmer.uaf.edu/store/people.html" "Mozilla/4.0 (compatible; MSIE 6.0; Windows NT 5.1; SV1; .NET CLR 1.0.3705)"
84.179.181.177 - - [16/Jul/2005:04:37:29 -0800] "GET /index_files/menubar.gif HTTP/1.1" 200 2913 "http://photolab.elmer.uaf.edu/store/people.html" "Mozilla/4.0 (compatible; MSIE 6.0; Windows NT 5.1; SV1; .NET CLR 1.0.3705)"
84.179.181.177 - - [16/Jul/2005:04:37:29 -0800] "GET /store/photos/smalljpegs/(009)1975-0146-00003.jpg HTTP/1.1" 200 35453 "http://photolab.elmer.uaf.edu/store/people.html" "Mozilla/4.0 (compatible; MSIE 6.0; Windows NT 5.1; SV1; .NET CLR 1.0.3705)"
84.179.181.177 - - [16/Jul/2005:04:37:29 -0800] "GET /store/photos/smalljpegs/(007)1972-0071-03234.jpg HTTP/1.1" 200 32052 "http://photolab.elmer.uaf.edu/store/people.html" "Mozilla/4.0 (compatible; MSIE 6.0; Windows NT 5.1; SV1; .NET CLR 1.0.3705)"
84.179.181.177 - - [16/Jul/2005:04:37:31 -0800] "GET /store/photos/smalljpegs/(012)1989-0166-00375.jpg HTTP/1.1" 200 41883 "http://photolab.elmer.uaf.edu/store/people.html" "Mozilla/4.0 (compatible; MSIE 6.0; Windows NT 5.1; SV1; .NET CLR 1.0.3705)"
84.179.181.177 - - [16/Jul/2005:04:37:31 -0800] "GET /store/photos/smalljpegs/(024)1972-0116-00334.jpg HTTP/1.1" 200 29908 "http://photolab.elmer.uaf.edu/store/people.html" "Mozilla/4.0 (compatible; MSIE 6.0; Windows NT 5.1; SV1; .NET CLR 1.0.3705)"
84.179.181.177 - - [16/Jul/2005:04:37:33 -0800] "GET /store/photos/smalljpegs/(026)1997-0165-00010.jpg HTTP/1.1" 200 26695 "http://photolab.elmer.uaf.edu/store/people.html" "Mozilla/4.0 (compatible; MSIE 6.0; Windows NT 5.1; SV1; .NET CLR 1.0.3705)"
84.179.181.177 - - [16/Jul/2005:04:37:33 -0800] "GET /store/photos/smalljpegs/(040)1958-1026-01700.jpg HTTP/1.1" 200 30523 "http://photolab.elmer.uaf.edu/store/people.html" "Mozilla/4.0 (compatible; MSIE 6.0; Windows NT 5.1; SV1; .NET CLR 1.0.3705)"
84.179.181.177 - - [16/Jul/2005:04:37:34 -0800] "GET /store/photos/smalljpegs/(055)1966-0054-00104.jpg HTTP/1.1" 200 35929 "http://photolab.elmer.uaf.edu/store/people.html" "Mozilla/4.0 (compatible; MSIE 6.0; Windows NT 5.1; SV1; .NET CLR 1.0.3705)"
84.179.181.177 - - [16/Jul/2005:04:37:35 -0800] "GET /store/photos.html HTTP/1.1" 200 6569 "http://photolab.elmer.uaf.edu/store/people.html" "Mozilla/4.0 (compatible; MSIE 6.0; Windows NT 5.1; SV1; .NET CLR 1.0.3705)"
84.179.181.177 - - [16/Jul/2005:04:37:35 -0800] "GET /index_files/bluebear.gif HTTP/1.1" 200 1263 "http://photolab.elmer.uaf.edu/store/photos.html" "Mozilla/4.0 (compatible; MSIE 6.0; Windows NT 5.1; SV1; .NET CLR 1.0.3705)"
84.179.181.177 - - [16/Jul/2005:04:37:36 -0800] "GET /index_files/sitemap.gif HTTP/1.1" 200 1503 "http://photolab.elmer.uaf.edu/store/photos.html" "Mozilla/4.0 (compatible; MSIE 6.0; Windows NT 5.1; SV1; .NET CLR 1.0.3705)"
204.211.95.107 - - [16/Jul/2005:04:37:51 -0800] "GET /index_files/store.css HTTP/1.1" 200 2756 "http://photolab.elmer.uaf.edu/store/people.html" "Mozilla/4.0 (compatible; MSIE 6.0; Windows NT 5.1; SV1)"
204.211.95.107 - - [16/Jul/2005:04:37:50 -0800] "GET /store/people.html HTTP/1.1" 200 21075 "http://images.google.com/imgres?imgurl=http://photolab.elmer.uaf.edu/store/photos/largejpegs/(105)1989-0166-00522a.jpg&imgrefurl=http://photolab.elmer.uaf.edu/store/people.html&h=692&w=1000&sz=100&tbnid=mRifvhDN3-gJ:&tbnh=103&tbnw=149&hl=en&start=17&prev=/images%3Fq%3Dold%2Bwoman%26svnum%3D10%26hl%3Den%26lr%3D%26rls%3DGGLD,GGLD:2004-01,GGLD:en" "Mozilla/4.0 (compatible; MSIE 6.0; Windows NT 5.1; SV1)"
204.211.95.107 - - [16/Jul/2005:04:37:51 -0800] "GET /index_files/titlebrown.jpg HTTP/1.1" 200 5451 "http://photolab.elmer.uaf.edu/store/people.html" "Mozilla/4.0 (compatible; MSIE 6.0; Windows NT 5.1; SV1)"
204.211.95.107 - - [16/Jul/2005:04:37:51 -0800] "GET /index_files/aprbrown.jpg HTTP/1.1" 200 5509 "http://photolab.elmer.uaf.edu/store/people.html" "Mozilla/4.0 (compatible; MSIE 6.0; Windows NT 5.1; SV1)"
204.211.95.107 - - [16/Jul/2005:04:37:51 -0800] "GET /index_files/storetitle.gif HTTP/1.1" 200 14535 "http://photolab.elmer.uaf.edu/store/people.html" "Mozilla/4.0 (compatible; MSIE 6.0; Windows NT 5.1; SV1)"
212.234.243.1 - - [16/Jul/2005:04:37:51 -0800] "GET /store/women.html HTTP/1.1" 200 11325 "http://images.google.fr/imgres?imgurl=http://photolab.elmer.uaf.edu/store/photos/largejpegs/(088)1989-0166-00496a.jpg&imgrefurl=http://photolab.elmer.uaf.edu/store/women.html&h=576&w=1000&sz=112&tbnid=KcfiOlVnKhwJ:&tbnh=85&tbnw=149&hl=fr&start=18&prev=/images%3Fq%3Dshooting%2Bwomen%26svnum%3D10%26hl%3Dfr%26lr%3D%26sa%3DN" "Mozilla/4.0 (compatible; MSIE 6.0; Windows NT 5.0; .NET CLR 1.1.4322)"
84.179.181.177 - - [16/Jul/2005:04:37:52 -0800] "GET /store/women.html HTTP/1.1" 200 11325 "http://photolab.elmer.uaf.edu/store/photos.html" "Mozilla/4.0 (compatible; MSIE 6.0; Windows NT 5.1; SV1; .NET CLR 1.0.3705)"
212.234.243.1 - - [16/Jul/2005:04:37:52 -0800] "GET /index_files/store.css HTTP/1.1" 200 2756 "http://photolab.elmer.uaf.edu/store/women.html" "Mozilla/4.0 (compatible; MSIE 6.0; Windows NT 5.0; .NET CLR 1.1.4322)"
212.234.243.1 - - [16/Jul/2005:04:37:52 -0800] "GET /index_files/aprbrown.jpg HTTP/1.1" 200 5509 "http://photolab.elmer.uaf.edu/store/women.html" "Mozilla/4.0 (compatible; MSIE 6.0; Windows NT 5.0; .NET CLR 1.1.4322)"
84.179.181.177 - - [16/Jul/2005:04:37:53 -0800] "GET /store/photos/smalljpegs/(014)1992-0016-00069.jpg HTTP/1.1" 200 35905 "http://photolab.elmer.uaf.edu/store/women.html" "Mozilla/4.0 (compatible; MSIE 6.0; Windows NT 5.1; SV1; .NET CLR 1.0.3705)"
84.179.181.177 - - [16/Jul/2005:04:37:53 -0800] "GET /store/photos/smalljpegs/(006)1970-0058-00507.jpg HTTP/1.1" 200 34057 "http://photolab.elmer.uaf.edu/store/women.html" "Mozilla/4.0 (compatible; MSIE 6.0; Windows NT 5.1; SV1; .NET CLR 1.0.3705)"
204.211.95.107 - - [16/Jul/2005:04:37:51 -0800] "GET /store/photos/largejpegs/(105)1989-0166-00522a.jpg HTTP/1.1" 200 101451 "http://images.google.com/imgres?imgurl=http://photolab.elmer.uaf.edu/store/photos/largejpegs/(105)1989-0166-00522a.jpg&imgrefurl=http://photolab.elmer.uaf.edu/store/people.html&h=692&w=1000&sz=100&tbnid=mRifvhDN3-gJ:&tbnh=103&tbnw=149&hl=en&prev=/images%3Fq%3Dold%2Bwoman%26svnum%3D10%26hl%3Den%26lr%3D%26rls%3DGGLD,GGLD:2004-01,GGLD:en&frame=small" "Mozilla/4.0 (compatible; MSIE 6.0; Windows NT 5.1; SV1)"
84.179.181.177 - - [16/Jul/2005:04:37:55 -0800] "GET /store/photos/smalljpegs/(043)1964-0029-00313.jpg HTTP/1.1" 200 32327 "http://photolab.elmer.uaf.edu/store/women.html" "Mozilla/4.0 (compatible; MSIE 6.0; Windows NT 5.1; SV1; .NET CLR 1.0.3705)"
84.179.181.177 - - [16/Jul/2005:04:37:55 -0800] "GET /store/photos/smalljpegs/(069)1976-0092-00075.jpg HTTP/1.1" 200 25519 "http://photolab.elmer.uaf.edu/store/women.html" "Mozilla/4.0 (compatible; MSIE 6.0; Windows NT 5.1; SV1; .NET CLR 1.0.3705)"
84.179.181.177 - - [16/Jul/2005:04:37:56 -0800] "GET /store/photos/smalljpegs/(088)1989-0166-00496a.jpg HTTP/1.1" 200 31266 "http://photolab.elmer.uaf.edu/store/women.html" "Mozilla/4.0 (compatible; MSIE 6.0; Windows NT 5.1; SV1; .NET CLR 1.0.3705)"
204.211.95.107 - - [16/Jul/2005:04:37:59 -0800] "GET /index_files/aprbrown.jpg HTTP/1.1" 200 5509 "http://photolab.elmer.uaf.edu/store/people.html" "Mozilla/4.0 (compatible; MSIE 6.0; Windows NT 5.1; SV1)"
84.179.181.177 - - [16/Jul/2005:04:37:57 -0800] "GET /store/photos/smalljpegs/(140)1969-0092-00826.jpg HTTP/1.1" 200 46250 "http://photolab.elmer.uaf.edu/store/women.html" "Mozilla/4.0 (compatible; MSIE 6.0; Windows NT 5.1; SV1; .NET CLR 1.0.3705)"
84.179.181.177 - - [16/Jul/2005:04:38:01 -0800] "GET /store/photos/smalljpegs/(146)1966-0054-00051.jpg HTTP/1.1" 200 27693 "http://photolab.elmer.uaf.edu/store/women.html" "Mozilla/4.0 (compatible; MSIE 6.0; Windows NT 5.1; SV1; .NET CLR 1.0.3705)"
84.179.181.177 - - [16/Jul/2005:04:38:01 -0800] "GET /store/photos/smalljpegs/(143)1958-1026-01643.jpg HTTP/1.1" 200 30139 "http://photolab.elmer.uaf.edu/store/women.html" "Mozilla/4.0 (compatible; MSIE 6.0; Windows NT 5.1; SV1; .NET CLR 1.0.3705)"
84.179.181.177 - - [16/Jul/2005:04:38:02 -0800] "GET /store/photos/smalljpegs/(154)1958-1026-00899.jpg HTTP/1.1" 200 29503 "http://photolab.elmer.uaf.edu/store/women.html" "Mozilla/4.0 (compatible; MSIE 6.0; Windows NT 5.1; SV1; .NET CLR 1.0.3705)"
84.179.181.177 - - [16/Jul/2005:04:38:13 -0800] "GET /store/photos/smalljpegs/(040)1958-1026-01700.jpg HTTP/1.1" 206 14139 "http://photolab.elmer.uaf.edu/store/people.html" "Mozilla/4.0 (compatible; MSIE 6.0; Windows NT 5.1; SV1; .NET CLR 1.0.3705)"
84.179.181.177 - - [16/Jul/2005:04:38:13 -0800] "GET /store/photos/smalljpegs/(055)1966-0054-00104.jpg HTTP/1.1" 206 27737 "http://photolab.elmer.uaf.edu/store/people.html" "Mozilla/4.0 (compatible; MSIE 6.0; Windows NT 5.1; SV1; .NET CLR 1.0.3705)"
66.151.181.10 - - [16/Jul/2005:04:38:49 -0800] "GET /bw.html HTTP/1.0" 404 303 "-" "FAST-WebCrawler/3.8/Scirus (scirus-crawler@fast.no; http://www.scirus.com/srsapp/contactus/)"
66.151.181.12 - - [16/Jul/2005:04:39:02 -0800] "GET /gallery/photos/20020087/0/pages/2002-0087-00080.html HTTP/1.1" 200 1767 "http://photolab.elmer.uaf.edu/gallery/photos/20020087/0/index_7.html" "FAST MetaWeb Crawler (helpdesk at fastsearch dot com)"
66.151.181.10 - - [16/Jul/2005:04:39:08 -0800] "GET /35mm.html HTTP/1.0" 404 305 "-" "FAST-WebCrawler/3.8/Scirus (scirus-crawler@fast.no; http://www.scirus.com/srsapp/contactus/)"
66.151.181.12 - - [16/Jul/2005:04:40:38 -0800] "GET /gallery/photos/20020087/0/pages/2002-0087-00081.html HTTP/1.1" 200 1767 "http://photolab.elmer.uaf.edu/gallery/photos/20020087/0/index_7.html" "FAST MetaWeb Crawler (helpdesk at fastsearch dot com)"
66.151.181.12 - - [16/Jul/2005:04:40:56 -0800] "GET /gallery/photos/20020087/0/pages/2002-0087-00082.html HTTP/1.1" 200 1767 "http://photolab.elmer.uaf.edu/gallery/photos/20020087/0/index_7.html" "FAST MetaWeb Crawler (helpdesk at fastsearch dot com)"
68.142.250.52 - - [16/Jul/2005:04:41:38 -0800] "GET /gallery/20030136?C=S&O=A HTTP/1.0" 404 312 "-" "Mozilla/5.0 (compatible; Yahoo! Slurp; http://help.yahoo.com/help/us/ysearch/slurp)"
66.151.181.12 - - [16/Jul/2005:04:43:26 -0800] "GET /gallery/photos/20020087/0/pages/2002-0087-00084.html HTTP/1.1" 200 1767 "http://photolab.elmer.uaf.edu/gallery/photos/20020087/0/index_7.html" "FAST MetaWeb Crawler (helpdesk at fastsearch dot com)"
66.151.181.12 - - [16/Jul/2005:04:43:26 -0800] "GET /gallery/photos/20020087/0/pages/2002-0087-00083.html HTTP/1.1" 200 1767 "http://photolab.elmer.uaf.edu/gallery/photos/20020087/0/index_7.html" "FAST MetaWeb Crawler (helpdesk at fastsearch dot com)"
66.151.181.12 - - [16/Jul/2005:04:44:27 -0800] "GET /gallery/photos/20020087/1/index_8.html HTTP/1.1" 200 7251 "http://photolab.elmer.uaf.edu/gallery/photos/20020087/1/index_7.html" "FAST MetaWeb Crawler (helpdesk at fastsearch dot com)"
66.151.181.12 - - [16/Jul/2005:04:46:12 -0800] "GET /gallery/photos/20020087/1/pages/2002-0087-00172.html HTTP/1.1" 200 1767 "http://photolab.elmer.uaf.edu/gallery/photos/20020087/1/index_7.html" "FAST MetaWeb Crawler (helpdesk at fastsearch dot com)"
66.151.181.12 - - [16/Jul/2005:04:46:36 -0800] "GET /gallery/photos/20020087/1/pages/2002-0087-00173.html HTTP/1.1" 200 1767 "http://photolab.elmer.uaf.edu/gallery/photos/20020087/1/index_7.html" "FAST MetaWeb Crawler (helpdesk at fastsearch dot com)"
66.151.181.12 - - [16/Jul/2005:04:47:30 -0800] "GET /gallery/photos/20020087/1/pages/2002-0087-00174.html HTTP/1.1" 200 1767 "http://photolab.elmer.uaf.edu/gallery/photos/20020087/1/index_7.html" "FAST MetaWeb Crawler (helpdesk at fastsearch dot com)"
66.151.181.12 - - [16/Jul/2005:04:48:27 -0800] "GET /gallery/photos/20020087/1/pages/2002-0087-00175.html HTTP/1.1" 200 1767 "http://photolab.elmer.uaf.edu/gallery/photos/20020087/1/index_7.html" "FAST MetaWeb Crawler (helpdesk at fastsearch dot com)"
66.151.181.12 - - [16/Jul/2005:04:49:30 -0800] "GET /gallery/photos/20020087/1/pages/2002-0087-00176.html HTTP/1.1" 200 1767 "http://photolab.elmer.uaf.edu/gallery/photos/20020087/1/index_7.html" "FAST MetaWeb Crawler (helpdesk at fastsearch dot com)"
66.151.181.12 - - [16/Jul/2005:04:50:28 -0800] "GET /gallery/photos/20020087/1/pages/2002-0087-00177.html HTTP/1.1" 200 1767 "http://photolab.elmer.uaf.edu/gallery/photos/20020087/1/index_7.html" "FAST MetaWeb Crawler (helpdesk at fastsearch dot com)"
66.151.181.12 - - [16/Jul/2005:04:51:27 -0800] "GET /gallery/photos/20020087/1/pages/2002-0087-00178.html HTTP/1.1" 200 1767 "http://photolab.elmer.uaf.edu/gallery/photos/20020087/1/index_7.html" "FAST MetaWeb Crawler (helpdesk at fastsearch dot com)"
66.151.181.12 - - [16/Jul/2005:04:52:27 -0800] "GET /gallery/photos/20020087/1/pages/2002-0087-00179.html HTTP/1.1" 200 1767 "http://photolab.elmer.uaf.edu/gallery/photos/20020087/1/index_7.html" "FAST MetaWeb Crawler (helpdesk at fastsearch dot com)"
66.151.181.12 - - [16/Jul/2005:04:53:27 -0800] "GET /gallery/photos/20020087/1/pages/2002-0087-00180.html HTTP/1.1" 200 1767 "http://photolab.elmer.uaf.edu/gallery/photos/20020087/1/index_7.html" "FAST MetaWeb Crawler (helpdesk at fastsearch dot com)"
207.46.98.84 - - [16/Jul/2005:04:53:45 -0800] "GET /gallery/photos/20030024/3/pages/2003-0024-00304.html HTTP/1.0" 200 1758 "-" "msnbot/1.0 (+http://search.msn.com/msnbot.htm)"
66.151.181.12 - - [16/Jul/2005:04:54:27 -0800] "GET /gallery/photos/20020087/1/pages/2002-0087-00181.html HTTP/1.1" 200 1767 "http://photolab.elmer.uaf.edu/gallery/photos/20020087/1/index_7.html" "FAST MetaWeb Crawler (helpdesk at fastsearch dot com)"
66.151.181.12 - - [16/Jul/2005:04:55:27 -0800] "GET /gallery/photos/20020087/1/pages/2002-0087-00182.html HTTP/1.1" 200 1767 "http://photolab.elmer.uaf.edu/gallery/photos/20020087/1/index_7.html" "FAST MetaWeb Crawler (helpdesk at fastsearch dot com)"
66.151.181.12 - - [16/Jul/2005:04:56:27 -0800] "GET /gallery/photos/20020087/1/pages/2002-0087-00183.html HTTP/1.1" 200 1767 "http://photolab.elmer.uaf.edu/gallery/photos/20020087/1/index_7.html" "FAST MetaWeb Crawler (helpdesk at fastsearch dot com)"
66.151.181.12 - - [16/Jul/2005:04:57:27 -0800] "GET /gallery/photos/20020087/2/index_8.html HTTP/1.1" 200 7251 "http://photolab.elmer.uaf.edu/gallery/photos/20020087/2/index_7.html" "FAST MetaWeb Crawler (helpdesk at fastsearch dot com)"
66.151.181.12 - - [16/Jul/2005:05:00:00 -0800] "GET /gallery/photos/20020087/2/pages/2002-0087-00272.html HTTP/1.1" 200 1767 "http://photolab.elmer.uaf.edu/gallery/photos/20020087/2/index_7.html" "FAST MetaWeb Crawler (helpdesk at fastsearch dot com)"
66.151.181.12 - - [16/Jul/2005:05:00:00 -0800] "GET /gallery/photos/20020087/2/pages/2002-0087-00273.html HTTP/1.1" 200 1767 "http://photolab.elmer.uaf.edu/gallery/photos/20020087/2/index_7.html" "FAST MetaWeb Crawler (helpdesk at fastsearch dot com)"
66.151.181.12 - - [16/Jul/2005:05:01:09 -0800] "GET /gallery/photos/20020087/2/pages/2002-0087-00274.html HTTP/1.1" 200 1767 "http://photolab.elmer.uaf.edu/gallery/photos/20020087/2/index_7.html" "FAST MetaWeb Crawler (helpdesk at fastsearch dot com)"
217.245.20.205 - - [16/Jul/2005:05:03:17 -0800] "GET /store/people.html HTTP/1.1" 200 21075 "http://images.google.de/imgres?imgurl=http://photolab.elmer.uaf.edu/store/photos/largejpegs/(105)1989-0166-00522a.jpg&imgrefurl=http://photolab.elmer.uaf.edu/store/people.html&h=692&w=1000&sz=100&tbnid=mRifvhDN3-gJ:&tbnh=103&tbnw=149&hl=de&start=9&prev=/images%3Fq%3Dold%2Bwoman%26imgsz%3Dxxlarge%26svnum%3D10%26hl%3Dde%26lr%3D" "Mozilla/4.0 (compatible; MSIE 6.0; Windows NT 5.1; Q312461; SV1)"
217.245.20.205 - - [16/Jul/2005:05:03:39 -0800] "GET /store/photos/largejpegs/(105)1989-0166-00522a.jpg HTTP/1.1" 200 101451 "http://images.google.de/imgres?imgurl=http://photolab.elmer.uaf.edu/store/photos/largejpegs/(105)1989-0166-00522a.jpg&imgrefurl=http://photolab.elmer.uaf.edu/store/people.html&h=692&w=1000&sz=100&tbnid=mRifvhDN3-gJ:&tbnh=103&tbnw=149&hl=de&prev=/images%3Fq%3Dold%2Bwoman%26imgsz%3Dxxlarge%26svnum%3D10%26hl%3Dde%26lr%3D&frame=small" "Mozilla/4.0 (compatible; MSIE 6.0; Windows NT 5.1; Q312461; SV1)"
66.151.181.12 - - [16/Jul/2005:05:05:09 -0800] "GET /gallery/photos/20020087/2/pages/2002-0087-00275.html HTTP/1.1" 200 1767 "http://photolab.elmer.uaf.edu/gallery/photos/20020087/2/index_7.html" "FAST MetaWeb Crawler (helpdesk at fastsearch dot com)"
66.151.181.12 - - [16/Jul/2005:05:05:19 -0800] "GET /gallery/photos/20020087/2/pages/2002-0087-00276.html HTTP/1.1" 200 1767 "http://photolab.elmer.uaf.edu/gallery/photos/20020087/2/index_7.html" "FAST MetaWeb Crawler (helpdesk at fastsearch dot com)"
66.151.181.12 - - [16/Jul/2005:05:06:10 -0800] "GET /gallery/photos/20020087/2/pages/2002-0087-00277.html HTTP/1.1" 200 1767 "http://photolab.elmer.uaf.edu/gallery/photos/20020087/2/index_7.html" "FAST MetaWeb Crawler (helpdesk at fastsearch dot com)"
68.142.249.20 - - [16/Jul/2005:05:07:09 -0800] "GET /gallery/20000197 HTTP/1.0" 404 312 "-" "Mozilla/5.0 (compatible; Yahoo! Slurp; http://help.yahoo.com/help/us/ysearch/slurp)"
66.151.181.12 - - [16/Jul/2005:05:07:10 -0800] "GET /gallery/photos/20020087/2/pages/2002-0087-00278.html HTTP/1.1" 200 1767 "http://photolab.elmer.uaf.edu/gallery/photos/20020087/2/index_7.html" "FAST MetaWeb Crawler (helpdesk at fastsearch dot com)"
66.151.181.12 - - [16/Jul/2005:05:08:13 -0800] "GET /gallery/photos/20020087/2/pages/2002-0087-00279.html HTTP/1.1" 200 1767 "http://photolab.elmer.uaf.edu/gallery/photos/20020087/2/index_7.html" "FAST MetaWeb Crawler (helpdesk at fastsearch dot com)"
66.151.181.12 - - [16/Jul/2005:05:09:19 -0800] "GET /gallery/photos/20020087/2/pages/2002-0087-00280.html HTTP/1.1" 200 1767 "http://photolab.elmer.uaf.edu/gallery/photos/20020087/2/index_7.html" "FAST MetaWeb Crawler (helpdesk at fastsearch dot com)"
66.151.181.12 - - [16/Jul/2005:05:10:19 -0800] "GET /gallery/photos/20020087/2/pages/2002-0087-00281.html HTTP/1.1" 200 1767 "http://photolab.elmer.uaf.edu/gallery/photos/20020087/2/index_7.html" "FAST MetaWeb Crawler (helpdesk at fastsearch dot com)"
66.151.181.12 - - [16/Jul/2005:05:11:13 -0800] "GET /gallery/photos/20020087/2/pages/2002-0087-00282.html HTTP/1.1" 200 1767 "http://photolab.elmer.uaf.edu/gallery/photos/20020087/2/index_7.html" "FAST MetaWeb Crawler (helpdesk at fastsearch dot com)"
66.151.181.12 - - [16/Jul/2005:05:12:19 -0800] "GET /gallery/photos/20020087/2/pages/2002-0087-00283.html HTTP/1.1" 200 1767 "http://photolab.elmer.uaf.edu/gallery/photos/20020087/2/index_7.html" "FAST MetaWeb Crawler (helpdesk at fastsearch dot com)"
66.151.181.12 - - [16/Jul/2005:05:13:10 -0800] "GET /gallery/photos/20020087/3/index_8.html HTTP/1.1" 200 7261 "http://photolab.elmer.uaf.edu/gallery/photos/20020087/3/index_7.html" "FAST MetaWeb Crawler (helpdesk at fastsearch dot com)"
66.151.181.12 - - [16/Jul/2005:05:14:13 -0800] "GET /gallery/photos/20020087/3/pages/2002-0087-00371.html HTTP/1.1" 200 1767 "http://photolab.elmer.uaf.edu/gallery/photos/20020087/3/index_7.html" "FAST MetaWeb Crawler (helpdesk at fastsearch dot com)"
66.151.181.12 - - [16/Jul/2005:05:15:10 -0800] "GET /gallery/photos/20020087/3/pages/2002-0087-00372.html HTTP/1.1" 200 1767 "http://photolab.elmer.uaf.edu/gallery/photos/20020087/3/index_7.html" "FAST MetaWeb Crawler (helpdesk at fastsearch dot com)"
66.151.181.12 - - [16/Jul/2005:05:16:19 -0800] "GET /gallery/photos/20020087/3/pages/2002-0087-00373.html HTTP/1.1" 200 1767 "http://photolab.elmer.uaf.edu/gallery/photos/20020087/3/index_7.html" "FAST MetaWeb Crawler (helpdesk at fastsearch dot com)"
66.151.181.12 - - [16/Jul/2005:05:17:55 -0800] "GET /gallery/photos/20020087/3/pages/2002-0087-00374.html HTTP/1.1" 200 1767 "http://photolab.elmer.uaf.edu/gallery/photos/20020087/3/index_7.html" "FAST MetaWeb Crawler (helpdesk at fastsearch dot com)"
66.151.181.12 - - [16/Jul/2005:05:18:19 -0800] "GET /gallery/photos/20020087/3/pages/2002-0087-00375.html HTTP/1.1" 200 1767 "http://photolab.elmer.uaf.edu/gallery/photos/20020087/3/index_7.html" "FAST MetaWeb Crawler (helpdesk at fastsearch dot com)"
68.142.251.145 - - [16/Jul/2005:05:18:31 -0800] "GET /robots.txt HTTP/1.0" 200 96 "-" "Mozilla/5.0 (compatible; Yahoo! Slurp; http://help.yahoo.com/help/us/ysearch/slurp)"
68.142.249.24 - - [16/Jul/2005:05:18:32 -0800] "GET /gallery/19940096/0 HTTP/1.0" 404 314 "-" "Mozilla/5.0 (compatible; Yahoo! Slurp; http://help.yahoo.com/help/us/ysearch/slurp)"
66.151.181.12 - - [16/Jul/2005:05:19:10 -0800] "GET /gallery/photos/20020087/3/pages/2002-0087-00376.html HTTP/1.1" 200 1767 "http://photolab.elmer.uaf.edu/gallery/photos/20020087/3/index_7.html" "FAST MetaWeb Crawler (helpdesk at fastsearch dot com)"
68.142.249.78 - - [16/Jul/2005:05:19:45 -0800] "GET /gallery/19700011/index_2.html HTTP/1.0" 404 325 "-" "Mozilla/5.0 (compatible; Yahoo! Slurp; http://help.yahoo.com/help/us/ysearch/slurp)"
66.151.181.12 - - [16/Jul/2005:05:20:10 -0800] "GET /gallery/photos/20020087/3/pages/2002-0087-00377.html HTTP/1.1" 200 1767 "http://photolab.elmer.uaf.edu/gallery/photos/20020087/3/index_7.html" "FAST MetaWeb Crawler (helpdesk at fastsearch dot com)"
66.151.181.12 - - [16/Jul/2005:05:21:10 -0800] "GET /gallery/photos/20020087/3/pages/2002-0087-00378.html HTTP/1.1" 200 1767 "http://photolab.elmer.uaf.edu/gallery/photos/20020087/3/index_7.html" "FAST MetaWeb Crawler (helpdesk at fastsearch dot com)"
66.151.181.12 - - [16/Jul/2005:05:22:10 -0800] "GET /gallery/photos/20020087/3/pages/2002-0087-00379.html HTTP/1.1" 200 1767 "http://photolab.elmer.uaf.edu/gallery/photos/20020087/3/index_7.html" "FAST MetaWeb Crawler (helpdesk at fastsearch dot com)"
66.151.181.12 - - [16/Jul/2005:05:23:10 -0800] "GET /gallery/photos/20020087/3/pages/2002-0087-00380.html HTTP/1.1" 200 1767 "http://photolab.elmer.uaf.edu/gallery/photos/20020087/3/index_7.html" "FAST MetaWeb Crawler (helpdesk at fastsearch dot com)"
66.151.181.12 - - [16/Jul/2005:05:25:43 -0800] "GET /gallery/photos/20020087/3/pages/2002-0087-00381.html HTTP/1.1" 200 1767 "http://photolab.elmer.uaf.edu/gallery/photos/20020087/3/index_7.html" "FAST MetaWeb Crawler (helpdesk at fastsearch dot com)"
66.151.181.12 - - [16/Jul/2005:05:25:53 -0800] "GET /gallery/photos/20020087/3/pages/2002-0087-00382.html HTTP/1.1" 200 1767 "http://photolab.elmer.uaf.edu/gallery/photos/20020087/3/index_7.html" "FAST MetaWeb Crawler (helpdesk at fastsearch dot com)"
207.46.98.84 - - [16/Jul/2005:05:25:54 -0800] "GET /gallery/photos/20030024/3/pages/2003-0024-00308.html HTTP/1.0" 200 1758 "-" "msnbot/1.0 (+http://search.msn.com/msnbot.htm)"
66.151.181.12 - - [16/Jul/2005:05:26:53 -0800] "GET /gallery/photos/20020087/4/index_8.html HTTP/1.1" 200 7251 "http://photolab.elmer.uaf.edu/gallery/photos/20020087/4/index_7.html" "FAST MetaWeb Crawler (helpdesk at fastsearch dot com)"
66.151.181.12 - - [16/Jul/2005:05:28:29 -0800] "GET /gallery/photos/20020087/4/pages/2002-0087-00472.html HTTP/1.1" 200 1767 "http://photolab.elmer.uaf.edu/gallery/photos/20020087/4/index_7.html" "FAST MetaWeb Crawler (helpdesk at fastsearch dot com)"
207.46.98.84 - - [16/Jul/2005:05:28:34 -0800] "GET /gallery/photos/19990293/0/pages/1999-0293-00002.html HTTP/1.0" 200 1766 "-" "msnbot/1.0 (+http://search.msn.com/msnbot.htm)"
66.151.181.12 - - [16/Jul/2005:05:28:44 -0800] "GET /gallery/photos/20020087/4/pages/2002-0087-00473.html HTTP/1.1" 200 1767 "http://photolab.elmer.uaf.edu/gallery/photos/20020087/4/index_7.html" "FAST MetaWeb Crawler (helpdesk at fastsearch dot com)"
66.151.181.12 - - [16/Jul/2005:05:29:53 -0800] "GET /gallery/photos/20020087/4/pages/2002-0087-00474.html HTTP/1.1" 200 1767 "http://photolab.elmer.uaf.edu/gallery/photos/20020087/4/index_7.html" "FAST MetaWeb Crawler (helpdesk at fastsearch dot com)"
207.46.98.84 - - [16/Jul/2005:05:30:17 -0800] "GET /gallery/photos/20020032/pages/2002-0032-00008.html HTTP/1.0" 200 1881 "-" "msnbot/1.0 (+http://search.msn.com/msnbot.htm)"
66.151.181.12 - - [16/Jul/2005:05:30:46 -0800] "GET /gallery/photos/20020087/4/pages/2002-0087-00475.html HTTP/1.1" 200 1767 "http://photolab.elmer.uaf.edu/gallery/photos/20020087/4/index_7.html" "FAST MetaWeb Crawler (helpdesk at fastsearch dot com)"
66.151.181.12 - - [16/Jul/2005:05:31:44 -0800] "GET /gallery/photos/20020087/4/pages/2002-0087-00476.html HTTP/1.1" 200 1767 "http://photolab.elmer.uaf.edu/gallery/photos/20020087/4/index_7.html" "FAST MetaWeb Crawler (helpdesk at fastsearch dot com)"
66.151.181.12 - - [16/Jul/2005:05:32:44 -0800] "GET /gallery/photos/20020087/4/pages/2002-0087-00477.html HTTP/1.1" 200 1767 "http://photolab.elmer.uaf.edu/gallery/photos/20020087/4/index_7.html" "FAST MetaWeb Crawler (helpdesk at fastsearch dot com)"
207.46.98.84 - - [16/Jul/2005:05:33:45 -0800] "GET /gallery/photos/19950244/06/pages/1995-0244-00607.html HTTP/1.0" 200 1886 "-" "msnbot/1.0 (+http://search.msn.com/msnbot.htm)"
66.151.181.12 - - [16/Jul/2005:05:33:47 -0800] "GET /gallery/photos/20020087/4/pages/2002-0087-00478.html HTTP/1.1" 200 1768 "http://photolab.elmer.uaf.edu/gallery/photos/20020087/4/index_7.html" "FAST MetaWeb Crawler (helpdesk at fastsearch dot com)"
66.151.181.12 - - [16/Jul/2005:05:34:44 -0800] "GET /gallery/photos/20020087/4/pages/2002-0087-00479A.html HTTP/1.1" 200 1773 "http://photolab.elmer.uaf.edu/gallery/photos/20020087/4/index_7.html" "FAST MetaWeb Crawler (helpdesk at fastsearch dot com)"
207.46.98.84 - - [16/Jul/2005:05:34:54 -0800] "GET /gallery/photos/19680041/2/pages/1968-0041-00208.htm HTTP/1.0" 200 1886 "-" "msnbot/1.0 (+http://search.msn.com/msnbot.htm)"
66.151.181.12 - - [16/Jul/2005:05:35:47 -0800] "GET /gallery/photos/20020087/4/pages/2002-0087-00479B.html HTTP/1.1" 200 1773 "http://photolab.elmer.uaf.edu/gallery/photos/20020087/4/index_7.html" "FAST MetaWeb Crawler (helpdesk at fastsearch dot com)"
207.46.98.84 - - [16/Jul/2005:05:35:53 -0800] "GET /gallery/photos/19890199/1/pages/1989-0199-00107.html HTTP/1.0" 200 1875 "-" "msnbot/1.0 (+http://search.msn.com/msnbot.htm)"
66.151.181.12 - - [16/Jul/2005:05:36:47 -0800] "GET /gallery/photos/20020087/4/pages/2002-0087-00480.html HTTP/1.1" 200 1768 "http://photolab.elmer.uaf.edu/gallery/photos/20020087/4/index_7.html" "FAST MetaWeb Crawler (helpdesk at fastsearch dot com)"
66.151.181.12 - - [16/Jul/2005:05:37:44 -0800] "GET /gallery/photos/20020087/4/pages/2002-0087-00481.html HTTP/1.1" 200 1767 "http://photolab.elmer.uaf.edu/gallery/photos/20020087/4/index_7.html" "FAST MetaWeb Crawler (helpdesk at fastsearch dot com)"
66.151.181.12 - - [16/Jul/2005:05:38:44 -0800] "GET /gallery/photos/20020087/4/pages/2002-0087-00482.html HTTP/1.1" 200 1767 "http://photolab.elmer.uaf.edu/gallery/photos/20020087/4/index_7.html" "FAST MetaWeb Crawler (helpdesk at fastsearch dot com)"
66.151.181.12 - - [16/Jul/2005:05:39:44 -0800] "GET /gallery/photos/20020087/5/index_8.html HTTP/1.1" 200 7251 "http://photolab.elmer.uaf.edu/gallery/photos/20020087/5/index_7.html" "FAST MetaWeb Crawler (helpdesk at fastsearch dot com)"
66.151.181.12 - - [16/Jul/2005:05:40:44 -0800] "GET /gallery/photos/20020087/5/pages/2002-0087-00572.html HTTP/1.1" 200 1767 "http://photolab.elmer.uaf.edu/gallery/photos/20020087/5/index_7.html" "FAST MetaWeb Crawler (helpdesk at fastsearch dot com)"
66.151.181.12 - - [16/Jul/2005:05:43:17 -0800] "GET /gallery/photos/20020087/5/pages/2002-0087-00573.html HTTP/1.1" 200 1767 "http://photolab.elmer.uaf.edu/gallery/photos/20020087/5/index_7.html" "FAST MetaWeb Crawler (helpdesk at fastsearch dot com)"
66.151.181.12 - - [16/Jul/2005:05:43:17 -0800] "GET /gallery/photos/20020087/5/pages/2002-0087-00574.html HTTP/1.1" 200 1767 "http://photolab.elmer.uaf.edu/gallery/photos/20020087/5/index_7.html" "FAST MetaWeb Crawler (helpdesk at fastsearch dot com)"
66.151.181.12 - - [16/Jul/2005:05:44:18 -0800] "GET /gallery/photos/20020087/5/pages/2002-0087-00575.html HTTP/1.1" 200 1767 "http://photolab.elmer.uaf.edu/gallery/photos/20020087/5/index_7.html" "FAST MetaWeb Crawler (helpdesk at fastsearch dot com)"
66.151.181.12 - - [16/Jul/2005:05:45:17 -0800] "GET /gallery/photos/20020087/5/pages/2002-0087-00576.html HTTP/1.1" 200 1767 "http://photolab.elmer.uaf.edu/gallery/photos/20020087/5/index_7.html" "FAST MetaWeb Crawler (helpdesk at fastsearch dot com)"
66.151.181.12 - - [16/Jul/2005:05:46:17 -0800] "GET /gallery/photos/20020087/5/pages/2002-0087-00577.html HTTP/1.1" 200 1767 "http://photolab.elmer.uaf.edu/gallery/photos/20020087/5/index_7.html" "FAST MetaWeb Crawler (helpdesk at fastsearch dot com)"
66.151.181.12 - - [16/Jul/2005:05:47:17 -0800] "GET /gallery/photos/20020087/5/pages/2002-0087-00578.html HTTP/1.1" 200 1767 "http://photolab.elmer.uaf.edu/gallery/photos/20020087/5/index_7.html" "FAST MetaWeb Crawler (helpdesk at fastsearch dot com)"
66.151.181.12 - - [16/Jul/2005:05:48:17 -0800] "GET /gallery/photos/20020087/5/pages/2002-0087-00579.html HTTP/1.1" 200 1767 "http://photolab.elmer.uaf.edu/gallery/photos/20020087/5/index_7.html" "FAST MetaWeb Crawler (helpdesk at fastsearch dot com)"
66.151.181.12 - - [16/Jul/2005:05:49:26 -0800] "GET /gallery/photos/20020087/5/pages/2002-0087-00580.html HTTP/1.1" 200 1767 "http://photolab.elmer.uaf.edu/gallery/photos/20020087/5/index_7.html" "FAST MetaWeb Crawler (helpdesk at fastsearch dot com)"
66.151.181.12 - - [16/Jul/2005:05:50:18 -0800] "GET /gallery/photos/20020087/5/pages/2002-0087-00581.html HTTP/1.1" 200 1767 "http://photolab.elmer.uaf.edu/gallery/photos/20020087/5/index_7.html" "FAST MetaWeb Crawler (helpdesk at fastsearch dot com)"
66.151.181.12 - - [16/Jul/2005:05:51:18 -0800] "GET /gallery/photos/20020087/5/pages/2002-0087-00582.html HTTP/1.1" 200 1767 "http://photolab.elmer.uaf.edu/gallery/photos/20020087/5/index_7.html" "FAST MetaWeb Crawler (helpdesk at fastsearch dot com)"
66.151.181.12 - - [16/Jul/2005:05:52:38 -0800] "GET /gallery/photos/20020087/5/pages/2002-0087-00583.html HTTP/1.1" 200 1767 "http://photolab.elmer.uaf.edu/gallery/photos/20020087/5/index_7.html" "FAST MetaWeb Crawler (helpdesk at fastsearch dot com)"
66.151.181.12 - - [16/Jul/2005:05:53:27 -0800] "GET /gallery/photos/20020134/index_8.html HTTP/1.1" 200 7254 "http://photolab.elmer.uaf.edu/gallery/photos/20020134/index_7.html" "FAST MetaWeb Crawler (helpdesk at fastsearch dot com)"
66.151.181.12 - - [16/Jul/2005:05:55:03 -0800] "GET /gallery/photos/20020134/pages/2002-0134-00073.html HTTP/1.1" 200 1769 "http://photolab.elmer.uaf.edu/gallery/photos/20020134/index_7.html" "FAST MetaWeb Crawler (helpdesk at fastsearch dot com)"
66.151.181.12 - - [16/Jul/2005:05:55:27 -0800] "GET /gallery/photos/20020134/pages/2002-0134-00074.html HTTP/1.1" 200 1769 "http://photolab.elmer.uaf.edu/gallery/photos/20020134/index_7.html" "FAST MetaWeb Crawler (helpdesk at fastsearch dot com)"
66.151.181.12 - - [16/Jul/2005:05:56:18 -0800] "GET /gallery/photos/20020134/pages/2002-0134-00075.html HTTP/1.1" 200 1769 "http://photolab.elmer.uaf.edu/gallery/photos/20020134/index_7.html" "FAST MetaWeb Crawler (helpdesk at fastsearch dot com)"
66.151.181.12 - - [16/Jul/2005:05:57:18 -0800] "GET /gallery/photos/20020134/pages/2002-0134-00076.html HTTP/1.1" 200 1769 "http://photolab.elmer.uaf.edu/gallery/photos/20020134/index_7.html" "FAST MetaWeb Crawler (helpdesk at fastsearch dot com)"
66.151.181.12 - - [16/Jul/2005:05:58:39 -0800] "GET /gallery/photos/20020134/pages/2002-0134-00077.html HTTP/1.1" 200 1769 "http://photolab.elmer.uaf.edu/gallery/photos/20020134/index_7.html" "FAST MetaWeb Crawler (helpdesk at fastsearch dot com)"
66.151.181.12 - - [16/Jul/2005:05:59:18 -0800] "GET /gallery/photos/20020134/pages/2002-0134-00078.html HTTP/1.1" 200 1769 "http://photolab.elmer.uaf.edu/gallery/photos/20020134/index_7.html" "FAST MetaWeb Crawler (helpdesk at fastsearch dot com)"
66.151.181.12 - - [16/Jul/2005:06:00:18 -0800] "GET /gallery/photos/20020134/pages/2002-0134-00079.html HTTP/1.1" 200 1769 "http://photolab.elmer.uaf.edu/gallery/photos/20020134/index_7.html" "FAST MetaWeb Crawler (helpdesk at fastsearch dot com)"
66.151.181.12 - - [16/Jul/2005:06:01:18 -0800] "GET /gallery/photos/20020134/pages/2002-0134-00080.html HTTP/1.1" 200 1769 "http://photolab.elmer.uaf.edu/gallery/photos/20020134/index_7.html" "FAST MetaWeb Crawler (helpdesk at fastsearch dot com)"
66.151.181.12 - - [16/Jul/2005:06:02:21 -0800] "GET /gallery/photos/20020134/pages/2002-0134-00081.html HTTP/1.1" 200 1769 "http://photolab.elmer.uaf.edu/gallery/photos/20020134/index_7.html" "FAST MetaWeb Crawler (helpdesk at fastsearch dot com)"
66.151.181.12 - - [16/Jul/2005:06:03:18 -0800] "GET /gallery/photos/20020134/pages/2002-0134-00082.html HTTP/1.1" 200 1769 "http://photolab.elmer.uaf.edu/gallery/photos/20020134/index_7.html" "FAST MetaWeb Crawler (helpdesk at fastsearch dot com)"
66.151.181.12 - - [16/Jul/2005:06:04:21 -0800] "GET /gallery/photos/20020134/pages/2002-0134-00083.html HTTP/1.1" 200 1769 "http://photolab.elmer.uaf.edu/gallery/photos/20020134/index_7.html" "FAST MetaWeb Crawler (helpdesk at fastsearch dot com)"
66.151.181.12 - - [16/Jul/2005:06:06:51 -0800] "GET /gallery/photos/20020134/pages/2002-0134-00084.html HTTP/1.1" 200 1769 "http://photolab.elmer.uaf.edu/gallery/photos/20020134/index_7.html" "FAST MetaWeb Crawler (helpdesk at fastsearch dot com)"
66.151.181.12 - - [16/Jul/2005:06:06:52 -0800] "GET /gallery/photos/20020164/index_8.html HTTP/1.1" 200 7243 "http://photolab.elmer.uaf.edu/gallery/photos/20020164/index_7.html" "FAST MetaWeb Crawler (helpdesk at fastsearch dot com)"
66.151.181.12 - - [16/Jul/2005:06:11:00 -0800] "GET /gallery/photos/20020164/pages/2002-0164-00074.html HTTP/1.1" 200 1759 "http://photolab.elmer.uaf.edu/gallery/photos/20020164/index_7.html" "FAST MetaWeb Crawler (helpdesk at fastsearch dot com)"
66.151.181.12 - - [16/Jul/2005:06:12:05 -0800] "GET /gallery/photos/20020164/pages/2002-0164-00075.html HTTP/1.1" 200 1759 "http://photolab.elmer.uaf.edu/gallery/photos/20020164/index_7.html" "FAST MetaWeb Crawler (helpdesk at fastsearch dot com)"
66.151.181.12 - - [16/Jul/2005:06:16:32 -0800] "GET /gallery/photos/20020164/pages/2002-0164-00076.html HTTP/1.1" 200 1759 "http://photolab.elmer.uaf.edu/gallery/photos/20020164/index_7.html" "FAST MetaWeb Crawler (helpdesk at fastsearch dot com)"
66.151.181.12 - - [16/Jul/2005:06:17:32 -0800] "GET /gallery/photos/20020164/pages/2002-0164-00077.html HTTP/1.1" 200 1759 "http://photolab.elmer.uaf.edu/gallery/photos/20020164/index_7.html" "FAST MetaWeb Crawler (helpdesk at fastsearch dot com)"
66.151.181.12 - - [16/Jul/2005:06:18:14 -0800] "GET /gallery/photos/20020164/pages/2002-0164-00078.html HTTP/1.1" 200 1759 "http://photolab.elmer.uaf.edu/gallery/photos/20020164/index_7.html" "FAST MetaWeb Crawler (helpdesk at fastsearch dot com)"
66.151.181.12 - - [16/Jul/2005:06:19:20 -0800] "GET /gallery/photos/20020164/pages/2002-0164-00079.html HTTP/1.1" 200 1759 "http://photolab.elmer.uaf.edu/gallery/photos/20020164/index_7.html" "FAST MetaWeb Crawler (helpdesk at fastsearch dot com)"
66.151.181.12 - - [16/Jul/2005:06:20:20 -0800] "GET /gallery/photos/20020164/pages/2002-0164-00080.html HTTP/1.1" 200 1759 "http://photolab.elmer.uaf.edu/gallery/photos/20020164/index_7.html" "FAST MetaWeb Crawler (helpdesk at fastsearch dot com)"
66.151.181.12 - - [16/Jul/2005:06:21:32 -0800] "GET /gallery/photos/20020164/pages/2002-0164-00081.html HTTP/1.1" 200 1759 "http://photolab.elmer.uaf.edu/gallery/photos/20020164/index_7.html" "FAST MetaWeb Crawler (helpdesk at fastsearch dot com)"
66.151.181.12 - - [16/Jul/2005:06:22:56 -0800] "GET /gallery/photos/20020164/pages/2002-0164-00082.html HTTP/1.1" 200 1759 "http://photolab.elmer.uaf.edu/gallery/photos/20020164/index_7.html" "FAST MetaWeb Crawler (helpdesk at fastsearch dot com)"
66.151.181.12 - - [16/Jul/2005:06:23:20 -0800] "GET /gallery/photos/20020164/pages/2002-0164-00083.html HTTP/1.1" 200 1759 "http://photolab.elmer.uaf.edu/gallery/photos/20020164/index_7.html" "FAST MetaWeb Crawler (helpdesk at fastsearch dot com)"
66.151.181.12 - - [16/Jul/2005:06:24:20 -0800] "GET /gallery/photos/20020164/pages/2002-0164-00084.html HTTP/1.1" 200 1759 "http://photolab.elmer.uaf.edu/gallery/photos/20020164/index_7.html" "FAST MetaWeb Crawler (helpdesk at fastsearch dot com)"
66.151.181.12 - - [16/Jul/2005:06:25:12 -0800] "GET /gallery/photos/20020164/pages/2002-0164-00085.html HTTP/1.1" 200 1759 "http://photolab.elmer.uaf.edu/gallery/photos/20020164/index_7.html" "FAST MetaWeb Crawler (helpdesk at fastsearch dot com)"
66.151.181.12 - - [16/Jul/2005:06:26:32 -0800] "GET /gallery/photos/20030024/0/index_8.html HTTP/1.1" 200 7244 "http://photolab.elmer.uaf.edu/gallery/photos/20030024/0/index_7.html" "FAST MetaWeb Crawler (helpdesk at fastsearch dot com)"
66.151.181.12 - - [16/Jul/2005:06:27:56 -0800] "GET /gallery/photos/20030024/0/pages/2003-0024-00073.html HTTP/1.1" 200 1760 "http://photolab.elmer.uaf.edu/gallery/photos/20030024/0/index_7.html" "FAST MetaWeb Crawler (helpdesk at fastsearch dot com)"
66.151.181.12 - - [16/Jul/2005:06:28:12 -0800] "GET /gallery/photos/20030024/0/pages/2003-0024-00074.html HTTP/1.1" 200 1760 "http://photolab.elmer.uaf.edu/gallery/photos/20030024/0/index_7.html" "FAST MetaWeb Crawler (helpdesk at fastsearch dot com)"
66.151.181.12 - - [16/Jul/2005:06:29:12 -0800] "GET /gallery/photos/20030024/0/pages/2003-0024-00075.html HTTP/1.1" 200 1760 "http://photolab.elmer.uaf.edu/gallery/photos/20030024/0/index_7.html" "FAST MetaWeb Crawler (helpdesk at fastsearch dot com)"
66.151.181.12 - - [16/Jul/2005:06:30:12 -0800] "GET /gallery/photos/20030024/0/pages/2003-0024-00076.html HTTP/1.1" 200 1760 "http://photolab.elmer.uaf.edu/gallery/photos/20030024/0/index_7.html" "FAST MetaWeb Crawler (helpdesk at fastsearch dot com)"
66.151.181.12 - - [16/Jul/2005:06:32:45 -0800] "GET /gallery/photos/20030024/0/pages/2003-0024-00077.html HTTP/1.1" 200 1760 "http://photolab.elmer.uaf.edu/gallery/photos/20030024/0/index_7.html" "FAST MetaWeb Crawler (helpdesk at fastsearch dot com)"
66.151.181.12 - - [16/Jul/2005:06:32:46 -0800] "GET /gallery/photos/20030024/0/pages/2003-0024-00078.html HTTP/1.1" 200 1760 "http://photolab.elmer.uaf.edu/gallery/photos/20030024/0/index_7.html" "FAST MetaWeb Crawler (helpdesk at fastsearch dot com)"
207.46.98.84 - - [16/Jul/2005:06:33:23 -0800] "GET /gallery/photos/19950244/06/pages/1995-0244-00609.html HTTP/1.0" 200 1887 "-" "msnbot/1.0 (+http://search.msn.com/msnbot.htm)"
66.151.181.12 - - [16/Jul/2005:06:33:55 -0800] "GET /gallery/photos/20030024/0/pages/2003-0024-00079.html HTTP/1.1" 200 1760 "http://photolab.elmer.uaf.edu/gallery/photos/20030024/0/index_7.html" "FAST MetaWeb Crawler (helpdesk at fastsearch dot com)"
66.151.181.12 - - [16/Jul/2005:06:34:56 -0800] "GET /gallery/photos/20030024/0/pages/2003-0024-00080.html HTTP/1.1" 200 1760 "http://photolab.elmer.uaf.edu/gallery/photos/20030024/0/index_7.html" "FAST MetaWeb Crawler (helpdesk at fastsearch dot com)"
66.151.181.12 - - [16/Jul/2005:06:35:47 -0800] "GET /gallery/photos/20030024/0/pages/2003-0024-00081.html HTTP/1.1" 200 1760 "http://photolab.elmer.uaf.edu/gallery/photos/20030024/0/index_7.html" "FAST MetaWeb Crawler (helpdesk at fastsearch dot com)"
66.151.181.12 - - [16/Jul/2005:06:37:08 -0800] "GET /gallery/photos/20030024/0/pages/2003-0024-00082.html HTTP/1.1" 200 1760 "http://photolab.elmer.uaf.edu/gallery/photos/20030024/0/index_7.html" "FAST MetaWeb Crawler (helpdesk at fastsearch dot com)"
66.151.181.12 - - [16/Jul/2005:06:38:08 -0800] "GET /gallery/photos/20030024/0/pages/2003-0024-00083.html HTTP/1.1" 200 1760 "http://photolab.elmer.uaf.edu/gallery/photos/20030024/0/index_7.html" "FAST MetaWeb Crawler (helpdesk at fastsearch dot com)"
207.46.98.84 - - [16/Jul/2005:06:38:41 -0800] "GET /gallery/photos/20020032/pages/2002-0032-00004.html HTTP/1.0" 200 1881 "-" "msnbot/1.0 (+http://search.msn.com/msnbot.htm)"
66.151.181.12 - - [16/Jul/2005:06:38:50 -0800] "GET /gallery/photos/20030024/0/pages/2003-0024-00084.html HTTP/1.1" 200 1760 "http://photolab.elmer.uaf.edu/gallery/photos/20030024/0/index_7.html" "FAST MetaWeb Crawler (helpdesk at fastsearch dot com)"
66.151.181.12 - - [16/Jul/2005:06:40:08 -0800] "GET /gallery/photos/20030024/2/index_8.html HTTP/1.1" 200 7244 "http://photolab.elmer.uaf.edu/gallery/photos/20030024/2/index_7.html" "FAST MetaWeb Crawler (helpdesk at fastsearch dot com)"
66.151.181.12 - - [16/Jul/2005:06:40:56 -0800] "GET /gallery/photos/20030024/2/pages/2003-0024-00271.html HTTP/1.1" 200 1760 "http://photolab.elmer.uaf.edu/gallery/photos/20030024/2/index_7.html" "FAST MetaWeb Crawler (helpdesk at fastsearch dot com)"
207.46.98.84 - - [16/Jul/2005:06:41:50 -0800] "GET /gallery/photos/19700058/4/pages/1970-0058-00401.html HTTP/1.0" 200 1757 "-" "msnbot/1.0 (+http://search.msn.com/msnbot.htm)"
66.151.181.12 - - [16/Jul/2005:06:41:52 -0800] "GET /gallery/photos/20030024/2/pages/2003-0024-00272.html HTTP/1.1" 200 1760 "http://photolab.elmer.uaf.edu/gallery/photos/20030024/2/index_7.html" "FAST MetaWeb Crawler (helpdesk at fastsearch dot com)"
207.46.98.84 - - [16/Jul/2005:06:42:05 -0800] "GET /gallery/photos/19890199/1/pages/1989-0199-00109.html HTTP/1.0" 200 1876 "-" "msnbot/1.0 (+http://search.msn.com/msnbot.htm)"
85.206.111.179 - - [16/Jul/2005:06:42:21 -0800] "GET /gallery/maps/mapg3200.html HTTP/1.1" 200 17042 "http://images.google.lt/imgres?imgurl=http://photolab.elmer.uaf.edu/gallery/maps/G3200/large/G3200%2520%255B1700%255D.jpg&imgrefurl=http://photolab.elmer.uaf.edu/gallery/maps/mapg3200.html&h=894&w=1200&sz=300&tbnid=seMXFkFak7gJ:&tbnh=111&tbnw=150&hl=lt&start=5&prev=/images%3Fq%3Dglobe%2B1700%26svnum%3D10%26hl%3Dlt%26lr%3D" "Mozilla/4.0 (compatible; MSIE 6.0; Windows NT 5.1; SV1; .NET CLR 1.0.3705)"
85.206.111.179 - - [16/Jul/2005:06:42:22 -0800] "GET /index_files/lib.css HTTP/1.1" 200 2634 "http://photolab.elmer.uaf.edu/gallery/maps/mapg3200.html" "Mozilla/4.0 (compatible; MSIE 6.0; Windows NT 5.1; SV1; .NET CLR 1.0.3705)"
85.206.111.179 - - [16/Jul/2005:06:42:23 -0800] "GET /index_files/apr.jpg HTTP/1.1" 200 6015 "http://photolab.elmer.uaf.edu/gallery/maps/mapg3200.html" "Mozilla/4.0 (compatible; MSIE 6.0; Windows NT 5.1; SV1; .NET CLR 1.0.3705)"
85.206.111.179 - - [16/Jul/2005:06:42:24 -0800] "GET /index_files/bar.gif HTTP/1.1" 200 342 "http://photolab.elmer.uaf.edu/gallery/maps/mapg3200.html" "Mozilla/4.0 (compatible; MSIE 6.0; Windows NT 5.1; SV1; .NET CLR 1.0.3705)"
85.206.111.179 - - [16/Jul/2005:06:42:24 -0800] "GET /index_files/empty.gif HTTP/1.1" 200 45 "http://photolab.elmer.uaf.edu/gallery/maps/mapg3200.html" "Mozilla/4.0 (compatible; MSIE 6.0; Windows NT 5.1; SV1; .NET CLR 1.0.3705)"
85.206.111.179 - - [16/Jul/2005:06:42:24 -0800] "GET /index_files/small.dps.jpg HTTP/1.1" 200 5830 "http://photolab.elmer.uaf.edu/gallery/maps/mapg3200.html" "Mozilla/4.0 (compatible; MSIE 6.0; Windows NT 5.1; SV1; .NET CLR 1.0.3705)"
85.206.111.179 - - [16/Jul/2005:06:42:25 -0800] "GET /index_files/small.jpg HTTP/1.1" 200 2294 "http://photolab.elmer.uaf.edu/gallery/maps/mapg3200.html" "Mozilla/4.0 (compatible; MSIE 6.0; Windows NT 5.1; SV1; .NET CLR 1.0.3705)"
85.206.111.179 - - [16/Jul/2005:06:42:25 -0800] "GET /index_files/small_002.jpg HTTP/1.1" 200 1351 "http://photolab.elmer.uaf.edu/gallery/maps/mapg3200.html" "Mozilla/4.0 (compatible; MSIE 6.0; Windows NT 5.1; SV1; .NET CLR 1.0.3705)"
85.206.111.179 - - [16/Jul/2005:06:42:23 -0800] "GET /index_files/title.jpg HTTP/1.1" 200 5438 "http://photolab.elmer.uaf.edu/gallery/maps/mapg3200.html" "Mozilla/4.0 (compatible; MSIE 6.0; Windows NT 5.1; SV1; .NET CLR 1.0.3705)"
85.206.111.179 - - [16/Jul/2005:06:42:26 -0800] "GET /index_files/small_003.jpg HTTP/1.1" 200 1521 "http://photolab.elmer.uaf.edu/gallery/maps/mapg3200.html" "Mozilla/4.0 (compatible; MSIE 6.0; Windows NT 5.1; SV1; .NET CLR 1.0.3705)"
85.206.111.179 - - [16/Jul/2005:06:42:26 -0800] "GET /gallery/maps/G3200/small/G3200%20%5B1652_%5D%20V571.jpg HTTP/1.1" 200 16733 "http://photolab.elmer.uaf.edu/gallery/maps/mapg3200.html" "Mozilla/4.0 (compatible; MSIE 6.0; Windows NT 5.1; SV1; .NET CLR 1.0.3705)"
85.206.111.179 - - [16/Jul/2005:06:42:27 -0800] "GET /gallery/maps/G3200/small/G3200%20%5B1562_%5D%20V34.jpg HTTP/1.1" 200 15334 "http://photolab.elmer.uaf.edu/gallery/maps/mapg3200.html" "Mozilla/4.0 (compatible; MSIE 6.0; Windows NT 5.1; SV1; .NET CLR 1.0.3705)"
85.206.111.179 - - [16/Jul/2005:06:42:27 -0800] "GET /gallery/maps/G3200/small/G3200%20%5B1670%5D.jpg HTTP/1.1" 200 17392 "http://photolab.elmer.uaf.edu/gallery/maps/mapg3200.html" "Mozilla/4.0 (compatible; MSIE 6.0; Windows NT 5.1; SV1; .NET CLR 1.0.3705)"
85.206.111.179 - - [16/Jul/2005:06:42:28 -0800] "GET /gallery/maps/G3200/small/G3200%20%5B1700%5D.jpg HTTP/1.1" 200 18077 "http://photolab.elmer.uaf.edu/gallery/maps/mapg3200.html" "Mozilla/4.0 (compatible; MSIE 6.0; Windows NT 5.1; SV1; .NET CLR 1.0.3705)"
85.206.111.179 - - [16/Jul/2005:06:42:29 -0800] "GET /gallery/maps/G3200/small/G3200%201752%20R62.jpg HTTP/1.1" 200 14597 "http://photolab.elmer.uaf.edu/gallery/maps/mapg3200.html" "Mozilla/4.0 (compatible; MSIE 6.0; Windows NT 5.1; SV1; .NET CLR 1.0.3705)"
85.206.111.179 - - [16/Jul/2005:06:42:29 -0800] "GET /gallery/maps/G3200/small/G3200%201755%20B43.jpg HTTP/1.1" 200 14396 "http://photolab.elmer.uaf.edu/gallery/maps/mapg3200.html" "Mozilla/4.0 (compatible; MSIE 6.0; Windows NT 5.1; SV1; .NET CLR 1.0.3705)"
85.206.111.179 - - [16/Jul/2005:06:42:30 -0800] "GET /gallery/maps/G3200/small/G3200%20%5B1788%5D.jpg HTTP/1.1" 200 13885 "http://photolab.elmer.uaf.edu/gallery/maps/mapg3200.html" "Mozilla/4.0 (compatible; MSIE 6.0; Windows NT 5.1; SV1; .NET CLR 1.0.3705)"
85.206.111.179 - - [16/Jul/2005:06:42:31 -0800] "GET /gallery/maps/G3200/small/G3200%20%5B1774%5D%20S29.jpg HTTP/1.1" 200 14083 "http://photolab.elmer.uaf.edu/gallery/maps/mapg3200.html" "Mozilla/4.0 (compatible; MSIE 6.0; Windows NT 5.1; SV1; .NET CLR 1.0.3705)"
85.206.111.179 - - [16/Jul/2005:06:42:31 -0800] "GET /gallery/maps/G3200/small/G3200%201783%20B68.jpg HTTP/1.1" 200 15727 "http://photolab.elmer.uaf.edu/gallery/maps/mapg3200.html" "Mozilla/4.0 (compatible; MSIE 6.0; Windows NT 5.1; SV1; .NET CLR 1.0.3705)"
