66.151.181.12 - - [16/Jul/2005:07:16:03 -0800] "GET /gallery/photos/20030040/1/pages/2003-0040-00178.html HTTP/1.1" 200 1758 "http://photolab.elmer.uaf.edu/gallery/photos/20030040/1/index_7.html" "FAST MetaWeb Crawler (helpdesk at fastsearch dot com)"
66.151.181.12 - - [16/Jul/2005:07:17:05 -0800] "GET /gallery/photos/20030040/1/pages/2003-0040-00179.html HTTP/1.1" 200 1758 "http://photolab.elmer.uaf.edu/gallery/photos/20030040/1/index_7.html" "FAST MetaWeb Crawler (helpdesk at fastsearch dot com)"
68.163.146.131 - - [16/Jul/2005:07:17:40 -0800] "GET /store/photos/largejpegs/(112)1958-1026-01589.jpg HTTP/1.1" 304 - "http://www.livejournal.com/users/phildotidiot/friends" "Mozilla/4.0 (compatible; MSIE 6.0; Windows NT 5.1; SV1; .NET CLR 1.1.4322)"
207.46.98.84 - - [16/Jul/2005:07:19:02 -0800] "GET /gallery/photos/19950244/00/pages/1995-0244-00008.html HTTP/1.0" 200 1885 "-" "msnbot/1.0 (+http://search.msn.com/msnbot.htm)"
66.151.181.12 - - [16/Jul/2005:07:19:03 -0800] "GET /gallery/photos/20030040/1/pages/2003-0040-00180.html HTTP/1.1" 200 1758 "http://photolab.elmer.uaf.edu/gallery/photos/20030040/1/index_7.html" "FAST MetaWeb Crawler (helpdesk at fastsearch dot com)"
207.46.98.84 - - [16/Jul/2005:07:20:03 -0800] "GET /gallery/photos/20020032/pages/2002-0032-00010.html HTTP/1.0" 200 1882 "-" "msnbot/1.0 (+http://search.msn.com/msnbot.htm)"
66.151.181.12 - - [16/Jul/2005:07:20:12 -0800] "GET /gallery/photos/20030040/1/pages/2003-0040-00181.html HTTP/1.1" 200 1758 "http://photolab.elmer.uaf.edu/gallery/photos/20030040/1/index_7.html" "FAST MetaWeb Crawler (helpdesk at fastsearch dot com)"
66.151.181.12 - - [16/Jul/2005:07:21:07 -0800] "GET /gallery/photos/20030040/1/pages/2003-0040-00182.html HTTP/1.1" 200 1758 "http://photolab.elmer.uaf.edu/gallery/photos/20030040/1/index_7.html" "FAST MetaWeb Crawler (helpdesk at fastsearch dot com)"
207.46.98.84 - - [16/Jul/2005:07:21:13 -0800] "GET /gallery/photos/20020032/pages/2002-0032-00011.html HTTP/1.0" 200 1882 "-" "msnbot/1.0 (+http://search.msn.com/msnbot.htm)"
66.151.181.12 - - [16/Jul/2005:07:22:15 -0800] "GET /gallery/photos/20030040/1/pages/2003-0040-00183.html HTTP/1.1" 200 1758 "http://photolab.elmer.uaf.edu/gallery/photos/20030040/1/index_7.html" "FAST MetaWeb Crawler (helpdesk at fastsearch dot com)"
66.151.181.12 - - [16/Jul/2005:07:23:48 -0800] "GET /gallery/photos/20030063/0/index_8.html HTTP/1.1" 200 7242 "http://photolab.elmer.uaf.edu/gallery/photos/20030063/0/index_7.html" "FAST MetaWeb Crawler (helpdesk at fastsearch dot com)"
66.151.181.12 - - [16/Jul/2005:07:24:12 -0800] "GET /gallery/photos/20030063/0/pages/2003-0063-00073.html HTTP/1.1" 200 1758 "http://photolab.elmer.uaf.edu/gallery/photos/20030063/0/index_7.html" "FAST MetaWeb Crawler (helpdesk at fastsearch dot com)"
68.163.146.131 - - [16/Jul/2005:07:24:38 -0800] "GET /store/photos/largejpegs/(112)1958-1026-01589.jpg HTTP/1.1" 304 - "http://www.livejournal.com/users/phildotidiot/friends" "Mozilla/4.0 (compatible; MSIE 6.0; Windows NT 5.1; SV1; .NET CLR 1.1.4322)"
207.46.98.84 - - [16/Jul/2005:07:25:01 -0800] "GET /gallery/photos/19950244/06/pages/1995-0244-00610.html HTTP/1.0" 200 1887 "-" "msnbot/1.0 (+http://search.msn.com/msnbot.htm)"
207.46.98.84 - - [16/Jul/2005:07:25:15 -0800] "GET /gallery/photos/19950244/00/pages/1995-0244-00007.html HTTP/1.0" 200 1885 "-" "msnbot/1.0 (+http://search.msn.com/msnbot.htm)"
66.151.181.12 - - [16/Jul/2005:07:25:24 -0800] "GET /gallery/photos/20030063/0/pages/2003-0063-00074.html HTTP/1.1" 200 1758 "http://photolab.elmer.uaf.edu/gallery/photos/20030063/0/index_7.html" "FAST MetaWeb Crawler (helpdesk at fastsearch dot com)"
66.151.181.12 - - [16/Jul/2005:07:26:03 -0800] "GET /gallery/photos/20030063/0/pages/2003-0063-00075.html HTTP/1.1" 200 1758 "http://photolab.elmer.uaf.edu/gallery/photos/20030063/0/index_7.html" "FAST MetaWeb Crawler (helpdesk at fastsearch dot com)"
207.46.98.84 - - [16/Jul/2005:07:26:30 -0800] "GET /gallery/photos/19950244/00/pages/1995-0244-00006.html HTTP/1.0" 200 1885 "-" "msnbot/1.0 (+http://search.msn.com/msnbot.htm)"
207.46.98.84 - - [16/Jul/2005:07:26:34 -0800] "GET /gallery/photos/20020032/pages/2002-0032-00006.html HTTP/1.0" 200 1881 "-" "msnbot/1.0 (+http://search.msn.com/msnbot.htm)"
207.46.98.84 - - [16/Jul/2005:07:26:40 -0800] "GET /gallery/photos/19950244/06/pages/1995-0244-00605.html HTTP/1.0" 200 1886 "-" "msnbot/1.0 (+http://search.msn.com/msnbot.htm)"
66.151.181.12 - - [16/Jul/2005:07:27:06 -0800] "GET /gallery/photos/20030063/0/pages/2003-0063-00076.html HTTP/1.1" 200 1758 "http://photolab.elmer.uaf.edu/gallery/photos/20030063/0/index_7.html" "FAST MetaWeb Crawler (helpdesk at fastsearch dot com)"
207.46.98.84 - - [16/Jul/2005:07:27:58 -0800] "GET /gallery/photos/19990293/0/pages/1999-0293-00004.html HTTP/1.0" 200 1766 "-" "msnbot/1.0 (+http://search.msn.com/msnbot.htm)"
207.46.98.84 - - [16/Jul/2005:07:28:02 -0800] "GET /gallery/photos/19990293/0/pages/1999-0293-00005.html HTTP/1.0" 200 1766 "-" "msnbot/1.0 (+http://search.msn.com/msnbot.htm)"
207.46.98.84 - - [16/Jul/2005:07:28:07 -0800] "GET /gallery/photos/19990293/0/pages/1999-0293-00006.html HTTP/1.0" 200 1766 "-" "msnbot/1.0 (+http://search.msn.com/msnbot.htm)"
207.46.98.84 - - [16/Jul/2005:07:28:10 -0800] "GET /gallery/photos/19990293/0/pages/1999-0293-00007.html HTTP/1.0" 200 1766 "-" "msnbot/1.0 (+http://search.msn.com/msnbot.htm)"
62.45.12.43 - - [16/Jul/2005:07:28:31 -0800] "GET /store/photos/largejpegs/(040)1958-1026-01700.jpg HTTP/1.1" 200 138785 "http://josefini.punt.nl/?id=252463&r=1&tbl_archief=&" "Mozilla/4.0 (compatible; MSIE 6.0; Windows NT 5.1; SV1; FunWebProducts)"
66.151.181.12 - - [16/Jul/2005:07:29:36 -0800] "GET /gallery/photos/20030063/0/pages/2003-0063-00077.html HTTP/1.1" 200 1758 "http://photolab.elmer.uaf.edu/gallery/photos/20030063/0/index_7.html" "FAST MetaWeb Crawler (helpdesk at fastsearch dot com)"
66.151.181.12 - - [16/Jul/2005:07:29:45 -0800] "GET /gallery/photos/20030063/0/pages/2003-0063-00078.html HTTP/1.1" 200 1758 "http://photolab.elmer.uaf.edu/gallery/photos/20030063/0/index_7.html" "FAST MetaWeb Crawler (helpdesk at fastsearch dot com)"
195.229.241.183 - - [16/Jul/2005:07:30:30 -0800] "GET /store/people.html HTTP/1.1" 200 21075 "http://images.google.ae/imgres?imgurl=http://photolab.elmer.uaf.edu/store/photos/largejpegs/(105)1989-0166-00522a.jpg&imgrefurl=http://photolab.elmer.uaf.edu/store/people.html&h=692&w=1000&sz=100&tbnid=mRifvhDN3-gJ:&tbnh=103&tbnw=149&hl=ar&start=16&prev=/images%3Fq%3Dold%2Bwoman%26svnum%3D10%26hl%3Dar%26lr%3D%26sa%3DN" "Mozilla/4.0 (compatible; MSIE 6.0; Windows NT 5.1)"
207.46.98.84 - - [16/Jul/2005:07:30:35 -0800] "GET /gallery/photos/19990293/0/pages/1999-0293-00008.html HTTP/1.0" 200 1766 "-" "msnbot/1.0 (+http://search.msn.com/msnbot.htm)"
195.229.241.183 - - [16/Jul/2005:07:30:31 -0800] "GET /store/photos/largejpegs/(105)1989-0166-00522a.jpg HTTP/1.1" 200 101451 "http://images.google.ae/imgres?imgurl=http://photolab.elmer.uaf.edu/store/photos/largejpegs/(105)1989-0166-00522a.jpg&imgrefurl=http://photolab.elmer.uaf.edu/store/people.html&h=692&w=1000&sz=100&tbnid=mRifvhDN3-gJ:&tbnh=103&tbnw=149&hl=ar&prev=/images%3Fq%3Dold%2Bwoman%26svnum%3D10%26hl%3Dar%26lr%3D%26sa%3DN&frame=small" "Mozilla/4.0 (compatible; MSIE 6.0; Windows NT 5.1)"
66.151.181.12 - - [16/Jul/2005:07:30:45 -0800] "GET /gallery/photos/20030063/0/pages/2003-0063-00079.html HTTP/1.1" 200 1758 "http://photolab.elmer.uaf.edu/gallery/photos/20030063/0/index_7.html" "FAST MetaWeb Crawler (helpdesk at fastsearch dot com)"
207.46.98.84 - - [16/Jul/2005:07:31:06 -0800] "GET /gallery/photos/19990293/0/pages/1999-0293-00009.html HTTP/1.0" 200 1766 "-" "msnbot/1.0 (+http://search.msn.com/msnbot.htm)"
207.46.98.84 - - [16/Jul/2005:07:31:19 -0800] "GET /gallery/photos/19950244/00/pages/1995-0244-00005.html HTTP/1.0" 200 1885 "-" "msnbot/1.0 (+http://search.msn.com/msnbot.htm)"
207.46.98.84 - - [16/Jul/2005:07:31:22 -0800] "GET /gallery/photos/19990293/0/pages/1999-0293-00010.html HTTP/1.0" 200 1766 "-" "msnbot/1.0 (+http://search.msn.com/msnbot.htm)"
207.46.98.84 - - [16/Jul/2005:07:32:14 -0800] "GET /gallery/photos/19880041/0/pages/1988-0041-00005.htm HTTP/1.0" 200 1876 "-" "msnbot/1.0 (+http://search.msn.com/msnbot.htm)"
207.46.98.84 - - [16/Jul/2005:07:32:17 -0800] "GET /gallery/photos/19950244/06/pages/1995-0244-00604.html HTTP/1.0" 200 1886 "-" "msnbot/1.0 (+http://search.msn.com/msnbot.htm)"
207.46.98.84 - - [16/Jul/2005:07:32:19 -0800] "GET /gallery/photos/19990293/0/pages/1999-0293-00011.html HTTP/1.0" 200 1766 "-" "msnbot/1.0 (+http://search.msn.com/msnbot.htm)"
207.46.98.84 - - [16/Jul/2005:07:32:21 -0800] "GET /gallery/photos/19680041/2/pages/1968-0041-00207.htm HTTP/1.0" 200 1886 "-" "msnbot/1.0 (+http://search.msn.com/msnbot.htm)"
207.46.98.84 - - [16/Jul/2005:07:32:24 -0800] "GET /gallery/photos/19680041/2/pages/1968-0041-00209.htm HTTP/1.0" 200 1887 "-" "msnbot/1.0 (+http://search.msn.com/msnbot.htm)"
207.46.98.84 - - [16/Jul/2005:07:32:26 -0800] "GET /gallery/photos/19680041/2/pages/1968-0041-00206.htm HTTP/1.0" 200 1886 "-" "msnbot/1.0 (+http://search.msn.com/msnbot.htm)"
66.151.181.12 - - [16/Jul/2005:07:32:40 -0800] "GET /gallery/photos/20030063/0/pages/2003-0063-00080.html HTTP/1.1" 200 1758 "http://photolab.elmer.uaf.edu/gallery/photos/20030063/0/index_7.html" "FAST MetaWeb Crawler (helpdesk at fastsearch dot com)"
66.151.181.12 - - [16/Jul/2005:07:32:55 -0800] "GET /gallery/photos/20030063/0/pages/2003-0063-00081.html HTTP/1.1" 200 1758 "http://photolab.elmer.uaf.edu/gallery/photos/20030063/0/index_7.html" "FAST MetaWeb Crawler (helpdesk at fastsearch dot com)"
68.163.146.131 - - [16/Jul/2005:07:34:15 -0800] "GET /store/photos/largejpegs/(112)1958-1026-01589.jpg HTTP/1.1" 304 - "http://www.livejournal.com/users/phildotidiot/friends" "Mozilla/4.0 (compatible; MSIE 6.0; Windows NT 5.1; SV1; .NET CLR 1.1.4322)"
66.151.181.12 - - [16/Jul/2005:07:34:16 -0800] "GET /gallery/photos/20030063/0/pages/2003-0063-00082.html HTTP/1.1" 200 1758 "http://photolab.elmer.uaf.edu/gallery/photos/20030063/0/index_7.html" "FAST MetaWeb Crawler (helpdesk at fastsearch dot com)"
207.46.98.84 - - [16/Jul/2005:07:34:30 -0800] "GET /gallery/photos/19950244/00/pages/1995-0244-00004.html HTTP/1.0" 200 1885 "-" "msnbot/1.0 (+http://search.msn.com/msnbot.htm)"
66.151.181.12 - - [16/Jul/2005:07:35:04 -0800] "GET /gallery/photos/20030063/0/pages/2003-0063-00083.html HTTP/1.1" 200 1758 "http://photolab.elmer.uaf.edu/gallery/photos/20030063/0/index_7.html" "FAST MetaWeb Crawler (helpdesk at fastsearch dot com)"
207.46.98.84 - - [16/Jul/2005:07:35:11 -0800] "GET /gallery/photos/19680041/2/pages/1968-0041-00210.htm HTTP/1.0" 200 1887 "-" "msnbot/1.0 (+http://search.msn.com/msnbot.htm)"
66.151.181.12 - - [16/Jul/2005:07:36:04 -0800] "GET /gallery/photos/20030063/0/pages/2003-0063-00084.html HTTP/1.1" 200 1758 "http://photolab.elmer.uaf.edu/gallery/photos/20030063/0/index_7.html" "FAST MetaWeb Crawler (helpdesk at fastsearch dot com)"
66.151.181.12 - - [16/Jul/2005:07:36:55 -0800] "GET /gallery/photos/20030063/1/index_8.html HTTP/1.1" 200 7242 "http://photolab.elmer.uaf.edu/gallery/photos/20030063/1/index_7.html" "FAST MetaWeb Crawler (helpdesk at fastsearch dot com)"
207.46.98.84 - - [16/Jul/2005:07:37:26 -0800] "GET /gallery/photos/19950244/06/pages/1995-0244-00603.html HTTP/1.0" 200 1886 "-" "msnbot/1.0 (+http://search.msn.com/msnbot.htm)"
70.191.224.39 - - [16/Jul/2005:07:37:27 -0800] "GET /store/photos/smalljpegs/(057)1972-0071-00823.jpg HTTP/1.1" 200 23575 "-" "Mozilla/4.0 (compatible; MSIE 6.0; Windows NT 5.1; SV1; iebar; .NET CLR 1.0.3705)"
70.191.224.39 - - [16/Jul/2005:07:37:34 -0800] "GET /store/photos/smalljpegs/(057)1972-0071-00823.jpg HTTP/1.1" 206 20955 "-" "Mozilla/4.0 (compatible; MSIE 6.0; Windows NT 5.1; SV1; iebar; .NET CLR 1.0.3705)"
66.151.181.12 - - [16/Jul/2005:07:37:55 -0800] "GET /gallery/photos/20030063/1/pages/2003-0063-00168.html HTTP/1.1" 200 1758 "http://photolab.elmer.uaf.edu/gallery/photos/20030063/1/index_7.html" "FAST MetaWeb Crawler (helpdesk at fastsearch dot com)"
66.151.181.12 - - [16/Jul/2005:07:38:55 -0800] "GET /gallery/photos/20030063/1/pages/2003-0063-00169.html HTTP/1.1" 200 1758 "http://photolab.elmer.uaf.edu/gallery/photos/20030063/1/index_7.html" "FAST MetaWeb Crawler (helpdesk at fastsearch dot com)"
66.151.181.12 - - [16/Jul/2005:07:40:04 -0800] "GET /gallery/photos/20030063/1/pages/2003-0063-00170.html HTTP/1.1" 200 1758 "http://photolab.elmer.uaf.edu/gallery/photos/20030063/1/index_7.html" "FAST MetaWeb Crawler (helpdesk at fastsearch dot com)"
66.151.181.12 - - [16/Jul/2005:07:40:55 -0800] "GET /gallery/photos/20030063/1/pages/2003-0063-00171.html HTTP/1.1" 200 1758 "http://photolab.elmer.uaf.edu/gallery/photos/20030063/1/index_7.html" "FAST MetaWeb Crawler (helpdesk at fastsearch dot com)"
207.46.98.84 - - [16/Jul/2005:07:43:46 -0800] "GET /gallery/photos/19890199/1/pages/1989-0199-00105.html HTTP/1.0" 200 1875 "-" "msnbot/1.0 (+http://search.msn.com/msnbot.htm)"
207.46.98.84 - - [16/Jul/2005:07:44:30 -0800] "GET /gallery/photos/20030129/1/pages/1999-0293-00104.html HTTP/1.0" 200 1766 "-" "msnbot/1.0 (+http://search.msn.com/msnbot.htm)"
66.151.181.12 - - [16/Jul/2005:07:45:04 -0800] "GET /gallery/photos/20030063/1/pages/2003-0063-00172.html HTTP/1.1" 200 1758 "http://photolab.elmer.uaf.edu/gallery/photos/20030063/1/index_7.html" "FAST MetaWeb Crawler (helpdesk at fastsearch dot com)"
66.151.181.12 - - [16/Jul/2005:07:46:05 -0800] "GET /gallery/photos/20030063/1/pages/2003-0063-00173.html HTTP/1.1" 200 1758 "http://photolab.elmer.uaf.edu/gallery/photos/20030063/1/index_7.html" "FAST MetaWeb Crawler (helpdesk at fastsearch dot com)"
207.46.98.84 - - [16/Jul/2005:07:47:35 -0800] "GET /gallery/photos/20030129/1/pages/1999-0293-00106.html HTTP/1.0" 200 1766 "-" "msnbot/1.0 (+http://search.msn.com/msnbot.htm)"
66.151.181.12 - - [16/Jul/2005:07:47:49 -0800] "GET /gallery/photos/20030063/1/pages/2003-0063-00174.html HTTP/1.1" 200 1758 "http://photolab.elmer.uaf.edu/gallery/photos/20030063/1/index_7.html" "FAST MetaWeb Crawler (helpdesk at fastsearch dot com)"
207.46.98.84 - - [16/Jul/2005:07:47:57 -0800] "GET /gallery/photos/20030129/1/pages/1999-0293-00108.html HTTP/1.0" 200 1766 "-" "msnbot/1.0 (+http://search.msn.com/msnbot.htm)"
66.151.181.12 - - [16/Jul/2005:07:48:07 -0800] "GET /gallery/photos/20030063/1/pages/2003-0063-00175.html HTTP/1.1" 200 1758 "http://photolab.elmer.uaf.edu/gallery/photos/20030063/1/index_7.html" "FAST MetaWeb Crawler (helpdesk at fastsearch dot com)"
207.46.98.84 - - [16/Jul/2005:07:48:09 -0800] "GET /gallery/photos/19890199/1/pages/1989-0199-00110.html HTTP/1.0" 200 1876 "-" "msnbot/1.0 (+http://search.msn.com/msnbot.htm)"
66.151.181.12 - - [16/Jul/2005:07:49:13 -0800] "GET /gallery/photos/20030063/1/pages/2003-0063-00176.html HTTP/1.1" 200 1758 "http://photolab.elmer.uaf.edu/gallery/photos/20030063/1/index_7.html" "FAST MetaWeb Crawler (helpdesk at fastsearch dot com)"
66.151.181.12 - - [16/Jul/2005:07:50:25 -0800] "GET /gallery/photos/20030063/1/pages/2003-0063-00177.html HTTP/1.1" 200 1758 "http://photolab.elmer.uaf.edu/gallery/photos/20030063/1/index_7.html" "FAST MetaWeb Crawler (helpdesk at fastsearch dot com)"
207.46.98.84 - - [16/Jul/2005:07:51:16 -0800] "GET /gallery/photos/19700058/4/pages/1970-0058-00403.html HTTP/1.0" 200 1757 "-" "msnbot/1.0 (+http://search.msn.com/msnbot.htm)"
66.151.181.12 - - [16/Jul/2005:07:51:25 -0800] "GET /gallery/photos/20030063/1/pages/2003-0063-00178.html HTTP/1.1" 200 1758 "http://photolab.elmer.uaf.edu/gallery/photos/20030063/1/index_7.html" "FAST MetaWeb Crawler (helpdesk at fastsearch dot com)"
207.46.98.84 - - [16/Jul/2005:07:51:30 -0800] "GET /gallery/photos/19950244/00/pages/1995-0244-00003.html HTTP/1.0" 200 1885 "-" "msnbot/1.0 (+http://search.msn.com/msnbot.htm)"
207.46.98.84 - - [16/Jul/2005:07:51:38 -0800] "GET /gallery/photos/19680041/2/pages/1968-0041-00211.htm HTTP/1.0" 200 1887 "-" "msnbot/1.0 (+http://search.msn.com/msnbot.htm)"
66.151.181.12 - - [16/Jul/2005:07:52:25 -0800] "GET /gallery/photos/20030063/1/pages/2003-0063-00179.html HTTP/1.1" 200 1758 "http://photolab.elmer.uaf.edu/gallery/photos/20030063/1/index_7.html" "FAST MetaWeb Crawler (helpdesk at fastsearch dot com)"
66.151.181.12 - - [16/Jul/2005:07:53:14 -0800] "GET /gallery/photos/20030063/2/index_8.html HTTP/1.1" 200 7242 "http://photolab.elmer.uaf.edu/gallery/photos/20030063/2/index_7.html" "FAST MetaWeb Crawler (helpdesk at fastsearch dot com)"
207.46.98.84 - - [16/Jul/2005:07:54:11 -0800] "GET /gallery/photos/19700058/4/pages/1970-0058-00405.html HTTP/1.0" 200 1757 "-" "msnbot/1.0 (+http://search.msn.com/msnbot.htm)"
66.151.181.12 - - [16/Jul/2005:07:54:14 -0800] "GET /gallery/photos/20030063/2/pages/2003-0063-00272.html HTTP/1.1" 200 1758 "http://photolab.elmer.uaf.edu/gallery/photos/20030063/2/index_7.html" "FAST MetaWeb Crawler (helpdesk at fastsearch dot com)"
207.46.98.84 - - [16/Jul/2005:07:54:21 -0800] "GET /gallery/photos/19950244/06/pages/1995-0244-00602.html HTTP/1.0" 200 1886 "-" "msnbot/1.0 (+http://search.msn.com/msnbot.htm)"
68.163.146.131 - - [16/Jul/2005:07:54:24 -0800] "GET /store/photos/largejpegs/(112)1958-1026-01589.jpg HTTP/1.1" 304 - "http://www.livejournal.com/users/phildotidiot/friends" "Mozilla/4.0 (compatible; MSIE 6.0; Windows NT 5.1; SV1; .NET CLR 1.1.4322)"
207.46.98.84 - - [16/Jul/2005:07:54:37 -0800] "GET /gallery/photos/19880041/0/pages/1988-0041-00003.htm HTTP/1.0" 200 1876 "-" "msnbot/1.0 (+http://search.msn.com/msnbot.htm)"
66.151.181.12 - - [16/Jul/2005:07:55:08 -0800] "GET /gallery/photos/20030063/2/pages/2003-0063-00273.html HTTP/1.1" 200 1758 "http://photolab.elmer.uaf.edu/gallery/photos/20030063/2/index_7.html" "FAST MetaWeb Crawler (helpdesk at fastsearch dot com)"
66.151.181.12 - - [16/Jul/2005:07:57:38 -0800] "GET /gallery/photos/20030063/2/pages/2003-0063-00274.html HTTP/1.1" 200 1758 "http://photolab.elmer.uaf.edu/gallery/photos/20030063/2/index_7.html" "FAST MetaWeb Crawler (helpdesk at fastsearch dot com)"
66.151.181.12 - - [16/Jul/2005:07:57:41 -0800] "GET /gallery/photos/20030063/2/pages/2003-0063-00275.html HTTP/1.1" 200 1758 "http://photolab.elmer.uaf.edu/gallery/photos/20030063/2/index_7.html" "FAST MetaWeb Crawler (helpdesk at fastsearch dot com)"
66.151.181.12 - - [16/Jul/2005:07:58:38 -0800] "GET /gallery/photos/20030063/2/pages/2003-0063-00276.html HTTP/1.1" 200 1758 "http://photolab.elmer.uaf.edu/gallery/photos/20030063/2/index_7.html" "FAST MetaWeb Crawler (helpdesk at fastsearch dot com)"
207.46.98.84 - - [16/Jul/2005:07:59:31 -0800] "GET /gallery/photos/19700058/4/pages/1970-0058-00407.html HTTP/1.0" 200 1757 "-" "msnbot/1.0 (+http://search.msn.com/msnbot.htm)"
66.151.181.12 - - [16/Jul/2005:07:59:41 -0800] "GET /gallery/photos/20030063/2/pages/2003-0063-00277.html HTTP/1.1" 200 1758 "http://photolab.elmer.uaf.edu/gallery/photos/20030063/2/index_7.html" "FAST MetaWeb Crawler (helpdesk at fastsearch dot com)"
66.151.181.12 - - [16/Jul/2005:08:00:47 -0800] "GET /gallery/photos/20030063/2/pages/2003-0063-00278.html HTTP/1.1" 200 1758 "http://photolab.elmer.uaf.edu/gallery/photos/20030063/2/index_7.html" "FAST MetaWeb Crawler (helpdesk at fastsearch dot com)"
66.151.181.12 - - [16/Jul/2005:08:01:38 -0800] "GET /gallery/photos/20030063/2/pages/2003-0063-00279.html HTTP/1.1" 200 1758 "http://photolab.elmer.uaf.edu/gallery/photos/20030063/2/index_7.html" "FAST MetaWeb Crawler (helpdesk at fastsearch dot com)"
207.46.98.84 - - [16/Jul/2005:08:01:42 -0800] "GET /gallery/photos/19890199/1/pages/1989-0199-00103.html HTTP/1.0" 200 1875 "-" "msnbot/1.0 (+http://search.msn.com/msnbot.htm)"
66.151.181.12 - - [16/Jul/2005:08:02:41 -0800] "GET /gallery/photos/20030063/2/pages/2003-0063-00280.html HTTP/1.1" 200 1758 "http://photolab.elmer.uaf.edu/gallery/photos/20030063/2/index_7.html" "FAST MetaWeb Crawler (helpdesk at fastsearch dot com)"
207.46.98.84 - - [16/Jul/2005:08:03:06 -0800] "GET /gallery/photos/20030129/1/pages/1999-0293-00109.html HTTP/1.0" 200 1766 "-" "msnbot/1.0 (+http://search.msn.com/msnbot.htm)"
207.46.98.84 - - [16/Jul/2005:08:03:24 -0800] "GET /gallery/photos/19700058/4/pages/1970-0058-00409.html HTTP/1.0" 200 1757 "-" "msnbot/1.0 (+http://search.msn.com/msnbot.htm)"
66.151.181.12 - - [16/Jul/2005:08:03:47 -0800] "GET /gallery/photos/20030063/2/pages/2003-0063-00281.html HTTP/1.1" 200 1758 "http://photolab.elmer.uaf.edu/gallery/photos/20030063/2/index_7.html" "FAST MetaWeb Crawler (helpdesk at fastsearch dot com)"
66.151.181.12 - - [16/Jul/2005:08:04:38 -0800] "GET /gallery/photos/20030063/2/pages/2003-0063-00282.html HTTP/1.1" 200 1758 "http://photolab.elmer.uaf.edu/gallery/photos/20030063/2/index_7.html" "FAST MetaWeb Crawler (helpdesk at fastsearch dot com)"
207.46.98.84 - - [16/Jul/2005:08:05:29 -0800] "GET /gallery/photos/19890199/1/pages/1989-0199-00102.html HTTP/1.0" 200 1875 "-" "msnbot/1.0 (+http://search.msn.com/msnbot.htm)"
66.151.181.12 - - [16/Jul/2005:08:05:41 -0800] "GET /gallery/photos/20030063/2/pages/2003-0063-00283.html HTTP/1.1" 200 1758 "http://photolab.elmer.uaf.edu/gallery/photos/20030063/2/index_7.html" "FAST MetaWeb Crawler (helpdesk at fastsearch dot com)"
66.151.181.12 - - [16/Jul/2005:08:06:47 -0800] "GET /gallery/photos/20030109/0/index_8.html HTTP/1.1" 200 7240 "http://photolab.elmer.uaf.edu/gallery/photos/20030109/0/index_7.html" "FAST MetaWeb Crawler (helpdesk at fastsearch dot com)"
66.151.181.12 - - [16/Jul/2005:08:17:07 -0800] "GET /gallery/photos/20030109/0/pages/2003-0109-00074.html HTTP/1.1" 200 1756 "http://photolab.elmer.uaf.edu/gallery/photos/20030109/0/index_7.html" "FAST MetaWeb Crawler (helpdesk at fastsearch dot com)"
66.151.181.12 - - [16/Jul/2005:08:17:08 -0800] "GET /gallery/photos/20030109/0/pages/2003-0109-00075.html HTTP/1.1" 200 1756 "http://photolab.elmer.uaf.edu/gallery/photos/20030109/0/index_7.html" "FAST MetaWeb Crawler (helpdesk at fastsearch dot com)"
66.151.181.12 - - [16/Jul/2005:08:18:17 -0800] "GET /gallery/photos/20030109/0/pages/2003-0109-00076.html HTTP/1.1" 200 1756 "http://photolab.elmer.uaf.edu/gallery/photos/20030109/0/index_7.html" "FAST MetaWeb Crawler (helpdesk at fastsearch dot com)"
66.151.181.12 - - [16/Jul/2005:08:19:11 -0800] "GET /gallery/photos/20030109/0/pages/2003-0109-00077.html HTTP/1.1" 200 1756 "http://photolab.elmer.uaf.edu/gallery/photos/20030109/0/index_7.html" "FAST MetaWeb Crawler (helpdesk at fastsearch dot com)"
65.43.121.65 - - [16/Jul/2005:08:19:34 -0800] "GET /store/photos/largejpegs/(105)1989-0166-00522a.jpg HTTP/1.1" 200 101451 "http://comments.myspace.com/index.cfm?fuseaction=user.HomeComments&friendID=9831514&Mytoken=20050716091731" "Mozilla/4.0 (compatible; MSIE 6.0; Windows NT 5.1; SV1; .NET CLR 1.1.4322)"
66.151.181.12 - - [16/Jul/2005:08:20:11 -0800] "GET /gallery/photos/20030109/0/pages/2003-0109-00078.html HTTP/1.1" 200 1756 "http://photolab.elmer.uaf.edu/gallery/photos/20030109/0/index_7.html" "FAST MetaWeb Crawler (helpdesk at fastsearch dot com)"
66.151.181.12 - - [16/Jul/2005:08:21:17 -0800] "GET /gallery/photos/20030109/0/pages/2003-0109-00079.html HTTP/1.1" 200 1756 "http://photolab.elmer.uaf.edu/gallery/photos/20030109/0/index_7.html" "FAST MetaWeb Crawler (helpdesk at fastsearch dot com)"
66.151.181.12 - - [16/Jul/2005:08:22:29 -0800] "GET /gallery/photos/20030109/0/pages/2003-0109-00080.html HTTP/1.1" 200 1756 "http://photolab.elmer.uaf.edu/gallery/photos/20030109/0/index_7.html" "FAST MetaWeb Crawler (helpdesk at fastsearch dot com)"
66.151.181.12 - - [16/Jul/2005:08:23:08 -0800] "GET /gallery/photos/20030109/0/pages/2003-0109-00081.html HTTP/1.1" 200 1756 "http://photolab.elmer.uaf.edu/gallery/photos/20030109/0/index_7.html" "FAST MetaWeb Crawler (helpdesk at fastsearch dot com)"
68.163.146.131 - - [16/Jul/2005:08:23:11 -0800] "GET /store/photos/largejpegs/(112)1958-1026-01589.jpg HTTP/1.1" 304 - "http://www.livejournal.com/users/phildotidiot/friends" "Mozilla/4.0 (compatible; MSIE 6.0; Windows NT 5.1; SV1; .NET CLR 1.1.4322)"
66.151.181.12 - - [16/Jul/2005:08:24:11 -0800] "GET /gallery/photos/20030109/0/pages/2003-0109-00082.html HTTP/1.1" 200 1756 "http://photolab.elmer.uaf.edu/gallery/photos/20030109/0/index_7.html" "FAST MetaWeb Crawler (helpdesk at fastsearch dot com)"
207.46.98.84 - - [16/Jul/2005:08:24:11 -0800] "GET /gallery/photos/19680041/2/pages/1968-0041-00205.htm HTTP/1.0" 200 1886 "-" "msnbot/1.0 (+http://search.msn.com/msnbot.htm)"
66.151.181.12 - - [16/Jul/2005:08:25:08 -0800] "GET /gallery/photos/20030109/0/pages/2003-0109-00083.html HTTP/1.1" 200 1756 "http://photolab.elmer.uaf.edu/gallery/photos/20030109/0/index_7.html" "FAST MetaWeb Crawler (helpdesk at fastsearch dot com)"
66.151.181.12 - - [16/Jul/2005:08:26:08 -0800] "GET /gallery/photos/20030109/0/pages/2003-0109-00084.html HTTP/1.1" 200 1756 "http://photolab.elmer.uaf.edu/gallery/photos/20030109/0/index_7.html" "FAST MetaWeb Crawler (helpdesk at fastsearch dot com)"
209.161.178.50 - - [16/Jul/2005:08:27:25 -0800] "GET /index_files/lib.css HTTP/1.1" 200 2634 "http://photolab.elmer.uaf.edu/gallery/Panorama/" "Mozilla/5.0 (Windows; U; Windows NT 5.1; en-US; rv:1.7.6) Gecko/20050319"
209.161.178.50 - - [16/Jul/2005:08:27:25 -0800] "GET /index_files/title.jpg HTTP/1.1" 200 5438 "http://photolab.elmer.uaf.edu/gallery/Panorama/" "Mozilla/5.0 (Windows; U; Windows NT 5.1; en-US; rv:1.7.6) Gecko/20050319"
209.161.178.50 - - [16/Jul/2005:08:27:26 -0800] "GET /index_files/apr.jpg HTTP/1.1" 200 6015 "http://photolab.elmer.uaf.edu/gallery/Panorama/" "Mozilla/5.0 (Windows; U; Windows NT 5.1; en-US; rv:1.7.6) Gecko/20050319"
209.161.178.50 - - [16/Jul/2005:08:27:27 -0800] "GET /index_files/empty.gif HTTP/1.1" 200 45 "http://photolab.elmer.uaf.edu/gallery/Panorama/" "Mozilla/5.0 (Windows; U; Windows NT 5.1; en-US; rv:1.7.6) Gecko/20050319"
209.161.178.50 - - [16/Jul/2005:08:27:24 -0800] "GET /gallery/Panorama/ HTTP/1.1" 200 31470 "http://images.google.com/imgres?imgurl=http://photolab.elmer.uaf.edu/gallery/Panorama/images/1988-0051-00001.jpg&imgrefurl=http://photolab.elmer.uaf.edu/gallery/Panorama/&h=400&w=2295&sz=106&tbnid=xWYRtSb_gE4J:&tbnh=26&tbnw=149&start=45&prev=/images%3Fq%3DAlaska%2Bcopper%2Bmine%26start%3D40%26hl%3Den%26lr%3D%26client%3Dfirefox-a%26rls%3Dorg.mozilla:en-US:official_s%26sa%3DN" "Mozilla/5.0 (Windows; U; Windows NT 5.1; en-US; rv:1.7.6) Gecko/20050319"
209.161.178.50 - - [16/Jul/2005:08:27:27 -0800] "GET /index_files/small.dps.jpg HTTP/1.1" 200 5830 "http://photolab.elmer.uaf.edu/gallery/Panorama/" "Mozilla/5.0 (Windows; U; Windows NT 5.1; en-US; rv:1.7.6) Gecko/20050319"
209.161.178.50 - - [16/Jul/2005:08:27:27 -0800] "GET /index_files/small.jpg HTTP/1.1" 200 2294 "http://photolab.elmer.uaf.edu/gallery/Panorama/" "Mozilla/5.0 (Windows; U; Windows NT 5.1; en-US; rv:1.7.6) Gecko/20050319"
209.161.178.50 - - [16/Jul/2005:08:27:27 -0800] "GET /index_files/small_002.jpg HTTP/1.1" 200 1351 "http://photolab.elmer.uaf.edu/gallery/Panorama/" "Mozilla/5.0 (Windows; U; Windows NT 5.1; en-US; rv:1.7.6) Gecko/20050319"
209.161.178.50 - - [16/Jul/2005:08:27:27 -0800] "GET /index_files/small_003.jpg HTTP/1.1" 200 1521 "http://photolab.elmer.uaf.edu/gallery/Panorama/" "Mozilla/5.0 (Windows; U; Windows NT 5.1; en-US; rv:1.7.6) Gecko/20050319"
209.161.178.50 - - [16/Jul/2005:08:27:27 -0800] "GET /index_files/bar.gif HTTP/1.1" 200 342 "http://photolab.elmer.uaf.edu/gallery/Panorama/" "Mozilla/5.0 (Windows; U; Windows NT 5.1; en-US; rv:1.7.6) Gecko/20050319"
209.161.178.50 - - [16/Jul/2005:08:27:27 -0800] "GET /index_files/bluebear.gif HTTP/1.1" 200 1263 "http://photolab.elmer.uaf.edu/gallery/Panorama/" "Mozilla/5.0 (Windows; U; Windows NT 5.1; en-US; rv:1.7.6) Gecko/20050319"
209.161.178.50 - - [16/Jul/2005:08:27:27 -0800] "GET /index_files/sitemap.gif HTTP/1.1" 200 1503 "http://photolab.elmer.uaf.edu/gallery/Panorama/" "Mozilla/5.0 (Windows; U; Windows NT 5.1; en-US; rv:1.7.6) Gecko/20050319"
209.161.178.50 - - [16/Jul/2005:08:27:36 -0800] "GET /index_files/dps.ico HTTP/1.1" 200 318 "-" "Mozilla/5.0 (Windows; U; Windows NT 5.1; en-US; rv:1.7.6) Gecko/20050319"
209.161.178.50 - - [16/Jul/2005:08:27:42 -0800] "GET /gallery/Panorama/images/2003-0174-00510.jpg HTTP/1.1" 200 134102 "http://photolab.elmer.uaf.edu/gallery/Panorama/" "Mozilla/5.0 (Windows; U; Windows NT 5.1; en-US; rv:1.7.6) Gecko/20050319"
209.161.178.50 - - [16/Jul/2005:08:27:54 -0800] "GET /gallery/Panorama/images/1970-0058-00351.jpg HTTP/1.1" 200 76529 "http://photolab.elmer.uaf.edu/gallery/Panorama/" "Mozilla/5.0 (Windows; U; Windows NT 5.1; en-US; rv:1.7.6) Gecko/20050319"
209.161.178.50 - - [16/Jul/2005:08:28:17 -0800] "GET /gallery/Panorama/images/1958-1026-02040.jpg HTTP/1.1" 200 152984 "http://photolab.elmer.uaf.edu/gallery/Panorama/" "Mozilla/5.0 (Windows; U; Windows NT 5.1; en-US; rv:1.7.6) Gecko/20050319"
207.46.98.84 - - [16/Jul/2005:08:28:31 -0800] "GET /gallery/photos/20030040/0/pages/2003-0040-00002.html HTTP/1.0" 200 1756 "-" "msnbot/1.0 (+http://search.msn.com/msnbot.htm)"
66.151.181.12 - - [16/Jul/2005:08:28:41 -0800] "GET /gallery/photos/20030109/1/index_8.html HTTP/1.1" 200 7240 "http://photolab.elmer.uaf.edu/gallery/photos/20030109/1/index_7.html" "FAST MetaWeb Crawler (helpdesk at fastsearch dot com)"
209.161.178.50 - - [16/Jul/2005:08:28:55 -0800] "GET /gallery/Panorama/images/1958-1026-01064.jpg HTTP/1.1" 200 152871 "http://photolab.elmer.uaf.edu/gallery/Panorama/" "Mozilla/5.0 (Windows; U; Windows NT 5.1; en-US; rv:1.7.6) Gecko/20050319"
209.161.178.50 - - [16/Jul/2005:08:29:20 -0800] "GET /gallery/Panorama/images/2002-0134-00003.jpg HTTP/1.1" 200 166117 "http://photolab.elmer.uaf.edu/gallery/Panorama/" "Mozilla/5.0 (Windows; U; Windows NT 5.1; en-US; rv:1.7.6) Gecko/20050319"
66.151.181.12 - - [16/Jul/2005:08:29:26 -0800] "GET /gallery/photos/20030109/1/pages/2003-0109-00172.html HTTP/1.1" 200 1756 "http://photolab.elmer.uaf.edu/gallery/photos/20030109/1/index_7.html" "FAST MetaWeb Crawler (helpdesk at fastsearch dot com)"
66.151.181.12 - - [16/Jul/2005:08:29:50 -0800] "GET /gallery/photos/20030109/1/pages/2003-0109-00173.html HTTP/1.1" 200 1756 "http://photolab.elmer.uaf.edu/gallery/photos/20030109/1/index_7.html" "FAST MetaWeb Crawler (helpdesk at fastsearch dot com)"
209.161.178.50 - - [16/Jul/2005:08:29:45 -0800] "GET /gallery/Panorama/images/1958-1026-02247.jpg HTTP/1.1" 200 152424 "http://photolab.elmer.uaf.edu/gallery/Panorama/" "Mozilla/5.0 (Windows; U; Windows NT 5.1; en-US; rv:1.7.6) Gecko/20050319"
209.161.178.50 - - [16/Jul/2005:08:29:56 -0800] "GET /gallery/Panorama/images/1988-0051-00012.jpg HTTP/1.1" 200 109255 "http://photolab.elmer.uaf.edu/gallery/Panorama/" "Mozilla/5.0 (Windows; U; Windows NT 5.1; en-US; rv:1.7.6) Gecko/20050319"
209.161.178.50 - - [16/Jul/2005:08:30:09 -0800] "GET /gallery/Panorama/images/1988-0051-00012.jpg HTTP/1.1" 304 - "http://photolab.elmer.uaf.edu/gallery/Panorama/" "Mozilla/5.0 (Windows; U; Windows NT 5.1; en-US; rv:1.7.6) Gecko/20050319"
68.163.146.131 - - [16/Jul/2005:08:30:40 -0800] "GET /store/photos/largejpegs/(112)1958-1026-01589.jpg HTTP/1.1" 304 - "http://www.livejournal.com/users/phildotidiot/friends" "Mozilla/4.0 (compatible; MSIE 6.0; Windows NT 5.1; SV1; .NET CLR 1.1.4322)"
209.161.178.50 - - [16/Jul/2005:08:30:35 -0800] "GET /gallery/Panorama/images/1958-1026-02213.jpg HTTP/1.1" 200 144543 "http://photolab.elmer.uaf.edu/gallery/Panorama/" "Mozilla/5.0 (Windows; U; Windows NT 5.1; en-US; rv:1.7.6) Gecko/20050319"
66.151.181.12 - - [16/Jul/2005:08:31:02 -0800] "GET /gallery/photos/20030109/1/pages/2003-0109-00174.html HTTP/1.1" 200 1756 "http://photolab.elmer.uaf.edu/gallery/photos/20030109/1/index_7.html" "FAST MetaWeb Crawler (helpdesk at fastsearch dot com)"
209.161.178.50 - - [16/Jul/2005:08:30:59 -0800] "GET /gallery/photos/19640074/images/1964-0074-00111.jpg HTTP/1.1" 200 95388 "http://photolab.elmer.uaf.edu/gallery/Panorama/" "Mozilla/5.0 (Windows; U; Windows NT 5.1; en-US; rv:1.7.6) Gecko/20050319"
209.161.178.50 - - [16/Jul/2005:08:31:10 -0800] "GET /gallery/photos/19640074/images/1964-0074-00123.jpg HTTP/1.1" 200 69023 "http://photolab.elmer.uaf.edu/gallery/Panorama/" "Mozilla/5.0 (Windows; U; Windows NT 5.1; en-US; rv:1.7.6) Gecko/20050319"
209.161.178.50 - - [16/Jul/2005:08:31:19 -0800] "GET /gallery/Panorama/images/1988-0051-00007.jpg HTTP/1.1" 200 71703 "http://photolab.elmer.uaf.edu/gallery/Panorama/" "Mozilla/5.0 (Windows; U; Windows NT 5.1; en-US; rv:1.7.6) Gecko/20050319"
209.161.178.50 - - [16/Jul/2005:08:31:29 -0800] "GET /gallery/Panorama/images/1988-0051-00014.jpg HTTP/1.1" 200 88829 "http://photolab.elmer.uaf.edu/gallery/Panorama/" "Mozilla/5.0 (Windows; U; Windows NT 5.1; en-US; rv:1.7.6) Gecko/20050319"
66.151.181.12 - - [16/Jul/2005:08:31:41 -0800] "GET /gallery/photos/20030109/1/pages/2003-0109-00175.html HTTP/1.1" 200 1756 "http://photolab.elmer.uaf.edu/gallery/photos/20030109/1/index_7.html" "FAST MetaWeb Crawler (helpdesk at fastsearch dot com)"
209.161.178.50 - - [16/Jul/2005:08:32:06 -0800] "GET /gallery/Panorama/images/1964-0075-00312.jpg HTTP/1.1" 200 72885 "http://photolab.elmer.uaf.edu/gallery/Panorama/" "Mozilla/5.0 (Windows; U; Windows NT 5.1; en-US; rv:1.7.6) Gecko/20050319"
209.161.178.50 - - [16/Jul/2005:08:32:16 -0800] "GET /gallery/Panorama/images/1964-0075-00315.jpg HTTP/1.1" 200 71164 "http://photolab.elmer.uaf.edu/gallery/Panorama/" "Mozilla/5.0 (Windows; U; Windows NT 5.1; en-US; rv:1.7.6) Gecko/20050319"
209.161.178.50 - - [16/Jul/2005:08:32:28 -0800] "GET /gallery/photos/19640074/images/1964-0074-00150.jpg HTTP/1.1" 200 54138 "http://photolab.elmer.uaf.edu/gallery/Panorama/" "Mozilla/5.0 (Windows; U; Windows NT 5.1; en-US; rv:1.7.6) Gecko/20050319"
209.161.178.50 - - [16/Jul/2005:08:32:40 -0800] "GET /gallery/Panorama/images/1964-0075-00320.jpg HTTP/1.1" 200 87463 "http://photolab.elmer.uaf.edu/gallery/Panorama/" "Mozilla/5.0 (Windows; U; Windows NT 5.1; en-US; rv:1.7.6) Gecko/20050319"
207.46.98.84 - - [16/Jul/2005:08:32:44 -0800] "GET /gallery/photos/20030040/0/pages/2003-0040-00006.html HTTP/1.0" 200 1756 "-" "msnbot/1.0 (+http://search.msn.com/msnbot.htm)"
66.151.181.12 - - [16/Jul/2005:08:32:45 -0800] "GET /gallery/photos/20030109/1/pages/2003-0109-00176.html HTTP/1.1" 200 1756 "http://photolab.elmer.uaf.edu/gallery/photos/20030109/1/index_7.html" "FAST MetaWeb Crawler (helpdesk at fastsearch dot com)"
209.161.178.50 - - [16/Jul/2005:08:33:40 -0800] "GET /gallery/photos/19640074/images/1964-0074-00035.jpg HTTP/1.1" 200 106882 "http://photolab.elmer.uaf.edu/gallery/Panorama/" "Mozilla/5.0 (Windows; U; Windows NT 5.1; en-US; rv:1.7.6) Gecko/20050319"
66.151.181.12 - - [16/Jul/2005:08:33:44 -0800] "GET /gallery/photos/20030109/1/pages/2003-0109-00177.html HTTP/1.1" 200 1756 "http://photolab.elmer.uaf.edu/gallery/photos/20030109/1/index_7.html" "FAST MetaWeb Crawler (helpdesk at fastsearch dot com)"
209.161.178.50 - - [16/Jul/2005:08:33:59 -0800] "GET /gallery/Panorama/images/1988-0051-00016.jpg HTTP/1.1" 200 87868 "http://photolab.elmer.uaf.edu/gallery/Panorama/" "Mozilla/5.0 (Windows; U; Windows NT 5.1; en-US; rv:1.7.6) Gecko/20050319"
209.161.178.50 - - [16/Jul/2005:08:34:23 -0800] "GET /gallery/photos/19640074/images/1964-0074-00160.jpg HTTP/1.1" 200 72671 "http://photolab.elmer.uaf.edu/gallery/Panorama/" "Mozilla/5.0 (Windows; U; Windows NT 5.1; en-US; rv:1.7.6) Gecko/20050319"
209.161.178.50 - - [16/Jul/2005:08:34:37 -0800] "GET /gallery/photos/19640074/images/1964-0074-00112.jpg HTTP/1.1" 200 73663 "http://photolab.elmer.uaf.edu/gallery/Panorama/" "Mozilla/5.0 (Windows; U; Windows NT 5.1; en-US; rv:1.7.6) Gecko/20050319"
66.151.181.12 - - [16/Jul/2005:08:34:42 -0800] "GET /gallery/photos/20030109/1/pages/2003-0109-00178.html HTTP/1.1" 200 1756 "http://photolab.elmer.uaf.edu/gallery/photos/20030109/1/index_7.html" "FAST MetaWeb Crawler (helpdesk at fastsearch dot com)"
209.161.178.50 - - [16/Jul/2005:08:34:44 -0800] "GET /gallery/photos/19640074/images/1964-0074-00117.jpg HTTP/1.1" 200 98420 "http://photolab.elmer.uaf.edu/gallery/Panorama/" "Mozilla/5.0 (Windows; U; Windows NT 5.1; en-US; rv:1.7.6) Gecko/20050319"
209.161.178.50 - - [16/Jul/2005:08:35:00 -0800] "GET /gallery/photos/19640074/images/1964-0074-00138.jpg HTTP/1.1" 200 68731 "http://photolab.elmer.uaf.edu/gallery/Panorama/" "Mozilla/5.0 (Windows; U; Windows NT 5.1; en-US; rv:1.7.6) Gecko/20050319"
209.161.178.50 - - [16/Jul/2005:08:35:13 -0800] "GET /gallery/photos/19640074/images/1964-0074-00132.jpg HTTP/1.1" 200 73391 "http://photolab.elmer.uaf.edu/gallery/Panorama/" "Mozilla/5.0 (Windows; U; Windows NT 5.1; en-US; rv:1.7.6) Gecko/20050319"
209.161.178.50 - - [16/Jul/2005:08:35:27 -0800] "GET /gallery/photos/19640074/images/1964-0074-00122.jpg HTTP/1.1" 200 69224 "http://photolab.elmer.uaf.edu/gallery/Panorama/" "Mozilla/5.0 (Windows; U; Windows NT 5.1; en-US; rv:1.7.6) Gecko/20050319"
66.151.181.12 - - [16/Jul/2005:08:35:42 -0800] "GET /gallery/photos/20030109/1/pages/2003-0109-00179.html HTTP/1.1" 200 1756 "http://photolab.elmer.uaf.edu/gallery/photos/20030109/1/index_7.html" "FAST MetaWeb Crawler (helpdesk at fastsearch dot com)"
209.161.178.50 - - [16/Jul/2005:08:35:42 -0800] "GET /gallery/photos/19640074/images/1964-0074-00105.jpg HTTP/1.1" 200 60347 "http://photolab.elmer.uaf.edu/gallery/Panorama/" "Mozilla/5.0 (Windows; U; Windows NT 5.1; en-US; rv:1.7.6) Gecko/20050319"
207.46.98.84 - - [16/Jul/2005:08:36:06 -0800] "GET /gallery/photos/20030040/0/pages/2003-0040-00007.html HTTP/1.0" 200 1756 "-" "msnbot/1.0 (+http://search.msn.com/msnbot.htm)"
209.161.178.50 - - [16/Jul/2005:08:36:07 -0800] "GET /index_files/dps.ico HTTP/1.1" 200 318 "-" "Mozilla/5.0 (Windows; U; Windows NT 5.1; en-US; rv:1.7.8) Gecko/20050511 Firefox/1.0.4"
209.161.178.50 - - [16/Jul/2005:08:36:08 -0800] "GET /index_files/lib.css HTTP/1.1" 200 2634 "http://photolab.elmer.uaf.edu/gallery/Panorama/" "Mozilla/5.0 (Windows; U; Windows NT 5.1; en-US; rv:1.7.8) Gecko/20050511 Firefox/1.0.4"
209.161.178.50 - - [16/Jul/2005:08:36:08 -0800] "GET /index_files/title.jpg HTTP/1.1" 200 5438 "http://photolab.elmer.uaf.edu/gallery/Panorama/" "Mozilla/5.0 (Windows; U; Windows NT 5.1; en-US; rv:1.7.8) Gecko/20050511 Firefox/1.0.4"
209.161.178.50 - - [16/Jul/2005:08:36:07 -0800] "GET /gallery/Panorama/ HTTP/1.1" 200 31470 "-" "Mozilla/5.0 (Windows; U; Windows NT 5.1; en-US; rv:1.7.8) Gecko/20050511 Firefox/1.0.4"
209.161.178.50 - - [16/Jul/2005:08:36:09 -0800] "GET /index_files/empty.gif HTTP/1.1" 200 45 "http://photolab.elmer.uaf.edu/gallery/Panorama/" "Mozilla/5.0 (Windows; U; Windows NT 5.1; en-US; rv:1.7.8) Gecko/20050511 Firefox/1.0.4"
209.161.178.50 - - [16/Jul/2005:08:36:09 -0800] "GET /index_files/apr.jpg HTTP/1.1" 200 6015 "http://photolab.elmer.uaf.edu/gallery/Panorama/" "Mozilla/5.0 (Windows; U; Windows NT 5.1; en-US; rv:1.7.8) Gecko/20050511 Firefox/1.0.4"
209.161.178.50 - - [16/Jul/2005:08:36:09 -0800] "GET /index_files/small.dps.jpg HTTP/1.1" 200 5830 "http://photolab.elmer.uaf.edu/gallery/Panorama/" "Mozilla/5.0 (Windows; U; Windows NT 5.1; en-US; rv:1.7.8) Gecko/20050511 Firefox/1.0.4"
209.161.178.50 - - [16/Jul/2005:08:36:09 -0800] "GET /index_files/small.jpg HTTP/1.1" 200 2294 "http://photolab.elmer.uaf.edu/gallery/Panorama/" "Mozilla/5.0 (Windows; U; Windows NT 5.1; en-US; rv:1.7.8) Gecko/20050511 Firefox/1.0.4"
209.161.178.50 - - [16/Jul/2005:08:36:09 -0800] "GET /index_files/small_002.jpg HTTP/1.1" 200 1351 "http://photolab.elmer.uaf.edu/gallery/Panorama/" "Mozilla/5.0 (Windows; U; Windows NT 5.1; en-US; rv:1.7.8) Gecko/20050511 Firefox/1.0.4"
209.161.178.50 - - [16/Jul/2005:08:36:09 -0800] "GET /index_files/small_003.jpg HTTP/1.1" 200 1521 "http://photolab.elmer.uaf.edu/gallery/Panorama/" "Mozilla/5.0 (Windows; U; Windows NT 5.1; en-US; rv:1.7.8) Gecko/20050511 Firefox/1.0.4"
209.161.178.50 - - [16/Jul/2005:08:36:09 -0800] "GET /index_files/bar.gif HTTP/1.1" 200 342 "http://photolab.elmer.uaf.edu/gallery/Panorama/" "Mozilla/5.0 (Windows; U; Windows NT 5.1; en-US; rv:1.7.8) Gecko/20050511 Firefox/1.0.4"
209.161.178.50 - - [16/Jul/2005:08:36:10 -0800] "GET /index_files/bluebear.gif HTTP/1.1" 200 1263 "http://photolab.elmer.uaf.edu/gallery/Panorama/" "Mozilla/5.0 (Windows; U; Windows NT 5.1; en-US; rv:1.7.8) Gecko/20050511 Firefox/1.0.4"
209.161.178.50 - - [16/Jul/2005:08:36:10 -0800] "GET /index_files/sitemap.gif HTTP/1.1" 200 1503 "http://photolab.elmer.uaf.edu/gallery/Panorama/" "Mozilla/5.0 (Windows; U; Windows NT 5.1; en-US; rv:1.7.8) Gecko/20050511 Firefox/1.0.4"
66.151.181.12 - - [16/Jul/2005:08:36:42 -0800] "GET /gallery/photos/20030109/1/pages/2003-0109-00180.html HTTP/1.1" 200 1756 "http://photolab.elmer.uaf.edu/gallery/photos/20030109/1/index_7.html" "FAST MetaWeb Crawler (helpdesk at fastsearch dot com)"
66.151.181.12 - - [16/Jul/2005:08:37:42 -0800] "GET /gallery/photos/20030109/1/pages/2003-0109-00181.html HTTP/1.1" 200 1756 "http://photolab.elmer.uaf.edu/gallery/photos/20030109/1/index_7.html" "FAST MetaWeb Crawler (helpdesk at fastsearch dot com)"
66.151.181.12 - - [16/Jul/2005:08:38:42 -0800] "GET /gallery/photos/20030109/1/pages/2003-0109-00182.html HTTP/1.1" 200 1756 "http://photolab.elmer.uaf.edu/gallery/photos/20030109/1/index_7.html" "FAST MetaWeb Crawler (helpdesk at fastsearch dot com)"
207.46.98.84 - - [16/Jul/2005:08:39:12 -0800] "GET /gallery/photos/19680041/2/pages/1968-0041-00202.htm HTTP/1.0" 200 1886 "-" "msnbot/1.0 (+http://search.msn.com/msnbot.htm)"
80.218.77.247 - - [16/Jul/2005:08:39:31 -0800] "GET /store/people.html HTTP/1.1" 200 21075 "-" "Mozilla/4.0 (compatible; MSIE 6.0; Windows NT 5.1; SV1; .NET CLR 1.1.4322)"
66.151.181.12 - - [16/Jul/2005:08:39:42 -0800] "GET /gallery/photos/20030109/1/pages/2003-0109-00183.html HTTP/1.1" 200 1756 "http://photolab.elmer.uaf.edu/gallery/photos/20030109/1/index_7.html" "FAST MetaWeb Crawler (helpdesk at fastsearch dot com)"
80.218.77.247 - - [16/Jul/2005:08:39:32 -0800] "GET /store/photos/largejpegs/(009)1975-0146-00003.jpg HTTP/1.1" 200 160001 "-" "Mozilla/4.0 (compatible; MSIE 6.0; Windows NT 5.1; SV1; .NET CLR 1.1.4322)"
66.151.181.12 - - [16/Jul/2005:08:41:03 -0800] "GET /gallery/photos/20030109/2/index_8.html HTTP/1.1" 200 7240 "http://photolab.elmer.uaf.edu/gallery/photos/20030109/2/index_7.html" "FAST MetaWeb Crawler (helpdesk at fastsearch dot com)"
66.151.181.12 - - [16/Jul/2005:08:42:27 -0800] "GET /gallery/photos/20030109/2/pages/2003-0109-00272.html HTTP/1.1" 200 1756 "http://photolab.elmer.uaf.edu/gallery/photos/20030109/2/index_7.html" "FAST MetaWeb Crawler (helpdesk at fastsearch dot com)"
66.151.181.12 - - [16/Jul/2005:08:42:45 -0800] "GET /gallery/photos/20030109/2/pages/2003-0109-00273.html HTTP/1.1" 200 1756 "http://photolab.elmer.uaf.edu/gallery/photos/20030109/2/index_7.html" "FAST MetaWeb Crawler (helpdesk at fastsearch dot com)"
66.151.181.12 - - [16/Jul/2005:08:43:42 -0800] "GET /gallery/photos/20030109/2/pages/2003-0109-00274.html HTTP/1.1" 200 1756 "http://photolab.elmer.uaf.edu/gallery/photos/20030109/2/index_7.html" "FAST MetaWeb Crawler (helpdesk at fastsearch dot com)"
66.151.181.12 - - [16/Jul/2005:08:44:42 -0800] "GET /gallery/photos/20030109/2/pages/2003-0109-00275.html HTTP/1.1" 200 1756 "http://photolab.elmer.uaf.edu/gallery/photos/20030109/2/index_7.html" "FAST MetaWeb Crawler (helpdesk at fastsearch dot com)"
66.151.181.12 - - [16/Jul/2005:08:46:03 -0800] "GET /gallery/photos/20030109/2/pages/2003-0109-00276.html HTTP/1.1" 200 1756 "http://photolab.elmer.uaf.edu/gallery/photos/20030109/2/index_7.html" "FAST MetaWeb Crawler (helpdesk at fastsearch dot com)"
66.151.181.12 - - [16/Jul/2005:08:46:43 -0800] "GET /gallery/photos/20030109/2/pages/2003-0109-00277.html HTTP/1.1" 200 1756 "http://photolab.elmer.uaf.edu/gallery/photos/20030109/2/index_7.html" "FAST MetaWeb Crawler (helpdesk at fastsearch dot com)"
66.151.181.12 - - [16/Jul/2005:08:47:42 -0800] "GET /gallery/photos/20030109/2/pages/2003-0109-00278.html HTTP/1.1" 200 1756 "http://photolab.elmer.uaf.edu/gallery/photos/20030109/2/index_7.html" "FAST MetaWeb Crawler (helpdesk at fastsearch dot com)"
66.151.181.12 - - [16/Jul/2005:08:48:42 -0800] "GET /gallery/photos/20030109/2/pages/2003-0109-00279.html HTTP/1.1" 200 1756 "http://photolab.elmer.uaf.edu/gallery/photos/20030109/2/index_7.html" "FAST MetaWeb Crawler (helpdesk at fastsearch dot com)"
66.151.181.12 - - [16/Jul/2005:08:49:51 -0800] "GET /gallery/photos/20030109/2/pages/2003-0109-00280.html HTTP/1.1" 200 1756 "http://photolab.elmer.uaf.edu/gallery/photos/20030109/2/index_7.html" "FAST MetaWeb Crawler (helpdesk at fastsearch dot com)"
68.142.251.145 - - [16/Jul/2005:08:50:24 -0800] "GET /robots.txt HTTP/1.0" 200 96 "-" "Mozilla/5.0 (compatible; Yahoo! Slurp; http://help.yahoo.com/help/us/ysearch/slurp)"
68.142.249.49 - - [16/Jul/2005:08:50:24 -0800] "GET /gallery/20020087/4 HTTP/1.0" 404 314 "-" "Mozilla/5.0 (compatible; Yahoo! Slurp; http://help.yahoo.com/help/us/ysearch/slurp)"
66.151.181.12 - - [16/Jul/2005:08:51:27 -0800] "GET /gallery/photos/20030109/2/pages/2003-0109-00281.html HTTP/1.1" 200 1756 "http://photolab.elmer.uaf.edu/gallery/photos/20030109/2/index_7.html" "FAST MetaWeb Crawler (helpdesk at fastsearch dot com)"
66.151.181.12 - - [16/Jul/2005:08:51:42 -0800] "GET /gallery/photos/20030109/2/pages/2003-0109-00282.html HTTP/1.1" 200 1756 "http://photolab.elmer.uaf.edu/gallery/photos/20030109/2/index_7.html" "FAST MetaWeb Crawler (helpdesk at fastsearch dot com)"
66.151.181.12 - - [16/Jul/2005:08:52:42 -0800] "GET /gallery/photos/20030109/2/pages/2003-0109-00283.html HTTP/1.1" 200 1756 "http://photolab.elmer.uaf.edu/gallery/photos/20030109/2/index_7.html" "FAST MetaWeb Crawler (helpdesk at fastsearch dot com)"
66.151.181.12 - - [16/Jul/2005:08:54:27 -0800] "GET /gallery/photos/20030109/3/index_8.html HTTP/1.1" 200 3106 "http://photolab.elmer.uaf.edu/gallery/photos/20030109/3/index_7.html" "FAST MetaWeb Crawler (helpdesk at fastsearch dot com)"
66.151.181.10 - - [16/Jul/2005:08:54:40 -0800] "GET /gallery/20040109 HTTP/1.0" 404 312 "-" "FAST-WebCrawler/3.8/Scirus (scirus-crawler@fast.no; http://www.scirus.com/srsapp/contactus/)"
66.151.181.12 - - [16/Jul/2005:08:54:51 -0800] "GET /gallery/photos/20030109/3/pages/2003-0109-00372.html HTTP/1.1" 200 1756 "http://photolab.elmer.uaf.edu/gallery/photos/20030109/3/index_7.html" "FAST MetaWeb Crawler (helpdesk at fastsearch dot com)"
66.151.181.10 - - [16/Jul/2005:08:55:10 -0800] "GET /gallery/20040069 HTTP/1.0" 404 312 "-" "FAST-WebCrawler/3.8/Scirus (scirus-crawler@fast.no; http://www.scirus.com/srsapp/contactus/)"
66.151.181.12 - - [16/Jul/2005:08:56:27 -0800] "GET /gallery/photos/20030109/3/pages/2003-0109-00373.html HTTP/1.1" 200 1756 "http://photolab.elmer.uaf.edu/gallery/photos/20030109/3/index_7.html" "FAST MetaWeb Crawler (helpdesk at fastsearch dot com)"
66.151.181.12 - - [16/Jul/2005:08:56:42 -0800] "GET /gallery/photos/20030109/3/pages/2003-0109-00374.html HTTP/1.1" 200 1756 "http://photolab.elmer.uaf.edu/gallery/photos/20030109/3/index_7.html" "FAST MetaWeb Crawler (helpdesk at fastsearch dot com)"
66.151.181.12 - - [16/Jul/2005:08:57:45 -0800] "GET /gallery/photos/20030109/3/pages/2003-0109-00375.html HTTP/1.1" 200 1756 "http://photolab.elmer.uaf.edu/gallery/photos/20030109/3/index_7.html" "FAST MetaWeb Crawler (helpdesk at fastsearch dot com)"
211.212.93.31 - - [16/Jul/2005:08:58:20 -0800] "GET /gallery/maps/mapg3300.html HTTP/1.1" 200 21632 "http://www.worldmapfinder.com/Map_Detail.php?MAP=541&FN=G3300%20%5B1822%5D%20F55.jpg&MW=1200&MH=959&FS=374&FT=jpg&WO=0&CE=4&CO=0&CI=0&IT=0&LC=2&PG=1&CS=iso-8859-1&FU=http://photolab.elmer.uaf.edu/gallery/maps/G3300/large/G3300%20%5B1822%5D%20F55.jpg&SU=http://photolab.elmer.uaf.edu/gallery/maps/mapg3300.html" "Mozilla/4.0 (compatible; MSIE 6.0; Windows NT 5.1; SV1; .NET CLR 1.1.4322)"
211.212.93.31 - - [16/Jul/2005:08:58:21 -0800] "GET /index_files/lib.css HTTP/1.1" 200 2634 "http://photolab.elmer.uaf.edu/gallery/maps/mapg3300.html" "Mozilla/4.0 (compatible; MSIE 6.0; Windows NT 5.1; SV1; .NET CLR 1.1.4322)"
211.212.93.31 - - [16/Jul/2005:08:58:21 -0800] "GET /index_files/title.jpg HTTP/1.1" 200 5438 "http://photolab.elmer.uaf.edu/gallery/maps/mapg3300.html" "Mozilla/4.0 (compatible; MSIE 6.0; Windows NT 5.1; SV1; .NET CLR 1.1.4322)"
211.212.93.31 - - [16/Jul/2005:08:58:22 -0800] "GET /index_files/empty.gif HTTP/1.1" 200 45 "http://photolab.elmer.uaf.edu/gallery/maps/mapg3300.html" "Mozilla/4.0 (compatible; MSIE 6.0; Windows NT 5.1; SV1; .NET CLR 1.1.4322)"
211.212.93.31 - - [16/Jul/2005:08:58:22 -0800] "GET /index_files/apr.jpg HTTP/1.1" 200 6015 "http://photolab.elmer.uaf.edu/gallery/maps/mapg3300.html" "Mozilla/4.0 (compatible; MSIE 6.0; Windows NT 5.1; SV1; .NET CLR 1.1.4322)"
211.212.93.31 - - [16/Jul/2005:08:58:22 -0800] "GET /index_files/small.dps.jpg HTTP/1.1" 200 5830 "http://photolab.elmer.uaf.edu/gallery/maps/mapg3300.html" "Mozilla/4.0 (compatible; MSIE 6.0; Windows NT 5.1; SV1; .NET CLR 1.1.4322)"
211.212.93.31 - - [16/Jul/2005:08:58:23 -0800] "GET /index_files/small.jpg HTTP/1.1" 200 2294 "http://photolab.elmer.uaf.edu/gallery/maps/mapg3300.html" "Mozilla/4.0 (compatible; MSIE 6.0; Windows NT 5.1; SV1; .NET CLR 1.1.4322)"
211.212.93.31 - - [16/Jul/2005:08:58:23 -0800] "GET /index_files/small_002.jpg HTTP/1.1" 200 1351 "http://photolab.elmer.uaf.edu/gallery/maps/mapg3300.html" "Mozilla/4.0 (compatible; MSIE 6.0; Windows NT 5.1; SV1; .NET CLR 1.1.4322)"
211.212.93.31 - - [16/Jul/2005:08:58:23 -0800] "GET /index_files/small_003.jpg HTTP/1.1" 200 1521 "http://photolab.elmer.uaf.edu/gallery/maps/mapg3300.html" "Mozilla/4.0 (compatible; MSIE 6.0; Windows NT 5.1; SV1; .NET CLR 1.1.4322)"
211.212.93.31 - - [16/Jul/2005:08:58:23 -0800] "GET /gallery/maps/G3300/small/G3300%20%5B1590%5D%20P67.jpg HTTP/1.1" 200 14993 "http://photolab.elmer.uaf.edu/gallery/maps/mapg3300.html" "Mozilla/4.0 (compatible; MSIE 6.0; Windows NT 5.1; SV1; .NET CLR 1.1.4322)"
