129.24.79.36 - - [01/Jul/2005:12:29:53 -0800] "GET /store/photos/smalljpegs/(083)1989-0166-00380.jpg HTTP/1.1" 200 32119 "http://photolab.elmer.uaf.edu/store/alaskanatives.html" "Mozilla/5.0 (Windows; U; Windows NT 5.1; en-US; rv:1.4) Gecko/20030624 Netscape/7.1 (ax)"
129.24.79.36 - - [01/Jul/2005:12:29:53 -0800] "GET /store/photos/smalljpegs/(101)1995-0244-01044.jpg HTTP/1.1" 200 33660 "http://photolab.elmer.uaf.edu/store/alaskanatives.html" "Mozilla/5.0 (Windows; U; Windows NT 5.1; en-US; rv:1.4) Gecko/20030624 Netscape/7.1 (ax)"
129.24.79.36 - - [01/Jul/2005:12:29:53 -0800] "GET /store/photos/smalljpegs/(102)1972-0071-00804.jpg HTTP/1.1" 200 33600 "http://photolab.elmer.uaf.edu/store/alaskanatives.html" "Mozilla/5.0 (Windows; U; Windows NT 5.1; en-US; rv:1.4) Gecko/20030624 Netscape/7.1 (ax)"
129.24.79.36 - - [01/Jul/2005:12:29:54 -0800] "GET /store/photos/smalljpegs/(103)1972-0071-02925.jpg HTTP/1.1" 200 30024 "http://photolab.elmer.uaf.edu/store/alaskanatives.html" "Mozilla/5.0 (Windows; U; Windows NT 5.1; en-US; rv:1.4) Gecko/20030624 Netscape/7.1 (ax)"
129.24.79.36 - - [01/Jul/2005:12:29:54 -0800] "GET /store/photos/smalljpegs/(104)1958-1026-02106.jpg HTTP/1.1" 200 34617 "http://photolab.elmer.uaf.edu/store/alaskanatives.html" "Mozilla/5.0 (Windows; U; Windows NT 5.1; en-US; rv:1.4) Gecko/20030624 Netscape/7.1 (ax)"
129.24.79.36 - - [01/Jul/2005:12:29:54 -0800] "GET /store/photos/smalljpegs/(105)1989-0166-00522a.jpg HTTP/1.1" 200 25417 "http://photolab.elmer.uaf.edu/store/alaskanatives.html" "Mozilla/5.0 (Windows; U; Windows NT 5.1; en-US; rv:1.4) Gecko/20030624 Netscape/7.1 (ax)"
129.24.79.36 - - [01/Jul/2005:12:29:54 -0800] "GET /store/photos/smalljpegs/(106)1972-0071-03229.jpg HTTP/1.1" 200 38182 "http://photolab.elmer.uaf.edu/store/alaskanatives.html" "Mozilla/5.0 (Windows; U; Windows NT 5.1; en-US; rv:1.4) Gecko/20030624 Netscape/7.1 (ax)"
129.24.79.36 - - [01/Jul/2005:12:29:54 -0800] "GET /store/photos/smalljpegs/(107)1958-1026-02271.jpg HTTP/1.1" 200 34747 "http://photolab.elmer.uaf.edu/store/alaskanatives.html" "Mozilla/5.0 (Windows; U; Windows NT 5.1; en-US; rv:1.4) Gecko/20030624 Netscape/7.1 (ax)"
129.24.79.36 - - [01/Jul/2005:12:29:55 -0800] "GET /store/photos/smalljpegs/(108)1966-0054-00248.jpg HTTP/1.1" 200 41001 "http://photolab.elmer.uaf.edu/store/alaskanatives.html" "Mozilla/5.0 (Windows; U; Windows NT 5.1; en-US; rv:1.4) Gecko/20030624 Netscape/7.1 (ax)"
129.24.79.36 - - [01/Jul/2005:12:29:55 -0800] "GET /store/photos/smalljpegs/(109)1972-0071-03235.jpg HTTP/1.1" 200 39850 "http://photolab.elmer.uaf.edu/store/alaskanatives.html" "Mozilla/5.0 (Windows; U; Windows NT 5.1; en-US; rv:1.4) Gecko/20030624 Netscape/7.1 (ax)"
129.24.79.36 - - [01/Jul/2005:12:29:55 -0800] "GET /store/photos/smalljpegs/(112)1958-1026-01589.jpg HTTP/1.1" 200 31936 "http://photolab.elmer.uaf.edu/store/alaskanatives.html" "Mozilla/5.0 (Windows; U; Windows NT 5.1; en-US; rv:1.4) Gecko/20030624 Netscape/7.1 (ax)"
129.24.79.36 - - [01/Jul/2005:12:29:55 -0800] "GET /store/photos/smalljpegs/(110)1958-1026-01591.jpg HTTP/1.1" 200 38244 "http://photolab.elmer.uaf.edu/store/alaskanatives.html" "Mozilla/5.0 (Windows; U; Windows NT 5.1; en-US; rv:1.4) Gecko/20030624 Netscape/7.1 (ax)"
129.24.79.36 - - [01/Jul/2005:12:29:56 -0800] "GET /store/photos/smalljpegs/(114)1972-0071-00776.jpg HTTP/1.1" 200 24068 "http://photolab.elmer.uaf.edu/store/alaskanatives.html" "Mozilla/5.0 (Windows; U; Windows NT 5.1; en-US; rv:1.4) Gecko/20030624 Netscape/7.1 (ax)"
129.24.79.36 - - [01/Jul/2005:12:29:55 -0800] "GET /store/photos/smalljpegs/(113)1972-0071-02895.jpg HTTP/1.1" 200 36468 "http://photolab.elmer.uaf.edu/store/alaskanatives.html" "Mozilla/5.0 (Windows; U; Windows NT 5.1; en-US; rv:1.4) Gecko/20030624 Netscape/7.1 (ax)"
129.24.79.36 - - [01/Jul/2005:12:29:56 -0800] "GET /store/photos/smalljpegs/(115)1989-0166-00398.jpg HTTP/1.1" 200 30154 "http://photolab.elmer.uaf.edu/store/alaskanatives.html" "Mozilla/5.0 (Windows; U; Windows NT 5.1; en-US; rv:1.4) Gecko/20030624 Netscape/7.1 (ax)"
129.24.79.36 - - [01/Jul/2005:12:29:56 -0800] "GET /store/photos/smalljpegs/(116)1989-0166-00402.jpg HTTP/1.1" 200 30729 "http://photolab.elmer.uaf.edu/store/alaskanatives.html" "Mozilla/5.0 (Windows; U; Windows NT 5.1; en-US; rv:1.4) Gecko/20030624 Netscape/7.1 (ax)"
129.24.79.36 - - [01/Jul/2005:12:29:56 -0800] "GET /store/photos/smalljpegs/(119)1968-0069-02524.jpg HTTP/1.1" 200 31385 "http://photolab.elmer.uaf.edu/store/alaskanatives.html" "Mozilla/5.0 (Windows; U; Windows NT 5.1; en-US; rv:1.4) Gecko/20030624 Netscape/7.1 (ax)"
129.24.79.36 - - [01/Jul/2005:12:29:56 -0800] "GET /store/photos/smalljpegs/(118)1989-0166-00389.jpg HTTP/1.1" 200 39923 "http://photolab.elmer.uaf.edu/store/alaskanatives.html" "Mozilla/5.0 (Windows; U; Windows NT 5.1; en-US; rv:1.4) Gecko/20030624 Netscape/7.1 (ax)"
129.24.79.36 - - [01/Jul/2005:12:29:57 -0800] "GET /store/photos/smalljpegs/(120)1966-0054-00114.jpg HTTP/1.1" 200 30387 "http://photolab.elmer.uaf.edu/store/alaskanatives.html" "Mozilla/5.0 (Windows; U; Windows NT 5.1; en-US; rv:1.4) Gecko/20030624 Netscape/7.1 (ax)"
129.24.79.36 - - [01/Jul/2005:12:29:57 -0800] "GET /store/photos/smalljpegs/(123)2002-0134-00056.jpg HTTP/1.1" 200 34062 "http://photolab.elmer.uaf.edu/store/alaskanatives.html" "Mozilla/5.0 (Windows; U; Windows NT 5.1; en-US; rv:1.4) Gecko/20030624 Netscape/7.1 (ax)"
129.24.79.36 - - [01/Jul/2005:12:29:57 -0800] "GET /store/photos/smalljpegs/(126)2002-0134-00097.jpg HTTP/1.1" 200 32555 "http://photolab.elmer.uaf.edu/store/alaskanatives.html" "Mozilla/5.0 (Windows; U; Windows NT 5.1; en-US; rv:1.4) Gecko/20030624 Netscape/7.1 (ax)"
129.24.79.36 - - [01/Jul/2005:12:29:57 -0800] "GET /index_files/bluebear.gif HTTP/1.1" 200 1263 "http://photolab.elmer.uaf.edu/store/alaskanatives.html" "Mozilla/5.0 (Windows; U; Windows NT 5.1; en-US; rv:1.4) Gecko/20030624 Netscape/7.1 (ax)"
129.24.79.36 - - [01/Jul/2005:12:29:58 -0800] "GET /index_files/sitemap.gif HTTP/1.1" 200 1503 "http://photolab.elmer.uaf.edu/store/alaskanatives.html" "Mozilla/5.0 (Windows; U; Windows NT 5.1; en-US; rv:1.4) Gecko/20030624 Netscape/7.1 (ax)"
129.24.79.36 - - [01/Jul/2005:12:29:57 -0800] "GET /store/photos/smalljpegs/(165)1989-0166-01146.jpg HTTP/1.1" 200 38177 "http://photolab.elmer.uaf.edu/store/alaskanatives.html" "Mozilla/5.0 (Windows; U; Windows NT 5.1; en-US; rv:1.4) Gecko/20030624 Netscape/7.1 (ax)"
66.228.164.193 - - [01/Jul/2005:12:30:16 -0800] "GET /robots.txt HTTP/1.0" 200 96 "-" "Mozilla/5.0 (compatible; Yahoo! Slurp; http://help.yahoo.com/help/us/ysearch/slurp)"
66.228.164.203 - - [01/Jul/2005:12:30:16 -0800] "GET /gallery/19581026/21/pages/1958-1026-02125.html HTTP/1.0" 404 342 "-" "Mozilla/5.0 (compatible; Yahoo! Slurp; http://help.yahoo.com/help/us/ysearch/slurp)"
129.24.79.36 - - [01/Jul/2005:12:31:37 -0800] "GET /store/photos.html HTTP/1.1" 200 6569 "http://photolab.elmer.uaf.edu/store/alaskanatives.html" "Mozilla/5.0 (Windows; U; Windows NT 5.1; en-US; rv:1.4) Gecko/20030624 Netscape/7.1 (ax)"
129.24.79.36 - - [01/Jul/2005:12:31:56 -0800] "GET /favicon.ico HTTP/1.1" 404 307 "-" "Mozilla/5.0 (Windows; U; Windows NT 5.1; en-US; rv:1.4) Gecko/20030624 Netscape/7.1 (ax)"
129.24.79.36 - - [01/Jul/2005:12:31:55 -0800] "GET /store/photos/largejpegs/(123)2002-0134-00056.jpg HTTP/1.1" 200 176859 "http://photolab.elmer.uaf.edu/store/alaskanatives.html" "Mozilla/5.0 (Windows; U; Windows NT 5.1; en-US; rv:1.4) Gecko/20030624 Netscape/7.1 (ax)"
129.24.79.36 - - [01/Jul/2005:12:32:01 -0800] "GET /store/photos/largejpegs/(119)1968-0069-02524.jpg HTTP/1.1" 200 180017 "http://photolab.elmer.uaf.edu/store/alaskanatives.html" "Mozilla/5.0 (Windows; U; Windows NT 5.1; en-US; rv:1.4) Gecko/20030624 Netscape/7.1 (ax)"
63.231.168.226 - - [01/Jul/2005:12:36:58 -0800] "GET /store/people.html HTTP/1.1" 200 21075 "http://images.google.com/imgres?imgurl=http://photolab.elmer.uaf.edu/store/photos/largejpegs/(105)1989-0166-00522a.jpg&imgrefurl=http://photolab.elmer.uaf.edu/store/people.html&h=692&w=1000&sz=100&tbnid=mRifvhDN3-gJ:&tbnh=103&tbnw=149&hl=en&start=16&prev=/images%3Fq%3Dold%2Bwoman%26svnum%3D10%26hl%3Den%26lr%3D%26safe%3Doff%26sa%3DG" "Mozilla/5.0 (Windows; U; Windows NT 5.1; en-US; rv:1.7.6) Gecko/20050223 Firefox/1.0.1"
63.231.168.226 - - [01/Jul/2005:12:36:59 -0800] "GET /index_files/store.css HTTP/1.1" 200 2756 "http://photolab.elmer.uaf.edu/store/people.html" "Mozilla/5.0 (Windows; U; Windows NT 5.1; en-US; rv:1.7.6) Gecko/20050223 Firefox/1.0.1"
69.112.24.26 - - [01/Jul/2005:12:36:59 -0800] "GET /store/allphotos2.html HTTP/1.1" 200 28769 "-" "Mozilla/4.0 (compatible; MSIE 6.0; Windows NT 5.1; SV1)"
63.231.168.226 - - [01/Jul/2005:12:36:59 -0800] "GET /index_files/titlebrown.jpg HTTP/1.1" 200 5451 "http://photolab.elmer.uaf.edu/store/people.html" "Mozilla/5.0 (Windows; U; Windows NT 5.1; en-US; rv:1.7.6) Gecko/20050223 Firefox/1.0.1"
69.112.24.26 - - [01/Jul/2005:12:37:00 -0800] "GET /index_files/store.css HTTP/1.1" 200 2756 "http://photolab.elmer.uaf.edu/store/allphotos2.html" "Mozilla/4.0 (compatible; MSIE 6.0; Windows NT 5.1; SV1)"
69.112.24.26 - - [01/Jul/2005:12:37:00 -0800] "GET /index_files/titlebrown.jpg HTTP/1.1" 200 5451 "http://photolab.elmer.uaf.edu/store/allphotos2.html" "Mozilla/4.0 (compatible; MSIE 6.0; Windows NT 5.1; SV1)"
69.112.24.26 - - [01/Jul/2005:12:37:01 -0800] "GET /index_files/aprbrown.jpg HTTP/1.1" 200 5509 "http://photolab.elmer.uaf.edu/store/allphotos2.html" "Mozilla/4.0 (compatible; MSIE 6.0; Windows NT 5.1; SV1)"
69.112.24.26 - - [01/Jul/2005:12:37:01 -0800] "GET /index_files/storetitle.gif HTTP/1.1" 200 14535 "http://photolab.elmer.uaf.edu/store/allphotos2.html" "Mozilla/4.0 (compatible; MSIE 6.0; Windows NT 5.1; SV1)"
69.112.24.26 - - [01/Jul/2005:12:37:01 -0800] "GET /index_files/menubar.gif HTTP/1.1" 200 2913 "http://photolab.elmer.uaf.edu/store/allphotos2.html" "Mozilla/4.0 (compatible; MSIE 6.0; Windows NT 5.1; SV1)"
69.112.24.26 - - [01/Jul/2005:12:37:01 -0800] "GET /store/photos/smalljpegs/(043)1964-0029-00313.jpg HTTP/1.1" 200 32327 "http://photolab.elmer.uaf.edu/store/allphotos2.html" "Mozilla/4.0 (compatible; MSIE 6.0; Windows NT 5.1; SV1)"
63.231.168.226 - - [01/Jul/2005:12:36:59 -0800] "GET /store/photos/largejpegs/(105)1989-0166-00522a.jpg HTTP/1.1" 200 101451 "http://images.google.com/imgres?imgurl=http://photolab.elmer.uaf.edu/store/photos/largejpegs/(105)1989-0166-00522a.jpg&imgrefurl=http://photolab.elmer.uaf.edu/store/people.html&h=692&w=1000&sz=100&tbnid=mRifvhDN3-gJ:&tbnh=103&tbnw=149&hl=en&prev=/images%3Fq%3Dold%2Bwoman%26svnum%3D10%26hl%3Den%26lr%3D%26safe%3Doff%26sa%3DG&frame=small" "Mozilla/5.0 (Windows; U; Windows NT 5.1; en-US; rv:1.7.6) Gecko/20050223 Firefox/1.0.1"
69.112.24.26 - - [01/Jul/2005:12:37:02 -0800] "GET /store/photos/smalljpegs/(041)1989-0166-00699.jpg HTTP/1.1" 200 28697 "http://photolab.elmer.uaf.edu/store/allphotos2.html" "Mozilla/4.0 (compatible; MSIE 6.0; Windows NT 5.1; SV1)"
69.112.24.26 - - [01/Jul/2005:12:37:02 -0800] "GET /store/photos/smalljpegs/(042)1958-1026-02246.jpg HTTP/1.1" 200 30955 "http://photolab.elmer.uaf.edu/store/allphotos2.html" "Mozilla/4.0 (compatible; MSIE 6.0; Windows NT 5.1; SV1)"
69.112.24.26 - - [01/Jul/2005:12:37:03 -0800] "GET /store/photos/smalljpegs/(044)1958-1026-02211.jpg HTTP/1.1" 200 35860 "http://photolab.elmer.uaf.edu/store/allphotos2.html" "Mozilla/4.0 (compatible; MSIE 6.0; Windows NT 5.1; SV1)"
69.112.24.26 - - [01/Jul/2005:12:37:03 -0800] "GET /store/photos/smalljpegs/(045)1989-0166-00025.jpg HTTP/1.1" 200 40740 "http://photolab.elmer.uaf.edu/store/allphotos2.html" "Mozilla/4.0 (compatible; MSIE 6.0; Windows NT 5.1; SV1)"
69.112.24.26 - - [01/Jul/2005:12:37:04 -0800] "GET /store/photos/smalljpegs/(046)1958-1026-02232.jpg HTTP/1.1" 200 39743 "http://photolab.elmer.uaf.edu/store/allphotos2.html" "Mozilla/4.0 (compatible; MSIE 6.0; Windows NT 5.1; SV1)"
69.112.24.26 - - [01/Jul/2005:12:37:04 -0800] "GET /store/photos/smalljpegs/(047)1958-1026-01592.jpg HTTP/1.1" 200 35235 "http://photolab.elmer.uaf.edu/store/allphotos2.html" "Mozilla/4.0 (compatible; MSIE 6.0; Windows NT 5.1; SV1)"
69.112.24.26 - - [01/Jul/2005:12:37:04 -0800] "GET /store/photos/smalljpegs/(048)1989-0166-00105.jpg HTTP/1.1" 200 24419 "http://photolab.elmer.uaf.edu/store/allphotos2.html" "Mozilla/4.0 (compatible; MSIE 6.0; Windows NT 5.1; SV1)"
69.112.24.26 - - [01/Jul/2005:12:37:05 -0800] "GET /store/photos/smalljpegs/(050)896-055.jpg HTTP/1.1" 200 22732 "http://photolab.elmer.uaf.edu/store/allphotos2.html" "Mozilla/4.0 (compatible; MSIE 6.0; Windows NT 5.1; SV1)"
69.112.24.26 - - [01/Jul/2005:12:37:05 -0800] "GET /store/photos/smalljpegs/(049)1958-1026-01439.jpg HTTP/1.1" 200 34222 "http://photolab.elmer.uaf.edu/store/allphotos2.html" "Mozilla/4.0 (compatible; MSIE 6.0; Windows NT 5.1; SV1)"
69.112.24.26 - - [01/Jul/2005:12:37:05 -0800] "GET /store/photos/smalljpegs/(051)1981-0107-00008.jpg HTTP/1.1" 200 33523 "http://photolab.elmer.uaf.edu/store/allphotos2.html" "Mozilla/4.0 (compatible; MSIE 6.0; Windows NT 5.1; SV1)"
69.112.24.26 - - [01/Jul/2005:12:37:06 -0800] "GET /store/photos/smalljpegs/(052)1989-0166-00467.jpg HTTP/1.1" 200 35022 "http://photolab.elmer.uaf.edu/store/allphotos2.html" "Mozilla/4.0 (compatible; MSIE 6.0; Windows NT 5.1; SV1)"
69.112.24.26 - - [01/Jul/2005:12:37:06 -0800] "GET /store/photos/smalljpegs/(053)1970-0028-00753.jpg HTTP/1.1" 200 32896 "http://photolab.elmer.uaf.edu/store/allphotos2.html" "Mozilla/4.0 (compatible; MSIE 6.0; Windows NT 5.1; SV1)"
69.112.24.26 - - [01/Jul/2005:12:37:06 -0800] "GET /store/photos/smalljpegs/(054)1989-0166-00161a.jpg HTTP/1.1" 200 33691 "http://photolab.elmer.uaf.edu/store/allphotos2.html" "Mozilla/4.0 (compatible; MSIE 6.0; Windows NT 5.1; SV1)"
63.231.168.226 - - [01/Jul/2005:12:37:07 -0800] "GET /store/people.html HTTP/1.1" 206 4691 "http://images.google.com/imgres?imgurl=http://photolab.elmer.uaf.edu/store/photos/largejpegs/(105)1989-0166-00522a.jpg&imgrefurl=http://photolab.elmer.uaf.edu/store/people.html&h=692&w=1000&sz=100&tbnid=mRifvhDN3-gJ:&tbnh=103&tbnw=149&hl=en&start=16&prev=/images%3Fq%3Dold%2Bwoman%26svnum%3D10%26hl%3Den%26lr%3D%26safe%3Doff%26sa%3DG" "Mozilla/5.0 (Windows; U; Windows NT 5.1; en-US; rv:1.7.6) Gecko/20050223 Firefox/1.0.1"
69.112.24.26 - - [01/Jul/2005:12:37:07 -0800] "GET /store/photos/smalljpegs/1969-0004-00003.jpg HTTP/1.1" 200 24486 "http://photolab.elmer.uaf.edu/store/allphotos2.html" "Mozilla/4.0 (compatible; MSIE 6.0; Windows NT 5.1; SV1)"
63.231.168.226 - - [01/Jul/2005:12:37:08 -0800] "GET /index_files/titlebrown.jpg HTTP/1.1" 200 5451 "http://photolab.elmer.uaf.edu/store/people.html" "Mozilla/5.0 (Windows; U; Windows NT 5.1; en-US; rv:1.7.6) Gecko/20050223 Firefox/1.0.1"
69.112.24.26 - - [01/Jul/2005:12:37:07 -0800] "GET /store/photos/smalljpegs/(055)1966-0054-00104.jpg HTTP/1.1" 200 35929 "http://photolab.elmer.uaf.edu/store/allphotos2.html" "Mozilla/4.0 (compatible; MSIE 6.0; Windows NT 5.1; SV1)"
63.231.168.226 - - [01/Jul/2005:12:37:08 -0800] "GET /index_files/aprbrown.jpg HTTP/1.1" 200 5509 "http://photolab.elmer.uaf.edu/store/people.html" "Mozilla/5.0 (Windows; U; Windows NT 5.1; en-US; rv:1.7.6) Gecko/20050223 Firefox/1.0.1"
69.112.24.26 - - [01/Jul/2005:12:37:08 -0800] "GET /store/photos/smalljpegs/(057)1972-0071-00823.jpg HTTP/1.1" 200 23575 "http://photolab.elmer.uaf.edu/store/allphotos2.html" "Mozilla/4.0 (compatible; MSIE 6.0; Windows NT 5.1; SV1)"
69.112.24.26 - - [01/Jul/2005:12:37:08 -0800] "GET /store/photos/smalljpegs/(058)1969-0016-00011.jpg HTTP/1.1" 200 38151 "http://photolab.elmer.uaf.edu/store/allphotos2.html" "Mozilla/4.0 (compatible; MSIE 6.0; Windows NT 5.1; SV1)"
69.112.24.26 - - [01/Jul/2005:12:37:09 -0800] "GET /store/photos/smalljpegs/(059)1972-0117-00014.jpg HTTP/1.1" 200 29126 "http://photolab.elmer.uaf.edu/store/allphotos2.html" "Mozilla/4.0 (compatible; MSIE 6.0; Windows NT 5.1; SV1)"
69.112.24.26 - - [01/Jul/2005:12:37:09 -0800] "GET /store/photos/smalljpegs/(060)972-103.jpg HTTP/1.1" 200 20152 "http://photolab.elmer.uaf.edu/store/allphotos2.html" "Mozilla/4.0 (compatible; MSIE 6.0; Windows NT 5.1; SV1)"
69.112.24.26 - - [01/Jul/2005:12:37:09 -0800] "GET /store/photos/smalljpegs/(061)1989-0166-00191.jpg HTTP/1.1" 200 36566 "http://photolab.elmer.uaf.edu/store/allphotos2.html" "Mozilla/4.0 (compatible; MSIE 6.0; Windows NT 5.1; SV1)"
69.112.24.26 - - [01/Jul/2005:12:37:10 -0800] "GET /store/photos/smalljpegs/(063)1958-1026-00112.jpg HTTP/1.1" 200 33764 "http://photolab.elmer.uaf.edu/store/allphotos2.html" "Mozilla/4.0 (compatible; MSIE 6.0; Windows NT 5.1; SV1)"
69.112.24.26 - - [01/Jul/2005:12:37:10 -0800] "GET /store/photos/smalljpegs/(062)1973-0050-00013.jpg HTTP/1.1" 200 39979 "http://photolab.elmer.uaf.edu/store/allphotos2.html" "Mozilla/4.0 (compatible; MSIE 6.0; Windows NT 5.1; SV1)"
216.231.57.233 - - [01/Jul/2005:12:38:29 -0800] "GET /store/people.html HTTP/1.1" 200 21075 "http://images.google.com/imgres?imgurl=http://photolab.elmer.uaf.edu/store/photos/largejpegs/(105)1989-0166-00522a.jpg&imgrefurl=http://photolab.elmer.uaf.edu/store/people.html&h=692&w=1000&sz=100&tbnid=mRifvhDN3-gJ:&tbnh=103&tbnw=149&hl=en&start=16&prev=/images%3Fq%3Dold%2Bwoman%26svnum%3D10%26hl%3Den%26lr%3D" "Mozilla/4.0 (compatible; MSIE 6.0; Windows NT 5.1; SV1)"
216.231.57.233 - - [01/Jul/2005:12:38:29 -0800] "GET /index_files/store.css HTTP/1.1" 200 2756 "http://photolab.elmer.uaf.edu/store/people.html" "Mozilla/4.0 (compatible; MSIE 6.0; Windows NT 5.1; SV1)"
216.231.57.233 - - [01/Jul/2005:12:38:29 -0800] "GET /index_files/titlebrown.jpg HTTP/1.1" 200 5451 "http://photolab.elmer.uaf.edu/store/people.html" "Mozilla/4.0 (compatible; MSIE 6.0; Windows NT 5.1; SV1)"
216.231.57.233 - - [01/Jul/2005:12:38:29 -0800] "GET /index_files/aprbrown.jpg HTTP/1.1" 200 5509 "http://photolab.elmer.uaf.edu/store/people.html" "Mozilla/4.0 (compatible; MSIE 6.0; Windows NT 5.1; SV1)"
216.231.57.233 - - [01/Jul/2005:12:38:29 -0800] "GET /index_files/storetitle.gif HTTP/1.1" 200 14535 "http://photolab.elmer.uaf.edu/store/people.html" "Mozilla/4.0 (compatible; MSIE 6.0; Windows NT 5.1; SV1)"
216.231.57.233 - - [01/Jul/2005:12:38:29 -0800] "GET /index_files/menubar.gif HTTP/1.1" 200 2913 "http://photolab.elmer.uaf.edu/store/people.html" "Mozilla/4.0 (compatible; MSIE 6.0; Windows NT 5.1; SV1)"
216.231.57.233 - - [01/Jul/2005:12:38:29 -0800] "GET /store/photos/smalljpegs/(007)1972-0071-03234.jpg HTTP/1.1" 200 32052 "http://photolab.elmer.uaf.edu/store/people.html" "Mozilla/4.0 (compatible; MSIE 6.0; Windows NT 5.1; SV1)"
216.231.57.233 - - [01/Jul/2005:12:38:29 -0800] "GET /store/photos/smalljpegs/(009)1975-0146-00003.jpg HTTP/1.1" 200 35453 "http://photolab.elmer.uaf.edu/store/people.html" "Mozilla/4.0 (compatible; MSIE 6.0; Windows NT 5.1; SV1)"
216.231.57.233 - - [01/Jul/2005:12:38:30 -0800] "GET /store/photos/smalljpegs/(024)1972-0116-00334.jpg HTTP/1.1" 200 29908 "http://photolab.elmer.uaf.edu/store/people.html" "Mozilla/4.0 (compatible; MSIE 6.0; Windows NT 5.1; SV1)"
216.231.57.233 - - [01/Jul/2005:12:38:29 -0800] "GET /store/photos/smalljpegs/(012)1989-0166-00375.jpg HTTP/1.1" 200 41883 "http://photolab.elmer.uaf.edu/store/people.html" "Mozilla/4.0 (compatible; MSIE 6.0; Windows NT 5.1; SV1)"
216.231.57.233 - - [01/Jul/2005:12:38:30 -0800] "GET /store/photos/smalljpegs/(040)1958-1026-01700.jpg HTTP/1.1" 200 30523 "http://photolab.elmer.uaf.edu/store/people.html" "Mozilla/4.0 (compatible; MSIE 6.0; Windows NT 5.1; SV1)"
216.231.57.233 - - [01/Jul/2005:12:38:30 -0800] "GET /store/photos/largejpegs/(105)1989-0166-00522a.jpg HTTP/1.1" 200 101451 "http://images.google.com/imgres?imgurl=http://photolab.elmer.uaf.edu/store/photos/largejpegs/(105)1989-0166-00522a.jpg&imgrefurl=http://photolab.elmer.uaf.edu/store/people.html&h=692&w=1000&sz=100&tbnid=mRifvhDN3-gJ:&tbnh=103&tbnw=149&hl=en&prev=/images%3Fq%3Dold%2Bwoman%26svnum%3D10%26hl%3Den%26lr%3D&frame=small" "Mozilla/4.0 (compatible; MSIE 6.0; Windows NT 5.1; SV1)"
216.231.57.233 - - [01/Jul/2005:12:38:43 -0800] "GET /store/photos/smalljpegs/(026)1997-0165-00010.jpg HTTP/1.1" 200 26695 "http://photolab.elmer.uaf.edu/store/people.html" "Mozilla/4.0 (compatible; MSIE 6.0; Windows NT 5.1; SV1)"
216.231.57.233 - - [01/Jul/2005:12:38:43 -0800] "GET /store/photos/smalljpegs/(040)1958-1026-01700.jpg HTTP/1.1" 200 30523 "http://photolab.elmer.uaf.edu/store/people.html" "Mozilla/4.0 (compatible; MSIE 6.0; Windows NT 5.1; SV1)"
216.231.57.233 - - [01/Jul/2005:12:38:44 -0800] "GET /store/photos/smalljpegs/(055)1966-0054-00104.jpg HTTP/1.1" 200 35929 "http://photolab.elmer.uaf.edu/store/people.html" "Mozilla/4.0 (compatible; MSIE 6.0; Windows NT 5.1; SV1)"
216.231.57.233 - - [01/Jul/2005:12:38:44 -0800] "GET /store/photos/smalljpegs/(012)1989-0166-00375.jpg HTTP/1.1" 206 923 "http://photolab.elmer.uaf.edu/store/people.html" "Mozilla/4.0 (compatible; MSIE 6.0; Windows NT 5.1; SV1)"
207.46.98.85 - - [01/Jul/2005:12:42:16 -0800] "GET /robots.txt HTTP/1.0" 200 96 "-" "msnbot/1.0 (+http://search.msn.com/msnbot.htm)"
207.46.98.85 - - [01/Jul/2005:12:42:16 -0800] "GET /gallery/photos/20030129/2/pages/1999-0293-00210.html HTTP/1.0" 200 1766 "-" "msnbot/1.0 (+http://search.msn.com/msnbot.htm)"
207.46.98.85 - - [01/Jul/2005:12:44:24 -0800] "GET /gallery/photos/20030129/2/pages/1999-0293-00202.html HTTP/1.0" 200 1766 "-" "msnbot/1.0 (+http://search.msn.com/msnbot.htm)"
68.142.251.150 - - [01/Jul/2005:12:46:12 -0800] "GET /robots.txt HTTP/1.0" 200 96 "-" "Mozilla/5.0 (compatible; Yahoo! Slurp; http://help.yahoo.com/help/us/ysearch/slurp)"
68.142.250.73 - - [01/Jul/2005:12:46:13 -0800] "GET /gallery/19690092/5 HTTP/1.0" 404 314 "-" "Mozilla/5.0 (compatible; Yahoo! Slurp; http://help.yahoo.com/help/us/ysearch/slurp)"
207.46.98.85 - - [01/Jul/2005:12:46:28 -0800] "GET /gallery/photos/19950244/05/pages/1995-0244-00501.html HTTP/1.0" 200 1886 "-" "msnbot/1.0 (+http://search.msn.com/msnbot.htm)"
64.12.116.133 - - [01/Jul/2005:12:48:43 -0800] "GET /store/people.html HTTP/1.0" 200 21075 "http://images.google.com/imgres?imgurl=http://photolab.elmer.uaf.edu/store/photos/largejpegs/(105)1989-0166-00522a.jpg&imgrefurl=http://photolab.elmer.uaf.edu/store/people.html&h=692&w=1000&sz=100&tbnid=mRifvhDN3-gJ:&tbnh=103&tbnw=149&hl=en&start=16&prev=/images%3Fq%3Dold%2Bwoman%26svnum%3D10%26hl%3Den%26lr%3D%26ie%3DUTF-8%26sa%3DG" "Mozilla/4.0 (compatible; MSIE 6.0; AOL 9.0; Windows NT 5.1; SV1; .NET CLR 1.1.4322)"
64.12.116.131 - - [01/Jul/2005:12:48:45 -0800] "GET /index_files/store.css HTTP/1.0" 200 2756 "http://photolab.elmer.uaf.edu/store/people.html" "Mozilla/4.0 (compatible; MSIE 6.0; AOL 9.0; Windows NT 5.1; SV1; .NET CLR 1.1.4322)"
64.12.117.5 - - [01/Jul/2005:12:48:47 -0800] "GET /store/photos/largejpegs/(105)1989-0166-00522a.jpg HTTP/1.0" 200 101451 "http://images.google.com/imgres?imgurl=http://photolab.elmer.uaf.edu/store/photos/largejpegs/(105)1989-0166-00522a.jpg&imgrefurl=http://photolab.elmer.uaf.edu/store/people.html&h=692&w=1000&sz=100&tbnid=mRifvhDN3-gJ:&tbnh=103&tbnw=149&hl=en&prev=/images%3Fq%3Dold%2Bwoman%26svnum%3D10%26hl%3Den%26lr%3D%26ie%3DUTF-8%26sa%3DG&frame=small" "Mozilla/4.0 (compatible; MSIE 6.0; AOL 9.0; Windows NT 5.1; SV1; .NET CLR 1.1.4322)"
64.12.117.5 - - [01/Jul/2005:12:48:50 -0800] "GET /store/photos/largejpegs/(105)1989-0166-00522a.jpg HTTP/1.1" 200 101451 "http://images.google.com/imgres?imgurl=http://photolab.elmer.uaf.edu/store/photos/largejpegs/(105)1989-0166-00522a.jpg&imgrefurl=http://photolab.elmer.uaf.edu/store/people.html&h=692&w=1000&sz=100&tbnid=mRifvhDN3-gJ:&tbnh=103&tbnw=149&hl=en&prev=/images%3Fq%3Dold%2Bwoman%26svnum%3D10%26hl%3Den%26lr%3D%26ie%3DUTF-8%26sa%3DG&frame=small" "Mozilla/4.0 (compatible; MSIE 6.0; AOL 9.0; Windows NT 5.1; SV1; .NET CLR 1.1.4322)"
207.46.98.85 - - [01/Jul/2005:12:49:28 -0800] "GET /gallery/photos/20030109/3/pages/2003-0109-00311.html HTTP/1.0" 200 1754 "-" "msnbot/1.0 (+http://search.msn.com/msnbot.htm)"
63.155.44.3 - - [01/Jul/2005:12:50:33 -0800] "GET /store/photos/largejpegs/(105)1989-0166-00522a.jpg HTTP/1.1" 200 101451 "http://profile.myspace.com/index.cfm?fuseaction=user.viewprofile&friendID=9831514&Mytoken=20050701134644&ifid=MFoGCSsGAQQBgjdYA6BNMEsGCisGAQQBgjdYAwGgPTA7AgMCAAECAmYDAgIAwAQIE2i8pkGUTWYEEMpJh8YVtY7OK36%2BvyRegIUEELPlfJXVEKuY0QRQr8l1atM%3D" "Mozilla/4.0 (compatible; MSIE 6.0; Windows NT 5.1)"
67.37.225.232 - - [01/Jul/2005:12:52:15 -0800] "GET /store/photos/largejpegs/(105)1989-0166-00522a.jpg HTTP/1.1" 200 101451 "http://profile.myspace.com/index.cfm?fuseaction=user.viewProfile&friendID=9831514&Mytoken=20050701134803" "Mozilla/4.0 (compatible; MSIE 6.0; Windows NT 5.1; SV1; .NET CLR 1.1.4322)"
68.142.249.95 - - [01/Jul/2005:12:54:46 -0800] "GET /gallery/20030174/2/index_2.html HTTP/1.0" 404 327 "-" "Mozilla/5.0 (compatible; Yahoo! Slurp; http://help.yahoo.com/help/us/ysearch/slurp)"
63.155.44.3 - - [01/Jul/2005:12:55:27 -0800] "GET /store/photos/largejpegs/(105)1989-0166-00522a.jpg HTTP/1.1" 206 93259 "http://profile.myspace.com/index.cfm?fuseaction=user.viewprofile&friendID=9831514&Mytoken=20050701135149" "Mozilla/4.0 (compatible; MSIE 6.0; Windows NT 5.1)"
207.46.98.85 - - [01/Jul/2005:12:56:15 -0800] "GET /gallery/photos/20040145/1/pages/2004-0145-00118.htm HTTP/1.0" 200 1887 "-" "msnbot/1.0 (+http://search.msn.com/msnbot.htm)"
63.155.44.3 - - [01/Jul/2005:12:57:24 -0800] "GET /store/photos/largejpegs/(105)1989-0166-00522a.jpg HTTP/1.1" 200 101451 "http://profile.myspace.com/index.cfm?fuseaction=user.viewprofile&friendID=9831514&Mytoken=20050701135407&ifid=MFoGCSsGAQQBgjdYA6BNMEsGCisGAQQBgjdYAwGgPTA7AgMCAAECAmYDAgIAwAQIfdckNbrS%2BpYEEFC4vE24oarel6l8LdgpLz4EELdiAnDGh3NqugSkIeq7Qhs%3D" "Mozilla/4.0 (compatible; MSIE 6.0; Windows NT 5.1)"
207.46.98.85 - - [01/Jul/2005:12:59:00 -0800] "GET /gallery/photos/20040145/2/pages/2004-0145-00202.htm HTTP/1.0" 200 1887 "-" "msnbot/1.0 (+http://search.msn.com/msnbot.htm)"
207.46.98.85 - - [01/Jul/2005:13:01:17 -0800] "GET /gallery/photos/19950244/14/pages/1995-0244-01401.html HTTP/1.0" 200 1885 "-" "msnbot/1.0 (+http://search.msn.com/msnbot.htm)"
69.158.182.41 - - [01/Jul/2005:13:03:36 -0800] "GET /store/people.html HTTP/1.1" 200 21075 "http://images.google.ca/imgres?imgurl=http://photolab.elmer.uaf.edu/store/photos/largejpegs/(105)1989-0166-00522a.jpg&imgrefurl=http://photolab.elmer.uaf.edu/store/people.html&h=692&w=1000&sz=100&tbnid=mRifvhDN3-gJ:&tbnh=103&tbnw=149&hl=en&start=16&prev=/images%3Fq%3Dold%2Bwoman%26svnum%3D10%26hl%3Den%26lr%3D%26biw%3D1003" "Mozilla/4.0 (compatible; MSIE 6.0; Windows NT 5.1; SV1)"
69.158.182.41 - - [01/Jul/2005:13:03:36 -0800] "GET /store/photos/largejpegs/(105)1989-0166-00522a.jpg HTTP/1.1" 200 101451 "http://images.google.ca/imgres?imgurl=http://photolab.elmer.uaf.edu/store/photos/largejpegs/(105)1989-0166-00522a.jpg&imgrefurl=http://photolab.elmer.uaf.edu/store/people.html&h=692&w=1000&sz=100&tbnid=mRifvhDN3-gJ:&tbnh=103&tbnw=149&hl=en&prev=/images%3Fq%3Dold%2Bwoman%26svnum%3D10%26hl%3Den%26lr%3D%26biw%3D1003&frame=small" "Mozilla/4.0 (compatible; MSIE 6.0; Windows NT 5.1; SV1)"
69.158.182.41 - - [01/Jul/2005:13:03:54 -0800] "GET /store/people.html HTTP/1.1" 200 21075 "http://images.google.ca/imgres?imgurl=http://photolab.elmer.uaf.edu/store/photos/largejpegs/(105)1989-0166-00522a.jpg&imgrefurl=http://photolab.elmer.uaf.edu/store/people.html&h=692&w=1000&sz=100&tbnid=mRifvhDN3-gJ:&tbnh=103&tbnw=149&hl=en&start=16&prev=/images%3Fq%3Dold%2Bwoman%26svnum%3D10%26hl%3Den%26lr%3D%26biw%3D1003" "Mozilla/4.0 (compatible; MSIE 6.0; Windows NT 5.1; SV1)"
63.155.44.3 - - [01/Jul/2005:13:03:50 -0800] "GET /store/photos/largejpegs/(105)1989-0166-00522a.jpg HTTP/1.1" 206 100393 "http://profile.myspace.com/index.cfm?fuseaction=user.viewprofile&friendID=9831514&Mytoken=20050701140143" "Mozilla/4.0 (compatible; MSIE 6.0; Windows NT 5.1)"
207.46.98.85 - - [01/Jul/2005:13:04:16 -0800] "GET /gallery/photos/20030129/1/pages/1999-0293-00111.html HTTP/1.0" 200 1766 "-" "msnbot/1.0 (+http://search.msn.com/msnbot.htm)"
63.155.44.3 - - [01/Jul/2005:13:06:16 -0800] "GET /store/photos/largejpegs/(105)1989-0166-00522a.jpg HTTP/1.1" 206 98029 "http://profile.myspace.com/index.cfm?fuseaction=user.viewprofile&friendID=9831514&Mytoken=20050701140237&ifid=MFoGCSsGAQQBgjdYA6BNMEsGCisGAQQBgjdYAwGgPTA7AgMCAAECAmYDAgIAwAQIxE7J3FNwAdwEEIrQYDqaym%2FvaeVo4bJ%2Fx8gEEAp67VGd7sGegMYopKHLtIQ%3D" "Mozilla/4.0 (compatible; MSIE 6.0; Windows NT 5.1)"
207.46.98.85 - - [01/Jul/2005:13:07:28 -0800] "GET /gallery/photos/20030109/0/index_2.html HTTP/1.0" 200 7238 "-" "msnbot/1.0 (+http://search.msn.com/msnbot.htm)"
68.142.250.200 - - [01/Jul/2005:13:11:02 -0800] "GET /gallery/20000197/index_4.html HTTP/1.0" 404 325 "-" "Mozilla/5.0 (compatible; Yahoo! Slurp; http://help.yahoo.com/help/us/ysearch/slurp)"
207.46.98.85 - - [01/Jul/2005:13:11:56 -0800] "GET /gallery/photos/20020032/pages/2002-0032-00012.html HTTP/1.0" 200 1882 "-" "msnbot/1.0 (+http://search.msn.com/msnbot.htm)"
67.37.225.232 - - [01/Jul/2005:13:15:57 -0800] "GET /store/photos/largejpegs/(105)1989-0166-00522a.jpg HTTP/1.1" 200 101451 "http://comments.myspace.com/index.cfm?fuseaction=user.HomeComments&friendID=9831514&Mytoken=20050701141351" "Mozilla/4.0 (compatible; MSIE 6.0; Windows NT 5.1; SV1; .NET CLR 1.1.4322)"
207.46.98.85 - - [01/Jul/2005:13:20:30 -0800] "GET /gallery/photos/19990293/0/pages/1999-0293-00014.html HTTP/1.0" 200 1768 "-" "msnbot/1.0 (+http://search.msn.com/msnbot.htm)"
207.46.98.85 - - [01/Jul/2005:13:22:06 -0800] "GET /gallery/photos/20030024/0/pages/2003-0024-00001.html HTTP/1.0" 200 1601 "-" "msnbot/1.0 (+http://search.msn.com/msnbot.htm)"
217.132.119.235 - - [01/Jul/2005:13:23:10 -0800] "GET /store/photos/largejpegs/(144)1974-0027-00525.jpg HTTP/1.1" 200 153919 "http://www.mystcommunity.com/board/index.php?showtopic=20125" "Mozilla/5.0 (Windows; U; Windows NT 5.1; en-US; rv:1.7.7) Gecko/20050414 Firefox/1.0.3"
207.46.98.85 - - [01/Jul/2005:13:24:19 -0800] "GET /gallery/photos/20030129/2/pages/1999-0293-00200.html HTTP/1.0" 200 1609 "-" "msnbot/1.0 (+http://search.msn.com/msnbot.htm)"
207.46.98.85 - - [01/Jul/2005:13:27:42 -0800] "GET /gallery/photos/19950244/05/index_2.html HTTP/1.0" 200 7231 "-" "msnbot/1.0 (+http://search.msn.com/msnbot.htm)"
68.142.249.121 - - [01/Jul/2005:13:29:14 -0800] "GET /gallery/19940096/5 HTTP/1.0" 404 314 "-" "Mozilla/5.0 (compatible; Yahoo! Slurp; http://help.yahoo.com/help/us/ysearch/slurp)"
207.46.98.85 - - [01/Jul/2005:13:29:34 -0800] "GET /gallery/photos/19950244/00/index_2.html HTTP/1.0" 200 7230 "-" "msnbot/1.0 (+http://search.msn.com/msnbot.htm)"
205.188.117.13 - - [01/Jul/2005:13:30:36 -0800] "GET /store/photos/largejpegs/(105)1989-0166-00522a.jpg HTTP/1.0" 200 101451 "http://profile.myspace.com/index.cfm?fuseaction=user.viewProfile&friendID=9831514&Mytoken=20050701142330" "Mozilla/4.0 (compatible; MSIE 6.0; AOL 9.0; Windows 98; FunWebProducts)"
207.46.98.85 - - [01/Jul/2005:13:31:39 -0800] "GET /gallery/photos/20040145/2/pages/2004-0145-00201.htm HTTP/1.0" 200 1732 "-" "msnbot/1.0 (+http://search.msn.com/msnbot.htm)"
207.46.98.85 - - [01/Jul/2005:13:33:06 -0800] "GET /gallery/photos/19950244/14/pages/1995-0244-01400.html HTTP/1.0" 200 1729 "-" "msnbot/1.0 (+http://search.msn.com/msnbot.htm)"
207.46.98.85 - - [01/Jul/2005:13:34:12 -0800] "GET /gallery/photos/19950244/05/pages/1995-0244-00500.html HTTP/1.0" 200 1730 "-" "msnbot/1.0 (+http://search.msn.com/msnbot.htm)"
207.46.98.85 - - [01/Jul/2005:13:35:57 -0800] "GET /gallery/photos/19950244/00/pages/1995-0244-00001.html HTTP/1.0" 200 1729 "-" "msnbot/1.0 (+http://search.msn.com/msnbot.htm)"
67.49.60.12 - - [01/Jul/2005:13:36:30 -0800] "GET /store/women.html HTTP/1.1" 200 11325 "-" "Mozilla/4.0 (compatible; MSIE 5.22; Mac_PowerPC)"
67.49.60.12 - - [01/Jul/2005:13:36:31 -0800] "GET /index_files/store.css HTTP/1.1" 200 2756 "http://photolab.elmer.uaf.edu/store/women.html" "Mozilla/4.0 (compatible; MSIE 5.22; Mac_PowerPC)"
67.49.60.12 - - [01/Jul/2005:13:36:31 -0800] "GET /index_files/titlebrown.jpg HTTP/1.1" 200 5451 "http://photolab.elmer.uaf.edu/store/women.html" "Mozilla/4.0 (compatible; MSIE 5.22; Mac_PowerPC)"
67.49.60.12 - - [01/Jul/2005:13:36:31 -0800] "GET /index_files/aprbrown.jpg HTTP/1.1" 200 5509 "http://photolab.elmer.uaf.edu/store/women.html" "Mozilla/4.0 (compatible; MSIE 5.22; Mac_PowerPC)"
67.49.60.12 - - [01/Jul/2005:13:36:31 -0800] "GET /index_files/menubar.gif HTTP/1.1" 200 2913 "http://photolab.elmer.uaf.edu/store/women.html" "Mozilla/4.0 (compatible; MSIE 5.22; Mac_PowerPC)"
67.49.60.12 - - [01/Jul/2005:13:36:31 -0800] "GET /index_files/storetitle.gif HTTP/1.1" 200 14535 "http://photolab.elmer.uaf.edu/store/women.html" "Mozilla/4.0 (compatible; MSIE 5.22; Mac_PowerPC)"
67.49.60.12 - - [01/Jul/2005:13:36:32 -0800] "GET /index_files/sitemap.gif HTTP/1.1" 200 1503 "http://photolab.elmer.uaf.edu/store/women.html" "Mozilla/4.0 (compatible; MSIE 5.22; Mac_PowerPC)"
67.49.60.12 - - [01/Jul/2005:13:36:32 -0800] "GET /index_files/bluebear.gif HTTP/1.1" 200 1263 "http://photolab.elmer.uaf.edu/store/women.html" "Mozilla/4.0 (compatible; MSIE 5.22; Mac_PowerPC)"
67.49.60.12 - - [01/Jul/2005:13:36:31 -0800] "GET /store/photos/smalljpegs/(069)1976-0092-00075.jpg HTTP/1.1" 200 25519 "http://photolab.elmer.uaf.edu/store/women.html" "Mozilla/4.0 (compatible; MSIE 5.22; Mac_PowerPC)"
67.49.60.12 - - [01/Jul/2005:13:36:32 -0800] "GET /store/photos/smalljpegs/(154)1958-1026-00899.jpg HTTP/1.1" 200 29503 "http://photolab.elmer.uaf.edu/store/women.html" "Mozilla/4.0 (compatible; MSIE 5.22; Mac_PowerPC)"
67.49.60.12 - - [01/Jul/2005:13:36:32 -0800] "GET /store/photos/smalljpegs/(146)1966-0054-00051.jpg HTTP/1.1" 200 27693 "http://photolab.elmer.uaf.edu/store/women.html" "Mozilla/4.0 (compatible; MSIE 5.22; Mac_PowerPC)"
67.49.60.12 - - [01/Jul/2005:13:36:32 -0800] "GET /store/photos/smalljpegs/(143)1958-1026-01643.jpg HTTP/1.1" 200 30139 "http://photolab.elmer.uaf.edu/store/women.html" "Mozilla/4.0 (compatible; MSIE 5.22; Mac_PowerPC)"
67.49.60.12 - - [01/Jul/2005:13:36:32 -0800] "GET /store/photos/smalljpegs/(088)1989-0166-00496a.jpg HTTP/1.1" 200 31266 "http://photolab.elmer.uaf.edu/store/women.html" "Mozilla/4.0 (compatible; MSIE 5.22; Mac_PowerPC)"
67.49.60.12 - - [01/Jul/2005:13:36:32 -0800] "GET /store/photos/smalljpegs/(140)1969-0092-00826.jpg HTTP/1.1" 200 46250 "http://photolab.elmer.uaf.edu/store/women.html" "Mozilla/4.0 (compatible; MSIE 5.22; Mac_PowerPC)"
67.49.60.12 - - [01/Jul/2005:13:36:33 -0800] "GET /store/photos/smalljpegs/(043)1964-0029-00313.jpg HTTP/1.1" 200 32327 "http://photolab.elmer.uaf.edu/store/women.html" "Mozilla/4.0 (compatible; MSIE 5.22; Mac_PowerPC)"
67.49.60.12 - - [01/Jul/2005:13:36:33 -0800] "GET /store/photos/smalljpegs/(026)1997-0165-00010.jpg HTTP/1.1" 200 26695 "http://photolab.elmer.uaf.edu/store/women.html" "Mozilla/4.0 (compatible; MSIE 5.22; Mac_PowerPC)"
67.49.60.12 - - [01/Jul/2005:13:36:33 -0800] "GET /store/photos/smalljpegs/(024)1972-0116-00334.jpg HTTP/1.1" 200 29908 "http://photolab.elmer.uaf.edu/store/women.html" "Mozilla/4.0 (compatible; MSIE 5.22; Mac_PowerPC)"
67.49.60.12 - - [01/Jul/2005:13:36:34 -0800] "GET /store/photos/smalljpegs/(014)1992-0016-00069.jpg HTTP/1.1" 200 35905 "http://photolab.elmer.uaf.edu/store/women.html" "Mozilla/4.0 (compatible; MSIE 5.22; Mac_PowerPC)"
67.49.60.12 - - [01/Jul/2005:13:36:34 -0800] "GET /store/photos/smalljpegs/(006)1970-0058-00507.jpg HTTP/1.1" 200 34057 "http://photolab.elmer.uaf.edu/store/women.html" "Mozilla/4.0 (compatible; MSIE 5.22; Mac_PowerPC)"
67.49.60.12 - - [01/Jul/2005:13:36:45 -0800] "GET /store/photos/largejpegs/(043)1964-0029-00313.jpg HTTP/1.1" 200 142645 "http://photolab.elmer.uaf.edu/store/women.html" "Mozilla/4.0 (compatible; MSIE 5.22; Mac_PowerPC)"
67.49.60.12 - - [01/Jul/2005:13:37:04 -0800] "GET /store/photos/largejpegs/(088)1989-0166-00496a.jpg HTTP/1.1" 200 114479 "http://photolab.elmer.uaf.edu/store/women.html" "Mozilla/4.0 (compatible; MSIE 5.22; Mac_PowerPC)"
67.49.60.12 - - [01/Jul/2005:13:37:36 -0800] "GET /store/photos/largejpegs/(140)1969-0092-00826.jpg HTTP/1.1" 200 262726 "http://photolab.elmer.uaf.edu/store/women.html" "Mozilla/4.0 (compatible; MSIE 5.22; Mac_PowerPC)"
207.46.98.85 - - [01/Jul/2005:13:37:55 -0800] "GET /gallery/photos/19940070/3/pages/1994-0070-00339.html HTTP/1.0" 200 5959 "-" "msnbot/1.0 (+http://search.msn.com/msnbot.htm)"
67.49.60.12 - - [01/Jul/2005:13:38:06 -0800] "GET /store/photos/largejpegs/(143)1958-1026-01643.jpg HTTP/1.1" 200 145210 "http://photolab.elmer.uaf.edu/store/women.html" "Mozilla/4.0 (compatible; MSIE 5.22; Mac_PowerPC)"
66.249.66.97 - - [01/Jul/2005:13:38:51 -0800] "GET /robots.txt HTTP/1.1" 200 96 "-" "Mozilla/5.0 (compatible; Googlebot/2.1; +http://www.google.com/bot.html)"
66.249.66.97 - - [01/Jul/2005:13:38:51 -0800] "GET /arckfkvfsqctcyn.html HTTP/1.1" 404 316 "-" "Mozilla/5.0 (compatible; Googlebot/2.1; +http://www.google.com/bot.html)"
66.249.66.97 - - [01/Jul/2005:13:38:51 -0800] "GET /lqbyuvyy.html HTTP/1.1" 404 309 "-" "Mozilla/5.0 (compatible; Googlebot/2.1; +http://www.google.com/bot.html)"
66.249.66.97 - - [01/Jul/2005:13:38:52 -0800] "GET /ejkafcdlfraqny.html HTTP/1.1" 404 315 "-" "Mozilla/5.0 (compatible; Googlebot/2.1; +http://www.google.com/bot.html)"
66.249.66.97 - - [01/Jul/2005:13:38:52 -0800] "GET /usuohyakylk.html HTTP/1.1" 404 312 "-" "Mozilla/5.0 (compatible; Googlebot/2.1; +http://www.google.com/bot.html)"
67.49.60.12 - - [01/Jul/2005:13:38:49 -0800] "GET /store/photos/largejpegs/(014)1992-0016-00069.jpg HTTP/1.1" 200 168484 "http://photolab.elmer.uaf.edu/store/women.html" "Mozilla/4.0 (compatible; MSIE 5.22; Mac_PowerPC)"
66.249.66.97 - - [01/Jul/2005:13:38:54 -0800] "GET /gpervyjvfqjd.html HTTP/1.1" 404 313 "-" "Mozilla/5.0 (compatible; Googlebot/2.1; +http://www.google.com/bot.html)"
207.46.98.85 - - [01/Jul/2005:13:42:49 -0800] "GET /gallery/photos/19950244/11/index_2.html HTTP/1.0" 200 7231 "-" "msnbot/1.0 (+http://search.msn.com/msnbot.htm)"
68.142.251.150 - - [01/Jul/2005:13:47:04 -0800] "GET /robots.txt HTTP/1.0" 200 96 "-" "Mozilla/5.0 (compatible; Yahoo! Slurp; http://help.yahoo.com/help/us/ysearch/slurp)"
68.142.250.34 - - [01/Jul/2005:13:47:04 -0800] "GET /gallery/20040014/0 HTTP/1.0" 404 314 "-" "Mozilla/5.0 (compatible; Yahoo! Slurp; http://help.yahoo.com/help/us/ysearch/slurp)"
207.46.98.85 - - [01/Jul/2005:13:47:16 -0800] "GET /gallery/photos/19880041/0/pages/1988-0041-00001.htm HTTP/1.0" 200 1721 "-" "msnbot/1.0 (+http://search.msn.com/msnbot.htm)"
64.12.117.5 - - [01/Jul/2005:13:47:38 -0800] "GET /store/photos/largejpegs/(105)1989-0166-00522a.jpg HTTP/1.1" 200 101451 "http://profile.myspace.com/index.cfm?fuseaction=user.viewProfile&friendID=9831514&Mytoken=20050701144256" "Mozilla/4.0 (compatible; MSIE 6.0; AOL 9.0; Windows NT 5.1; SV1; .NET CLR 1.1.4322)"
207.46.98.85 - - [01/Jul/2005:13:48:23 -0800] "GET /gallery/photos/19680041/1/pages/1968-0041-00121.htm HTTP/1.0" 200 1731 "-" "msnbot/1.0 (+http://search.msn.com/msnbot.htm)"
207.46.98.85 - - [01/Jul/2005:13:51:42 -0800] "GET /gallery/photos/19890199/1/pages/1989-0199-00100.html HTTP/1.0" 200 1719 "-" "msnbot/1.0 (+http://search.msn.com/msnbot.htm)"
207.46.98.85 - - [01/Jul/2005:13:52:45 -0800] "GET /gallery/photos/20040145/1/pages/2004-0145-00112.htm HTTP/1.0" 200 1732 "-" "msnbot/1.0 (+http://search.msn.com/msnbot.htm)"
207.46.98.85 - - [01/Jul/2005:13:53:48 -0800] "GET /gallery/photos/19940070/3/pages/1994-0070-00396.html HTTP/1.0" 200 5959 "-" "msnbot/1.0 (+http://search.msn.com/msnbot.htm)"
207.46.98.85 - - [01/Jul/2005:13:55:37 -0800] "GET /gallery/photos/19940070/3/pages/1994-0070-00358.html HTTP/1.0" 200 5959 "-" "msnbot/1.0 (+http://search.msn.com/msnbot.htm)"
66.36.131.242 - - [01/Jul/2005:13:56:42 -0800] "GET /gallery/maps/mapg3200.html HTTP/1.1" 200 17042 "http://images.google.ca/imgres?imgurl=http://photolab.elmer.uaf.edu/gallery/maps/G3200/large/G3200%2520%255B1790%255D%2520B65.jpg&imgrefurl=http://photolab.elmer.uaf.edu/gallery/maps/mapg3200.html&h=690&w=1200&sz=207&tbnid=7N53NH0ThR0J:&tbnh=86&tbnw=150&hl=fr&start=17&prev=/images%3Fq%3Dancien%2Bmonde%26svnum%3D10%26hl%3Dfr%26lr%3D" "Mozilla/4.0 (compatible; MSIE 6.0; Windows NT 5.1; .NET CLR 1.1.4322)"
66.36.131.242 - - [01/Jul/2005:13:56:43 -0800] "GET /gallery/maps/G3200/large/G3200%20%5B1790%5D%20B65.jpg HTTP/1.1" 200 211575 "http://images.google.ca/imgres?imgurl=http://photolab.elmer.uaf.edu/gallery/maps/G3200/large/G3200%2520%255B1790%255D%2520B65.jpg&imgrefurl=http://photolab.elmer.uaf.edu/gallery/maps/mapg3200.html&h=690&w=1200&sz=207&tbnid=7N53NH0ThR0J:&tbnh=86&tbnw=150&hl=fr&prev=/images%3Fq%3Dancien%2Bmonde%26svnum%3D10%26hl%3Dfr%26lr%3D&frame=small" "Mozilla/4.0 (compatible; MSIE 6.0; Windows NT 5.1; .NET CLR 1.1.4322)"
66.36.131.242 - - [01/Jul/2005:13:57:08 -0800] "GET /gallery/maps/mapg3200.html HTTP/1.1" 200 17042 "http://images.google.ca/imgres?imgurl=http://photolab.elmer.uaf.edu/gallery/maps/G3200/large/G3200%2520%255B1790%255D%2520B65.jpg&imgrefurl=http://photolab.elmer.uaf.edu/gallery/maps/mapg3200.html&h=690&w=1200&sz=207&tbnid=7N53NH0ThR0J:&tbnh=86&tbnw=150&hl=fr&start=17&prev=/images%3Fq%3Dancien%2Bmonde%26svnum%3D10%26hl%3Dfr%26lr%3D" "Mozilla/4.0 (compatible; MSIE 6.0; Windows NT 5.1; .NET CLR 1.1.4322)"
207.46.98.85 - - [01/Jul/2005:13:57:24 -0800] "GET /gallery/photos/19940070/3/pages/1994-0070-00371.html HTTP/1.0" 200 5959 "-" "msnbot/1.0 (+http://search.msn.com/msnbot.htm)"
207.46.98.85 - - [01/Jul/2005:13:58:25 -0800] "GET /gallery/photos/19940070/3/pages/1994-0070-00379.html HTTP/1.0" 200 5959 "-" "msnbot/1.0 (+http://search.msn.com/msnbot.htm)"
207.46.98.85 - - [01/Jul/2005:13:59:44 -0800] "GET /gallery/photos/19940070/3/pages/1994-0070-00373.html HTTP/1.0" 200 5959 "-" "msnbot/1.0 (+http://search.msn.com/msnbot.htm)"
207.46.98.85 - - [01/Jul/2005:14:00:56 -0800] "GET /gallery/photos/19940070/3/pages/1994-0070-00337.html HTTP/1.0" 200 5959 "-" "msnbot/1.0 (+http://search.msn.com/msnbot.htm)"
207.46.98.85 - - [01/Jul/2005:14:02:12 -0800] "GET /gallery/photos/19950244/05/index.html HTTP/1.0" 200 7079 "-" "msnbot/1.0 (+http://search.msn.com/msnbot.htm)"
24.20.193.118 - - [01/Jul/2005:14:02:32 -0800] "GET /index_files/store.css HTTP/1.1" 200 2756 "http://photolab.elmer.uaf.edu/store/people.html" "Mozilla/4.0 (compatible; MSIE 6.0; Windows NT 5.1; SV1)"
24.20.193.118 - - [01/Jul/2005:14:02:32 -0800] "GET /store/people.html HTTP/1.1" 200 21075 "http://images.google.com/imgres?imgurl=http://photolab.elmer.uaf.edu/store/photos/largejpegs/(040)1958-1026-01700.jpg&imgrefurl=http://photolab.elmer.uaf.edu/store/people.html&h=1000&w=762&sz=136&tbnid=muofWG5zZScJ:&tbnh=149&tbnw=113&hl=en&start=147&prev=/images%3Fq%3Deskimo%26start%3D140%26svnum%3D10%26hl%3Den%26lr%3D%26sa%3DN" "Mozilla/4.0 (compatible; MSIE 6.0; Windows NT 5.1; SV1)"
24.20.193.118 - - [01/Jul/2005:14:02:33 -0800] "GET /index_files/titlebrown.jpg HTTP/1.1" 200 5451 "http://photolab.elmer.uaf.edu/store/people.html" "Mozilla/4.0 (compatible; MSIE 6.0; Windows NT 5.1; SV1)"
24.20.193.118 - - [01/Jul/2005:14:02:33 -0800] "GET /index_files/aprbrown.jpg HTTP/1.1" 200 5509 "http://photolab.elmer.uaf.edu/store/people.html" "Mozilla/4.0 (compatible; MSIE 6.0; Windows NT 5.1; SV1)"
24.20.193.118 - - [01/Jul/2005:14:02:33 -0800] "GET /index_files/storetitle.gif HTTP/1.1" 200 14535 "http://photolab.elmer.uaf.edu/store/people.html" "Mozilla/4.0 (compatible; MSIE 6.0; Windows NT 5.1; SV1)"
24.20.193.118 - - [01/Jul/2005:14:02:33 -0800] "GET /store/photos/largejpegs/(040)1958-1026-01700.jpg HTTP/1.1" 200 138785 "http://images.google.com/imgres?imgurl=http://photolab.elmer.uaf.edu/store/photos/largejpegs/(040)1958-1026-01700.jpg&imgrefurl=http://photolab.elmer.uaf.edu/store/people.html&h=1000&w=762&sz=136&tbnid=muofWG5zZScJ:&tbnh=149&tbnw=113&hl=en&prev=/images%3Fq%3Deskimo%26start%3D140%26svnum%3D10%26hl%3Den%26lr%3D%26sa%3DN&frame=small" "Mozilla/4.0 (compatible; MSIE 6.0; Windows NT 5.1; SV1)"
207.46.98.85 - - [01/Jul/2005:14:05:40 -0800] "GET /gallery/photos/19940070/3/pages/1994-0070-00361.html HTTP/1.0" 200 5959 "-" "msnbot/1.0 (+http://search.msn.com/msnbot.htm)"
207.46.98.85 - - [01/Jul/2005:14:07:46 -0800] "GET /gallery/photos/19940070/3/pages/1994-0070-00375.html HTTP/1.0" 200 5959 "-" "msnbot/1.0 (+http://search.msn.com/msnbot.htm)"
207.46.98.85 - - [01/Jul/2005:14:10:32 -0800] "GET /gallery/photos/19940070/3/pages/1994-0070-00325.html HTTP/1.0" 200 5959 "-" "msnbot/1.0 (+http://search.msn.com/msnbot.htm)"
207.46.98.85 - - [01/Jul/2005:14:19:40 -0800] "GET /gallery/photos/19940070/3/pages/1994-0070-00342.html HTTP/1.0" 200 5959 "-" "msnbot/1.0 (+http://search.msn.com/msnbot.htm)"
66.230.86.29 - - [01/Jul/2005:14:19:41 -0800] "GET /store HTTP/1.1" 301 342 "-" "Mozilla/4.0 (compatible; MSIE 6.0; Windows NT 5.1; SV1)"
66.230.86.29 - - [01/Jul/2005:14:19:41 -0800] "GET /store/ HTTP/1.1" 304 - "-" "Mozilla/4.0 (compatible; MSIE 6.0; Windows NT 5.1; SV1)"
66.230.86.29 - - [01/Jul/2005:14:19:41 -0800] "GET /index_files/store.css HTTP/1.1" 304 - "http://photolab.elmer.uaf.edu/store/" "Mozilla/4.0 (compatible; MSIE 6.0; Windows NT 5.1; SV1)"
66.230.86.29 - - [01/Jul/2005:14:19:41 -0800] "GET /index_files/titlebrown.jpg HTTP/1.1" 304 - "http://photolab.elmer.uaf.edu/store/" "Mozilla/4.0 (compatible; MSIE 6.0; Windows NT 5.1; SV1)"
66.230.86.29 - - [01/Jul/2005:14:19:41 -0800] "GET /index_files/aprbrown.jpg HTTP/1.1" 304 - "http://photolab.elmer.uaf.edu/store/" "Mozilla/4.0 (compatible; MSIE 6.0; Windows NT 5.1; SV1)"
66.230.86.29 - - [01/Jul/2005:14:19:41 -0800] "GET /index_files/storetitle.gif HTTP/1.1" 304 - "http://photolab.elmer.uaf.edu/store/" "Mozilla/4.0 (compatible; MSIE 6.0; Windows NT 5.1; SV1)"
66.230.86.29 - - [01/Jul/2005:14:19:41 -0800] "GET /index_files/menubar.gif HTTP/1.1" 304 - "http://photolab.elmer.uaf.edu/store/" "Mozilla/4.0 (compatible; MSIE 6.0; Windows NT 5.1; SV1)"
66.230.86.29 - - [01/Jul/2005:14:19:41 -0800] "GET /store/panoramas/smalljpegs/PN011-1988-0051-00012.jpg HTTP/1.1" 304 - "http://photolab.elmer.uaf.edu/store/" "Mozilla/4.0 (compatible; MSIE 6.0; Windows NT 5.1; SV1)"
66.230.86.29 - - [01/Jul/2005:14:19:41 -0800] "GET /store/photos/smalljpegs/(049)1958-1026-01439.jpg HTTP/1.1" 304 - "http://photolab.elmer.uaf.edu/store/" "Mozilla/4.0 (compatible; MSIE 6.0; Windows NT 5.1; SV1)"
66.230.86.29 - - [01/Jul/2005:14:19:42 -0800] "GET /store/photos/smalljpegs/(024)1972-0116-00334.jpg HTTP/1.1" 304 - "http://photolab.elmer.uaf.edu/store/" "Mozilla/4.0 (compatible; MSIE 6.0; Windows NT 5.1; SV1)"
66.230.86.29 - - [01/Jul/2005:14:19:42 -0800] "GET /store/photos/smalljpegs/(053)1970-0028-00753.jpg HTTP/1.1" 304 - "http://photolab.elmer.uaf.edu/store/" "Mozilla/4.0 (compatible; MSIE 6.0; Windows NT 5.1; SV1)"
66.230.86.29 - - [01/Jul/2005:14:19:42 -0800] "GET /store/maps/small%20jpegs/(017)%20G3290%20%5B1710%5D%20D361.jpg HTTP/1.1" 304 - "http://photolab.elmer.uaf.edu/store/" "Mozilla/4.0 (compatible; MSIE 6.0; Windows NT 5.1; SV1)"
66.230.86.29 - - [01/Jul/2005:14:19:42 -0800] "GET /store/maps/small%20jpegs/(002)%20G4370%20%5B1862_%5D%20C631.jpg HTTP/1.1" 304 - "http://photolab.elmer.uaf.edu/store/" "Mozilla/4.0 (compatible; MSIE 6.0; Windows NT 5.1; SV1)"
66.230.86.29 - - [01/Jul/2005:14:19:42 -0800] "GET /index_files/bluebear.gif HTTP/1.1" 304 - "http://photolab.elmer.uaf.edu/store/" "Mozilla/4.0 (compatible; MSIE 6.0; Windows NT 5.1; SV1)"
66.230.86.29 - - [01/Jul/2005:14:19:42 -0800] "GET /index_files/sitemap.gif HTTP/1.1" 304 - "http://photolab.elmer.uaf.edu/store/" "Mozilla/4.0 (compatible; MSIE 6.0; Windows NT 5.1; SV1)"
68.142.250.35 - - [01/Jul/2005:14:21:28 -0800] "GET /store/fairbanks.html HTTP/1.0" 200 29518 "-" "Mozilla/5.0 (compatible; Yahoo! Slurp; http://help.yahoo.com/help/us/ysearch/slurp)"
66.249.66.97 - - [01/Jul/2005:14:22:20 -0800] "GET /gallery/photos/19950244/12/index.html HTTP/1.1" 200 7079 "-" "Mozilla/5.0 (compatible; Googlebot/2.1; +http://www.google.com/bot.html)"
207.46.98.85 - - [01/Jul/2005:14:23:27 -0800] "GET /gallery/photos/19940070/3/pages/1994-0070-00331.html HTTP/1.0" 200 5959 "-" "msnbot/1.0 (+http://search.msn.com/msnbot.htm)"
207.46.98.85 - - [01/Jul/2005:14:25:12 -0800] "GET /gallery/photos/19940070/3/pages/1994-0070-00346.html HTTP/1.0" 200 5959 "-" "msnbot/1.0 (+http://search.msn.com/msnbot.htm)"
207.46.98.85 - - [01/Jul/2005:14:26:50 -0800] "GET /gallery/photos/19940070/3/pages/1994-0070-00321.html HTTP/1.0" 200 5959 "-" "msnbot/1.0 (+http://search.msn.com/msnbot.htm)"
207.46.98.85 - - [01/Jul/2005:14:27:46 -0800] "GET /gallery/photos/19940070/3/pages/1994-0070-00388.html HTTP/1.0" 200 5959 "-" "msnbot/1.0 (+http://search.msn.com/msnbot.htm)"
207.46.98.85 - - [01/Jul/2005:14:29:05 -0800] "GET /gallery/photos/19940070/3/pages/1994-0070-00382.html HTTP/1.0" 200 5959 "-" "msnbot/1.0 (+http://search.msn.com/msnbot.htm)"
207.46.98.85 - - [01/Jul/2005:14:30:15 -0800] "GET /gallery/photos/19940070/3/pages/1994-0070-00363.html HTTP/1.0" 200 5959 "-" "msnbot/1.0 (+http://search.msn.com/msnbot.htm)"
207.46.98.85 - - [01/Jul/2005:14:31:49 -0800] "GET /gallery/photos/19940070/3/pages/1994-0070-00344.html HTTP/1.0" 200 5959 "-" "msnbot/1.0 (+http://search.msn.com/msnbot.htm)"
207.46.98.85 - - [01/Jul/2005:14:33:11 -0800] "GET /gallery/photos/19940070/3/pages/1994-0070-00350.html HTTP/1.0" 200 5959 "-" "msnbot/1.0 (+http://search.msn.com/msnbot.htm)"
66.249.71.67 - - [01/Jul/2005:14:34:41 -0800] "GET /robots.txt HTTP/1.0" 200 96 "-" "Googlebot/2.1 (+http://www.google.com/bot.html)"
66.249.71.67 - - [01/Jul/2005:14:34:41 -0800] "GET /gallery/photos/19680041/1 HTTP/1.0" 301 362 "-" "Googlebot/2.1 (+http://www.google.com/bot.html)"
207.46.98.85 - - [01/Jul/2005:14:34:53 -0800] "GET /gallery/photos/19940070/3/pages/1994-0070-00354.html HTTP/1.0" 200 5959 "-" "msnbot/1.0 (+http://search.msn.com/msnbot.htm)"
207.46.98.85 - - [01/Jul/2005:14:36:07 -0800] "GET /gallery/photos/19940070/3/pages/1994-0070-00333.html HTTP/1.0" 200 5959 "-" "msnbot/1.0 (+http://search.msn.com/msnbot.htm)"
