207.46.98.85 - - [01/Jul/2005:14:37:13 -0800] "GET /gallery/photos/20030109/0/index.html HTTP/1.0" 200 7094 "-" "msnbot/1.0 (+http://search.msn.com/msnbot.htm)"
67.115.139.230 - - [01/Jul/2005:14:39:08 -0800] "GET /index_files/store.css HTTP/1.1" 200 2756 "http://photolab.elmer.uaf.edu/store/people.html" "Mozilla/4.0 (compatible; MSIE 6.0; Windows NT 5.0)"
67.115.139.230 - - [01/Jul/2005:14:39:08 -0800] "GET /index_files/titlebrown.jpg HTTP/1.1" 200 5451 "http://photolab.elmer.uaf.edu/store/people.html" "Mozilla/4.0 (compatible; MSIE 6.0; Windows NT 5.0)"
67.115.139.230 - - [01/Jul/2005:14:39:07 -0800] "GET /store/people.html HTTP/1.1" 200 21075 "http://images.google.com/imgres?imgurl=http://photolab.elmer.uaf.edu/store/photos/largejpegs/(105)1989-0166-00522a.jpg&imgrefurl=http://photolab.elmer.uaf.edu/store/people.html&h=692&w=1000&sz=100&tbnid=mRifvhDN3-gJ:&tbnh=103&tbnw=149&hl=en&start=16&prev=/images%3Fq%3Dold%2Bwoman%26imgsz%3Dxxlarge%26svnum%3D10%26hl%3Den%26lr%3D%26sa%3DN%26biw%3D1518" "Mozilla/4.0 (compatible; MSIE 6.0; Windows NT 5.0)"
67.115.139.230 - - [01/Jul/2005:14:39:08 -0800] "GET /index_files/aprbrown.jpg HTTP/1.1" 200 5509 "http://photolab.elmer.uaf.edu/store/people.html" "Mozilla/4.0 (compatible; MSIE 6.0; Windows NT 5.0)"
67.115.139.230 - - [01/Jul/2005:14:39:08 -0800] "GET /index_files/menubar.gif HTTP/1.1" 200 2913 "http://photolab.elmer.uaf.edu/store/people.html" "Mozilla/4.0 (compatible; MSIE 6.0; Windows NT 5.0)"
67.115.139.230 - - [01/Jul/2005:14:39:08 -0800] "GET /index_files/storetitle.gif HTTP/1.1" 200 14535 "http://photolab.elmer.uaf.edu/store/people.html" "Mozilla/4.0 (compatible; MSIE 6.0; Windows NT 5.0)"
67.115.139.230 - - [01/Jul/2005:14:39:08 -0800] "GET /store/photos/smalljpegs/(007)1972-0071-03234.jpg HTTP/1.1" 200 32052 "http://photolab.elmer.uaf.edu/store/people.html" "Mozilla/4.0 (compatible; MSIE 6.0; Windows NT 5.0)"
67.115.139.230 - - [01/Jul/2005:14:39:09 -0800] "GET /store/photos/smalljpegs/(009)1975-0146-00003.jpg HTTP/1.1" 200 35453 "http://photolab.elmer.uaf.edu/store/people.html" "Mozilla/4.0 (compatible; MSIE 6.0; Windows NT 5.0)"
67.115.139.230 - - [01/Jul/2005:14:39:09 -0800] "GET /store/photos/smalljpegs/(012)1989-0166-00375.jpg HTTP/1.1" 200 41883 "http://photolab.elmer.uaf.edu/store/people.html" "Mozilla/4.0 (compatible; MSIE 6.0; Windows NT 5.0)"
67.115.139.230 - - [01/Jul/2005:14:39:10 -0800] "GET /store/photos/smalljpegs/(024)1972-0116-00334.jpg HTTP/1.1" 200 29908 "http://photolab.elmer.uaf.edu/store/people.html" "Mozilla/4.0 (compatible; MSIE 6.0; Windows NT 5.0)"
67.115.139.230 - - [01/Jul/2005:14:39:10 -0800] "GET /store/photos/smalljpegs/(026)1997-0165-00010.jpg HTTP/1.1" 200 26695 "http://photolab.elmer.uaf.edu/store/people.html" "Mozilla/4.0 (compatible; MSIE 6.0; Windows NT 5.0)"
67.115.139.230 - - [01/Jul/2005:14:39:10 -0800] "GET /store/photos/smalljpegs/(040)1958-1026-01700.jpg HTTP/1.1" 200 30523 "http://photolab.elmer.uaf.edu/store/people.html" "Mozilla/4.0 (compatible; MSIE 6.0; Windows NT 5.0)"
67.115.139.230 - - [01/Jul/2005:14:39:10 -0800] "GET /store/photos/largejpegs/(105)1989-0166-00522a.jpg HTTP/1.1" 200 101451 "http://images.google.com/imgres?imgurl=http://photolab.elmer.uaf.edu/store/photos/largejpegs/(105)1989-0166-00522a.jpg&imgrefurl=http://photolab.elmer.uaf.edu/store/people.html&h=692&w=1000&sz=100&tbnid=mRifvhDN3-gJ:&tbnh=103&tbnw=149&hl=en&prev=/images%3Fq%3Dold%2Bwoman%26imgsz%3Dxxlarge%26svnum%3D10%26hl%3Den%26lr%3D%26sa%3DN%26biw%3D1518&frame=small" "Mozilla/4.0 (compatible; MSIE 6.0; Windows NT 5.0)"
207.46.98.85 - - [01/Jul/2005:14:39:17 -0800] "GET /gallery/photos/19940070/3/pages/1994-0070-00377.html HTTP/1.0" 200 5959 "-" "msnbot/1.0 (+http://search.msn.com/msnbot.htm)"
67.115.139.230 - - [01/Jul/2005:14:39:19 -0800] "GET /store/people.html HTTP/1.1" 200 21075 "http://images.google.com/imgres?imgurl=http://photolab.elmer.uaf.edu/store/photos/largejpegs/(105)1989-0166-00522a.jpg&imgrefurl=http://photolab.elmer.uaf.edu/store/people.html&h=692&w=1000&sz=100&tbnid=mRifvhDN3-gJ:&tbnh=103&tbnw=149&hl=en&start=16&prev=/images%3Fq%3Dold%2Bwoman%26imgsz%3Dxxlarge%26svnum%3D10%26hl%3Den%26lr%3D%26sa%3DN%26biw%3D1518" "Mozilla/4.0 (compatible; MSIE 6.0; Windows NT 5.0)"
67.115.139.230 - - [01/Jul/2005:14:39:20 -0800] "GET /index_files/store.css HTTP/1.1" 200 2756 "http://photolab.elmer.uaf.edu/store/people.html" "Mozilla/4.0 (compatible; MSIE 6.0; Windows NT 5.0)"
67.115.139.230 - - [01/Jul/2005:14:39:20 -0800] "GET /index_files/titlebrown.jpg HTTP/1.1" 200 5451 "http://photolab.elmer.uaf.edu/store/people.html" "Mozilla/4.0 (compatible; MSIE 6.0; Windows NT 5.0)"
67.115.139.230 - - [01/Jul/2005:14:39:20 -0800] "GET /index_files/aprbrown.jpg HTTP/1.1" 200 5509 "http://photolab.elmer.uaf.edu/store/people.html" "Mozilla/4.0 (compatible; MSIE 6.0; Windows NT 5.0)"
67.115.139.230 - - [01/Jul/2005:14:39:20 -0800] "GET /index_files/menubar.gif HTTP/1.1" 200 2913 "http://photolab.elmer.uaf.edu/store/people.html" "Mozilla/4.0 (compatible; MSIE 6.0; Windows NT 5.0)"
67.115.139.230 - - [01/Jul/2005:14:39:20 -0800] "GET /index_files/storetitle.gif HTTP/1.1" 200 14535 "http://photolab.elmer.uaf.edu/store/people.html" "Mozilla/4.0 (compatible; MSIE 6.0; Windows NT 5.0)"
67.115.139.230 - - [01/Jul/2005:14:39:20 -0800] "GET /store/photos/smalljpegs/(009)1975-0146-00003.jpg HTTP/1.1" 200 35453 "http://photolab.elmer.uaf.edu/store/people.html" "Mozilla/4.0 (compatible; MSIE 6.0; Windows NT 5.0)"
67.115.139.230 - - [01/Jul/2005:14:39:20 -0800] "GET /store/photos/smalljpegs/(007)1972-0071-03234.jpg HTTP/1.1" 200 32052 "http://photolab.elmer.uaf.edu/store/people.html" "Mozilla/4.0 (compatible; MSIE 6.0; Windows NT 5.0)"
67.115.139.230 - - [01/Jul/2005:14:39:21 -0800] "GET /store/photos/smalljpegs/(012)1989-0166-00375.jpg HTTP/1.1" 200 41883 "http://photolab.elmer.uaf.edu/store/people.html" "Mozilla/4.0 (compatible; MSIE 6.0; Windows NT 5.0)"
67.115.139.230 - - [01/Jul/2005:14:39:21 -0800] "GET /store/photos/smalljpegs/(024)1972-0116-00334.jpg HTTP/1.1" 200 29908 "http://photolab.elmer.uaf.edu/store/people.html" "Mozilla/4.0 (compatible; MSIE 6.0; Windows NT 5.0)"
207.46.98.85 - - [01/Jul/2005:14:40:09 -0800] "GET /gallery/photos/19940070/3/pages/1994-0070-00369.html HTTP/1.0" 200 5959 "-" "msnbot/1.0 (+http://search.msn.com/msnbot.htm)"
207.46.98.85 - - [01/Jul/2005:14:41:39 -0800] "GET /gallery/photos/19940070/3/pages/1994-0070-00386.html HTTP/1.0" 200 5959 "-" "msnbot/1.0 (+http://search.msn.com/msnbot.htm)"
207.46.98.85 - - [01/Jul/2005:14:42:58 -0800] "GET /gallery/photos/19940070/3/pages/1994-0070-00323.html HTTP/1.0" 200 5959 "-" "msnbot/1.0 (+http://search.msn.com/msnbot.htm)"
65.160.208.114 - - [01/Jul/2005:14:44:00 -0800] "GET /index_files/lib.css HTTP/1.1" 200 2634 "http://photolab.elmer.uaf.edu/gallery/maps/mapg3300.html" "Mozilla/4.0 (compatible; MSIE 6.0; Windows NT 5.1; SV1; GameBar; .NET CLR 1.1.4322)"
65.160.208.114 - - [01/Jul/2005:14:44:00 -0800] "GET /gallery/maps/mapg3300.html HTTP/1.1" 200 21632 "http://images.google.com/imgres?imgurl=http://photolab.elmer.uaf.edu/gallery/maps/G3300/large/G3300%2520%255B1786_%255D%2520B691.jpg&imgrefurl=http://photolab.elmer.uaf.edu/gallery/maps/mapg3300.html&h=941&w=1200&sz=287&tbnid=cQBYogs4LLAJ:&tbnh=117&tbnw=150&hl=en&start=5&prev=/images%3Fq%3Dnorth%2Bamerica%2Bin%2B1783%2Bmap%26svnum%3D10%26hl%3Den%26lr%3D%26safe%3Doff%26sa%3DN%26biw%3D1003" "Mozilla/4.0 (compatible; MSIE 6.0; Windows NT 5.1; SV1; GameBar; .NET CLR 1.1.4322)"
68.142.250.111 - - [01/Jul/2005:14:45:37 -0800] "GET /gallery/19940070/0/index_5.html HTTP/1.0" 404 327 "-" "Mozilla/5.0 (compatible; Yahoo! Slurp; http://help.yahoo.com/help/us/ysearch/slurp)"
65.160.208.114 - - [01/Jul/2005:14:44:01 -0800] "GET /index_files/title.jpg HTTP/1.1" 200 5438 "http://photolab.elmer.uaf.edu/gallery/maps/mapg3300.html" "Mozilla/4.0 (compatible; MSIE 6.0; Windows NT 5.1; SV1; GameBar; .NET CLR 1.1.4322)"
207.46.98.85 - - [01/Jul/2005:14:50:53 -0800] "GET /gallery/photos/19940070/3/pages/1994-0070-00341.html HTTP/1.0" 200 5959 "-" "msnbot/1.0 (+http://search.msn.com/msnbot.htm)"
207.46.98.85 - - [01/Jul/2005:14:53:51 -0800] "GET /gallery/photos/19940070/3/pages/1994-0070-00345.html HTTP/1.0" 200 5959 "-" "msnbot/1.0 (+http://search.msn.com/msnbot.htm)"
65.160.208.114 - - [01/Jul/2005:14:57:11 -0800] "GET /index_files/lib.css HTTP/1.1" 200 2634 "http://photolab.elmer.uaf.edu/gallery/maps/mapg3300.html" "Mozilla/4.0 (compatible; MSIE 6.0; Windows NT 5.1; SV1; GameBar; .NET CLR 1.1.4322)"
65.160.208.114 - - [01/Jul/2005:14:57:11 -0800] "GET /index_files/title.jpg HTTP/1.1" 200 5438 "http://photolab.elmer.uaf.edu/gallery/maps/mapg3300.html" "Mozilla/4.0 (compatible; MSIE 6.0; Windows NT 5.1; SV1; GameBar; .NET CLR 1.1.4322)"
65.160.208.114 - - [01/Jul/2005:14:57:11 -0800] "GET /index_files/apr.jpg HTTP/1.1" 200 6015 "http://photolab.elmer.uaf.edu/gallery/maps/mapg3300.html" "Mozilla/4.0 (compatible; MSIE 6.0; Windows NT 5.1; SV1; GameBar; .NET CLR 1.1.4322)"
65.160.208.114 - - [01/Jul/2005:14:57:12 -0800] "GET /index_files/empty.gif HTTP/1.1" 200 45 "http://photolab.elmer.uaf.edu/gallery/maps/mapg3300.html" "Mozilla/4.0 (compatible; MSIE 6.0; Windows NT 5.1; SV1; GameBar; .NET CLR 1.1.4322)"
65.160.208.114 - - [01/Jul/2005:14:57:12 -0800] "GET /index_files/small.dps.jpg HTTP/1.1" 200 5830 "http://photolab.elmer.uaf.edu/gallery/maps/mapg3300.html" "Mozilla/4.0 (compatible; MSIE 6.0; Windows NT 5.1; SV1; GameBar; .NET CLR 1.1.4322)"
65.160.208.114 - - [01/Jul/2005:14:57:12 -0800] "GET /index_files/small.jpg HTTP/1.1" 200 2294 "http://photolab.elmer.uaf.edu/gallery/maps/mapg3300.html" "Mozilla/4.0 (compatible; MSIE 6.0; Windows NT 5.1; SV1; GameBar; .NET CLR 1.1.4322)"
65.160.208.114 - - [01/Jul/2005:14:57:12 -0800] "GET /index_files/small_002.jpg HTTP/1.1" 200 1351 "http://photolab.elmer.uaf.edu/gallery/maps/mapg3300.html" "Mozilla/4.0 (compatible; MSIE 6.0; Windows NT 5.1; SV1; GameBar; .NET CLR 1.1.4322)"
65.160.208.114 - - [01/Jul/2005:14:57:13 -0800] "GET /index_files/small_003.jpg HTTP/1.1" 200 1521 "http://photolab.elmer.uaf.edu/gallery/maps/mapg3300.html" "Mozilla/4.0 (compatible; MSIE 6.0; Windows NT 5.1; SV1; GameBar; .NET CLR 1.1.4322)"
65.160.208.114 - - [01/Jul/2005:14:57:10 -0800] "GET /gallery/maps/mapg3300.html HTTP/1.1" 200 21632 "http://images.google.com/imgres?imgurl=http://photolab.elmer.uaf.edu/gallery/maps/G3300/large/G3300%2520%255B1786_%255D%2520B691.jpg&imgrefurl=http://photolab.elmer.uaf.edu/gallery/maps/mapg3300.html&h=941&w=1200&sz=287&tbnid=cQBYogs4LLAJ:&tbnh=117&tbnw=150&hl=en&start=8&prev=/images%3Fq%3Damerica%2Bin%2B1783%2B%26imgsz%3Dxxlarge%26svnum%3D10%26hl%3Den%26lr%3D%26safe%3Doff%26biw%3D1003" "Mozilla/4.0 (compatible; MSIE 6.0; Windows NT 5.1; SV1; GameBar; .NET CLR 1.1.4322)"
65.160.208.114 - - [01/Jul/2005:14:57:13 -0800] "GET /gallery/maps/G3300/small/G3300%20%5B1590%5D%20P67.jpg HTTP/1.1" 200 14993 "http://photolab.elmer.uaf.edu/gallery/maps/mapg3300.html" "Mozilla/4.0 (compatible; MSIE 6.0; Windows NT 5.1; SV1; GameBar; .NET CLR 1.1.4322)"
65.160.208.114 - - [01/Jul/2005:14:57:13 -0800] "GET /gallery/maps/G3300/small/G3300%20%5B1625%5D%20E47.jpg HTTP/1.1" 200 17451 "http://photolab.elmer.uaf.edu/gallery/maps/mapg3300.html" "Mozilla/4.0 (compatible; MSIE 6.0; Windows NT 5.1; SV1; GameBar; .NET CLR 1.1.4322)"
65.160.208.114 - - [01/Jul/2005:14:57:14 -0800] "GET /gallery/maps/G3300/small/G3300%20%5B1740_%5D.jpg HTTP/1.1" 200 20134 "http://photolab.elmer.uaf.edu/gallery/maps/mapg3300.html" "Mozilla/4.0 (compatible; MSIE 6.0; Windows NT 5.1; SV1; GameBar; .NET CLR 1.1.4322)"
65.160.208.114 - - [01/Jul/2005:14:57:15 -0800] "GET /gallery/maps/G3300/small/G3300%201772%20R62.jpg HTTP/1.1" 200 15425 "http://photolab.elmer.uaf.edu/gallery/maps/mapg3300.html" "Mozilla/4.0 (compatible; MSIE 6.0; Windows NT 5.1; SV1; GameBar; .NET CLR 1.1.4322)"
65.160.208.114 - - [01/Jul/2005:14:57:14 -0800] "GET /gallery/maps/G3300/small/G3300%201755%20B431.jpg HTTP/1.1" 200 14901 "http://photolab.elmer.uaf.edu/gallery/maps/mapg3300.html" "Mozilla/4.0 (compatible; MSIE 6.0; Windows NT 5.1; SV1; GameBar; .NET CLR 1.1.4322)"
65.160.208.114 - - [01/Jul/2005:14:57:16 -0800] "GET /gallery/maps/G3300/small/G3300%201775%20R621.jpg HTTP/1.1" 200 14889 "http://photolab.elmer.uaf.edu/gallery/maps/mapg3300.html" "Mozilla/4.0 (compatible; MSIE 6.0; Windows NT 5.1; SV1; GameBar; .NET CLR 1.1.4322)"
65.160.208.114 - - [01/Jul/2005:14:57:15 -0800] "GET /gallery/maps/G3300/small/G3300%201774%20D861.jpg HTTP/1.1" 200 14984 "http://photolab.elmer.uaf.edu/gallery/maps/mapg3300.html" "Mozilla/4.0 (compatible; MSIE 6.0; Windows NT 5.1; SV1; GameBar; .NET CLR 1.1.4322)"
65.160.208.114 - - [01/Jul/2005:14:57:16 -0800] "GET /gallery/maps/G3300/small/G3300%20%5B1779%5D%20C662.jpg HTTP/1.1" 200 15796 "http://photolab.elmer.uaf.edu/gallery/maps/mapg3300.html" "Mozilla/4.0 (compatible; MSIE 6.0; Windows NT 5.1; SV1; GameBar; .NET CLR 1.1.4322)"
65.160.208.114 - - [01/Jul/2005:14:57:16 -0800] "GET /gallery/maps/G3300/small/G3300%20%5B1780%5D%20C66.jpg HTTP/1.1" 200 17169 "http://photolab.elmer.uaf.edu/gallery/maps/mapg3300.html" "Mozilla/4.0 (compatible; MSIE 6.0; Windows NT 5.1; SV1; GameBar; .NET CLR 1.1.4322)"
65.160.208.114 - - [01/Jul/2005:14:57:17 -0800] "GET /gallery/maps/G3300/small/G3300%20%5B1780_%5D%20C66a.jpg HTTP/1.1" 200 14727 "http://photolab.elmer.uaf.edu/gallery/maps/mapg3300.html" "Mozilla/4.0 (compatible; MSIE 6.0; Windows NT 5.1; SV1; GameBar; .NET CLR 1.1.4322)"
65.160.208.114 - - [01/Jul/2005:14:57:17 -0800] "GET /gallery/maps/G3300/small/G3300%201783%20R62.jpg HTTP/1.1" 200 15342 "http://photolab.elmer.uaf.edu/gallery/maps/mapg3300.html" "Mozilla/4.0 (compatible; MSIE 6.0; Windows NT 5.1; SV1; GameBar; .NET CLR 1.1.4322)"
65.160.208.114 - - [01/Jul/2005:14:57:18 -0800] "GET /index_files/bar.gif HTTP/1.1" 200 342 "http://photolab.elmer.uaf.edu/gallery/maps/mapg3300.html" "Mozilla/4.0 (compatible; MSIE 6.0; Windows NT 5.1; SV1; GameBar; .NET CLR 1.1.4322)"
65.160.208.114 - - [01/Jul/2005:14:57:18 -0800] "GET /gallery/maps/G3300/small/G3300%20%5B1786_%5D%20B691.jpg HTTP/1.1" 200 16623 "http://photolab.elmer.uaf.edu/gallery/maps/mapg3300.html" "Mozilla/4.0 (compatible; MSIE 6.0; Windows NT 5.1; SV1; GameBar; .NET CLR 1.1.4322)"
65.160.208.114 - - [01/Jul/2005:14:57:18 -0800] "GET /gallery/maps/G3300/small/G3300%20%5B1787%5D%20B66.jpg HTTP/1.1" 200 14342 "http://photolab.elmer.uaf.edu/gallery/maps/mapg3300.html" "Mozilla/4.0 (compatible; MSIE 6.0; Windows NT 5.1; SV1; GameBar; .NET CLR 1.1.4322)"
65.160.208.114 - - [01/Jul/2005:14:57:18 -0800] "GET /gallery/maps/G3300/small/G3300%201797%20N43.jpg HTTP/1.1" 200 15960 "http://photolab.elmer.uaf.edu/gallery/maps/mapg3300.html" "Mozilla/4.0 (compatible; MSIE 6.0; Windows NT 5.1; SV1; GameBar; .NET CLR 1.1.4322)"
65.160.208.114 - - [01/Jul/2005:14:57:19 -0800] "GET /gallery/maps/G3300/small/G3300%201841%20S75.jpg HTTP/1.1" 200 17336 "http://photolab.elmer.uaf.edu/gallery/maps/mapg3300.html" "Mozilla/4.0 (compatible; MSIE 6.0; Windows NT 5.1; SV1; GameBar; .NET CLR 1.1.4322)"
65.160.208.114 - - [01/Jul/2005:14:57:19 -0800] "GET /gallery/maps/G3300/small/G3300%20%5B1822%5D%20F55.jpg HTTP/1.1" 200 16603 "http://photolab.elmer.uaf.edu/gallery/maps/mapg3300.html" "Mozilla/4.0 (compatible; MSIE 6.0; Windows NT 5.1; SV1; GameBar; .NET CLR 1.1.4322)"
65.160.208.114 - - [01/Jul/2005:14:57:20 -0800] "GET /gallery/maps/G3300/small/G3300%20%5B1848_%5D%20C61.jpg HTTP/1.1" 200 16536 "http://photolab.elmer.uaf.edu/gallery/maps/mapg3300.html" "Mozilla/4.0 (compatible; MSIE 6.0; Windows NT 5.1; SV1; GameBar; .NET CLR 1.1.4322)"
65.160.208.114 - - [01/Jul/2005:14:57:21 -0800] "GET /gallery/maps/G3300/small/G3300%20%5B184-_%5D%20L681.jpg HTTP/1.1" 200 15119 "http://photolab.elmer.uaf.edu/gallery/maps/mapg3300.html" "Mozilla/4.0 (compatible; MSIE 6.0; Windows NT 5.1; SV1; GameBar; .NET CLR 1.1.4322)"
65.160.208.114 - - [01/Jul/2005:14:57:21 -0800] "GET /gallery/maps/G3300/small/G3300%201849%20R321.jpg HTTP/1.1" 200 15980 "http://photolab.elmer.uaf.edu/gallery/maps/mapg3300.html" "Mozilla/4.0 (compatible; MSIE 6.0; Windows NT 5.1; SV1; GameBar; .NET CLR 1.1.4322)"
65.160.208.114 - - [01/Jul/2005:14:57:22 -0800] "GET /gallery/maps/G3300/small/G3321%20P5%201852%20G73.jpg HTTP/1.1" 200 14278 "http://photolab.elmer.uaf.edu/gallery/maps/mapg3300.html" "Mozilla/4.0 (compatible; MSIE 6.0; Windows NT 5.1; SV1; GameBar; .NET CLR 1.1.4322)"
65.160.208.114 - - [01/Jul/2005:14:57:22 -0800] "GET /gallery/maps/G3300/small/G3300%20%5B1854_%5D%20B36.jpg HTTP/1.1" 200 14541 "http://photolab.elmer.uaf.edu/gallery/maps/mapg3300.html" "Mozilla/4.0 (compatible; MSIE 6.0; Windows NT 5.1; SV1; GameBar; .NET CLR 1.1.4322)"
65.160.208.114 - - [01/Jul/2005:14:57:21 -0800] "GET /gallery/maps/G3300/small/G3300%20%5B1851%5D%20R36.jpg HTTP/1.1" 200 16233 "http://photolab.elmer.uaf.edu/gallery/maps/mapg3300.html" "Mozilla/4.0 (compatible; MSIE 6.0; Windows NT 5.1; SV1; GameBar; .NET CLR 1.1.4322)"
65.160.208.114 - - [01/Jul/2005:14:57:23 -0800] "GET /gallery/maps/G3300/small/G3300%201855%20C64.jpg HTTP/1.1" 200 16222 "http://photolab.elmer.uaf.edu/gallery/maps/mapg3300.html" "Mozilla/4.0 (compatible; MSIE 6.0; Windows NT 5.1; SV1; GameBar; .NET CLR 1.1.4322)"
65.160.208.114 - - [01/Jul/2005:14:57:24 -0800] "GET /gallery/maps/G3300/small/G3300%20%5B1857_%5D%20B36.jpg HTTP/1.1" 200 15604 "http://photolab.elmer.uaf.edu/gallery/maps/mapg3300.html" "Mozilla/4.0 (compatible; MSIE 6.0; Windows NT 5.1; SV1; GameBar; .NET CLR 1.1.4322)"
65.160.208.114 - - [01/Jul/2005:14:57:23 -0800] "GET /gallery/maps/G3300/small/G3300%20%5B1855_%5D%20C641.jpg HTTP/1.1" 200 17024 "http://photolab.elmer.uaf.edu/gallery/maps/mapg3300.html" "Mozilla/4.0 (compatible; MSIE 6.0; Windows NT 5.1; SV1; GameBar; .NET CLR 1.1.4322)"
65.160.208.114 - - [01/Jul/2005:14:57:24 -0800] "GET /gallery/maps/G3300/small/G3300%20%5B1858%5D%20B361.jpg HTTP/1.1" 200 14683 "http://photolab.elmer.uaf.edu/gallery/maps/mapg3300.html" "Mozilla/4.0 (compatible; MSIE 6.0; Windows NT 5.1; SV1; GameBar; .NET CLR 1.1.4322)"
65.160.208.114 - - [01/Jul/2005:14:57:25 -0800] "GET /gallery/maps/G3300/small/G3300%20%5B1862_%5D%20B36.jpg HTTP/1.1" 200 14330 "http://photolab.elmer.uaf.edu/gallery/maps/mapg3300.html" "Mozilla/4.0 (compatible; MSIE 6.0; Windows NT 5.1; SV1; GameBar; .NET CLR 1.1.4322)"
65.160.208.114 - - [01/Jul/2005:14:57:25 -0800] "GET /gallery/maps/G3300/small/G3300%20%5B1864%5D%20J61.jpg HTTP/1.1" 200 15913 "http://photolab.elmer.uaf.edu/gallery/maps/mapg3300.html" "Mozilla/4.0 (compatible; MSIE 6.0; Windows NT 5.1; SV1; GameBar; .NET CLR 1.1.4322)"
65.160.208.114 - - [01/Jul/2005:14:57:26 -0800] "GET /gallery/maps/G3300/small/G3300%201872%20W51.jpg HTTP/1.1" 200 17525 "http://photolab.elmer.uaf.edu/gallery/maps/mapg3300.html" "Mozilla/4.0 (compatible; MSIE 6.0; Windows NT 5.1; SV1; GameBar; .NET CLR 1.1.4322)"
65.160.208.114 - - [01/Jul/2005:14:57:27 -0800] "GET /gallery/maps/G3300/small/G3312%20Y81%20%5B1898_%5D%20D5.jpg HTTP/1.1" 200 16571 "http://photolab.elmer.uaf.edu/gallery/maps/mapg3300.html" "Mozilla/4.0 (compatible; MSIE 6.0; Windows NT 5.1; SV1; GameBar; .NET CLR 1.1.4322)"
65.160.208.114 - - [01/Jul/2005:14:57:27 -0800] "GET /index_files/bluebear.gif HTTP/1.1" 200 1263 "http://photolab.elmer.uaf.edu/gallery/maps/mapg3300.html" "Mozilla/4.0 (compatible; MSIE 6.0; Windows NT 5.1; SV1; GameBar; .NET CLR 1.1.4322)"
65.160.208.114 - - [01/Jul/2005:14:57:27 -0800] "GET /index_files/sitemap.gif HTTP/1.1" 200 1503 "http://photolab.elmer.uaf.edu/gallery/maps/mapg3300.html" "Mozilla/4.0 (compatible; MSIE 6.0; Windows NT 5.1; SV1; GameBar; .NET CLR 1.1.4322)"
65.160.208.114 - - [01/Jul/2005:14:57:25 -0800] "GET /gallery/maps/G3300/small/G3300%20%5B1868%5D%20C671.jpg HTTP/1.1" 200 15494 "http://photolab.elmer.uaf.edu/gallery/maps/mapg3300.html" "Mozilla/4.0 (compatible; MSIE 6.0; Windows NT 5.1; SV1; GameBar; .NET CLR 1.1.4322)"
207.46.98.85 - - [01/Jul/2005:14:58:05 -0800] "GET /gallery/photos/19940070/3/pages/1994-0070-00383.html HTTP/1.0" 200 5959 "-" "msnbot/1.0 (+http://search.msn.com/msnbot.htm)"
65.160.208.114 - - [01/Jul/2005:14:58:01 -0800] "GET /gallery/maps/G3300/large/G3300%201783%20R62.jpg HTTP/1.1" 200 268774 "http://photolab.elmer.uaf.edu/gallery/maps/mapg3300.html" "Mozilla/4.0 (compatible; MSIE 6.0; Windows NT 5.1; SV1; GameBar; .NET CLR 1.1.4322)"
207.46.98.85 - - [01/Jul/2005:14:59:17 -0800] "GET /gallery/photos/19950244/14/index.html HTTP/1.0" 200 7084 "-" "msnbot/1.0 (+http://search.msn.com/msnbot.htm)"
207.46.98.85 - - [01/Jul/2005:15:01:37 -0800] "GET /gallery/photos/19940070/3/pages/1994-0070-00349.html HTTP/1.0" 200 5959 "-" "msnbot/1.0 (+http://search.msn.com/msnbot.htm)"
68.142.251.150 - - [01/Jul/2005:15:01:58 -0800] "GET /robots.txt HTTP/1.0" 200 96 "-" "Mozilla/5.0 (compatible; Yahoo! Slurp; http://help.yahoo.com/help/us/ysearch/slurp)"
68.142.251.119 - - [01/Jul/2005:15:01:59 -0800] "GET /gallery/20020015/2 HTTP/1.0" 404 314 "-" "Mozilla/5.0 (compatible; Yahoo! Slurp; http://help.yahoo.com/help/us/ysearch/slurp)"
207.46.98.85 - - [01/Jul/2005:15:03:54 -0800] "GET /gallery/photos/19940070/3/pages/1994-0070-00395.html HTTP/1.0" 200 5959 "-" "msnbot/1.0 (+http://search.msn.com/msnbot.htm)"
207.46.98.85 - - [01/Jul/2005:15:05:19 -0800] "GET /gallery/photos/19940070/3/pages/1994-0070-00378.html HTTP/1.0" 200 5959 "-" "msnbot/1.0 (+http://search.msn.com/msnbot.htm)"
68.142.251.55 - - [01/Jul/2005:15:06:39 -0800] "GET /gallery/19940096/4/index_3.html HTTP/1.0" 404 327 "-" "Mozilla/5.0 (compatible; Yahoo! Slurp; http://help.yahoo.com/help/us/ysearch/slurp)"
82.36.27.107 - - [01/Jul/2005:15:06:50 -0800] "GET /store/photos/largejpegs/(105)1989-0166-00522a.jpg HTTP/1.1" 200 101451 "http://images.google.co.uk/imgres?imgurl=http://photolab.elmer.uaf.edu/store/photos/largejpegs/(105)1989-0166-00522a.jpg&imgrefurl=http://photolab.elmer.uaf.edu/store/people.html&h=692&w=1000&sz=100&tbnid=mRifvhDN3-gJ:&tbnh=103&tbnw=149&hl=en&prev=/images%3Fq%3Dold%2Bwoman%26svnum%3D10%26hl%3Den%26lr%3D&frame=small" "Mozilla/4.0 (compatible; MSIE 6.0; Windows NT 5.1; SV1; .NET CLR 1.1.4322)"
82.36.27.107 - - [01/Jul/2005:15:06:58 -0800] "GET /favicon.ico HTTP/1.1" 404 307 "-" "-"
207.46.98.85 - - [01/Jul/2005:15:08:01 -0800] "GET /gallery/photos/19940070/3/pages/1994-0070-00359.html HTTP/1.0" 200 5959 "-" "msnbot/1.0 (+http://search.msn.com/msnbot.htm)"
207.46.98.85 - - [01/Jul/2005:15:11:56 -0800] "GET /gallery/photos/19940070/3/pages/1994-0070-00385.html HTTP/1.0" 200 5959 "-" "msnbot/1.0 (+http://search.msn.com/msnbot.htm)"
207.46.98.85 - - [01/Jul/2005:15:13:39 -0800] "GET /gallery/photos/19940070/3/pages/1994-0070-00328.html HTTP/1.0" 200 5959 "-" "msnbot/1.0 (+http://search.msn.com/msnbot.htm)"
207.46.98.85 - - [01/Jul/2005:15:13:50 -0800] "GET /gallery/photos/19940070/3/pages/1994-0070-00338.html HTTP/1.0" 200 5959 "-" "msnbot/1.0 (+http://search.msn.com/msnbot.htm)"
207.46.98.85 - - [01/Jul/2005:15:15:12 -0800] "GET /gallery/photos/20030024/0/index.html HTTP/1.0" 200 7098 "-" "msnbot/1.0 (+http://search.msn.com/msnbot.htm)"
207.46.98.85 - - [01/Jul/2005:15:17:35 -0800] "GET /gallery/photos/19950244/11/index.html HTTP/1.0" 200 7077 "-" "msnbot/1.0 (+http://search.msn.com/msnbot.htm)"
207.46.98.85 - - [01/Jul/2005:15:21:33 -0800] "GET /gallery/photos/19680041/1/index.htm HTTP/1.0" 200 7059 "-" "msnbot/1.0 (+http://search.msn.com/msnbot.htm)"
207.46.98.85 - - [01/Jul/2005:15:22:48 -0800] "GET /gallery/photos/19940070/3/pages/1994-0070-00334.html HTTP/1.0" 200 5959 "-" "msnbot/1.0 (+http://search.msn.com/msnbot.htm)"
207.46.98.85 - - [01/Jul/2005:15:24:30 -0800] "GET /gallery/photos/19940070/3/pages/1994-0070-00315.html HTTP/1.0" 200 5959 "-" "msnbot/1.0 (+http://search.msn.com/msnbot.htm)"
207.46.98.85 - - [01/Jul/2005:15:25:29 -0800] "GET /gallery/photos/19940070/3/pages/1994-0070-00374.html HTTP/1.0" 200 5959 "-" "msnbot/1.0 (+http://search.msn.com/msnbot.htm)"
207.46.98.85 - - [01/Jul/2005:15:26:29 -0800] "GET /gallery/photos/19940070/3/pages/1994-0070-00330.html HTTP/1.0" 200 5959 "-" "msnbot/1.0 (+http://search.msn.com/msnbot.htm)"
207.46.98.85 - - [01/Jul/2005:15:26:39 -0800] "GET /gallery/photos/19940070/3/pages/1994-0070-00357.html HTTP/1.0" 200 5959 "-" "msnbot/1.0 (+http://search.msn.com/msnbot.htm)"
207.46.98.85 - - [01/Jul/2005:15:27:37 -0800] "GET /gallery/photos/19940070/3/pages/1994-0070-00343.html HTTP/1.0" 200 5959 "-" "msnbot/1.0 (+http://search.msn.com/msnbot.htm)"
207.46.98.85 - - [01/Jul/2005:15:27:47 -0800] "GET /gallery/photos/19940070/3/pages/1994-0070-00372.html HTTP/1.0" 200 5959 "-" "msnbot/1.0 (+http://search.msn.com/msnbot.htm)"
67.101.214.195 - - [01/Jul/2005:15:27:48 -0800] "GET /gallery/19690092/8/pages/1969edu.uasw.apache/links/x11/gtk/unstable/beos/ HTTP/1.1" 404 369 "-" "Mozilla/4.0 (compatible; MSIE 6.0; Windows NT 5.1; SV1)"
207.46.98.85 - - [01/Jul/2005:15:29:59 -0800] "GET /gallery/photos/19940070/3/pages/1994-0070-00353.html HTTP/1.0" 200 5959 "-" "msnbot/1.0 (+http://search.msn.com/msnbot.htm)"
207.46.98.85 - - [01/Jul/2005:15:30:09 -0800] "GET /gallery/photos/19940070/3/pages/1994-0070-00351.html HTTP/1.0" 200 5959 "-" "msnbot/1.0 (+http://search.msn.com/msnbot.htm)"
207.46.98.85 - - [01/Jul/2005:15:32:13 -0800] "GET /gallery/photos/19880041/0/index.htm HTTP/1.0" 200 7049 "-" "msnbot/1.0 (+http://search.msn.com/msnbot.htm)"
207.46.98.85 - - [01/Jul/2005:15:35:45 -0800] "GET /gallery/photos/19940070/3/pages/1994-0070-00317.html HTTP/1.0" 200 5959 "-" "msnbot/1.0 (+http://search.msn.com/msnbot.htm)"
137.229.189.148 - - [01/Jul/2005:15:36:33 -0800] "GET / HTTP/1.0" 200 8570 "-" "-"
207.46.98.85 - - [01/Jul/2005:15:41:19 -0800] "GET /gallery/photos/19940070/3/pages/1994-0070-00370.html HTTP/1.0" 200 5959 "-" "msnbot/1.0 (+http://search.msn.com/msnbot.htm)"
198.77.71.203 - - [01/Jul/2005:15:46:08 -0800] "GET /store/people.html HTTP/1.1" 200 21075 "http://images.google.com/imgres?imgurl=http://photolab.elmer.uaf.edu/store/photos/largejpegs/(105)1989-0166-00522a.jpg&imgrefurl=http://photolab.elmer.uaf.edu/store/people.html&h=692&w=1000&sz=100&tbnid=mRifvhDN3-gJ:&tbnh=103&tbnw=149&hl=en&start=16&prev=/images%3Fq%3DOLD%2BWOMAN%26svnum%3D10%26hl%3Den%26lr%3D%26sa%3DG" "Mozilla/4.0 (compatible; MSIE 6.0; Windows NT 5.0; FunWebProducts)"
198.77.71.203 - - [01/Jul/2005:15:46:08 -0800] "GET /index_files/store.css HTTP/1.1" 200 2756 "http://photolab.elmer.uaf.edu/store/people.html" "Mozilla/4.0 (compatible; MSIE 6.0; Windows NT 5.0; FunWebProducts)"
198.77.71.203 - - [01/Jul/2005:15:46:08 -0800] "GET /store/photos/largejpegs/(105)1989-0166-00522a.jpg HTTP/1.1" 200 101451 "http://images.google.com/imgres?imgurl=http://photolab.elmer.uaf.edu/store/photos/largejpegs/(105)1989-0166-00522a.jpg&imgrefurl=http://photolab.elmer.uaf.edu/store/people.html&h=692&w=1000&sz=100&tbnid=mRifvhDN3-gJ:&tbnh=103&tbnw=149&hl=en&prev=/images%3Fq%3DOLD%2BWOMAN%26svnum%3D10%26hl%3Den%26lr%3D%26sa%3DG&frame=small" "Mozilla/4.0 (compatible; MSIE 6.0; Windows NT 5.0; FunWebProducts)"
198.77.71.203 - - [01/Jul/2005:15:46:18 -0800] "GET /store/people.html HTTP/1.1" 206 12883 "http://images.google.com/imgres?imgurl=http://photolab.elmer.uaf.edu/store/photos/largejpegs/(105)1989-0166-00522a.jpg&imgrefurl=http://photolab.elmer.uaf.edu/store/people.html&h=692&w=1000&sz=100&tbnid=mRifvhDN3-gJ:&tbnh=103&tbnw=149&hl=en&start=16&prev=/images%3Fq%3DOLD%2BWOMAN%26svnum%3D10%26hl%3Den%26lr%3D%26sa%3DG" "Mozilla/4.0 (compatible; MSIE 6.0; Windows NT 5.0; FunWebProducts)"
198.77.71.203 - - [01/Jul/2005:15:46:18 -0800] "GET /index_files/titlebrown.jpg HTTP/1.1" 200 5451 "http://photolab.elmer.uaf.edu/store/people.html" "Mozilla/4.0 (compatible; MSIE 6.0; Windows NT 5.0; FunWebProducts)"
198.77.71.203 - - [01/Jul/2005:15:46:18 -0800] "GET /index_files/store.css HTTP/1.1" 200 2756 "http://photolab.elmer.uaf.edu/store/people.html" "Mozilla/4.0 (compatible; MSIE 6.0; Windows NT 5.0; FunWebProducts)"
198.77.71.203 - - [01/Jul/2005:15:46:19 -0800] "GET /index_files/aprbrown.jpg HTTP/1.1" 200 5509 "http://photolab.elmer.uaf.edu/store/people.html" "Mozilla/4.0 (compatible; MSIE 6.0; Windows NT 5.0; FunWebProducts)"
198.77.71.203 - - [01/Jul/2005:15:46:19 -0800] "GET /index_files/menubar.gif HTTP/1.1" 200 2913 "http://photolab.elmer.uaf.edu/store/people.html" "Mozilla/4.0 (compatible; MSIE 6.0; Windows NT 5.0; FunWebProducts)"
198.77.71.203 - - [01/Jul/2005:15:46:19 -0800] "GET /index_files/storetitle.gif HTTP/1.1" 200 14535 "http://photolab.elmer.uaf.edu/store/people.html" "Mozilla/4.0 (compatible; MSIE 6.0; Windows NT 5.0; FunWebProducts)"
198.77.71.203 - - [01/Jul/2005:15:46:19 -0800] "GET /store/photos/smalljpegs/(007)1972-0071-03234.jpg HTTP/1.1" 200 32052 "http://photolab.elmer.uaf.edu/store/people.html" "Mozilla/4.0 (compatible; MSIE 6.0; Windows NT 5.0; FunWebProducts)"
198.77.71.203 - - [01/Jul/2005:15:46:19 -0800] "GET /store/photos/smalljpegs/(009)1975-0146-00003.jpg HTTP/1.1" 200 35453 "http://photolab.elmer.uaf.edu/store/people.html" "Mozilla/4.0 (compatible; MSIE 6.0; Windows NT 5.0; FunWebProducts)"
198.77.71.203 - - [01/Jul/2005:15:46:20 -0800] "GET /store/photos/smalljpegs/(012)1989-0166-00375.jpg HTTP/1.1" 200 41883 "http://photolab.elmer.uaf.edu/store/people.html" "Mozilla/4.0 (compatible; MSIE 6.0; Windows NT 5.0; FunWebProducts)"
198.77.71.203 - - [01/Jul/2005:15:46:20 -0800] "GET /store/photos/smalljpegs/(024)1972-0116-00334.jpg HTTP/1.1" 200 29908 "http://photolab.elmer.uaf.edu/store/people.html" "Mozilla/4.0 (compatible; MSIE 6.0; Windows NT 5.0; FunWebProducts)"
207.46.98.85 - - [01/Jul/2005:15:46:33 -0800] "GET /gallery/photos/19940070/3/pages/1994-0070-00381.html HTTP/1.0" 200 5959 "-" "msnbot/1.0 (+http://search.msn.com/msnbot.htm)"
207.46.98.85 - - [01/Jul/2005:15:46:47 -0800] "GET /gallery/photos/19940070/3/pages/1994-0070-00332.html HTTP/1.0" 200 5959 "-" "msnbot/1.0 (+http://search.msn.com/msnbot.htm)"
207.46.98.85 - - [01/Jul/2005:15:48:54 -0800] "GET /gallery/photos/19940070/3/pages/1994-0070-00376.html HTTP/1.0" 200 5959 "-" "msnbot/1.0 (+http://search.msn.com/msnbot.htm)"
207.46.98.85 - - [01/Jul/2005:15:49:12 -0800] "GET /gallery/photos/19940070/3/pages/1994-0070-00336.html HTTP/1.0" 200 5959 "-" "msnbot/1.0 (+http://search.msn.com/msnbot.htm)"
198.77.71.203 - - [01/Jul/2005:15:49:47 -0800] "GET /store/photos/smalljpegs/(012)1989-0166-00375.jpg HTTP/1.1" 206 17307 "http://photolab.elmer.uaf.edu/store/people.html" "Mozilla/4.0 (compatible; MSIE 6.0; Windows NT 5.0; FunWebProducts)"
198.77.71.203 - - [01/Jul/2005:15:49:47 -0800] "GET /store/photos/smalljpegs/(024)1972-0116-00334.jpg HTTP/1.1" 206 21716 "http://photolab.elmer.uaf.edu/store/people.html" "Mozilla/4.0 (compatible; MSIE 6.0; Windows NT 5.0; FunWebProducts)"
198.77.71.203 - - [01/Jul/2005:15:49:48 -0800] "GET /store/photos/smalljpegs/(026)1997-0165-00010.jpg HTTP/1.1" 200 26695 "http://photolab.elmer.uaf.edu/store/people.html" "Mozilla/4.0 (compatible; MSIE 6.0; Windows NT 5.0; FunWebProducts)"
198.77.71.203 - - [01/Jul/2005:15:49:48 -0800] "GET /store/photos/smalljpegs/(040)1958-1026-01700.jpg HTTP/1.1" 200 30523 "http://photolab.elmer.uaf.edu/store/people.html" "Mozilla/4.0 (compatible; MSIE 6.0; Windows NT 5.0; FunWebProducts)"
198.77.71.203 - - [01/Jul/2005:15:49:49 -0800] "GET /store/photos/smalljpegs/(069)1976-0092-00075.jpg HTTP/1.1" 200 25519 "http://photolab.elmer.uaf.edu/store/people.html" "Mozilla/4.0 (compatible; MSIE 6.0; Windows NT 5.0; FunWebProducts)"
198.77.71.203 - - [01/Jul/2005:15:49:49 -0800] "GET /store/photos/smalljpegs/(055)1966-0054-00104.jpg HTTP/1.1" 200 35929 "http://photolab.elmer.uaf.edu/store/people.html" "Mozilla/4.0 (compatible; MSIE 6.0; Windows NT 5.0; FunWebProducts)"
198.77.71.203 - - [01/Jul/2005:15:49:49 -0800] "GET /store/photos/smalljpegs/(073)2000-0176-00106a.jpg HTTP/1.1" 200 39020 "http://photolab.elmer.uaf.edu/store/people.html" "Mozilla/4.0 (compatible; MSIE 6.0; Windows NT 5.0; FunWebProducts)"
198.77.71.203 - - [01/Jul/2005:15:49:49 -0800] "GET /store/photos/smalljpegs/(074)1968-0012-00009.jpg HTTP/1.1" 200 36819 "http://photolab.elmer.uaf.edu/store/people.html" "Mozilla/4.0 (compatible; MSIE 6.0; Windows NT 5.0; FunWebProducts)"
198.77.71.203 - - [01/Jul/2005:15:49:50 -0800] "GET /store/photos/smalljpegs/(083)1989-0166-00380.jpg HTTP/1.1" 200 32119 "http://photolab.elmer.uaf.edu/store/people.html" "Mozilla/4.0 (compatible; MSIE 6.0; Windows NT 5.0; FunWebProducts)"
198.77.71.203 - - [01/Jul/2005:15:49:50 -0800] "GET /store/photos/smalljpegs/(090)1972-0071-02759.jpg HTTP/1.1" 200 35919 "http://photolab.elmer.uaf.edu/store/people.html" "Mozilla/4.0 (compatible; MSIE 6.0; Windows NT 5.0; FunWebProducts)"
198.77.71.203 - - [01/Jul/2005:15:49:51 -0800] "GET /store/photos/smalljpegs/(101)1995-0244-01044.jpg HTTP/1.1" 200 33660 "http://photolab.elmer.uaf.edu/store/people.html" "Mozilla/4.0 (compatible; MSIE 6.0; Windows NT 5.0; FunWebProducts)"
198.77.71.203 - - [01/Jul/2005:15:49:51 -0800] "GET /store/photos/smalljpegs/(102)1972-0071-00804.jpg HTTP/1.1" 200 33600 "http://photolab.elmer.uaf.edu/store/people.html" "Mozilla/4.0 (compatible; MSIE 6.0; Windows NT 5.0; FunWebProducts)"
198.77.71.203 - - [01/Jul/2005:15:49:52 -0800] "GET /store/photos/smalljpegs/(103)1972-0071-02925.jpg HTTP/1.1" 200 30024 "http://photolab.elmer.uaf.edu/store/people.html" "Mozilla/4.0 (compatible; MSIE 6.0; Windows NT 5.0; FunWebProducts)"
198.77.71.203 - - [01/Jul/2005:15:49:52 -0800] "GET /store/photos/smalljpegs/(104)1958-1026-02106.jpg HTTP/1.1" 200 34617 "http://photolab.elmer.uaf.edu/store/people.html" "Mozilla/4.0 (compatible; MSIE 6.0; Windows NT 5.0; FunWebProducts)"
198.77.71.203 - - [01/Jul/2005:15:49:52 -0800] "GET /store/photos/smalljpegs/(105)1989-0166-00522a.jpg HTTP/1.1" 200 25417 "http://photolab.elmer.uaf.edu/store/people.html" "Mozilla/4.0 (compatible; MSIE 6.0; Windows NT 5.0; FunWebProducts)"
198.77.71.203 - - [01/Jul/2005:15:49:53 -0800] "GET /store/photos/smalljpegs/(106)1972-0071-03229.jpg HTTP/1.1" 200 38182 "http://photolab.elmer.uaf.edu/store/people.html" "Mozilla/4.0 (compatible; MSIE 6.0; Windows NT 5.0; FunWebProducts)"
198.77.71.203 - - [01/Jul/2005:15:49:53 -0800] "GET /store/photos/smalljpegs/(107)1958-1026-02271.jpg HTTP/1.1" 200 34747 "http://photolab.elmer.uaf.edu/store/people.html" "Mozilla/4.0 (compatible; MSIE 6.0; Windows NT 5.0; FunWebProducts)"
198.77.71.203 - - [01/Jul/2005:15:49:53 -0800] "GET /store/photos/smalljpegs/(110)1958-1026-01591.jpg HTTP/1.1" 200 38244 "http://photolab.elmer.uaf.edu/store/people.html" "Mozilla/4.0 (compatible; MSIE 6.0; Windows NT 5.0; FunWebProducts)"
198.77.71.203 - - [01/Jul/2005:15:49:54 -0800] "GET /store/photos/smalljpegs/(112)1958-1026-01589.jpg HTTP/1.1" 200 31936 "http://photolab.elmer.uaf.edu/store/people.html" "Mozilla/4.0 (compatible; MSIE 6.0; Windows NT 5.0; FunWebProducts)"
198.77.71.203 - - [01/Jul/2005:15:49:54 -0800] "GET /store/photos/smalljpegs/(119)1968-0069-02524.jpg HTTP/1.1" 200 31385 "http://photolab.elmer.uaf.edu/store/people.html" "Mozilla/4.0 (compatible; MSIE 6.0; Windows NT 5.0; FunWebProducts)"
198.77.71.203 - - [01/Jul/2005:15:49:54 -0800] "GET /store/photos/smalljpegs/(139)1958-1026-02130.jpg HTTP/1.1" 200 37323 "http://photolab.elmer.uaf.edu/store/people.html" "Mozilla/4.0 (compatible; MSIE 6.0; Windows NT 5.0; FunWebProducts)"
198.77.71.203 - - [01/Jul/2005:15:49:55 -0800] "GET /store/photos/smalljpegs/(141)1972-0071-00099.jpg HTTP/1.1" 200 38687 "http://photolab.elmer.uaf.edu/store/people.html" "Mozilla/4.0 (compatible; MSIE 6.0; Windows NT 5.0; FunWebProducts)"
198.77.71.203 - - [01/Jul/2005:15:49:55 -0800] "GET /store/photos/smalljpegs/(145)1972-0071-02415.jpg HTTP/1.1" 200 25683 "http://photolab.elmer.uaf.edu/store/people.html" "Mozilla/4.0 (compatible; MSIE 6.0; Windows NT 5.0; FunWebProducts)"
198.77.71.203 - - [01/Jul/2005:15:49:56 -0800] "GET /store/photos/smalljpegs/(150)1972-0071-00102.jpg HTTP/1.1" 200 31506 "http://photolab.elmer.uaf.edu/store/people.html" "Mozilla/4.0 (compatible; MSIE 6.0; Windows NT 5.0; FunWebProducts)"
198.77.71.203 - - [01/Jul/2005:15:49:56 -0800] "GET /store/photos/smalljpegs/(151)1989-0166-00382.jpg HTTP/1.1" 200 30137 "http://photolab.elmer.uaf.edu/store/people.html" "Mozilla/4.0 (compatible; MSIE 6.0; Windows NT 5.0; FunWebProducts)"
198.77.71.203 - - [01/Jul/2005:15:49:57 -0800] "GET /index_files/bluebear.gif HTTP/1.1" 200 1263 "http://photolab.elmer.uaf.edu/store/people.html" "Mozilla/4.0 (compatible; MSIE 6.0; Windows NT 5.0; FunWebProducts)"
198.77.71.203 - - [01/Jul/2005:15:49:57 -0800] "GET /index_files/sitemap.gif HTTP/1.1" 200 1503 "http://photolab.elmer.uaf.edu/store/people.html" "Mozilla/4.0 (compatible; MSIE 6.0; Windows NT 5.0; FunWebProducts)"
198.77.71.203 - - [01/Jul/2005:15:49:56 -0800] "GET /store/photos/smalljpegs/(172)1989-0166-01182.jpg HTTP/1.1" 200 30897 "http://photolab.elmer.uaf.edu/store/people.html" "Mozilla/4.0 (compatible; MSIE 6.0; Windows NT 5.0; FunWebProducts)"
207.46.98.85 - - [01/Jul/2005:15:51:51 -0800] "GET /gallery/photos/19940070/3/pages/1994-0070-00393.html HTTP/1.0" 200 5959 "-" "msnbot/1.0 (+http://search.msn.com/msnbot.htm)"
67.37.225.232 - - [01/Jul/2005:15:51:53 -0800] "GET /store/photos/largejpegs/(105)1989-0166-00522a.jpg HTTP/1.1" 200 101451 "http://profile.myspace.com/index.cfm?fuseaction=user.viewProfile&friendID=9831514&Mytoken=20050701164735" "Mozilla/4.0 (compatible; MSIE 6.0; Windows NT 5.1; SV1; .NET CLR 1.1.4322)"
207.46.98.85 - - [01/Jul/2005:15:52:50 -0800] "GET /gallery/photos/19940070/3/pages/1994-0070-00366.html HTTP/1.0" 200 5959 "-" "msnbot/1.0 (+http://search.msn.com/msnbot.htm)"
207.46.98.85 - - [01/Jul/2005:15:52:58 -0800] "GET /gallery/photos/19940070/3/pages/1994-0070-00320.html HTTP/1.0" 200 5959 "-" "msnbot/1.0 (+http://search.msn.com/msnbot.htm)"
207.46.98.85 - - [01/Jul/2005:15:54:11 -0800] "GET /gallery/photos/19940070/3/pages/1994-0070-00365.html HTTP/1.0" 200 5959 "-" "msnbot/1.0 (+http://search.msn.com/msnbot.htm)"
207.46.98.85 - - [01/Jul/2005:15:54:23 -0800] "GET /gallery/photos/19940070/3/pages/1994-0070-00326.html HTTP/1.0" 200 5959 "-" "msnbot/1.0 (+http://search.msn.com/msnbot.htm)"
64.223.102.200 - - [01/Jul/2005:15:54:49 -0800] "GET /gallery/photogallery.html HTTP/1.1" 200 37882 "http://www.google.com/search?q=elizabeth+metcalfe&hl=en&lr=&biw=1259&start=40&sa=N" "Mozilla/4.0 (compatible; MSIE 6.0; Windows NT 5.1; SV1)"
64.223.102.200 - - [01/Jul/2005:15:54:51 -0800] "GET /index_files/title.jpg HTTP/1.1" 200 5438 "http://photolab.elmer.uaf.edu/gallery/photogallery.html" "Mozilla/4.0 (compatible; MSIE 6.0; Windows NT 5.1; SV1)"
64.223.102.200 - - [01/Jul/2005:15:54:51 -0800] "GET /index_files/apr.jpg HTTP/1.1" 200 6015 "http://photolab.elmer.uaf.edu/gallery/photogallery.html" "Mozilla/4.0 (compatible; MSIE 6.0; Windows NT 5.1; SV1)"
64.223.102.200 - - [01/Jul/2005:15:54:51 -0800] "GET /index_files/empty.gif HTTP/1.1" 200 45 "http://photolab.elmer.uaf.edu/gallery/photogallery.html" "Mozilla/4.0 (compatible; MSIE 6.0; Windows NT 5.1; SV1)"
64.223.102.200 - - [01/Jul/2005:15:54:52 -0800] "GET /index_files/small.dps.jpg HTTP/1.1" 200 5830 "http://photolab.elmer.uaf.edu/gallery/photogallery.html" "Mozilla/4.0 (compatible; MSIE 6.0; Windows NT 5.1; SV1)"
64.223.102.200 - - [01/Jul/2005:15:54:51 -0800] "GET /index_files/lib.css HTTP/1.1" 200 2634 "http://photolab.elmer.uaf.edu/gallery/photogallery.html" "Mozilla/4.0 (compatible; MSIE 6.0; Windows NT 5.1; SV1)"
64.223.102.200 - - [01/Jul/2005:15:54:52 -0800] "GET /index_files/small.jpg HTTP/1.1" 200 2294 "http://photolab.elmer.uaf.edu/gallery/photogallery.html" "Mozilla/4.0 (compatible; MSIE 6.0; Windows NT 5.1; SV1)"
64.223.102.200 - - [01/Jul/2005:15:54:52 -0800] "GET /index_files/small_002.jpg HTTP/1.1" 200 1351 "http://photolab.elmer.uaf.edu/gallery/photogallery.html" "Mozilla/4.0 (compatible; MSIE 6.0; Windows NT 5.1; SV1)"
64.223.102.200 - - [01/Jul/2005:15:54:52 -0800] "GET /index_files/small_003.jpg HTTP/1.1" 200 1521 "http://photolab.elmer.uaf.edu/gallery/photogallery.html" "Mozilla/4.0 (compatible; MSIE 6.0; Windows NT 5.1; SV1)"
64.223.102.200 - - [01/Jul/2005:15:54:52 -0800] "GET /index_files/new01.gif HTTP/1.1" 200 1016 "http://photolab.elmer.uaf.edu/gallery/photogallery.html" "Mozilla/4.0 (compatible; MSIE 6.0; Windows NT 5.1; SV1)"
64.223.102.200 - - [01/Jul/2005:15:54:52 -0800] "GET /index_files/bluebear.gif HTTP/1.1" 200 1263 "http://photolab.elmer.uaf.edu/gallery/photogallery.html" "Mozilla/4.0 (compatible; MSIE 6.0; Windows NT 5.1; SV1)"
64.223.102.200 - - [01/Jul/2005:15:54:52 -0800] "GET /index_files/sitemap.gif HTTP/1.1" 200 1503 "http://photolab.elmer.uaf.edu/gallery/photogallery.html" "Mozilla/4.0 (compatible; MSIE 6.0; Windows NT 5.1; SV1)"
64.223.102.200 - - [01/Jul/2005:15:54:52 -0800] "GET /index_files/bar.gif HTTP/1.1" 200 342 "http://photolab.elmer.uaf.edu/gallery/photogallery.html" "Mozilla/4.0 (compatible; MSIE 6.0; Windows NT 5.1; SV1)"
64.223.102.200 - - [01/Jul/2005:15:54:59 -0800] "GET /gallery/photos/19630071/index.html HTTP/1.1" 200 9075 "http://photolab.elmer.uaf.edu/gallery/photogallery.html" "Mozilla/4.0 (compatible; MSIE 6.0; Windows NT 5.1; SV1)"
64.223.102.200 - - [01/Jul/2005:15:54:59 -0800] "GET /gallery/photos/19630071/images/next.gif HTTP/1.1" 200 270 "http://photolab.elmer.uaf.edu/gallery/photos/19630071/index.html" "Mozilla/4.0 (compatible; MSIE 6.0; Windows NT 5.1; SV1)"
64.223.102.200 - - [01/Jul/2005:15:55:00 -0800] "GET /gallery/photos/19630071/thumbnails/1963-0071-00002.jpg HTTP/1.1" 200 7463 "http://photolab.elmer.uaf.edu/gallery/photos/19630071/index.html" "Mozilla/4.0 (compatible; MSIE 6.0; Windows NT 5.1; SV1)"
64.223.102.200 - - [01/Jul/2005:15:55:00 -0800] "GET /gallery/photos/19630071/thumbnails/1963-0071-00001.jpg HTTP/1.1" 200 6468 "http://photolab.elmer.uaf.edu/gallery/photos/19630071/index.html" "Mozilla/4.0 (compatible; MSIE 6.0; Windows NT 5.1; SV1)"
64.223.102.200 - - [01/Jul/2005:15:55:00 -0800] "GET /gallery/photos/19630071/thumbnails/1963-0071-00003.jpg HTTP/1.1" 200 6656 "http://photolab.elmer.uaf.edu/gallery/photos/19630071/index.html" "Mozilla/4.0 (compatible; MSIE 6.0; Windows NT 5.1; SV1)"
64.223.102.200 - - [01/Jul/2005:15:55:00 -0800] "GET /gallery/photos/19630071/thumbnails/1963-0071-00004.jpg HTTP/1.1" 200 5977 "http://photolab.elmer.uaf.edu/gallery/photos/19630071/index.html" "Mozilla/4.0 (compatible; MSIE 6.0; Windows NT 5.1; SV1)"
64.223.102.200 - - [01/Jul/2005:15:55:00 -0800] "GET /gallery/photos/19630071/thumbnails/1963-0071-00005.jpg HTTP/1.1" 200 7366 "http://photolab.elmer.uaf.edu/gallery/photos/19630071/index.html" "Mozilla/4.0 (compatible; MSIE 6.0; Windows NT 5.1; SV1)"
64.223.102.200 - - [01/Jul/2005:15:55:00 -0800] "GET /gallery/photos/19630071/thumbnails/1963-0071-00006.jpg HTTP/1.1" 200 7115 "http://photolab.elmer.uaf.edu/gallery/photos/19630071/index.html" "Mozilla/4.0 (compatible; MSIE 6.0; Windows NT 5.1; SV1)"
64.223.102.200 - - [01/Jul/2005:15:55:00 -0800] "GET /gallery/photos/19630071/thumbnails/1963-0071-00008.jpg HTTP/1.1" 200 6646 "http://photolab.elmer.uaf.edu/gallery/photos/19630071/index.html" "Mozilla/4.0 (compatible; MSIE 6.0; Windows NT 5.1; SV1)"
64.223.102.200 - - [01/Jul/2005:15:55:00 -0800] "GET /gallery/photos/19630071/thumbnails/1963-0071-00007.jpg HTTP/1.1" 200 11181 "http://photolab.elmer.uaf.edu/gallery/photos/19630071/index.html" "Mozilla/4.0 (compatible; MSIE 6.0; Windows NT 5.1; SV1)"
64.223.102.200 - - [01/Jul/2005:15:55:01 -0800] "GET /gallery/photos/19630071/thumbnails/1963-0071-00010.jpg HTTP/1.1" 200 5991 "http://photolab.elmer.uaf.edu/gallery/photos/19630071/index.html" "Mozilla/4.0 (compatible; MSIE 6.0; Windows NT 5.1; SV1)"
64.223.102.200 - - [01/Jul/2005:15:55:01 -0800] "GET /gallery/photos/19630071/thumbnails/1963-0071-00009.jpg HTTP/1.1" 200 9173 "http://photolab.elmer.uaf.edu/gallery/photos/19630071/index.html" "Mozilla/4.0 (compatible; MSIE 6.0; Windows NT 5.1; SV1)"
64.223.102.200 - - [01/Jul/2005:15:55:01 -0800] "GET /gallery/photos/19630071/thumbnails/1963-0071-00011.jpg HTTP/1.1" 200 7628 "http://photolab.elmer.uaf.edu/gallery/photos/19630071/index.html" "Mozilla/4.0 (compatible; MSIE 6.0; Windows NT 5.1; SV1)"
64.223.102.200 - - [01/Jul/2005:15:55:01 -0800] "GET /gallery/photos/19630071/thumbnails/1963-0071-00012.jpg HTTP/1.1" 200 9651 "http://photolab.elmer.uaf.edu/gallery/photos/19630071/index.html" "Mozilla/4.0 (compatible; MSIE 6.0; Windows NT 5.1; SV1)"
64.223.102.200 - - [01/Jul/2005:15:55:01 -0800] "GET /gallery/photos/19630071/thumbnails/1963-0071-00013.jpg HTTP/1.1" 200 6486 "http://photolab.elmer.uaf.edu/gallery/photos/19630071/index.html" "Mozilla/4.0 (compatible; MSIE 6.0; Windows NT 5.1; SV1)"
64.223.102.200 - - [01/Jul/2005:15:55:02 -0800] "GET /gallery/photos/19630071/thumbnails/1963-0071-00015.jpg HTTP/1.1" 200 6535 "http://photolab.elmer.uaf.edu/gallery/photos/19630071/index.html" "Mozilla/4.0 (compatible; MSIE 6.0; Windows NT 5.1; SV1)"
64.223.102.200 - - [01/Jul/2005:15:55:02 -0800] "GET /gallery/photos/19630071/thumbnails/1963-0071-00014.jpg HTTP/1.1" 200 8627 "http://photolab.elmer.uaf.edu/gallery/photos/19630071/index.html" "Mozilla/4.0 (compatible; MSIE 6.0; Windows NT 5.1; SV1)"
64.223.102.200 - - [01/Jul/2005:15:55:02 -0800] "GET /gallery/photos/19630071/thumbnails/1963-0071-00016.jpg HTTP/1.1" 200 7977 "http://photolab.elmer.uaf.edu/gallery/photos/19630071/index.html" "Mozilla/4.0 (compatible; MSIE 6.0; Windows NT 5.1; SV1)"
12.214.118.133 - - [01/Jul/2005:15:55:28 -0800] "GET /store/photos/largejpegs/(105)1989-0166-00522a.jpg HTTP/1.1" 200 101451 "http://profile.myspace.com/index.cfm?fuseaction=user.viewprofile&friendID=9831514&Mytoken=20050701165136" "Mozilla/4.0 (compatible; MSIE 6.0; Windows NT 5.1; {AB7B25B5-D4A0-92A6-C591-8FB341CABC26})"
207.46.98.85 - - [01/Jul/2005:15:56:27 -0800] "GET /gallery/photos/19940070/3/pages/1994-0070-00319.html HTTP/1.0" 200 5959 "-" "msnbot/1.0 (+http://search.msn.com/msnbot.htm)"
207.46.98.85 - - [01/Jul/2005:15:57:45 -0800] "GET /gallery/photos/19940070/3/pages/1994-0070-00389.html HTTP/1.0" 200 5959 "-" "msnbot/1.0 (+http://search.msn.com/msnbot.htm)"
207.46.98.85 - - [01/Jul/2005:15:58:01 -0800] "GET /gallery/photos/19940070/3/pages/1994-0070-00362.html HTTP/1.0" 200 5959 "-" "msnbot/1.0 (+http://search.msn.com/msnbot.htm)"
207.46.98.85 - - [01/Jul/2005:15:59:15 -0800] "GET /gallery/photos/19940070/3/pages/1994-0070-00367.html HTTP/1.0" 200 5959 "-" "msnbot/1.0 (+http://search.msn.com/msnbot.htm)"
68.142.251.150 - - [01/Jul/2005:15:59:31 -0800] "GET /robots.txt HTTP/1.0" 200 96 "-" "Mozilla/5.0 (compatible; Yahoo! Slurp; http://help.yahoo.com/help/us/ysearch/slurp)"
68.142.251.14 - - [01/Jul/2005:15:59:31 -0800] "GET /gallery/19880051/index_2.html HTTP/1.0" 404 325 "-" "Mozilla/5.0 (compatible; Yahoo! Slurp; http://help.yahoo.com/help/us/ysearch/slurp)"
66.228.164.193 - - [01/Jul/2005:15:59:33 -0800] "GET /robots.txt HTTP/1.0" 200 96 "-" "Mozilla/5.0 (compatible; Yahoo! Slurp; http://help.yahoo.com/help/us/ysearch/slurp)"
66.228.164.203 - - [01/Jul/2005:15:59:33 -0800] "GET /gallery/19740130/pages/1974-0130-00002.html HTTP/1.0" 404 339 "-" "Mozilla/5.0 (compatible; Yahoo! Slurp; http://help.yahoo.com/help/us/ysearch/slurp)"
207.46.98.85 - - [01/Jul/2005:16:00:23 -0800] "GET /gallery/photos/19940070/3/pages/1994-0070-00329.html HTTP/1.0" 200 5959 "-" "msnbot/1.0 (+http://search.msn.com/msnbot.htm)"
207.46.98.85 - - [01/Jul/2005:16:00:42 -0800] "GET /gallery/photos/19940070/3/pages/1994-0070-00384.html HTTP/1.0" 200 5959 "-" "msnbot/1.0 (+http://search.msn.com/msnbot.htm)"
207.46.98.85 - - [01/Jul/2005:16:02:14 -0800] "GET /gallery/photos/19940070/3/pages/1994-0070-00355.html HTTP/1.0" 200 5959 "-" "msnbot/1.0 (+http://search.msn.com/msnbot.htm)"
207.46.98.85 - - [01/Jul/2005:16:03:25 -0800] "GET /gallery/photos/19940070/3/pages/1994-0070-00399.html HTTP/1.0" 200 5811 "-" "msnbot/1.0 (+http://search.msn.com/msnbot.htm)"
207.46.98.85 - - [01/Jul/2005:16:03:33 -0800] "GET /gallery/photos/19950244/05/pages/1995-0244-00510.html HTTP/1.0" 200 1887 "-" "msnbot/1.0 (+http://search.msn.com/msnbot.htm)"
12.223.180.202 - - [01/Jul/2005:16:03:53 -0800] "GET /store/photos/largejpegs/(105)1989-0166-00522a.jpg HTTP/1.1" 200 101451 "http://profile.myspace.com/index.cfm?fuseaction=user.viewProfile&friendID=9831514&Mytoken=20050701165822" "Mozilla/4.0 (compatible; MSIE 6.0; Windows NT 5.1; SV1; YPC 3.0.3; FunWebProducts; .NET CLR 1.1.4322)"
207.46.98.85 - - [01/Jul/2005:16:04:33 -0800] "GET /gallery/photos/19950244/11/pages/1995-0244-01110.html HTTP/1.0" 200 1886 "-" "msnbot/1.0 (+http://search.msn.com/msnbot.htm)"
207.46.98.85 - - [01/Jul/2005:16:04:40 -0800] "GET /gallery/photos/20040145/1/pages/2004-0145-00117.htm HTTP/1.0" 200 1887 "-" "msnbot/1.0 (+http://search.msn.com/msnbot.htm)"
68.142.251.54 - - [01/Jul/2005:16:06:52 -0800] "GET /gallery/19700058/1 HTTP/1.0" 404 314 "-" "Mozilla/5.0 (compatible; Yahoo! Slurp; http://help.yahoo.com/help/us/ysearch/slurp)"
207.46.98.85 - - [01/Jul/2005:16:08:06 -0800] "GET /gallery/photos/20030129/2/pages/1999-0293-00201.html HTTP/1.0" 200 1766 "-" "msnbot/1.0 (+http://search.msn.com/msnbot.htm)"
207.46.98.85 - - [01/Jul/2005:16:08:21 -0800] "GET /gallery/photos/20040145/1/pages/2004-0145-00116.htm HTTP/1.0" 200 1887 "-" "msnbot/1.0 (+http://search.msn.com/msnbot.htm)"
207.46.98.85 - - [01/Jul/2005:16:10:28 -0800] "GET /gallery/photos/20040145/1/pages/2004-0145-00121.htm HTTP/1.0" 200 1888 "-" "msnbot/1.0 (+http://search.msn.com/msnbot.htm)"
