66.151.181.12 - - [02/Jul/2005:03:08:20 -0800] "GET /gallery/photos/19910156/web/0/ HTTP/1.1" 200 7076 "http://photolab.elmer.uaf.edu/gallery/photos/19910156/web/0" "FAST MetaWeb Crawler (helpdesk at fastsearch dot com)"
66.151.181.12 - - [02/Jul/2005:03:09:15 -0800] "GET /gallery/photos/19930194/0/index.htm HTTP/1.1" 200 7055 "http://photolab.elmer.uaf.edu/gallery/photogallery.html" "FAST MetaWeb Crawler (helpdesk at fastsearch dot com)"
66.151.181.12 - - [02/Jul/2005:03:10:21 -0800] "GET /gallery/photos/19930194/1/index.htm HTTP/1.1" 200 7055 "http://photolab.elmer.uaf.edu/gallery/photogallery.html" "FAST MetaWeb Crawler (helpdesk at fastsearch dot com)"
66.151.181.12 - - [02/Jul/2005:03:11:12 -0800] "GET /gallery/photos/19940070/0 HTTP/1.1" 301 362 "http://photolab.elmer.uaf.edu/gallery/photogallery.html" "FAST MetaWeb Crawler (helpdesk at fastsearch dot com)"
66.151.181.12 - - [02/Jul/2005:03:12:12 -0800] "GET /gallery/photos/19940070/0/ HTTP/1.1" 200 7092 "http://photolab.elmer.uaf.edu/gallery/photos/19940070/0" "FAST MetaWeb Crawler (helpdesk at fastsearch dot com)"
66.151.181.12 - - [02/Jul/2005:03:13:15 -0800] "GET /gallery/photos/19940070/1 HTTP/1.1" 301 362 "http://photolab.elmer.uaf.edu/gallery/photogallery.html" "FAST MetaWeb Crawler (helpdesk at fastsearch dot com)"
66.151.181.12 - - [02/Jul/2005:03:14:57 -0800] "GET /gallery/photos/19940070/1/ HTTP/1.1" 200 7093 "http://photolab.elmer.uaf.edu/gallery/photos/19940070/1" "FAST MetaWeb Crawler (helpdesk at fastsearch dot com)"
66.151.181.12 - - [02/Jul/2005:03:15:12 -0800] "GET /gallery/photos/19940070/2 HTTP/1.1" 301 362 "http://photolab.elmer.uaf.edu/gallery/photogallery.html" "FAST MetaWeb Crawler (helpdesk at fastsearch dot com)"
66.151.181.12 - - [02/Jul/2005:03:16:12 -0800] "GET /gallery/photos/19940070/2/ HTTP/1.1" 200 7092 "http://photolab.elmer.uaf.edu/gallery/photos/19940070/2" "FAST MetaWeb Crawler (helpdesk at fastsearch dot com)"
66.151.181.12 - - [02/Jul/2005:03:17:12 -0800] "GET /gallery/photos/19940070/3 HTTP/1.1" 301 362 "http://photolab.elmer.uaf.edu/gallery/photogallery.html" "FAST MetaWeb Crawler (helpdesk at fastsearch dot com)"
66.151.181.12 - - [02/Jul/2005:03:18:12 -0800] "GET /gallery/photos/19940070/3/ HTTP/1.1" 200 7092 "http://photolab.elmer.uaf.edu/gallery/photos/19940070/3" "FAST MetaWeb Crawler (helpdesk at fastsearch dot com)"
66.151.181.12 - - [02/Jul/2005:03:19:12 -0800] "GET /gallery/photos/19940070/4 HTTP/1.1" 301 362 "http://photolab.elmer.uaf.edu/gallery/photogallery.html" "FAST MetaWeb Crawler (helpdesk at fastsearch dot com)"
66.151.181.12 - - [02/Jul/2005:03:20:15 -0800] "GET /gallery/photos/19940070/4/ HTTP/1.1" 200 7093 "http://photolab.elmer.uaf.edu/gallery/photos/19940070/4" "FAST MetaWeb Crawler (helpdesk at fastsearch dot com)"
207.46.98.85 - - [02/Jul/2005:03:20:26 -0800] "GET /robots.txt HTTP/1.0" 200 96 "-" "msnbot/1.0 (+http://search.msn.com/msnbot.htm)"
207.46.98.85 - - [02/Jul/2005:03:20:26 -0800] "GET /gallery/photos/19950244/00/pages/1995-0244-00010.html HTTP/1.0" 200 1886 "-" "msnbot/1.0 (+http://search.msn.com/msnbot.htm)"
66.151.181.12 - - [02/Jul/2005:03:21:12 -0800] "GET /gallery/photos/19940096/0 HTTP/1.1" 301 362 "http://photolab.elmer.uaf.edu/gallery/photogallery.html" "FAST MetaWeb Crawler (helpdesk at fastsearch dot com)"
66.151.181.12 - - [02/Jul/2005:03:22:15 -0800] "GET /gallery/photos/19940096/0/ HTTP/1.1" 200 9096 "http://photolab.elmer.uaf.edu/gallery/photos/19940096/0" "FAST MetaWeb Crawler (helpdesk at fastsearch dot com)"
207.46.98.85 - - [02/Jul/2005:03:22:21 -0800] "GET /gallery/photos/20030024/3/pages/2003-0024-00302.html HTTP/1.0" 200 1758 "-" "msnbot/1.0 (+http://search.msn.com/msnbot.htm)"
66.151.181.12 - - [02/Jul/2005:03:23:12 -0800] "GET /gallery/photos/19940096/1 HTTP/1.1" 301 362 "http://photolab.elmer.uaf.edu/gallery/photogallery.html" "FAST MetaWeb Crawler (helpdesk at fastsearch dot com)"
66.151.181.12 - - [02/Jul/2005:03:24:15 -0800] "GET /gallery/photos/19940096/1/ HTTP/1.1" 200 9096 "http://photolab.elmer.uaf.edu/gallery/photos/19940096/1" "FAST MetaWeb Crawler (helpdesk at fastsearch dot com)"
66.151.181.12 - - [02/Jul/2005:03:25:13 -0800] "GET /gallery/photos/19940096/2 HTTP/1.1" 301 362 "http://photolab.elmer.uaf.edu/gallery/photogallery.html" "FAST MetaWeb Crawler (helpdesk at fastsearch dot com)"
66.151.181.12 - - [02/Jul/2005:03:26:12 -0800] "GET /gallery/photos/19940096/2/ HTTP/1.1" 200 9096 "http://photolab.elmer.uaf.edu/gallery/photos/19940096/2" "FAST MetaWeb Crawler (helpdesk at fastsearch dot com)"
66.151.181.12 - - [02/Jul/2005:03:27:15 -0800] "GET /gallery/photos/19940096/3 HTTP/1.1" 301 362 "http://photolab.elmer.uaf.edu/gallery/photogallery.html" "FAST MetaWeb Crawler (helpdesk at fastsearch dot com)"
66.151.181.12 - - [02/Jul/2005:03:28:14 -0800] "GET /gallery/photos/19940096/3/ HTTP/1.1" 200 9096 "http://photolab.elmer.uaf.edu/gallery/photos/19940096/3" "FAST MetaWeb Crawler (helpdesk at fastsearch dot com)"
207.46.98.85 - - [02/Jul/2005:03:28:20 -0800] "GET /gallery/photos/20030024/3/pages/2003-0024-00306.html HTTP/1.0" 200 1758 "-" "msnbot/1.0 (+http://search.msn.com/msnbot.htm)"
66.151.181.12 - - [02/Jul/2005:03:29:14 -0800] "GET /gallery/photos/19940096/4 HTTP/1.1" 301 362 "http://photolab.elmer.uaf.edu/gallery/photogallery.html" "FAST MetaWeb Crawler (helpdesk at fastsearch dot com)"
66.151.181.12 - - [02/Jul/2005:03:30:12 -0800] "GET /gallery/photos/19940096/4/ HTTP/1.1" 200 9096 "http://photolab.elmer.uaf.edu/gallery/photos/19940096/4" "FAST MetaWeb Crawler (helpdesk at fastsearch dot com)"
66.151.181.12 - - [02/Jul/2005:03:31:12 -0800] "GET /gallery/photos/19940096/5 HTTP/1.1" 301 362 "http://photolab.elmer.uaf.edu/gallery/photogallery.html" "FAST MetaWeb Crawler (helpdesk at fastsearch dot com)"
68.142.251.150 - - [02/Jul/2005:03:31:55 -0800] "GET /robots.txt HTTP/1.0" 200 96 "-" "Mozilla/5.0 (compatible; Yahoo! Slurp; http://help.yahoo.com/help/us/ysearch/slurp)"
68.142.251.140 - - [02/Jul/2005:03:31:55 -0800] "GET /store/allphotos1.html HTTP/1.0" 200 33610 "-" "Mozilla/5.0 (compatible; Yahoo! Slurp; http://help.yahoo.com/help/us/ysearch/slurp)"
66.151.181.12 - - [02/Jul/2005:03:32:12 -0800] "GET /gallery/photos/19940096/5/ HTTP/1.1" 200 9096 "http://photolab.elmer.uaf.edu/gallery/photos/19940096/5" "FAST MetaWeb Crawler (helpdesk at fastsearch dot com)"
66.151.181.12 - - [02/Jul/2005:03:33:15 -0800] "GET /gallery/photos/19950190/index.html HTTP/1.1" 200 7068 "http://photolab.elmer.uaf.edu/gallery/photogallery.html" "FAST MetaWeb Crawler (helpdesk at fastsearch dot com)"
66.151.181.12 - - [02/Jul/2005:03:34:12 -0800] "GET /gallery/photos/19950244/00 HTTP/1.1" 301 363 "http://photolab.elmer.uaf.edu/gallery/photogallery.html" "FAST MetaWeb Crawler (helpdesk at fastsearch dot com)"
66.151.181.12 - - [02/Jul/2005:03:35:21 -0800] "GET /gallery/photos/19950244/00/ HTTP/1.1" 200 7078 "http://photolab.elmer.uaf.edu/gallery/photos/19950244/00" "FAST MetaWeb Crawler (helpdesk at fastsearch dot com)"
66.151.181.12 - - [02/Jul/2005:03:36:12 -0800] "GET /gallery/photos/19950244/01 HTTP/1.1" 301 363 "http://photolab.elmer.uaf.edu/gallery/photogallery.html" "FAST MetaWeb Crawler (helpdesk at fastsearch dot com)"
207.46.98.85 - - [02/Jul/2005:03:36:45 -0800] "GET /gallery/photos/20030024/3/pages/2003-0024-00304.html HTTP/1.0" 200 1758 "-" "msnbot/1.0 (+http://search.msn.com/msnbot.htm)"
66.151.181.12 - - [02/Jul/2005:03:37:12 -0800] "GET /gallery/photos/19950244/01/ HTTP/1.1" 200 7078 "http://photolab.elmer.uaf.edu/gallery/photos/19950244/01" "FAST MetaWeb Crawler (helpdesk at fastsearch dot com)"
207.46.98.85 - - [02/Jul/2005:03:37:54 -0800] "GET /gallery/photos/19890199/1/pages/1989-0199-00107.html HTTP/1.0" 200 1875 "-" "msnbot/1.0 (+http://search.msn.com/msnbot.htm)"
66.151.181.12 - - [02/Jul/2005:03:38:33 -0800] "GET /gallery/photos/19950244/02 HTTP/1.1" 301 363 "http://photolab.elmer.uaf.edu/gallery/photogallery.html" "FAST MetaWeb Crawler (helpdesk at fastsearch dot com)"
207.46.98.85 - - [02/Jul/2005:03:38:53 -0800] "GET /gallery/photos/20020032/pages/2002-0032-00008.html HTTP/1.0" 200 1881 "-" "msnbot/1.0 (+http://search.msn.com/msnbot.htm)"
66.151.181.12 - - [02/Jul/2005:03:39:12 -0800] "GET /gallery/photos/19950244/02/ HTTP/1.1" 200 7078 "http://photolab.elmer.uaf.edu/gallery/photos/19950244/02" "FAST MetaWeb Crawler (helpdesk at fastsearch dot com)"
207.46.98.85 - - [02/Jul/2005:03:40:10 -0800] "GET /gallery/photos/19950244/06/pages/1995-0244-00607.html HTTP/1.0" 200 1886 "-" "msnbot/1.0 (+http://search.msn.com/msnbot.htm)"
66.151.181.12 - - [02/Jul/2005:03:40:13 -0800] "GET /gallery/photos/19950244/03 HTTP/1.1" 301 363 "http://photolab.elmer.uaf.edu/gallery/photogallery.html" "FAST MetaWeb Crawler (helpdesk at fastsearch dot com)"
207.46.98.85 - - [02/Jul/2005:03:40:50 -0800] "GET /gallery/photos/20030024/3/pages/2003-0024-00308.html HTTP/1.0" 200 1758 "-" "msnbot/1.0 (+http://search.msn.com/msnbot.htm)"
66.151.181.12 - - [02/Jul/2005:03:41:12 -0800] "GET /gallery/photos/19950244/03/ HTTP/1.1" 200 7079 "http://photolab.elmer.uaf.edu/gallery/photos/19950244/03" "FAST MetaWeb Crawler (helpdesk at fastsearch dot com)"
207.46.98.85 - - [02/Jul/2005:03:41:48 -0800] "GET /gallery/photos/19990293/0/pages/1999-0293-00002.html HTTP/1.0" 200 1766 "-" "msnbot/1.0 (+http://search.msn.com/msnbot.htm)"
66.151.181.12 - - [02/Jul/2005:03:42:15 -0800] "GET /gallery/photos/19950244/04 HTTP/1.1" 301 363 "http://photolab.elmer.uaf.edu/gallery/photogallery.html" "FAST MetaWeb Crawler (helpdesk at fastsearch dot com)"
66.151.181.12 - - [02/Jul/2005:03:43:15 -0800] "GET /gallery/photos/19950244/04/ HTTP/1.1" 200 7076 "http://photolab.elmer.uaf.edu/gallery/photos/19950244/04" "FAST MetaWeb Crawler (helpdesk at fastsearch dot com)"
81.132.133.253 - - [02/Jul/2005:03:43:49 -0800] "GET /store/akcanada.html HTTP/1.1" 200 16332 "http://www.google.co.uk/imgres?imgurl=http://photolab.elmer.uaf.edu/store/photos/largejpegs/(130)1958-1026-01545.jpg&imgrefurl=http://photolab.elmer.uaf.edu/store/akcanada.html&h=721&w=1000&sz=150&tbnid=XHqEZbOFArAJ:&tbnh=107&tbnw=149&hl=en&start=23&prev=/images%3Fq%3Dtotem%2Bpole%26start%3D20%26imgsz%3Dxxlarge%26svnum%3D50%26hl%3Den%26lr%3Dlang_en%26safe%3Doff%26sa%3DN" "Mozilla/5.0 (Windows; U; Windows NT 5.1; en-GB; rv:1.7.7) Gecko/20050414 Firefox/1.0.3"
81.132.133.253 - - [02/Jul/2005:03:43:50 -0800] "GET /index_files/store.css HTTP/1.1" 200 2756 "http://photolab.elmer.uaf.edu/store/akcanada.html" "Mozilla/5.0 (Windows; U; Windows NT 5.1; en-GB; rv:1.7.7) Gecko/20050414 Firefox/1.0.3"
81.132.133.253 - - [02/Jul/2005:03:43:50 -0800] "GET /index_files/titlebrown.jpg HTTP/1.1" 200 5451 "http://photolab.elmer.uaf.edu/store/akcanada.html" "Mozilla/5.0 (Windows; U; Windows NT 5.1; en-GB; rv:1.7.7) Gecko/20050414 Firefox/1.0.3"
81.132.133.253 - - [02/Jul/2005:03:43:50 -0800] "GET /index_files/aprbrown.jpg HTTP/1.1" 200 5509 "http://photolab.elmer.uaf.edu/store/akcanada.html" "Mozilla/5.0 (Windows; U; Windows NT 5.1; en-GB; rv:1.7.7) Gecko/20050414 Firefox/1.0.3"
81.132.133.253 - - [02/Jul/2005:03:43:51 -0800] "GET /index_files/menubar.gif HTTP/1.1" 200 2913 "http://photolab.elmer.uaf.edu/store/akcanada.html" "Mozilla/5.0 (Windows; U; Windows NT 5.1; en-GB; rv:1.7.7) Gecko/20050414 Firefox/1.0.3"
81.132.133.253 - - [02/Jul/2005:03:43:51 -0800] "GET /index_files/storetitle.gif HTTP/1.1" 200 14535 "http://photolab.elmer.uaf.edu/store/akcanada.html" "Mozilla/5.0 (Windows; U; Windows NT 5.1; en-GB; rv:1.7.7) Gecko/20050414 Firefox/1.0.3"
81.132.133.253 - - [02/Jul/2005:03:43:51 -0800] "GET /store/photos/smalljpegs/(001)1958-1026-01101.jpg HTTP/1.1" 200 26793 "http://photolab.elmer.uaf.edu/store/akcanada.html" "Mozilla/5.0 (Windows; U; Windows NT 5.1; en-GB; rv:1.7.7) Gecko/20050414 Firefox/1.0.3"
81.132.133.253 - - [02/Jul/2005:03:43:52 -0800] "GET /store/photos/smalljpegs/(005)1958-1026-01479.jpg HTTP/1.1" 200 40549 "http://photolab.elmer.uaf.edu/store/akcanada.html" "Mozilla/5.0 (Windows; U; Windows NT 5.1; en-GB; rv:1.7.7) Gecko/20050414 Firefox/1.0.3"
81.132.133.253 - - [02/Jul/2005:03:43:53 -0800] "GET /store/photos/smalljpegs/(017)1958-1026-01429.jpg HTTP/1.1" 200 42323 "http://photolab.elmer.uaf.edu/store/akcanada.html" "Mozilla/5.0 (Windows; U; Windows NT 5.1; en-GB; rv:1.7.7) Gecko/20050414 Firefox/1.0.3"
81.132.133.253 - - [02/Jul/2005:03:43:53 -0800] "GET /store/photos/smalljpegs/(014)1992-0016-00069.jpg HTTP/1.1" 200 35905 "http://photolab.elmer.uaf.edu/store/akcanada.html" "Mozilla/5.0 (Windows; U; Windows NT 5.1; en-GB; rv:1.7.7) Gecko/20050414 Firefox/1.0.3"
81.132.133.253 - - [02/Jul/2005:03:43:54 -0800] "GET /store/photos/largejpegs/(130)1958-1026-01545.jpg HTTP/1.1" 200 153193 "http://www.google.co.uk/imgres?imgurl=http://photolab.elmer.uaf.edu/store/photos/largejpegs/(130)1958-1026-01545.jpg&imgrefurl=http://photolab.elmer.uaf.edu/store/akcanada.html&h=721&w=1000&sz=150&tbnid=XHqEZbOFArAJ:&tbnh=107&tbnw=149&hl=en&prev=/images%3Fq%3Dtotem%2Bpole%26start%3D20%26imgsz%3Dxxlarge%26svnum%3D50%26hl%3Den%26lr%3Dlang_en%26safe%3Doff%26sa%3DN&frame=small" "Mozilla/5.0 (Windows; U; Windows NT 5.1; en-GB; rv:1.7.7) Gecko/20050414 Firefox/1.0.3"
81.132.133.253 - - [02/Jul/2005:03:44:04 -0800] "GET /store/photos/smalljpegs/(014)1992-0016-00069.jpg HTTP/1.1" 206 19521 "http://photolab.elmer.uaf.edu/store/akcanada.html" "Mozilla/5.0 (Windows; U; Windows NT 5.1; en-GB; rv:1.7.7) Gecko/20050414 Firefox/1.0.3"
81.132.133.253 - - [02/Jul/2005:03:44:05 -0800] "GET /store/photos/smalljpegs/(017)1958-1026-01429.jpg HTTP/1.1" 200 42323 "http://photolab.elmer.uaf.edu/store/akcanada.html" "Mozilla/5.0 (Windows; U; Windows NT 5.1; en-GB; rv:1.7.7) Gecko/20050414 Firefox/1.0.3"
81.132.133.253 - - [02/Jul/2005:03:44:05 -0800] "GET /store/photos/smalljpegs/(020)1958-1026-01099.jpg HTTP/1.1" 200 35284 "http://photolab.elmer.uaf.edu/store/akcanada.html" "Mozilla/5.0 (Windows; U; Windows NT 5.1; en-GB; rv:1.7.7) Gecko/20050414 Firefox/1.0.3"
66.151.181.12 - - [02/Jul/2005:03:44:33 -0800] "GET /gallery/photos/19950244/05 HTTP/1.1" 301 363 "http://photolab.elmer.uaf.edu/gallery/photogallery.html" "FAST MetaWeb Crawler (helpdesk at fastsearch dot com)"
66.151.181.12 - - [02/Jul/2005:03:45:12 -0800] "GET /gallery/photos/19950244/05/ HTTP/1.1" 200 7079 "http://photolab.elmer.uaf.edu/gallery/photos/19950244/05" "FAST MetaWeb Crawler (helpdesk at fastsearch dot com)"
207.46.98.85 - - [02/Jul/2005:03:45:20 -0800] "GET /gallery/photos/19680041/2/pages/1968-0041-00208.htm HTTP/1.0" 200 1886 "-" "msnbot/1.0 (+http://search.msn.com/msnbot.htm)"
66.151.181.12 - - [02/Jul/2005:03:46:21 -0800] "GET /gallery/photos/19950244/06 HTTP/1.1" 301 363 "http://photolab.elmer.uaf.edu/gallery/photogallery.html" "FAST MetaWeb Crawler (helpdesk at fastsearch dot com)"
66.151.181.12 - - [02/Jul/2005:03:47:15 -0800] "GET /gallery/photos/19950244/06/ HTTP/1.1" 200 7080 "http://photolab.elmer.uaf.edu/gallery/photos/19950244/06" "FAST MetaWeb Crawler (helpdesk at fastsearch dot com)"
66.151.181.12 - - [02/Jul/2005:03:48:12 -0800] "GET /gallery/photos/19950244/07 HTTP/1.1" 301 363 "http://photolab.elmer.uaf.edu/gallery/photogallery.html" "FAST MetaWeb Crawler (helpdesk at fastsearch dot com)"
66.151.181.12 - - [02/Jul/2005:03:49:12 -0800] "GET /gallery/photos/19950244/07/ HTTP/1.1" 200 7079 "http://photolab.elmer.uaf.edu/gallery/photos/19950244/07" "FAST MetaWeb Crawler (helpdesk at fastsearch dot com)"
66.151.181.12 - - [02/Jul/2005:03:50:15 -0800] "GET /gallery/photos/19950244/08 HTTP/1.1" 301 363 "http://photolab.elmer.uaf.edu/gallery/photogallery.html" "FAST MetaWeb Crawler (helpdesk at fastsearch dot com)"
66.151.181.12 - - [02/Jul/2005:03:51:12 -0800] "GET /gallery/photos/19950244/08/ HTTP/1.1" 200 7079 "http://photolab.elmer.uaf.edu/gallery/photos/19950244/08" "FAST MetaWeb Crawler (helpdesk at fastsearch dot com)"
66.151.181.12 - - [02/Jul/2005:03:52:33 -0800] "GET /gallery/photos/19950244/09 HTTP/1.1" 301 363 "http://photolab.elmer.uaf.edu/gallery/photogallery.html" "FAST MetaWeb Crawler (helpdesk at fastsearch dot com)"
66.151.181.12 - - [02/Jul/2005:03:53:12 -0800] "GET /gallery/photos/19950244/09/ HTTP/1.1" 200 7079 "http://photolab.elmer.uaf.edu/gallery/photos/19950244/09" "FAST MetaWeb Crawler (helpdesk at fastsearch dot com)"
66.151.181.12 - - [02/Jul/2005:03:54:21 -0800] "GET /gallery/photos/19950244/10 HTTP/1.1" 301 363 "http://photolab.elmer.uaf.edu/gallery/photogallery.html" "FAST MetaWeb Crawler (helpdesk at fastsearch dot com)"
66.151.181.12 - - [02/Jul/2005:03:55:12 -0800] "GET /gallery/photos/19950244/10/ HTTP/1.1" 200 7076 "http://photolab.elmer.uaf.edu/gallery/photos/19950244/10" "FAST MetaWeb Crawler (helpdesk at fastsearch dot com)"
66.151.181.12 - - [02/Jul/2005:03:56:13 -0800] "GET /gallery/photos/19950244/11 HTTP/1.1" 301 363 "http://photolab.elmer.uaf.edu/gallery/photogallery.html" "FAST MetaWeb Crawler (helpdesk at fastsearch dot com)"
66.151.181.12 - - [02/Jul/2005:03:57:12 -0800] "GET /gallery/photos/19950244/11/ HTTP/1.1" 200 7077 "http://photolab.elmer.uaf.edu/gallery/photos/19950244/11" "FAST MetaWeb Crawler (helpdesk at fastsearch dot com)"
66.151.181.12 - - [02/Jul/2005:03:58:21 -0800] "GET /gallery/photos/19950244/12 HTTP/1.1" 301 363 "http://photolab.elmer.uaf.edu/gallery/photogallery.html" "FAST MetaWeb Crawler (helpdesk at fastsearch dot com)"
66.151.181.12 - - [02/Jul/2005:03:59:15 -0800] "GET /gallery/photos/19950244/12/ HTTP/1.1" 200 7079 "http://photolab.elmer.uaf.edu/gallery/photos/19950244/12" "FAST MetaWeb Crawler (helpdesk at fastsearch dot com)"
66.228.164.193 - - [02/Jul/2005:03:59:47 -0800] "GET /robots.txt HTTP/1.0" 200 96 "-" "Mozilla/5.0 (compatible; Yahoo! Slurp; http://help.yahoo.com/help/us/ysearch/slurp)"
66.228.164.203 - - [02/Jul/2005:03:59:48 -0800] "GET /gallery/19740130/pages/1974-0130-00002.html HTTP/1.0" 404 339 "-" "Mozilla/5.0 (compatible; Yahoo! Slurp; http://help.yahoo.com/help/us/ysearch/slurp)"
66.151.181.12 - - [02/Jul/2005:04:00:15 -0800] "GET /gallery/photos/19950244/13 HTTP/1.1" 301 363 "http://photolab.elmer.uaf.edu/gallery/photogallery.html" "FAST MetaWeb Crawler (helpdesk at fastsearch dot com)"
83.94.153.214 - - [02/Jul/2005:04:00:22 -0800] "GET /store/maps.html HTTP/1.1" 200 23493 "http://www.google.dk/search?q=ortelius+north+pole&hl=da&lr=&biw=799&start=30&sa=N" "Mozilla/4.0 (compatible; MSIE 6.0; Windows NT 5.1; SV1)"
83.94.153.214 - - [02/Jul/2005:04:00:23 -0800] "GET /index_files/store.css HTTP/1.1" 200 2756 "http://photolab.elmer.uaf.edu/store/maps.html" "Mozilla/4.0 (compatible; MSIE 6.0; Windows NT 5.1; SV1)"
83.94.153.214 - - [02/Jul/2005:04:00:24 -0800] "GET /index_files/aprbrown.jpg HTTP/1.1" 200 5509 "http://photolab.elmer.uaf.edu/store/maps.html" "Mozilla/4.0 (compatible; MSIE 6.0; Windows NT 5.1; SV1)"
83.94.153.214 - - [02/Jul/2005:04:00:24 -0800] "GET /index_files/titlebrown.jpg HTTP/1.1" 200 5451 "http://photolab.elmer.uaf.edu/store/maps.html" "Mozilla/4.0 (compatible; MSIE 6.0; Windows NT 5.1; SV1)"
83.94.153.214 - - [02/Jul/2005:04:00:24 -0800] "GET /index_files/menubar.gif HTTP/1.1" 200 2913 "http://photolab.elmer.uaf.edu/store/maps.html" "Mozilla/4.0 (compatible; MSIE 6.0; Windows NT 5.1; SV1)"
83.94.153.214 - - [02/Jul/2005:04:00:24 -0800] "GET /index_files/storetitle.gif HTTP/1.1" 200 14535 "http://photolab.elmer.uaf.edu/store/maps.html" "Mozilla/4.0 (compatible; MSIE 6.0; Windows NT 5.1; SV1)"
83.94.153.214 - - [02/Jul/2005:04:00:24 -0800] "GET /store/maps/small%20jpegs/(001)%20G3300%20%5B1780%5D%20C66.jpg HTTP/1.1" 200 38510 "http://photolab.elmer.uaf.edu/store/maps.html" "Mozilla/4.0 (compatible; MSIE 6.0; Windows NT 5.1; SV1)"
83.94.153.214 - - [02/Jul/2005:04:00:25 -0800] "GET /store/maps/small%20jpegs/(002)%20G4370%20%5B1862_%5D%20C631.jpg HTTP/1.1" 200 42691 "http://photolab.elmer.uaf.edu/store/maps.html" "Mozilla/4.0 (compatible; MSIE 6.0; Windows NT 5.1; SV1)"
83.94.153.214 - - [02/Jul/2005:04:00:26 -0800] "GET /store/maps/small%20jpegs/(004)%20G3350%201898%20S4.jpg HTTP/1.1" 200 38584 "http://photolab.elmer.uaf.edu/store/maps.html" "Mozilla/4.0 (compatible; MSIE 6.0; Windows NT 5.1; SV1)"
83.94.153.214 - - [02/Jul/2005:04:00:26 -0800] "GET /store/maps/small%20jpegs/(003)%20G7290%20%5B1584_%5D%20O71.jpg HTTP/1.1" 200 53075 "http://photolab.elmer.uaf.edu/store/maps.html" "Mozilla/4.0 (compatible; MSIE 6.0; Windows NT 5.1; SV1)"
83.94.153.214 - - [02/Jul/2005:04:00:28 -0800] "GET /store/maps/small%20jpegs/(005)%20G3210%20%5B1740_%5D%20T57.jpg HTTP/1.1" 200 46978 "http://photolab.elmer.uaf.edu/store/maps.html" "Mozilla/4.0 (compatible; MSIE 6.0; Windows NT 5.1; SV1)"
83.94.153.214 - - [02/Jul/2005:04:00:28 -0800] "GET /store/maps/small%20jpegs/(006)%20G4371%20S1%20%5B1593_%5D%20D4.jpg HTTP/1.1" 200 44069 "http://photolab.elmer.uaf.edu/store/maps.html" "Mozilla/4.0 (compatible; MSIE 6.0; Windows NT 5.1; SV1)"
83.94.153.214 - - [02/Jul/2005:04:00:30 -0800] "GET /store/maps/small%20jpegs/(007)%20G7820%201626%20S67.jpg HTTP/1.1" 200 55977 "http://photolab.elmer.uaf.edu/store/maps.html" "Mozilla/4.0 (compatible; MSIE 6.0; Windows NT 5.1; SV1)"
83.94.153.214 - - [02/Jul/2005:04:00:29 -0800] "GET /store/maps/small%20jpegs/(008)%20G3205%20%5B1757%5Da.jpg HTTP/1.1" 200 60171 "http://photolab.elmer.uaf.edu/store/maps.html" "Mozilla/4.0 (compatible; MSIE 6.0; Windows NT 5.1; SV1)"
83.94.153.214 - - [02/Jul/2005:04:00:32 -0800] "GET /store/maps/small%20jpegs/(009)%20G3200%20%5B1652_%5D%20V571.jpg HTTP/1.1" 200 49730 "http://photolab.elmer.uaf.edu/store/maps.html" "Mozilla/4.0 (compatible; MSIE 6.0; Windows NT 5.1; SV1)"
83.94.153.214 - - [02/Jul/2005:04:00:32 -0800] "GET /store/maps/small%20jpegs/(010)%20G3200%20%5B1700%5D.jpg HTTP/1.1" 200 54365 "http://photolab.elmer.uaf.edu/store/maps.html" "Mozilla/4.0 (compatible; MSIE 6.0; Windows NT 5.1; SV1)"
83.94.153.214 - - [02/Jul/2005:04:00:34 -0800] "GET /store/maps/small%20jpegs/(011)%20G3270%201634%20M4.jpg HTTP/1.1" 200 41516 "http://photolab.elmer.uaf.edu/store/maps.html" "Mozilla/4.0 (compatible; MSIE 6.0; Windows NT 5.1; SV1)"
83.94.153.214 - - [02/Jul/2005:04:00:34 -0800] "GET /store/maps/small%20jpegs/(012)%20G3270%20%5B1662%5D%20B551.jpg HTTP/1.1" 200 53279 "http://photolab.elmer.uaf.edu/store/maps.html" "Mozilla/4.0 (compatible; MSIE 6.0; Windows NT 5.1; SV1)"
83.94.153.214 - - [02/Jul/2005:04:00:35 -0800] "GET /store/maps/small%20jpegs/(013)%20G3270%20%5B1862_%5D%20F81.jpg HTTP/1.1" 200 40915 "http://photolab.elmer.uaf.edu/store/maps.html" "Mozilla/4.0 (compatible; MSIE 6.0; Windows NT 5.1; SV1)"
83.94.153.214 - - [02/Jul/2005:04:00:36 -0800] "GET /store/maps/small%20jpegs/(014)%20G3271%20S12%20%5B1601%5D%20B79.jpg HTTP/1.1" 200 58505 "http://photolab.elmer.uaf.edu/store/maps.html" "Mozilla/4.0 (compatible; MSIE 6.0; Windows NT 5.1; SV1)"
83.94.153.214 - - [02/Jul/2005:04:00:37 -0800] "GET /store/maps/small%20jpegs/(015)%20G3290%20%5B1851%5D%20R36.jpg HTTP/1.1" 200 48097 "http://photolab.elmer.uaf.edu/store/maps.html" "Mozilla/4.0 (compatible; MSIE 6.0; Windows NT 5.1; SV1)"
83.94.153.214 - - [02/Jul/2005:04:00:38 -0800] "GET /store/maps/small%20jpegs/(016)%20G3300%20%5B1740_%5D.jpg HTTP/1.1" 200 51852 "http://photolab.elmer.uaf.edu/store/maps.html" "Mozilla/4.0 (compatible; MSIE 6.0; Windows NT 5.1; SV1)"
83.94.153.214 - - [02/Jul/2005:04:00:38 -0800] "GET /store/maps/small%20jpegs/(017)%20G3290%20%5B1710%5D%20D361.jpg HTTP/1.1" 200 52309 "http://photolab.elmer.uaf.edu/store/maps.html" "Mozilla/4.0 (compatible; MSIE 6.0; Windows NT 5.1; SV1)"
66.151.181.12 - - [02/Jul/2005:04:01:57 -0800] "GET /gallery/photos/19950244/13/ HTTP/1.1" 200 7078 "http://photolab.elmer.uaf.edu/gallery/photos/19950244/13" "FAST MetaWeb Crawler (helpdesk at fastsearch dot com)